{"id":21608,"date":"2022-01-31T17:21:53","date_gmt":"2022-01-31T16:21:53","guid":{"rendered":"https:\/\/orahparis.com\/?page_id=21608"},"modified":"2022-01-31T17:21:53","modified_gmt":"2022-01-31T16:21:53","slug":"retour-et-remboursement","status":"publish","type":"page","link":"https:\/\/lystes.academy\/affiliation\/retour-et-remboursement\/","title":{"rendered":"Retour et remboursement"},"content":{"rendered":"\n<p class=\"has-text-align-justify\">Afin de faciliter le retour de vos produits, nous vous accordons un d\u00e9lai total de <strong>15 jours<\/strong> \u00e0 compter de la r\u00e9ception par vos soins de votre commande pour nous retourner vos produits, sans qu\u2019il soit n\u00e9cessaire de nous notifier au pr\u00e9alable votre r\u00e9tractation. Notre boutique acceptera votre retour d\u00e8s lors que le cachet de la Poste prouve que vous avez effectu\u00e9 votre retour dans les 15 jours qui suivent la r\u00e9ception de votre commande.<br><br><strong>Les retours <span style=\"text-decoration: underline\">ne sont pas applicables<\/span> sur :<\/strong><br>\u2022 Les ventes priv\u00e9es<br>\u2022 Les produits ayant des promotions<\/p>\n\n\n\n<p><strong>Comment faire pour nous retourner votre commande ?<\/strong><\/p>\n\n\n\n<p class=\"has-text-align-justify\">Les produits que vous souhaitez nous retourner doivent \u00eatre<strong>\u00a0neufs<\/strong>\u00a0<strong>(l\u2019\u00e9tiquette de l\u2019article ne doit pas avoir \u00e9t\u00e9 coup\u00e9e)<\/strong>,\u00a0<strong><u>non port\u00e9s<\/u><\/strong>,\u00a0<strong>non salis<\/strong>\u00a0et retourn\u00e9s dans leur emballage d\u2019origine, ou \u00e0 d\u00e9faut, dans un emballage garantissant une protection \u00e9quivalente.<\/p>\n\n\n\n<h5 class=\"wp-block-heading\" id=\"quelles-garanties-pour-vos-produits\">QUELLES GARANTIES POUR VOS PRODUITS ?<\/h5>\n\n\n\n<p class=\"has-text-align-justify\">Nos produits b\u00e9n\u00e9ficient des garanties l\u00e9gales, c\u2019est-\u00e0-dire de la garantie l\u00e9gale de conformit\u00e9 et de la garantie des vices cach\u00e9s. En qualit\u00e9 de vendeur, nous sommes effectivement tenus :<\/p>\n\n\n\n<p class=\"has-text-align-justify\">1. des d\u00e9fauts de conformit\u00e9 des produits que vous achetez, dans les conditions de l\u2019article L.217-4 et suivants du Code de la consommation. La garantie l\u00e9gale de conformit\u00e9 s\u2019applique lorsque votre produit pr\u00e9sente un d\u00e9faut de conformit\u00e9, par exemple lorsque votre produit ne fonctionne pas conform\u00e9ment aux usages auxquels sert habituellement ce produit, ou encore lorsqu\u2019il ne correspond pas \u00e0 la description donn\u00e9e ;<\/p>\n\n\n\n<p class=\"has-text-align-justify\">2. et de ses vices cach\u00e9s dans les conditions de l\u2019article 1641 et suivants du Code civil. La garantie des vices cach\u00e9s vous couvre lorsque votre produit comporte un vice cach\u00e9, c\u2019est-\u00e0-dire un vice non apparent au moment de la vente qui rend le produit impropre \u00e0 son usage ou qui diminue tr\u00e8s fortement cet usage.<\/p>\n\n\n\n<p class=\"has-text-align-justify\">Veuillez noter que la garantie l\u00e9gale de conformit\u00e9 et la garantie des vices cach\u00e9s ne pourront \u00eatre applicables en cas de mauvais usage de vos produits ou de non-respect des conditions d\u2019entretien fournies sur nos \u00e9tiquettes.<\/p>\n\n\n\n<h5 class=\"wp-block-heading\" id=\"et-si-nous-sommes-en-desaccord\">ET SI NOUS SOMMES EN D\u00c9SACCORD ?<\/h5>\n\n\n\n<p>Nous ne le souhaitons pas, mais il peut arriver que nous soyons en d\u00e9saccord !<\/p>\n\n\n\n<p class=\"has-text-align-justify\">Sachez que nos CGV sont soumises au droit fran\u00e7ais, et que vos commandes sont soumises aux CGV en vigueur au jour de votre commande.<\/p>\n\n\n\n<p>En cas de litige, nous vous invitons \u00e0 nous contacter afin de rechercher une solution amiable ensemble :<\/p>\n\n\n\n<p>\u2022 Via l&#8217;adresses e-mail : help@lynk.bio<\/p>\n","protected":false},"excerpt":{"rendered":"<p>Afin de faciliter le retour de vos produits, nous vous accordons un d\u00e9lai total de 15 jours \u00e0 compter de la r\u00e9ception par vos soins de votre commande pour nous retourner vos produits, sans qu\u2019il soit n\u00e9cessaire de nous notifier au pr\u00e9alable votre r\u00e9tractation. Notre boutique acceptera votre retour d\u00e8s&hellip;<\/p>\n","protected":false},"author":1,"featured_media":0,"parent":0,"menu_order":0,"comment_status":"closed","ping_status":"closed","template":"","meta":{"_acf_changed":false,"footnotes":""},"class_list":["post-21608","page","type-page","status-publish","hentry"],"acf":[],"yoast_head":"<!-- This site is optimized with the Yoast SEO plugin v25.3.1 - https:\/\/yoast.com\/wordpress\/plugins\/seo\/ -->\n<title>Retour et remboursement - affliation<\/title>\n<meta name=\"robots\" content=\"index, follow, max-snippet:-1, max-image-preview:large, max-video-preview:-1\" \/>\n<link rel=\"canonical\" href=\"https:\/\/mentorlystes.com\/affiliation\/retour-et-remboursement\/\" \/>\n<meta property=\"og:locale\" content=\"fr_FR\" \/>\n<meta property=\"og:type\" content=\"article\" \/>\n<meta property=\"og:title\" content=\"Retour et remboursement - affliation\" \/>\n<meta property=\"og:description\" content=\"Afin de faciliter le retour de vos produits, nous vous accordons un d\u00e9lai total de 15 jours \u00e0 compter de la r\u00e9ception par vos soins de votre commande pour nous retourner vos produits, sans qu\u2019il soit n\u00e9cessaire de nous notifier au pr\u00e9alable votre r\u00e9tractation. Notre boutique acceptera votre retour d\u00e8s&hellip;\" \/>\n<meta property=\"og:url\" content=\"https:\/\/mentorlystes.com\/affiliation\/retour-et-remboursement\/\" \/>\n<meta property=\"og:site_name\" content=\"affliation\" \/>\n<meta name=\"twitter:card\" content=\"summary_large_image\" \/>\n<meta name=\"twitter:label1\" content=\"Dur\u00e9e de lecture estim\u00e9e\" \/>\n\t<meta name=\"twitter:data1\" content=\"3 minutes\" \/>\n<script type=\"application\/ld+json\" class=\"yoast-schema-graph\">{\"@context\":\"https:\/\/schema.org\",\"@graph\":[{\"@type\":\"WebPage\",\"@id\":\"https:\/\/mentorlystes.com\/affiliation\/retour-et-remboursement\/\",\"url\":\"https:\/\/mentorlystes.com\/affiliation\/retour-et-remboursement\/\",\"name\":\"Retour et remboursement - affliation\",\"isPartOf\":{\"@id\":\"https:\/\/mentorlystes.com\/affiliation\/#website\"},\"datePublished\":\"2022-01-31T16:21:53+00:00\",\"breadcrumb\":{\"@id\":\"https:\/\/mentorlystes.com\/affiliation\/retour-et-remboursement\/#breadcrumb\"},\"inLanguage\":\"fr-FR\",\"potentialAction\":[{\"@type\":\"ReadAction\",\"target\":[\"https:\/\/mentorlystes.com\/affiliation\/retour-et-remboursement\/\"]}]},{\"@type\":\"BreadcrumbList\",\"@id\":\"https:\/\/mentorlystes.com\/affiliation\/retour-et-remboursement\/#breadcrumb\",\"itemListElement\":[{\"@type\":\"ListItem\",\"position\":1,\"name\":\"Accueil\",\"item\":\"https:\/\/mentorlystes.com\/affiliation\/\"},{\"@type\":\"ListItem\",\"position\":2,\"name\":\"Retour et remboursement\"}]},{\"@type\":\"WebSite\",\"@id\":\"https:\/\/mentorlystes.com\/affiliation\/#website\",\"url\":\"https:\/\/mentorlystes.com\/affiliation\/\",\"name\":\"affliation\",\"description\":\"Un site utilisant Les sites de Mentorlystes\",\"potentialAction\":[{\"@type\":\"SearchAction\",\"target\":{\"@type\":\"EntryPoint\",\"urlTemplate\":\"https:\/\/mentorlystes.com\/affiliation\/?s={search_term_string}\"},\"query-input\":{\"@type\":\"PropertyValueSpecification\",\"valueRequired\":true,\"valueName\":\"search_term_string\"}}],\"inLanguage\":\"fr-FR\"}]}<\/script>\n<!-- \/ Yoast SEO plugin. -->","yoast_head_json":{"title":"Retour et remboursement - affliation","robots":{"index":"index","follow":"follow","max-snippet":"max-snippet:-1","max-image-preview":"max-image-preview:large","max-video-preview":"max-video-preview:-1"},"canonical":"https:\/\/mentorlystes.com\/affiliation\/retour-et-remboursement\/","og_locale":"fr_FR","og_type":"article","og_title":"Retour et remboursement - affliation","og_description":"Afin de faciliter le retour de vos produits, nous vous accordons un d\u00e9lai total de 15 jours \u00e0 compter de la r\u00e9ception par vos soins de votre commande pour nous retourner vos produits, sans qu\u2019il soit n\u00e9cessaire de nous notifier au pr\u00e9alable votre r\u00e9tractation. Notre boutique acceptera votre retour d\u00e8s&hellip;","og_url":"https:\/\/mentorlystes.com\/affiliation\/retour-et-remboursement\/","og_site_name":"affliation","twitter_card":"summary_large_image","twitter_misc":{"Dur\u00e9e de lecture estim\u00e9e":"3 minutes"},"schema":{"@context":"https:\/\/schema.org","@graph":[{"@type":"WebPage","@id":"https:\/\/mentorlystes.com\/affiliation\/retour-et-remboursement\/","url":"https:\/\/mentorlystes.com\/affiliation\/retour-et-remboursement\/","name":"Retour et remboursement - affliation","isPartOf":{"@id":"https:\/\/mentorlystes.com\/affiliation\/#website"},"datePublished":"2022-01-31T16:21:53+00:00","breadcrumb":{"@id":"https:\/\/mentorlystes.com\/affiliation\/retour-et-remboursement\/#breadcrumb"},"inLanguage":"fr-FR","potentialAction":[{"@type":"ReadAction","target":["https:\/\/mentorlystes.com\/affiliation\/retour-et-remboursement\/"]}]},{"@type":"BreadcrumbList","@id":"https:\/\/mentorlystes.com\/affiliation\/retour-et-remboursement\/#breadcrumb","itemListElement":[{"@type":"ListItem","position":1,"name":"Accueil","item":"https:\/\/mentorlystes.com\/affiliation\/"},{"@type":"ListItem","position":2,"name":"Retour et remboursement"}]},{"@type":"WebSite","@id":"https:\/\/mentorlystes.com\/affiliation\/#website","url":"https:\/\/mentorlystes.com\/affiliation\/","name":"affliation","description":"Un site utilisant Les sites de Mentorlystes","potentialAction":[{"@type":"SearchAction","target":{"@type":"EntryPoint","urlTemplate":"https:\/\/mentorlystes.com\/affiliation\/?s={search_term_string}"},"query-input":{"@type":"PropertyValueSpecification","valueRequired":true,"valueName":"search_term_string"}}],"inLanguage":"fr-FR"}]}},"_links":{"self":[{"href":"https:\/\/lystes.academy\/affiliation\/wp-json\/wp\/v2\/pages\/21608","targetHints":{"allow":["GET"]}}],"collection":[{"href":"https:\/\/lystes.academy\/affiliation\/wp-json\/wp\/v2\/pages"}],"about":[{"href":"https:\/\/lystes.academy\/affiliation\/wp-json\/wp\/v2\/types\/page"}],"author":[{"embeddable":true,"href":"https:\/\/lystes.academy\/affiliation\/wp-json\/wp\/v2\/users\/1"}],"replies":[{"embeddable":true,"href":"https:\/\/lystes.academy\/affiliation\/wp-json\/wp\/v2\/comments?post=21608"}],"version-history":[{"count":0,"href":"https:\/\/lystes.academy\/affiliation\/wp-json\/wp\/v2\/pages\/21608\/revisions"}],"wp:attachment":[{"href":"https:\/\/lystes.academy\/affiliation\/wp-json\/wp\/v2\/media?parent=21608"}],"curies":[{"name":"wp","href":"https:\/\/api.w.org\/{rel}","templated":true}]}}