-- Table structure for table `wp_7_revslider_slides_bkp`
--

CREATE TABLE `wp_7_revslider_slides_bkp` (
  `id` int NOT NULL AUTO_INCREMENT,
  `slider_id` int NOT NULL,
  `slide_order` int NOT NULL,
  `params` longtext NOT NULL,
  `layers` longtext NOT NULL,
  `settings` text NOT NULL,
  PRIMARY KEY (`id`),
  KEY `slider_id_index` (`slider_id`)
) ENGINE=InnoDB DEFAULT CHARSET=latin1;

--
-- Dumping data for table `wp_7_revslider_slides_bkp`
--


--
-- Table structure for table `wp_7_revslider_static_slides`
--

CREATE TABLE `wp_7_revslider_static_slides` (
  `id` int NOT NULL AUTO_INCREMENT,
  `slider_id` int NOT NULL,
  `params` longtext NOT NULL,
  `layers` longtext NOT NULL,
  `settings` text NOT NULL,
  PRIMARY KEY (`id`),
  KEY `slider_id_index` (`slider_id`)
) ENGINE=InnoDB AUTO_INCREMENT=8 DEFAULT CHARSET=latin1;

--
-- Dumping data for table `wp_7_revslider_static_slides`
--

INSERT INTO `wp_7_revslider_static_slides` VALUES (1,1,'{\"version\":\"\",\"bg\":{\"image\":\"\"},\"image\":\"\"}','[]','{\"temp\":true}'),(2,2,'{\"version\":\"\",\"bg\":{\"image\":\"\"},\"image\":\"\"}','[]','{\"temp\":true}'),(3,3,'{\"version\":\"\",\"bg\":{\"image\":\"\"},\"image\":\"\"}','[]','{\"temp\":true}'),(4,4,'{\"version\":\"\",\"bg\":{\"image\":\"\"},\"image\":\"\"}','[]','{\"temp\":true}'),(5,5,'{\"version\":\"\",\"bg\":{\"image\":\"\"},\"image\":\"\"}','[]','{\"temp\":true}'),(6,6,'{\"version\":\"\",\"bg\":{\"image\":\"\"},\"image\":\"\"}','[]','{\"temp\":true}'),(7,7,'{\"version\":\"\",\"bg\":{\"image\":\"\"},\"image\":\"\"}','[]','{\"temp\":true}');

--
-- Table structure for table `wp_7_revslider_static_slides_bkp`
--

CREATE TABLE `wp_7_revslider_static_slides_bkp` (
  `id` int NOT NULL AUTO_INCREMENT,
  `slider_id` int NOT NULL,
  `params` longtext NOT NULL,
  `layers` longtext NOT NULL,
  `settings` text NOT NULL,
  PRIMARY KEY (`id`),
  KEY `slider_id_index` (`slider_id`)
) ENGINE=InnoDB DEFAULT CHARSET=latin1;

--
-- Dumping data for table `wp_7_revslider_static_slides_bkp`
--


--
-- Table structure for table `wp_7_term_relationships`
--

CREATE TABLE `wp_7_term_relationships` (
  `object_id` bigint unsigned NOT NULL DEFAULT '0',
  `term_taxonomy_id` bigint unsigned NOT NULL DEFAULT '0',
  `term_order` int NOT NULL DEFAULT '0',
  PRIMARY KEY (`object_id`,`term_taxonomy_id`),
  KEY `term_taxonomy_id` (`term_taxonomy_id`)
) ENGINE=InnoDB DEFAULT CHARSET=utf8mb4 COLLATE=utf8mb4_unicode_ci;

--
-- Dumping data for table `wp_7_term_relationships`
--

INSERT INTO `wp_7_term_relationships` VALUES (1,1,0),(560613,16,0),(560617,17,0),(560646,17,0),(560647,17,0),(560663,17,0),(560664,17,0),(560665,17,0);

--
-- Table structure for table `wp_7_term_taxonomy`
--

CREATE TABLE `wp_7_term_taxonomy` (
  `term_taxonomy_id` bigint unsigned NOT NULL AUTO_INCREMENT,
  `term_id` bigint unsigned NOT NULL DEFAULT '0',
  `taxonomy` varchar(32) CHARACTER SET utf8mb4 COLLATE utf8mb4_unicode_ci NOT NULL DEFAULT '',
  `description` longtext CHARACTER SET utf8mb4 COLLATE utf8mb4_unicode_ci NOT NULL,
  `parent` bigint unsigned NOT NULL DEFAULT '0',
  `count` bigint NOT NULL DEFAULT '0',
  PRIMARY KEY (`term_taxonomy_id`),
  UNIQUE KEY `term_id_taxonomy` (`term_id`,`taxonomy`),
  KEY `taxonomy` (`taxonomy`)
) ENGINE=InnoDB AUTO_INCREMENT=18 DEFAULT CHARSET=utf8mb4 COLLATE=utf8mb4_unicode_ci;

--
-- Dumping data for table `wp_7_term_taxonomy`
--

INSERT INTO `wp_7_term_taxonomy` VALUES (1,1,'category','',0,1),(2,2,'product_type','',0,0),(3,3,'product_type','',0,0),(4,4,'product_type','',0,0),(5,5,'product_type','',0,0),(6,6,'product_visibility','',0,0),(7,7,'product_visibility','',0,0),(8,8,'product_visibility','',0,0),(9,9,'product_visibility','',0,0),(10,10,'product_visibility','',0,0),(11,11,'product_visibility','',0,0),(12,12,'product_visibility','',0,0),(13,13,'product_visibility','',0,0),(14,14,'product_visibility','',0,0),(15,15,'product_cat','',0,0),(16,16,'wp_theme','',0,1),(17,17,'nav_menu','',0,6);

--
-- Table structure for table `wp_7_termmeta`
--

CREATE TABLE `wp_7_termmeta` (
  `meta_id` bigint unsigned NOT NULL AUTO_INCREMENT,
  `term_id` bigint unsigned NOT NULL DEFAULT '0',
  `meta_key` varchar(255) CHARACTER SET utf8mb4 COLLATE utf8mb4_unicode_ci DEFAULT NULL,
  `meta_value` longtext CHARACTER SET utf8mb4 COLLATE utf8mb4_unicode_ci,
  PRIMARY KEY (`meta_id`),
  KEY `term_id` (`term_id`),
  KEY `meta_key` (`meta_key`(191))
) ENGINE=InnoDB DEFAULT CHARSET=utf8mb4 COLLATE=utf8mb4_unicode_ci;

--
-- Dumping data for table `wp_7_termmeta`
--


--
-- Table structure for table `wp_7_terms`
--

CREATE TABLE `wp_7_terms` (
  `term_id` bigint unsigned NOT NULL AUTO_INCREMENT,
  `name` varchar(200) CHARACTER SET utf8mb4 COLLATE utf8mb4_unicode_ci NOT NULL DEFAULT '',
  `slug` varchar(200) CHARACTER SET utf8mb4 COLLATE utf8mb4_unicode_ci NOT NULL DEFAULT '',
  `term_group` bigint NOT NULL DEFAULT '0',
  PRIMARY KEY (`term_id`),
  KEY `slug` (`slug`(191)),
  KEY `name` (`name`(191))
) ENGINE=InnoDB AUTO_INCREMENT=18 DEFAULT CHARSET=utf8mb4 COLLATE=utf8mb4_unicode_ci;

--
-- Dumping data for table `wp_7_terms`
--

INSERT INTO `wp_7_terms` VALUES (1,'Non classé','non-classe',0),(2,'simple','simple',0),(3,'grouped','grouped',0),(4,'variable','variable',0),(5,'external','external',0),(6,'exclude-from-search','exclude-from-search',0),(7,'exclude-from-catalog','exclude-from-catalog',0),(8,'featured','featured',0),(9,'outofstock','outofstock',0),(10,'rated-1','rated-1',0),(11,'rated-2','rated-2',0),(12,'rated-3','rated-3',0),(13,'rated-4','rated-4',0),(14,'rated-5','rated-5',0),(15,'Non classé','non-classe',0),(16,'goya-child','goya-child',0),(17,'Menu','menu',0);

--
-- Table structure for table `wp_7_wc_admin_note_actions`
--

CREATE TABLE `wp_7_wc_admin_note_actions` (
  `action_id` bigint unsigned NOT NULL AUTO_INCREMENT,
  `note_id` bigint unsigned NOT NULL,
  `name` varchar(255) CHARACTER SET utf8mb4 COLLATE utf8mb4_unicode_ci NOT NULL,
  `label` varchar(255) CHARACTER SET utf8mb4 COLLATE utf8mb4_unicode_ci NOT NULL,
  `query` longtext CHARACTER SET utf8mb4 COLLATE utf8mb4_unicode_ci NOT NULL,
  `status` varchar(255) CHARACTER SET utf8mb4 COLLATE utf8mb4_unicode_ci NOT NULL,
  `is_primary` tinyint(1) NOT NULL DEFAULT '0',
  `actioned_text` varchar(255) CHARACTER SET utf8mb4 COLLATE utf8mb4_unicode_ci NOT NULL,
  `nonce_action` varchar(255) CHARACTER SET utf8mb4 COLLATE utf8mb4_unicode_ci DEFAULT NULL,
  `nonce_name` varchar(255) CHARACTER SET utf8mb4 COLLATE utf8mb4_unicode_ci DEFAULT NULL,
  PRIMARY KEY (`action_id`),
  KEY `note_id` (`note_id`)
) ENGINE=InnoDB AUTO_INCREMENT=21 DEFAULT CHARSET=utf8mb4 COLLATE=utf8mb4_unicode_ci;

--
-- Dumping data for table `wp_7_wc_admin_note_actions`
--

INSERT INTO `wp_7_wc_admin_note_actions` VALUES (1,1,'connect','Connecter','?page=wc-addons&section=helper','unactioned',0,'',NULL,NULL),(6,5,'learn-more','En savoir plus','https://woocommerce.com/mobile/?utm_medium=product','actioned',0,'',NULL,NULL),(7,6,'add-first-product','Ajouter un produit','https://mentorlystes.com/pro/wp-admin/admin.php?page=wc-admin&task=products','actioned',0,'',NULL,NULL),(9,8,'tracking-opt-in','Activer le suivi de l’utilisation','','actioned',1,'',NULL,NULL),(13,2,'enable-navigation','Activer dans les réglages','https://mentorlystes.com/pro/wp-admin/admin.php?page=wc-settings&tab=advanced&section=features','actioned',0,'',NULL,NULL),(14,11,'learn-more','En savoir plus','https://woocommerce.com/mobile/?utm_source=inbox&utm_medium=product','actioned',0,'',NULL,NULL),(18,14,'learn-more','Learn more','https://woocommerce.com/mobile/?utm_source=inbox&utm_medium=product','actioned',0,'',NULL,NULL),(19,12,'learn-more','Learn more','https://woocommerce.com/mobile/?utm_source=inbox&utm_medium=product','actioned',0,'',NULL,NULL),(20,13,'learn-more','Learn more','https://woocommerce.com/mobile/?utm_source=inbox&utm_medium=product','actioned',0,'',NULL,NULL);

--
-- Table structure for table `wp_7_wc_admin_notes`
--

CREATE TABLE `wp_7_wc_admin_notes` (
  `note_id` bigint unsigned NOT NULL AUTO_INCREMENT,
  `name` varchar(255) CHARACTER SET utf8mb4 COLLATE utf8mb4_unicode_ci NOT NULL,
  `type` varchar(20) CHARACTER SET utf8mb4 COLLATE utf8mb4_unicode_ci NOT NULL,
  `locale` varchar(20) CHARACTER SET utf8mb4 COLLATE utf8mb4_unicode_ci NOT NULL,
  `title` longtext CHARACTER SET utf8mb4 COLLATE utf8mb4_unicode_ci NOT NULL,
  `content` longtext CHARACTER SET utf8mb4 COLLATE utf8mb4_unicode_ci NOT NULL,
  `content_data` longtext CHARACTER SET utf8mb4 COLLATE utf8mb4_unicode_ci,
  `status` varchar(200) CHARACTER SET utf8mb4 COLLATE utf8mb4_unicode_ci NOT NULL,
  `source` varchar(200) CHARACTER SET utf8mb4 COLLATE utf8mb4_unicode_ci NOT NULL,
  `date_created` datetime NOT NULL DEFAULT '0000-00-00 00:00:00',
  `date_reminder` datetime DEFAULT NULL,
  `is_snoozable` tinyint(1) NOT NULL DEFAULT '0',
  `layout` varchar(20) CHARACTER SET utf8mb4 COLLATE utf8mb4_unicode_ci NOT NULL DEFAULT '',
  `image` varchar(200) CHARACTER SET utf8mb4 COLLATE utf8mb4_unicode_ci DEFAULT NULL,
  `is_deleted` tinyint(1) NOT NULL DEFAULT '0',
  `is_read` tinyint(1) NOT NULL DEFAULT '0',
  `icon` varchar(200) CHARACTER SET utf8mb4 COLLATE utf8mb4_unicode_ci NOT NULL DEFAULT 'info',
  PRIMARY KEY (`note_id`)
) ENGINE=InnoDB AUTO_INCREMENT=15 DEFAULT CHARSET=utf8mb4 COLLATE=utf8mb4_unicode_ci;

--
-- Dumping data for table `wp_7_wc_admin_notes`
--

INSERT INTO `wp_7_wc_admin_notes` VALUES (1,'wc-admin-wc-helper-connection','info','en_US','Se connecter à WooCommerce.com','Connectez-vous pour obtenir des notifications et des mises à jour importantes sur les produits.','{}','unactioned','woocommerce-admin','2022-04-24 18:56:08',NULL,0,'plain','',0,0,'info'),(2,'wc-admin-navigation-nudge','info','en_US','Vous avez maintenant accès à la navigation WooCommerce','Nous introduisons une nouvelle navigation pour une expérience utilisateur plus intuitive et améliorée. Vous pouvez activer la version bêta de la nouvelle expérience dans les paramètres avancés. Activez-le maintenant pour votre boutique.','{}','unactioned','woocommerce-admin','2022-04-24 18:57:31',NULL,0,'plain','',0,0,'info'),(5,'wc-admin-mobile-app','info','en_US','Installer l’application mobile Woo','Installez l’application mobile WooCommerce pour gérer les commandes, recevoir des notifications de vente et afficher les statistiques principales où que vous soyez.','{}','unactioned','woocommerce-admin','2022-04-27 01:41:08',NULL,0,'plain','',0,0,'info'),(6,'wc-admin-add-first-product-note','email','en_US','Ajouter votre premier produit','{greetings}<br /><br />Nice one; vous avez créé votre boutique WooCommerce ! Il est maintenant temps d’ajouter votre premier produit et de commencer à le vendre.<br /><br />Trois méthodes permettent d’ajouter des produits : vous pouvez <strong>créer les produits manuellement, les importer d’une traite par l’intermédiaire d’un fichier CSV</strong>, ou <strong>les migrer depuis un autre service</strong>.<br /><br /><a href=\"https://woocommerce.com/document/managing-products/?utm_source=help_panel&amp;utm_medium=product\">Explorez notre documentation</a> pour plus d’informations ou bien lancez-vous !','{\"role\":\"administrator\"}','unactioned','woocommerce-admin','2022-04-27 01:41:08',NULL,0,'plain','https://mentorlystes.com/pro/wp-content/plugins/woocommerce/packages/woocommerce-admin/images/admin_notes/dashboard-widget-setup.png',0,0,'info'),(8,'wc-admin-usage-tracking-opt-in','info','en_US','Aider WooCommerce à améliorer ses services grâce au suivi de l’utilisation','Récupérer les données d’utilisation nous permet d’améliorer WooCommerce. Votre boutique sera prise en compte lors de l’évaluation des nouvelles fonctionnalités et de la qualité d’une mise à jour, ou pour déterminer l’intérêt d’une amélioration. Vous pouvez toujours consulter les <a href=\"https://mentorlystes.com/pro/wp-admin/admin.php?page=wc-settings&#038;tab=advanced&#038;section=woocommerce_com\" target=\"_blank\">Paramètres</a> et choisir d’interrompre le partage des données. <a href=\"https://woocommerce.com/usage-tracking?utm_medium=product\" target=\"_blank\">En savoir plus</a> sur les données que nous collectons.','{}','unactioned','woocommerce-admin','2022-05-09 09:05:29',NULL,0,'plain','',0,0,'info'),(11,'wc-admin-real-time-order-alerts','info','en_US','Obtenir des alertes de commande en temps réel n’importe où','Obtenez des notifications sur l’activité de votre boutique, notamment des nouvelles commandes et des avis sur vos produits, directement sur vos appareils mobiles grâce à l’application Woo.','{}','unactioned','woocommerce-admin','2022-07-24 03:24:25',NULL,0,'plain','',0,0,'info'),(12,'wc-admin-manage-orders-on-the-go','info','en_US','Manage your orders on the go','Look for orders, customer info, and process refunds in one click with the Woo app.','{}','unactioned','woocommerce-admin','2022-10-22 05:55:25',NULL,0,'plain','',0,0,'info'),(13,'wc-admin-performance-on-mobile','info','en_US','Track your store performance on mobile','Monitor your sales and high performing products with the Woo app.','{}','unactioned','woocommerce-admin','2023-01-19 21:00:31',NULL,0,'plain','',0,0,'info'),(14,'wc-admin-edit-products-on-the-move','info','en_US','Edit products on the move','Edit and create new products from your mobile devices with the Woo app','{}','unactioned','woocommerce-admin','2023-04-24 20:18:50',NULL,0,'plain','',0,0,'info');

--
-- Table structure for table `wp_7_wc_category_lookup`
--

CREATE TABLE `wp_7_wc_category_lookup` (
  `category_tree_id` bigint unsigned NOT NULL,
  `category_id` bigint unsigned NOT NULL,
  PRIMARY KEY (`category_tree_id`,`category_id`)
) ENGINE=InnoDB DEFAULT CHARSET=utf8mb4 COLLATE=utf8mb4_unicode_ci;

--
-- Dumping data for table `wp_7_wc_category_lookup`
--

INSERT INTO `wp_7_wc_category_lookup` VALUES (15,15);

--
-- Table structure for table `wp_7_wc_customer_lookup`
--

CREATE TABLE `wp_7_wc_customer_lookup` (
  `customer_id` bigint unsigned NOT NULL AUTO_INCREMENT,
  `user_id` bigint unsigned DEFAULT NULL,
  `username` varchar(60) CHARACTER SET utf8mb4 COLLATE utf8mb4_unicode_ci NOT NULL DEFAULT '',
  `first_name` varchar(255) CHARACTER SET utf8mb4 COLLATE utf8mb4_unicode_ci NOT NULL,
  `last_name` varchar(255) CHARACTER SET utf8mb4 COLLATE utf8mb4_unicode_ci NOT NULL,
  `email` varchar(100) CHARACTER SET utf8mb4 COLLATE utf8mb4_unicode_ci DEFAULT NULL,
  `date_last_active` timestamp NULL DEFAULT NULL,
  `date_registered` timestamp NULL DEFAULT NULL,
  `country` char(2) CHARACTER SET utf8mb4 COLLATE utf8mb4_unicode_ci NOT NULL DEFAULT '',
  `postcode` varchar(20) CHARACTER SET utf8mb4 COLLATE utf8mb4_unicode_ci NOT NULL DEFAULT '',
  `city` varchar(100) CHARACTER SET utf8mb4 COLLATE utf8mb4_unicode_ci NOT NULL DEFAULT '',
  `state` varchar(100) CHARACTER SET utf8mb4 COLLATE utf8mb4_unicode_ci NOT NULL DEFAULT '',
  PRIMARY KEY (`customer_id`),
  UNIQUE KEY `user_id` (`user_id`),
  KEY `email` (`email`)
) ENGINE=InnoDB DEFAULT CHARSET=utf8mb4 COLLATE=utf8mb4_unicode_ci;

--
-- Dumping data for table `wp_7_wc_customer_lookup`
--


--
-- Table structure for table `wp_7_wc_download_log`
--

CREATE TABLE `wp_7_wc_download_log` (
  `download_log_id` bigint unsigned NOT NULL AUTO_INCREMENT,
  `timestamp` datetime NOT NULL,
  `permission_id` bigint unsigned NOT NULL,
  `user_id` bigint unsigned DEFAULT NULL,
  `user_ip_address` varchar(100) CHARACTER SET utf8mb4 COLLATE utf8mb4_unicode_ci DEFAULT '',
  PRIMARY KEY (`download_log_id`),
  KEY `permission_id` (`permission_id`),
  KEY `timestamp` (`timestamp`),
  CONSTRAINT `fk_wp_7_wc_download_log_permission_id` FOREIGN KEY (`permission_id`) REFERENCES `wp_7_woocommerce_downloadable_product_permissions` (`permission_id`) ON DELETE CASCADE
) ENGINE=InnoDB DEFAULT CHARSET=utf8mb4 COLLATE=utf8mb4_unicode_ci;

--
-- Dumping data for table `wp_7_wc_download_log`
--


--
-- Table structure for table `wp_7_wc_order_coupon_lookup`
--

CREATE TABLE `wp_7_wc_order_coupon_lookup` (
  `order_id` bigint unsigned NOT NULL,
  `coupon_id` bigint NOT NULL,
  `date_created` datetime NOT NULL DEFAULT '0000-00-00 00:00:00',
  `discount_amount` double NOT NULL DEFAULT '0',
  PRIMARY KEY (`order_id`,`coupon_id`),
  KEY `coupon_id` (`coupon_id`),
  KEY `date_created` (`date_created`)
) ENGINE=InnoDB DEFAULT CHARSET=utf8mb4 COLLATE=utf8mb4_unicode_ci;

--
-- Dumping data for table `wp_7_wc_order_coupon_lookup`
--


--
-- Table structure for table `wp_7_wc_order_product_lookup`
--

CREATE TABLE `wp_7_wc_order_product_lookup` (
  `order_item_id` bigint unsigned NOT NULL,
  `order_id` bigint unsigned NOT NULL,
  `product_id` bigint unsigned NOT NULL,
  `variation_id` bigint unsigned NOT NULL,
  `customer_id` bigint unsigned DEFAULT NULL,
  `date_created` datetime NOT NULL DEFAULT '0000-00-00 00:00:00',
  `product_qty` int NOT NULL,
  `product_net_revenue` double NOT NULL DEFAULT '0',
  `product_gross_revenue` double NOT NULL DEFAULT '0',
  `coupon_amount` double NOT NULL DEFAULT '0',
  `tax_amount` double NOT NULL DEFAULT '0',
  `shipping_amount` double NOT NULL DEFAULT '0',
  `shipping_tax_amount` double NOT NULL DEFAULT '0',
  PRIMARY KEY (`order_item_id`),
  KEY `order_id` (`order_id`),
  KEY `product_id` (`product_id`),
  KEY `customer_id` (`customer_id`),
  KEY `date_created` (`date_created`)
) ENGINE=InnoDB DEFAULT CHARSET=utf8mb4 COLLATE=utf8mb4_unicode_ci;

--
-- Dumping data for table `wp_7_wc_order_product_lookup`
--


--
-- Table structure for table `wp_7_wc_order_stats`
--

CREATE TABLE `wp_7_wc_order_stats` (
  `order_id` bigint unsigned NOT NULL,
  `parent_id` bigint unsigned NOT NULL DEFAULT '0',
  `date_created` datetime NOT NULL DEFAULT '0000-00-00 00:00:00',
  `date_created_gmt` datetime NOT NULL DEFAULT '0000-00-00 00:00:00',
  `num_items_sold` int NOT NULL DEFAULT '0',
  `total_sales` double NOT NULL DEFAULT '0',
  `tax_total` double NOT NULL DEFAULT '0',
  `shipping_total` double NOT NULL DEFAULT '0',
  `net_total` double NOT NULL DEFAULT '0',
  `returning_customer` tinyint(1) DEFAULT NULL,
  `status` varchar(200) CHARACTER SET utf8mb4 COLLATE utf8mb4_unicode_ci NOT NULL,
  `customer_id` bigint unsigned NOT NULL,
  `date_paid` datetime DEFAULT '0000-00-00 00:00:00',
  `date_completed` datetime DEFAULT '0000-00-00 00:00:00',
  PRIMARY KEY (`order_id`),
  KEY `date_created` (`date_created`),
  KEY `customer_id` (`customer_id`),
  KEY `status` (`status`(191))
) ENGINE=InnoDB DEFAULT CHARSET=utf8mb4 COLLATE=utf8mb4_unicode_ci;

--
-- Dumping data for table `wp_7_wc_order_stats`
--


--
-- Table structure for table `wp_7_wc_order_tax_lookup`
--

CREATE TABLE `wp_7_wc_order_tax_lookup` (
  `order_id` bigint unsigned NOT NULL,
  `tax_rate_id` bigint unsigned NOT NULL,
  `date_created` datetime NOT NULL DEFAULT '0000-00-00 00:00:00',
  `shipping_tax` double NOT NULL DEFAULT '0',
  `order_tax` double NOT NULL DEFAULT '0',
  `total_tax` double NOT NULL DEFAULT '0',
  PRIMARY KEY (`order_id`,`tax_rate_id`),
  KEY `tax_rate_id` (`tax_rate_id`),
  KEY `date_created` (`date_created`)
) ENGINE=InnoDB DEFAULT CHARSET=utf8mb4 COLLATE=utf8mb4_unicode_ci;

--
-- Dumping data for table `wp_7_wc_order_tax_lookup`
--


--
-- Table structure for table `wp_7_wc_product_attributes_lookup`
--

CREATE TABLE `wp_7_wc_product_attributes_lookup` (
  `product_id` bigint NOT NULL,
  `product_or_parent_id` bigint NOT NULL,
  `taxonomy` varchar(32) CHARACTER SET utf8mb4 COLLATE utf8mb4_unicode_ci NOT NULL,
  `term_id` bigint NOT NULL,
  `is_variation_attribute` tinyint(1) NOT NULL,
  `in_stock` tinyint(1) NOT NULL,
  PRIMARY KEY (`product_or_parent_id`,`term_id`,`product_id`,`taxonomy`),
  KEY `is_variation_attribute_term_id` (`is_variation_attribute`,`term_id`)
) ENGINE=InnoDB DEFAULT CHARSET=utf8mb4 COLLATE=utf8mb4_unicode_ci;

--
-- Dumping data for table `wp_7_wc_product_attributes_lookup`
--


--
-- Table structure for table `wp_7_wc_product_download_directories`
--

CREATE TABLE `wp_7_wc_product_download_directories` (
  `url_id` bigint unsigned NOT NULL AUTO_INCREMENT,
  `url` varchar(256) CHARACTER SET utf8mb4 COLLATE utf8mb4_unicode_ci NOT NULL,
  `enabled` tinyint(1) NOT NULL DEFAULT '0',
  PRIMARY KEY (`url_id`),
  KEY `url` (`url`(191))
) ENGINE=InnoDB DEFAULT CHARSET=utf8mb4 COLLATE=utf8mb4_unicode_ci;

--
-- Dumping data for table `wp_7_wc_product_download_directories`
--


--
-- Table structure for table `wp_7_wc_product_meta_lookup`
--

CREATE TABLE `wp_7_wc_product_meta_lookup` (
  `product_id` bigint NOT NULL,
  `sku` varchar(100) CHARACTER SET utf8mb4 COLLATE utf8mb4_unicode_ci DEFAULT '',
  `virtual` tinyint(1) DEFAULT '0',
  `downloadable` tinyint(1) DEFAULT '0',
  `min_price` decimal(19,4) DEFAULT NULL,
  `max_price` decimal(19,4) DEFAULT NULL,
  `onsale` tinyint(1) DEFAULT '0',
  `stock_quantity` double DEFAULT NULL,
  `stock_status` varchar(100) CHARACTER SET utf8mb4 COLLATE utf8mb4_unicode_ci DEFAULT 'instock',
  `rating_count` bigint DEFAULT '0',
  `average_rating` decimal(3,2) DEFAULT '0.00',
  `total_sales` bigint DEFAULT '0',
  `tax_status` varchar(100) CHARACTER SET utf8mb4 COLLATE utf8mb4_unicode_ci DEFAULT 'taxable',
  `tax_class` varchar(100) CHARACTER SET utf8mb4 COLLATE utf8mb4_unicode_ci DEFAULT '',
  `global_unique_id` varchar(100) COLLATE utf8mb4_unicode_ci DEFAULT '',
  PRIMARY KEY (`product_id`),
  KEY `virtual` (`virtual`),
  KEY `downloadable` (`downloadable`),
  KEY `stock_status` (`stock_status`),
  KEY `stock_quantity` (`stock_quantity`),
  KEY `onsale` (`onsale`),
  KEY `min_max_price` (`min_price`,`max_price`),
  KEY `sku` (`sku`(50))
) ENGINE=InnoDB DEFAULT CHARSET=utf8mb4 COLLATE=utf8mb4_unicode_ci;

--
-- Dumping data for table `wp_7_wc_product_meta_lookup`
--


--
-- Table structure for table `wp_7_wc_rate_limits`
--

CREATE TABLE `wp_7_wc_rate_limits` (
  `rate_limit_id` bigint unsigned NOT NULL AUTO_INCREMENT,
  `rate_limit_key` varchar(200) CHARACTER SET utf8mb4 COLLATE utf8mb4_unicode_ci NOT NULL,
  `rate_limit_expiry` bigint unsigned NOT NULL,
  `rate_limit_remaining` smallint NOT NULL DEFAULT '0',
  PRIMARY KEY (`rate_limit_id`),
  UNIQUE KEY `rate_limit_key` (`rate_limit_key`(191))
) ENGINE=InnoDB DEFAULT CHARSET=utf8mb4 COLLATE=utf8mb4_unicode_ci;

--
-- Dumping data for table `wp_7_wc_rate_limits`
--


--
-- Table structure for table `wp_7_wc_reserved_stock`
--

CREATE TABLE `wp_7_wc_reserved_stock` (
  `order_id` bigint NOT NULL,
  `product_id` bigint NOT NULL,
  `stock_quantity` double NOT NULL DEFAULT '0',
  `timestamp` datetime NOT NULL DEFAULT '0000-00-00 00:00:00',
  `expires` datetime NOT NULL DEFAULT '0000-00-00 00:00:00',
  PRIMARY KEY (`order_id`,`product_id`)
) ENGINE=InnoDB DEFAULT CHARSET=utf8mb4 COLLATE=utf8mb4_unicode_ci;

--
-- Dumping data for table `wp_7_wc_reserved_stock`
--


--
-- Table structure for table `wp_7_wc_tax_rate_classes`
--

CREATE TABLE `wp_7_wc_tax_rate_classes` (
  `tax_rate_class_id` bigint unsigned NOT NULL AUTO_INCREMENT,
  `name` varchar(200) CHARACTER SET utf8mb4 COLLATE utf8mb4_unicode_ci NOT NULL DEFAULT '',
  `slug` varchar(200) CHARACTER SET utf8mb4 COLLATE utf8mb4_unicode_ci NOT NULL DEFAULT '',
  PRIMARY KEY (`tax_rate_class_id`),
  UNIQUE KEY `slug` (`slug`(191))
) ENGINE=InnoDB AUTO_INCREMENT=3 DEFAULT CHARSET=utf8mb4 COLLATE=utf8mb4_unicode_ci;

--
-- Dumping data for table `wp_7_wc_tax_rate_classes`
--

INSERT INTO `wp_7_wc_tax_rate_classes` VALUES (1,'Taux réduit','taux-reduit'),(2,'Taux zéro','taux-zero');

--
-- Table structure for table `wp_7_wc_webhooks`
--

CREATE TABLE `wp_7_wc_webhooks` (
  `webhook_id` bigint unsigned NOT NULL AUTO_INCREMENT,
  `status` varchar(200) CHARACTER SET utf8mb4 COLLATE utf8mb4_unicode_ci NOT NULL,
  `name` text CHARACTER SET utf8mb4 COLLATE utf8mb4_unicode_ci NOT NULL,
  `user_id` bigint unsigned NOT NULL,
  `delivery_url` text CHARACTER SET utf8mb4 COLLATE utf8mb4_unicode_ci NOT NULL,
  `secret` text CHARACTER SET utf8mb4 COLLATE utf8mb4_unicode_ci NOT NULL,
  `topic` varchar(200) CHARACTER SET utf8mb4 COLLATE utf8mb4_unicode_ci NOT NULL,
  `date_created` datetime NOT NULL DEFAULT '0000-00-00 00:00:00',
  `date_created_gmt` datetime NOT NULL DEFAULT '0000-00-00 00:00:00',
  `date_modified` datetime NOT NULL DEFAULT '0000-00-00 00:00:00',
  `date_modified_gmt` datetime NOT NULL DEFAULT '0000-00-00 00:00:00',
  `api_version` smallint NOT NULL,
  `failure_count` smallint NOT NULL DEFAULT '0',
  `pending_delivery` tinyint(1) NOT NULL DEFAULT '0',
  PRIMARY KEY (`webhook_id`),
  KEY `user_id` (`user_id`)
) ENGINE=InnoDB DEFAULT CHARSET=utf8mb4 COLLATE=utf8mb4_unicode_ci;

--
-- Dumping data for table `wp_7_wc_webhooks`
--


--
-- Table structure for table `wp_7_woocommerce_api_keys`
--

CREATE TABLE `wp_7_woocommerce_api_keys` (
  `key_id` bigint unsigned NOT NULL AUTO_INCREMENT,
  `user_id` bigint unsigned NOT NULL,
  `description` varchar(200) CHARACTER SET utf8mb4 COLLATE utf8mb4_unicode_ci DEFAULT NULL,
  `permissions` varchar(10) CHARACTER SET utf8mb4 COLLATE utf8mb4_unicode_ci NOT NULL,
  `consumer_key` char(64) CHARACTER SET utf8mb4 COLLATE utf8mb4_unicode_ci NOT NULL,
  `consumer_secret` char(43) CHARACTER SET utf8mb4 COLLATE utf8mb4_unicode_ci NOT NULL,
  `nonces` longtext CHARACTER SET utf8mb4 COLLATE utf8mb4_unicode_ci,
  `truncated_key` char(7) CHARACTER SET utf8mb4 COLLATE utf8mb4_unicode_ci NOT NULL,
  `last_access` datetime DEFAULT NULL,
  PRIMARY KEY (`key_id`),
  KEY `consumer_key` (`consumer_key`),
  KEY `consumer_secret` (`consumer_secret`)
) ENGINE=InnoDB DEFAULT CHARSET=utf8mb4 COLLATE=utf8mb4_unicode_ci;

--
-- Dumping data for table `wp_7_woocommerce_api_keys`
--


--
-- Table structure for table `wp_7_woocommerce_attribute_taxonomies`
--

CREATE TABLE `wp_7_woocommerce_attribute_taxonomies` (
  `attribute_id` bigint unsigned NOT NULL AUTO_INCREMENT,
  `attribute_name` varchar(200) CHARACTER SET utf8mb4 COLLATE utf8mb4_unicode_ci NOT NULL,
  `attribute_label` varchar(200) CHARACTER SET utf8mb4 COLLATE utf8mb4_unicode_ci DEFAULT NULL,
  `attribute_type` varchar(20) CHARACTER SET utf8mb4 COLLATE utf8mb4_unicode_ci NOT NULL,
  `attribute_orderby` varchar(20) CHARACTER SET utf8mb4 COLLATE utf8mb4_unicode_ci NOT NULL,
  `attribute_public` int NOT NULL DEFAULT '1',
  PRIMARY KEY (`attribute_id`),
  KEY `attribute_name` (`attribute_name`(20))
) ENGINE=InnoDB DEFAULT CHARSET=utf8mb4 COLLATE=utf8mb4_unicode_ci;

--
-- Dumping data for table `wp_7_woocommerce_attribute_taxonomies`
--


--
-- Table structure for table `wp_7_woocommerce_downloadable_product_permissions`
--

CREATE TABLE `wp_7_woocommerce_downloadable_product_permissions` (
  `permission_id` bigint unsigned NOT NULL AUTO_INCREMENT,
  `download_id` varchar(36) CHARACTER SET utf8mb4 COLLATE utf8mb4_unicode_ci NOT NULL,
  `product_id` bigint unsigned NOT NULL,
  `order_id` bigint unsigned NOT NULL DEFAULT '0',
  `order_key` varchar(200) CHARACTER SET utf8mb4 COLLATE utf8mb4_unicode_ci NOT NULL,
  `user_email` varchar(200) CHARACTER SET utf8mb4 COLLATE utf8mb4_unicode_ci NOT NULL,
  `user_id` bigint unsigned DEFAULT NULL,
  `downloads_remaining` varchar(9) CHARACTER SET utf8mb4 COLLATE utf8mb4_unicode_ci DEFAULT NULL,
  `access_granted` datetime NOT NULL DEFAULT '0000-00-00 00:00:00',
  `access_expires` datetime DEFAULT NULL,
  `download_count` bigint unsigned NOT NULL DEFAULT '0',
  PRIMARY KEY (`permission_id`),
  KEY `download_order_key_product` (`product_id`,`order_id`,`order_key`(16),`download_id`),
  KEY `download_order_product` (`download_id`,`order_id`,`product_id`),
  KEY `order_id` (`order_id`),
  KEY `user_order_remaining_expires` (`user_id`,`order_id`,`downloads_remaining`,`access_expires`)
) ENGINE=InnoDB DEFAULT CHARSET=utf8mb4 COLLATE=utf8mb4_unicode_ci;

--
-- Dumping data for table `wp_7_woocommerce_downloadable_product_permissions`
--


--
-- Table structure for table `wp_7_woocommerce_log`
--

CREATE TABLE `wp_7_woocommerce_log` (
  `log_id` bigint unsigned NOT NULL AUTO_INCREMENT,
  `timestamp` datetime NOT NULL,
  `level` smallint NOT NULL,
  `source` varchar(200) CHARACTER SET utf8mb4 COLLATE utf8mb4_unicode_ci NOT NULL,
  `message` longtext CHARACTER SET utf8mb4 COLLATE utf8mb4_unicode_ci NOT NULL,
  `context` longtext CHARACTER SET utf8mb4 COLLATE utf8mb4_unicode_ci,
  PRIMARY KEY (`log_id`),
  KEY `level` (`level`)
) ENGINE=InnoDB DEFAULT CHARSET=utf8mb4 COLLATE=utf8mb4_unicode_ci;

--
-- Dumping data for table `wp_7_woocommerce_log`
--


--
-- Table structure for table `wp_7_woocommerce_order_itemmeta`
--

CREATE TABLE `wp_7_woocommerce_order_itemmeta` (
  `meta_id` bigint unsigned NOT NULL AUTO_INCREMENT,
  `order_item_id` bigint unsigned NOT NULL,
  `meta_key` varchar(255) CHARACTER SET utf8mb4 COLLATE utf8mb4_unicode_ci DEFAULT NULL,
  `meta_value` longtext CHARACTER SET utf8mb4 COLLATE utf8mb4_unicode_ci,
  PRIMARY KEY (`meta_id`),
  KEY `order_item_id` (`order_item_id`),
  KEY `meta_key` (`meta_key`(32))
) ENGINE=InnoDB DEFAULT CHARSET=utf8mb4 COLLATE=utf8mb4_unicode_ci;

--
-- Dumping data for table `wp_7_woocommerce_order_itemmeta`
--


--
-- Table structure for table `wp_7_woocommerce_order_items`
--

CREATE TABLE `wp_7_woocommerce_order_items` (
  `order_item_id` bigint unsigned NOT NULL AUTO_INCREMENT,
  `order_item_name` text CHARACTER SET utf8mb4 COLLATE utf8mb4_unicode_ci NOT NULL,
  `order_item_type` varchar(200) CHARACTER SET utf8mb4 COLLATE utf8mb4_unicode_ci NOT NULL DEFAULT '',
  `order_id` bigint unsigned NOT NULL,
  PRIMARY KEY (`order_item_id`),
  KEY `order_id` (`order_id`)
) ENGINE=InnoDB DEFAULT CHARSET=utf8mb4 COLLATE=utf8mb4_unicode_ci;

--
-- Dumping data for table `wp_7_woocommerce_order_items`
--


--
-- Table structure for table `wp_7_woocommerce_payment_tokenmeta`
--

CREATE TABLE `wp_7_woocommerce_payment_tokenmeta` (
  `meta_id` bigint unsigned NOT NULL AUTO_INCREMENT,
  `payment_token_id` bigint unsigned NOT NULL,
  `meta_key` varchar(255) CHARACTER SET utf8mb4 COLLATE utf8mb4_unicode_ci DEFAULT NULL,
  `meta_value` longtext CHARACTER SET utf8mb4 COLLATE utf8mb4_unicode_ci,
  PRIMARY KEY (`meta_id`),
  KEY `payment_token_id` (`payment_token_id`),
  KEY `meta_key` (`meta_key`(32))
) ENGINE=InnoDB DEFAULT CHARSET=utf8mb4 COLLATE=utf8mb4_unicode_ci;

--
-- Dumping data for table `wp_7_woocommerce_payment_tokenmeta`
--


--
-- Table structure for table `wp_7_woocommerce_payment_tokens`
--

CREATE TABLE `wp_7_woocommerce_payment_tokens` (
  `token_id` bigint unsigned NOT NULL AUTO_INCREMENT,
  `gateway_id` varchar(200) CHARACTER SET utf8mb4 COLLATE utf8mb4_unicode_ci NOT NULL,
  `token` text CHARACTER SET utf8mb4 COLLATE utf8mb4_unicode_ci NOT NULL,
  `user_id` bigint unsigned NOT NULL DEFAULT '0',
  `type` varchar(200) CHARACTER SET utf8mb4 COLLATE utf8mb4_unicode_ci NOT NULL,
  `is_default` tinyint(1) NOT NULL DEFAULT '0',
  PRIMARY KEY (`token_id`),
  KEY `user_id` (`user_id`)
) ENGINE=InnoDB DEFAULT CHARSET=utf8mb4 COLLATE=utf8mb4_unicode_ci;

--
-- Dumping data for table `wp_7_woocommerce_payment_tokens`
--


--
-- Table structure for table `wp_7_woocommerce_sessions`
--

CREATE TABLE `wp_7_woocommerce_sessions` (
  `session_id` bigint unsigned NOT NULL AUTO_INCREMENT,
  `session_key` char(32) CHARACTER SET utf8mb4 COLLATE utf8mb4_unicode_ci NOT NULL,
  `session_value` longtext CHARACTER SET utf8mb4 COLLATE utf8mb4_unicode_ci NOT NULL,
  `session_expiry` bigint unsigned NOT NULL,
  PRIMARY KEY (`session_id`),
  UNIQUE KEY `session_key` (`session_key`)
) ENGINE=InnoDB AUTO_INCREMENT=2 DEFAULT CHARSET=utf8mb4 COLLATE=utf8mb4_unicode_ci;

--
-- Dumping data for table `wp_7_woocommerce_sessions`
--

INSERT INTO `wp_7_woocommerce_sessions` VALUES (1,'1','a:7:{s:4:\"cart\";s:6:\"a:0:{}\";s:11:\"cart_totals\";s:367:\"a:15:{s:8:\"subtotal\";i:0;s:12:\"subtotal_tax\";i:0;s:14:\"shipping_total\";i:0;s:12:\"shipping_tax\";i:0;s:14:\"shipping_taxes\";a:0:{}s:14:\"discount_total\";i:0;s:12:\"discount_tax\";i:0;s:19:\"cart_contents_total\";i:0;s:17:\"cart_contents_tax\";i:0;s:19:\"cart_contents_taxes\";a:0:{}s:9:\"fee_total\";i:0;s:7:\"fee_tax\";i:0;s:9:\"fee_taxes\";a:0:{}s:5:\"total\";i:0;s:9:\"total_tax\";i:0;}\";s:15:\"applied_coupons\";s:6:\"a:0:{}\";s:22:\"coupon_discount_totals\";s:6:\"a:0:{}\";s:26:\"coupon_discount_tax_totals\";s:6:\"a:0:{}\";s:21:\"removed_cart_contents\";s:6:\"a:0:{}\";s:8:\"customer\";s:771:\"a:28:{s:2:\"id\";s:1:\"1\";s:13:\"date_modified\";s:0:\"\";s:10:\"first_name\";s:0:\"\";s:9:\"last_name\";s:0:\"\";s:7:\"company\";s:0:\"\";s:5:\"phone\";s:0:\"\";s:5:\"email\";s:28:\"jeanpierre@pro.biolystes.com\";s:7:\"address\";s:0:\"\";s:9:\"address_1\";s:0:\"\";s:9:\"address_2\";s:0:\"\";s:4:\"city\";s:0:\"\";s:5:\"state\";s:2:\"CA\";s:8:\"postcode\";s:0:\"\";s:7:\"country\";s:2:\"US\";s:19:\"shipping_first_name\";s:0:\"\";s:18:\"shipping_last_name\";s:0:\"\";s:16:\"shipping_company\";s:0:\"\";s:14:\"shipping_phone\";s:0:\"\";s:16:\"shipping_address\";s:0:\"\";s:18:\"shipping_address_1\";s:0:\"\";s:18:\"shipping_address_2\";s:0:\"\";s:13:\"shipping_city\";s:0:\"\";s:14:\"shipping_state\";s:2:\"CA\";s:17:\"shipping_postcode\";s:0:\"\";s:16:\"shipping_country\";s:2:\"US\";s:13:\"is_vat_exempt\";s:0:\"\";s:19:\"calculated_shipping\";s:0:\"\";s:9:\"meta_data\";a:0:{}}\";}',1748408452);

--
-- Table structure for table `wp_7_woocommerce_shipping_zone_locations`
--

CREATE TABLE `wp_7_woocommerce_shipping_zone_locations` (
  `location_id` bigint unsigned NOT NULL AUTO_INCREMENT,
  `zone_id` bigint unsigned NOT NULL,
  `location_code` varchar(200) CHARACTER SET utf8mb4 COLLATE utf8mb4_unicode_ci NOT NULL,
  `location_type` varchar(40) CHARACTER SET utf8mb4 COLLATE utf8mb4_unicode_ci NOT NULL,
  PRIMARY KEY (`location_id`),
  KEY `location_id` (`location_id`),
  KEY `location_type_code` (`location_type`(10),`location_code`(20)),
  KEY `zone_id` (`zone_id`)
) ENGINE=InnoDB DEFAULT CHARSET=utf8mb4 COLLATE=utf8mb4_unicode_ci;

--
-- Dumping data for table `wp_7_woocommerce_shipping_zone_locations`
--


--
-- Table structure for table `wp_7_woocommerce_shipping_zone_methods`
--

CREATE TABLE `wp_7_woocommerce_shipping_zone_methods` (
  `zone_id` bigint unsigned NOT NULL,
  `instance_id` bigint unsigned NOT NULL AUTO_INCREMENT,
  `method_id` varchar(200) CHARACTER SET utf8mb4 COLLATE utf8mb4_unicode_ci NOT NULL,
  `method_order` bigint unsigned NOT NULL,
  `is_enabled` tinyint(1) NOT NULL DEFAULT '1',
  PRIMARY KEY (`instance_id`)
) ENGINE=InnoDB DEFAULT CHARSET=utf8mb4 COLLATE=utf8mb4_unicode_ci;

--
-- Dumping data for table `wp_7_woocommerce_shipping_zone_methods`
--


--
-- Table structure for table `wp_7_woocommerce_shipping_zones`
--

CREATE TABLE `wp_7_woocommerce_shipping_zones` (
  `zone_id` bigint unsigned NOT NULL AUTO_INCREMENT,
  `zone_name` varchar(200) CHARACTER SET utf8mb4 COLLATE utf8mb4_unicode_ci NOT NULL,
  `zone_order` bigint unsigned NOT NULL,
  PRIMARY KEY (`zone_id`)
) ENGINE=InnoDB DEFAULT CHARSET=utf8mb4 COLLATE=utf8mb4_unicode_ci;

--
-- Dumping data for table `wp_7_woocommerce_shipping_zones`
--


--
-- Table structure for table `wp_7_woocommerce_tax_rate_locations`
--

CREATE TABLE `wp_7_woocommerce_tax_rate_locations` (
  `location_id` bigint unsigned NOT NULL AUTO_INCREMENT,
  `location_code` varchar(200) CHARACTER SET utf8mb4 COLLATE utf8mb4_unicode_ci NOT NULL,
  `tax_rate_id` bigint unsigned NOT NULL,
  `location_type` varchar(40) CHARACTER SET utf8mb4 COLLATE utf8mb4_unicode_ci NOT NULL,
  PRIMARY KEY (`location_id`),
  KEY `tax_rate_id` (`tax_rate_id`),
  KEY `location_type_code` (`location_type`(10),`location_code`(20))
) ENGINE=InnoDB DEFAULT CHARSET=utf8mb4 COLLATE=utf8mb4_unicode_ci;

--
-- Dumping data for table `wp_7_woocommerce_tax_rate_locations`
--


--
-- Table structure for table `wp_7_woocommerce_tax_rates`
--

CREATE TABLE `wp_7_woocommerce_tax_rates` (
  `tax_rate_id` bigint unsigned NOT NULL AUTO_INCREMENT,
  `tax_rate_country` varchar(2) CHARACTER SET utf8mb4 COLLATE utf8mb4_unicode_ci NOT NULL DEFAULT '',
  `tax_rate_state` varchar(200) CHARACTER SET utf8mb4 COLLATE utf8mb4_unicode_ci NOT NULL DEFAULT '',
  `tax_rate` varchar(8) CHARACTER SET utf8mb4 COLLATE utf8mb4_unicode_ci NOT NULL DEFAULT '',
  `tax_rate_name` varchar(200) CHARACTER SET utf8mb4 COLLATE utf8mb4_unicode_ci NOT NULL DEFAULT '',
  `tax_rate_priority` bigint unsigned NOT NULL,
  `tax_rate_compound` int NOT NULL DEFAULT '0',
  `tax_rate_shipping` int NOT NULL DEFAULT '1',
  `tax_rate_order` bigint unsigned NOT NULL,
  `tax_rate_class` varchar(200) CHARACTER SET utf8mb4 COLLATE utf8mb4_unicode_ci NOT NULL DEFAULT '',
  PRIMARY KEY (`tax_rate_id`),
  KEY `tax_rate_country` (`tax_rate_country`),
  KEY `tax_rate_state` (`tax_rate_state`(2)),
  KEY `tax_rate_class` (`tax_rate_class`(10)),
  KEY `tax_rate_priority` (`tax_rate_priority`)
) ENGINE=InnoDB DEFAULT CHARSET=utf8mb4 COLLATE=utf8mb4_unicode_ci;

--
-- Dumping data for table `wp_7_woocommerce_tax_rates`
--


--
-- Table structure for table `wp_7_yith_wcwl`
--

CREATE TABLE `wp_7_yith_wcwl` (
  `ID` bigint NOT NULL AUTO_INCREMENT,
  `prod_id` bigint NOT NULL,
  `quantity` int NOT NULL,
  `user_id` bigint DEFAULT NULL,
  `wishlist_id` bigint DEFAULT NULL,
  `position` int DEFAULT '0',
  `original_price` decimal(9,3) DEFAULT NULL,
  `original_currency` char(3) DEFAULT NULL,
  `dateadded` timestamp NOT NULL DEFAULT CURRENT_TIMESTAMP,
  `on_sale` tinyint NOT NULL DEFAULT '0',
  PRIMARY KEY (`ID`),
  KEY `prod_id` (`prod_id`)
) ENGINE=InnoDB DEFAULT CHARSET=utf8mb3;

--
-- Dumping data for table `wp_7_yith_wcwl`
--


--
-- Table structure for table `wp_7_yith_wcwl_lists`
--

CREATE TABLE `wp_7_yith_wcwl_lists` (
  `ID` bigint NOT NULL AUTO_INCREMENT,
  `user_id` bigint DEFAULT NULL,
  `session_id` varchar(255) DEFAULT NULL,
  `wishlist_slug` varchar(200) NOT NULL,
  `wishlist_name` text,
  `wishlist_token` varchar(64) NOT NULL,
  `wishlist_privacy` tinyint(1) NOT NULL DEFAULT '0',
  `is_default` tinyint(1) NOT NULL DEFAULT '0',
  `dateadded` timestamp NOT NULL DEFAULT CURRENT_TIMESTAMP,
  `expiration` timestamp NULL DEFAULT NULL,
  PRIMARY KEY (`ID`),
  UNIQUE KEY `wishlist_token` (`wishlist_token`),
  KEY `wishlist_slug` (`wishlist_slug`)
) ENGINE=InnoDB DEFAULT CHARSET=utf8mb3;

--
-- Dumping data for table `wp_7_yith_wcwl_lists`
--


--
-- Table structure for table `wp_7_yoast_indexable`
--

CREATE TABLE `wp_7_yoast_indexable` (
  `id` int unsigned NOT NULL AUTO_INCREMENT,
  `permalink` longtext CHARACTER SET utf8mb4 COLLATE utf8mb4_unicode_ci,
  `permalink_hash` varchar(40) CHARACTER SET utf8mb4 COLLATE utf8mb4_unicode_ci DEFAULT NULL,
  `object_id` bigint DEFAULT NULL,
  `object_type` varchar(32) CHARACTER SET utf8mb4 COLLATE utf8mb4_unicode_ci NOT NULL,
  `object_sub_type` varchar(32) CHARACTER SET utf8mb4 COLLATE utf8mb4_unicode_ci DEFAULT NULL,
  `author_id` bigint DEFAULT NULL,
  `post_parent` bigint DEFAULT NULL,
  `title` text CHARACTER SET utf8mb4 COLLATE utf8mb4_unicode_ci,
  `description` mediumtext CHARACTER SET utf8mb4 COLLATE utf8mb4_unicode_ci,
  `breadcrumb_title` text CHARACTER SET utf8mb4 COLLATE utf8mb4_unicode_ci,
  `post_status` varchar(20) CHARACTER SET utf8mb4 COLLATE utf8mb4_unicode_ci DEFAULT NULL,
  `is_public` tinyint(1) DEFAULT NULL,
  `is_protected` tinyint(1) DEFAULT '0',
  `has_public_posts` tinyint(1) DEFAULT NULL,
  `number_of_pages` int unsigned DEFAULT NULL,
  `canonical` longtext CHARACTER SET utf8mb4 COLLATE utf8mb4_unicode_ci,
  `primary_focus_keyword` varchar(191) CHARACTER SET utf8mb4 COLLATE utf8mb4_unicode_ci DEFAULT NULL,
  `primary_focus_keyword_score` int DEFAULT NULL,
  `readability_score` int DEFAULT NULL,
  `is_cornerstone` tinyint(1) DEFAULT '0',
  `is_robots_noindex` tinyint(1) DEFAULT '0',
  `is_robots_nofollow` tinyint(1) DEFAULT '0',
  `is_robots_noarchive` tinyint(1) DEFAULT '0',
  `is_robots_noimageindex` tinyint(1) DEFAULT '0',
  `is_robots_nosnippet` tinyint(1) DEFAULT '0',
  `twitter_title` text CHARACTER SET utf8mb4 COLLATE utf8mb4_unicode_ci,
  `twitter_image` longtext CHARACTER SET utf8mb4 COLLATE utf8mb4_unicode_ci,
  `twitter_description` longtext CHARACTER SET utf8mb4 COLLATE utf8mb4_unicode_ci,
  `twitter_image_id` varchar(191) CHARACTER SET utf8mb4 COLLATE utf8mb4_unicode_ci DEFAULT NULL,
  `twitter_image_source` text CHARACTER SET utf8mb4 COLLATE utf8mb4_unicode_ci,
  `open_graph_title` text CHARACTER SET utf8mb4 COLLATE utf8mb4_unicode_ci,
  `open_graph_description` longtext CHARACTER SET utf8mb4 COLLATE utf8mb4_unicode_ci,
  `open_graph_image` longtext CHARACTER SET utf8mb4 COLLATE utf8mb4_unicode_ci,
  `open_graph_image_id` varchar(191) CHARACTER SET utf8mb4 COLLATE utf8mb4_unicode_ci DEFAULT NULL,
  `open_graph_image_source` text CHARACTER SET utf8mb4 COLLATE utf8mb4_unicode_ci,
  `open_graph_image_meta` mediumtext CHARACTER SET utf8mb4 COLLATE utf8mb4_unicode_ci,
  `link_count` int DEFAULT NULL,
  `incoming_link_count` int DEFAULT NULL,
  `prominent_words_version` int unsigned DEFAULT NULL,
  `created_at` datetime DEFAULT NULL,
  `updated_at` timestamp NOT NULL DEFAULT CURRENT_TIMESTAMP ON UPDATE CURRENT_TIMESTAMP,
  `blog_id` bigint NOT NULL DEFAULT '7',
  `language` varchar(32) CHARACTER SET utf8mb4 COLLATE utf8mb4_unicode_ci DEFAULT NULL,
  `region` varchar(32) CHARACTER SET utf8mb4 COLLATE utf8mb4_unicode_ci DEFAULT NULL,
  `schema_page_type` varchar(64) CHARACTER SET utf8mb4 COLLATE utf8mb4_unicode_ci DEFAULT NULL,
  `schema_article_type` varchar(64) CHARACTER SET utf8mb4 COLLATE utf8mb4_unicode_ci DEFAULT NULL,
  `has_ancestors` tinyint(1) DEFAULT '0',
  `estimated_reading_time_minutes` int DEFAULT NULL,
  `version` int DEFAULT '1',
  `object_last_modified` datetime DEFAULT NULL,
  `object_published_at` datetime DEFAULT NULL,
  `inclusive_language_score` int DEFAULT NULL,
  PRIMARY KEY (`id`),
  KEY `object_type_and_sub_type` (`object_type`,`object_sub_type`),
  KEY `object_id_and_type` (`object_id`,`object_type`),
  KEY `permalink_hash_and_object_type` (`permalink_hash`,`object_type`),
  KEY `subpages` (`post_parent`,`object_type`,`post_status`,`object_id`),
  KEY `prominent_words` (`prominent_words_version`,`object_type`,`object_sub_type`,`post_status`),
  KEY `published_sitemap_index` (`object_published_at`,`is_robots_noindex`,`object_type`,`object_sub_type`)
) ENGINE=InnoDB AUTO_INCREMENT=143 DEFAULT CHARSET=utf8mb4 COLLATE=utf8mb4_unicode_ci;

--
-- Dumping data for table `wp_7_yoast_indexable`
--

INSERT INTO `wp_7_yoast_indexable` VALUES (1,'https://mentorlystes.com/pro/author/admin/','40:1c20a0de13455de61ab0981d3a38aaaf',1,'user',NULL,NULL,NULL,NULL,NULL,NULL,NULL,NULL,0,NULL,NULL,NULL,NULL,NULL,NULL,0,0,NULL,NULL,NULL,NULL,NULL,'https://secure.gravatar.com/avatar/0b82798fcb2beaa4fa046e0ef800a1dd?s=500&d=mm&r=g',NULL,NULL,'gravatar-image',NULL,NULL,'https://secure.gravatar.com/avatar/0b82798fcb2beaa4fa046e0ef800a1dd?s=500&d=mm&r=g',NULL,'gravatar-image',NULL,NULL,NULL,NULL,'2022-04-24 19:04:28','2023-02-13 07:56:42',7,NULL,NULL,NULL,NULL,0,NULL,2,'2022-05-10 07:34:08','2019-04-18 13:31:49',NULL),(19,'https://mentorlystes.com/pro/mentorlystes-paiementenplusieursfois/','58:3fe9d8f7cace8f0e631a16cae42ad863',24858,'post','page',1,0,'mentorlystes - Paiement en plusieurs fois','Offrez à vos clients la liberté de payer à leur rythme avec le paiement en plusieurs fois. Améliorez leur expérience de paiement et augmentez votre CA de 20%','mentorlystes &#8211; Paiement en plusieurs fois','publish',NULL,0,NULL,NULL,NULL,NULL,NULL,60,0,NULL,0,NULL,NULL,NULL,NULL,NULL,NULL,NULL,NULL,NULL,NULL,NULL,NULL,NULL,NULL,NULL,NULL,NULL,'2022-04-24 19:05:42','2023-02-13 07:56:42',7,NULL,NULL,NULL,NULL,0,2,2,'2021-12-30 08:04:15','2021-12-30 08:04:15',NULL),(20,'https://mentorlystes.com/pro/','27:fd0698fb938660f7af5061749ee47a39',NULL,'home-page',NULL,NULL,NULL,'%%sitename%% %%page%% %%sep%% %%sitedesc%%','Un site utilisant Les sites de Mentorlystes','Accueil',NULL,NULL,0,NULL,NULL,NULL,NULL,NULL,NULL,0,0,0,0,0,0,NULL,NULL,NULL,NULL,NULL,'%%sitename%%','','','0',NULL,NULL,NULL,NULL,NULL,'2022-04-24 19:05:42','2023-02-13 07:56:42',7,NULL,NULL,NULL,NULL,0,NULL,2,'2022-05-10 07:34:08','2022-04-24 14:47:36',NULL),(21,NULL,NULL,NULL,'post-type-archive','product',NULL,NULL,'%%pt_plural%% Archive %%page%% %%sep%% %%sitename%%','','Produits',NULL,1,0,NULL,NULL,NULL,NULL,NULL,NULL,0,0,0,0,0,0,NULL,NULL,NULL,NULL,NULL,NULL,NULL,NULL,NULL,NULL,NULL,NULL,NULL,NULL,'2022-04-24 19:06:05','2022-04-26 04:54:49',7,NULL,NULL,NULL,NULL,0,NULL,0,NULL,NULL,NULL),(23,'https://mentorlystes.com/pro/portfolio/','37:ab4de7eb655c11e035b4e00d6bbf279f',NULL,'post-type-archive','portfolio',NULL,NULL,'%%pt_plural%% Archive %%page%% %%sep%% %%sitename%%','','Portfolio',NULL,1,0,NULL,NULL,NULL,NULL,NULL,NULL,0,0,0,0,0,0,NULL,NULL,NULL,NULL,NULL,NULL,NULL,NULL,NULL,NULL,NULL,NULL,NULL,NULL,'2022-04-24 19:06:05','2023-02-13 07:56:42',7,NULL,NULL,NULL,NULL,0,NULL,2,NULL,NULL,NULL),(24,'https://mentorlystes.com/pro/2022/04/24/bonjour-tout-le-monde/','60:8e0e7f8f476c0ebfc9860b01635059b0',1,'post','post',1,0,NULL,NULL,'Bonjour tout le monde !','publish',NULL,0,NULL,NULL,NULL,NULL,NULL,0,0,NULL,0,NULL,NULL,NULL,NULL,NULL,NULL,NULL,NULL,NULL,NULL,NULL,NULL,NULL,NULL,NULL,NULL,NULL,'2022-04-24 19:06:08','2023-02-13 07:56:42',7,NULL,NULL,NULL,NULL,0,NULL,2,'2022-04-24 14:47:36','2022-04-24 14:47:36',NULL),(25,'https://mentorlystes.com/pro/category/non-classe/','47:869aac29a30aaa9b4873ce3d8dd3db43',1,'term','category',NULL,NULL,NULL,NULL,'Non classé',NULL,NULL,0,NULL,NULL,NULL,NULL,NULL,NULL,0,NULL,NULL,NULL,NULL,NULL,NULL,NULL,NULL,NULL,NULL,NULL,NULL,NULL,NULL,NULL,NULL,NULL,NULL,NULL,'2022-04-24 19:06:08','2023-02-13 07:56:42',7,NULL,NULL,NULL,NULL,0,NULL,2,'2022-04-24 14:47:36','2022-04-24 14:47:36',NULL),(30,'https://mentorlystes.com/pro/','27:fd0698fb938660f7af5061749ee47a39',23597,'post','page',1,0,NULL,NULL,'Mentorlystes Pro','publish',NULL,0,NULL,NULL,NULL,NULL,NULL,30,0,NULL,0,NULL,NULL,NULL,NULL,'https://mentorlystes.com/pro/wp-content/uploads/sites/7/2022/05/pexels-jack-sparrow-5918185-scaled.jpg',NULL,NULL,'first-content-image',NULL,NULL,'https://mentorlystes.com/pro/wp-content/uploads/sites/7/2022/05/pexels-jack-sparrow-5918185-scaled.jpg',NULL,'first-content-image',NULL,0,NULL,NULL,'2022-04-24 19:56:20','2023-02-13 07:56:42',7,NULL,NULL,NULL,NULL,0,3,2,'2022-05-10 07:34:08','2021-11-14 13:11:04',NULL),(33,'https://mentorlystes.com/pro/avis/','29:4b6a65993dff21dbae6440177ca81e11',21215,'post','page',1,0,NULL,NULL,'Avis','publish',NULL,0,NULL,NULL,NULL,NULL,NULL,90,0,NULL,0,NULL,NULL,NULL,NULL,NULL,NULL,NULL,NULL,NULL,NULL,NULL,NULL,NULL,NULL,NULL,NULL,NULL,'2022-04-24 19:56:21','2023-02-13 07:56:42',7,NULL,NULL,NULL,NULL,0,1,2,'2021-10-23 03:49:56','2021-10-23 03:49:56',NULL),(40,'https://mentorlystes.com/pro/cgv-v/','30:4632dfefe838aaaf681a889a0b018174',560515,'post','page',1,0,NULL,NULL,'Conditions générales de vente – Vendeurs','publish',NULL,0,NULL,NULL,NULL,NULL,NULL,30,0,NULL,0,NULL,NULL,NULL,NULL,NULL,NULL,NULL,NULL,NULL,NULL,NULL,NULL,NULL,NULL,NULL,NULL,NULL,'2022-04-24 19:56:21','2023-02-13 07:56:42',7,NULL,NULL,NULL,NULL,0,21,2,'2022-03-15 21:34:24','2022-03-15 21:34:24',NULL),(41,'https://mentorlystes.com/pro/contact/','32:54cb019bb135deca05dd7d6eee5076b5',22403,'post','page',1,0,NULL,NULL,'Contact','publish',NULL,0,NULL,NULL,NULL,NULL,NULL,90,0,NULL,0,NULL,NULL,NULL,NULL,'http://lynkbio.fr/vali/wp-content/uploads/2021/04/business-coach-digital-marketer-female-owners-creatives-natania-029.jpeg',NULL,NULL,'first-content-image',NULL,NULL,'http://lynkbio.fr/vali/wp-content/uploads/2021/04/business-coach-digital-marketer-female-owners-creatives-natania-029.jpeg',NULL,'first-content-image',NULL,0,NULL,NULL,'2022-04-24 19:56:21','2023-02-13 07:56:42',7,NULL,NULL,NULL,NULL,0,2,2,'2022-04-26 05:32:44','2021-11-04 15:55:23',NULL),(44,'https://mentorlystes.com/pro/e-learning/','35:397e29d49eee541ee1b2f6c540b63515',559857,'post','page',1,0,NULL,NULL,'E-learning','publish',NULL,0,NULL,NULL,NULL,NULL,NULL,30,0,NULL,0,NULL,NULL,NULL,NULL,'https://mentorlystes.com/wp-content/uploads/2021/11/124519570_851990275568260_8848328365585395596_n.jpeg',NULL,NULL,'first-content-image',NULL,NULL,'https://mentorlystes.com/wp-content/uploads/2021/11/124519570_851990275568260_8848328365585395596_n.jpeg',NULL,'first-content-image',NULL,NULL,NULL,NULL,'2022-04-24 19:56:21','2023-02-13 07:56:42',7,NULL,NULL,NULL,NULL,0,4,2,'2022-01-26 00:17:51','2022-01-26 00:17:51',NULL),(45,'https://mentorlystes.com/pro/ecommerce/','34:60130b6d740a164e181a9b0cc706d01d',439,'post','page',1,0,'%%title%% - Proposez le paiement en 3 ou 4 fois à vos clients de la zone euro','Offrez à vos clients la liberté de payer à leur rythme : en plusieurs fois ou en différé. Améliorez leur expérience de paiement et augmentez votre CA de 20%','Ecommerce avec paiement en plusieurs fois','publish',NULL,0,NULL,NULL,NULL,NULL,NULL,30,0,NULL,0,NULL,NULL,NULL,NULL,'https://mentorlystes.com/wp-content/uploads/2021/11/124519570_851990275568260_8848328365585395596_n.jpeg',NULL,NULL,'first-content-image',NULL,NULL,'https://mentorlystes.com/wp-content/uploads/2021/11/124519570_851990275568260_8848328365585395596_n.jpeg',NULL,'first-content-image',NULL,NULL,NULL,NULL,'2022-04-24 19:56:21','2023-02-13 07:56:42',7,NULL,NULL,NULL,NULL,0,11,2,'2022-01-19 00:57:39','2022-01-19 00:57:39',NULL),(46,'https://mentorlystes.com/pro/financer/','36:7c5e2584e8c5042e6d3b400c541c3a8a',23583,'post','page',1,0,NULL,NULL,'Financer','publish',NULL,0,NULL,NULL,NULL,NULL,NULL,60,0,NULL,0,NULL,NULL,NULL,NULL,'https://mentorlystes.com/wp-content/uploads/2021/11/modernica-manage-pillar-hero@tablet-2x-3ebc29d68441f023cd2257f20d35ab678324f87fb386b0a9ccd56570980caef2.jpeg',NULL,NULL,'first-content-image',NULL,NULL,'https://mentorlystes.com/wp-content/uploads/2021/11/modernica-manage-pillar-hero@tablet-2x-3ebc29d68441f023cd2257f20d35ab678324f87fb386b0a9ccd56570980caef2.jpeg',NULL,'first-content-image',NULL,0,NULL,NULL,'2022-04-24 19:56:21','2023-02-13 07:56:42',7,NULL,NULL,NULL,NULL,0,3,2,'2022-05-10 07:16:13','2021-11-14 07:50:33',NULL),(48,NULL,NULL,NULL,'system-page','404',NULL,NULL,'Page non trouvée %%sep%% %%sitename%%',NULL,'Erreur 404 : Page introuvable',NULL,NULL,0,NULL,NULL,NULL,NULL,NULL,NULL,0,1,0,0,0,0,NULL,NULL,NULL,NULL,NULL,NULL,NULL,NULL,NULL,NULL,NULL,NULL,NULL,NULL,'2022-04-24 19:56:35','2022-04-26 02:56:23',7,NULL,NULL,NULL,NULL,0,NULL,1,NULL,NULL,NULL),(50,'https://mentorlystes.com/pro/marketing/','34:2d4015aac589e59702bf2f94f019ee1f',23535,'post','page',1,0,NULL,NULL,'Gestion Marketing','publish',NULL,0,NULL,NULL,NULL,NULL,NULL,60,0,NULL,0,NULL,NULL,NULL,NULL,'https://mentorlystes.com/wp-content/uploads/2021/11/pexels-karolina-grabowska-4491455-scaled.jpg',NULL,NULL,'first-content-image',NULL,NULL,'https://mentorlystes.com/wp-content/uploads/2021/11/pexels-karolina-grabowska-4491455-scaled.jpg',NULL,'first-content-image',NULL,NULL,NULL,NULL,'2022-04-24 19:56:54','2023-02-13 07:56:42',7,NULL,NULL,NULL,NULL,0,3,2,'2021-11-14 06:06:56','2021-11-14 06:06:56',NULL),(53,'https://mentorlystes.com/pro/gestion-social-media/','45:24e101e107dfa2a217b8e575784a32d8',23537,'post','page',1,0,NULL,NULL,'Gestion social media','publish',NULL,0,NULL,NULL,NULL,NULL,NULL,60,0,NULL,0,NULL,NULL,NULL,NULL,'https://mentorlystes.com/wp-content/uploads/2022/03/mentorlystes.png',NULL,NULL,'first-content-image',NULL,NULL,'https://mentorlystes.com/wp-content/uploads/2022/03/mentorlystes.png',NULL,'first-content-image',NULL,NULL,NULL,NULL,'2022-04-24 19:56:54','2023-02-13 07:56:42',7,NULL,NULL,NULL,NULL,0,3,2,'2021-11-14 06:06:42','2021-11-14 06:06:42',NULL),(54,'https://mentorlystes.com/pro/assur/','30:8e6053e5c6b7acf9e89665708065230f',23,'post','page',1,0,NULL,'Offrez à vos clients la liberté de payer à leur rythme : en plusieurs fois ou en différé. Améliorez leur expérience de paiement et augmentez votre CA de 20%','mentorlystes','publish',NULL,0,NULL,NULL,NULL,NULL,NULL,30,0,NULL,0,NULL,NULL,NULL,NULL,'https://mentorlystes.com/wp-content/uploads/2021/11/124519570_851990275568260_8848328365585395596_n.jpeg',NULL,NULL,'first-content-image',NULL,NULL,'https://mentorlystes.com/wp-content/uploads/2021/11/124519570_851990275568260_8848328365585395596_n.jpeg',NULL,'first-content-image',NULL,NULL,NULL,NULL,'2022-04-24 19:56:54','2023-02-13 07:56:42',7,NULL,NULL,NULL,NULL,0,13,2,'2022-01-14 11:10:14','2022-01-14 11:10:14',NULL),(55,'https://mentorlystes.com/pro/site-ecommerce/','39:529599b53a55e0a794c8823a55c23aa0',23528,'post','page',1,0,'%%title%%','Nous développons et maintenons des e-commerces avec paiement en plusieurs fois','mentorlystes &#8211; Le paiement en plusieurs fois simple et garantie','publish',NULL,0,NULL,NULL,NULL,NULL,NULL,30,0,NULL,0,NULL,NULL,NULL,NULL,'https://mentorlystes.com/wp-content/uploads/2021/11/124519570_851990275568260_8848328365585395596_n.jpeg',NULL,NULL,'first-content-image',NULL,NULL,'https://mentorlystes.com/wp-content/uploads/2021/11/124519570_851990275568260_8848328365585395596_n.jpeg',NULL,'first-content-image',NULL,NULL,NULL,NULL,'2022-04-24 19:56:54','2023-02-13 07:56:42',7,NULL,NULL,NULL,NULL,0,12,2,'2021-11-14 06:02:57','2021-11-14 06:02:57',NULL),(56,'https://mentorlystes.com/pro/mentorlystes-paiement-en-plusieurs-fois/','61:c8d0d46d5686da162dfd00fce1dc7e6d',560437,'post','page',1,0,'mentorlystes - Paiement en plusieurs fois','Offrez à vos clients la liberté de payer à leur rythme avec le paiement en plusieurs fois. Améliorez leur expérience de paiement et augmentez votre CA de 20%','mentorlystes &#8211; Paiement en plusieurs fois','publish',NULL,0,NULL,NULL,NULL,NULL,NULL,30,0,NULL,0,NULL,NULL,NULL,NULL,NULL,NULL,NULL,NULL,NULL,NULL,NULL,NULL,NULL,NULL,NULL,NULL,NULL,'2022-04-24 19:56:54','2023-02-13 07:56:42',7,NULL,NULL,NULL,NULL,0,4,2,'2022-03-06 19:35:17','2022-03-06 19:35:17',NULL),(57,'https://mentorlystes.com/pro/payment/','35:00fc25f31ec5c0ef9239371a3cd6ac3b',560280,'post','page',1,0,'mentorlystes - Proposez le paiement en plusieurs fois à vos clients','Offrez à vos clients la liberté de payer à leur rythme avec le paiement en plusieurs fois. Améliorez leur expérience de paiement et augmentez votre CA de 20%','Payment','publish',NULL,0,NULL,NULL,NULL,'Paiement en plusieurs fois',64,30,0,NULL,0,NULL,NULL,NULL,'mentorlystes - Proposez le paiement en plusieurs fois à vos clients','','Offrez à vos clients la liberté de payer à leur rythme avec le paiement en plusieurs fois. Améliorez leur expérience de paiement et augmentez votre CA de 20%','560229','set-by-user','mentorlystes - Proposez le paiement en plusieurs fois à vos clients','Offrez à vos clients la liberté de payer à leur rythme avec le paiement en plusieurs fois. Améliorez leur expérience de paiement et augmentez votre CA de 20%','https://mentorlystes.com/wp-content/uploads/2022/03/124519570_851990275568260_8848328365585395596_n.jpeg','560229','set-by-user',NULL,0,NULL,NULL,'2022-04-24 19:56:54','2023-02-13 07:56:42',7,NULL,NULL,NULL,NULL,0,13,2,'2022-05-10 05:56:17','2022-03-05 04:53:18',NULL),(58,'https://mentorlystes.com/pro/nos-services/','40:523c4a5463874f0a5c371a663dd6c9fe',560591,'post','page',1,0,NULL,NULL,'Nos services','publish',NULL,0,NULL,NULL,NULL,NULL,NULL,60,0,NULL,0,NULL,NULL,NULL,NULL,'https://mentorlystes.com/pro/wp-content/uploads/sites/7/2022/05/pexels-liza-summer-6347921-scaled.jpg',NULL,NULL,'first-content-image',NULL,NULL,'https://mentorlystes.com/pro/wp-content/uploads/sites/7/2022/05/pexels-liza-summer-6347921-scaled.jpg',NULL,'first-content-image',NULL,0,NULL,NULL,'2022-04-24 19:56:54','2023-02-13 07:56:42',7,NULL,NULL,NULL,NULL,0,3,2,'2022-05-10 07:30:48','2022-04-20 07:20:42',NULL),(59,'https://mentorlystes.com/pro/inscription/','36:3b3ba07f25a36b764645a19c0e6a1f79',24852,'post','page',1,0,NULL,NULL,'Inscription','publish',NULL,0,NULL,NULL,NULL,NULL,NULL,60,0,NULL,0,NULL,NULL,NULL,NULL,NULL,NULL,NULL,NULL,NULL,NULL,NULL,NULL,NULL,NULL,0,NULL,NULL,'2022-04-24 19:56:54','2023-02-13 07:56:42',7,NULL,NULL,NULL,NULL,0,2,2,'2022-04-26 05:33:48','2021-12-30 07:16:34',NULL),(60,'https://mentorlystes.com/pro/qr/','27:946eaa6714e97411992afaf360a257f8',434,'post','page',1,0,NULL,NULL,'Lien et Qr code avec paiement en plusieurs fois','publish',NULL,0,NULL,NULL,NULL,NULL,NULL,30,0,NULL,0,NULL,NULL,NULL,NULL,'https://mentorlystes.com/wp-content/uploads/2022/04/01-new.png',NULL,NULL,'first-content-image',NULL,NULL,'https://mentorlystes.com/wp-content/uploads/2022/04/01-new.png',NULL,'first-content-image',NULL,NULL,NULL,NULL,'2022-04-24 19:56:54','2023-02-13 07:56:42',7,NULL,NULL,NULL,NULL,0,11,2,'2022-01-19 00:54:08','2022-01-19 00:54:08',NULL),(63,'https://mentorlystes.com/pro/mention-legales/','40:0b8df3224deb4ad8d5885bb45de2cb74',34,'post','page',1,0,NULL,NULL,'Mention légales','publish',NULL,0,NULL,NULL,NULL,NULL,NULL,90,0,NULL,0,NULL,NULL,NULL,NULL,NULL,NULL,NULL,NULL,NULL,NULL,NULL,NULL,NULL,NULL,NULL,NULL,NULL,'2022-04-24 19:56:54','2023-02-13 07:56:42',7,NULL,NULL,NULL,NULL,0,1,2,'2022-01-14 11:22:05','2022-01-14 11:22:05',NULL),(64,'https://mentorlystes.com/pro/mon-compte/','35:24beb831fbbbcd6fee90f3f3723c618d',8,'post','page',1,0,NULL,NULL,'Mon compte','publish',NULL,0,NULL,NULL,NULL,NULL,NULL,0,0,NULL,0,NULL,NULL,NULL,NULL,NULL,NULL,NULL,NULL,NULL,NULL,NULL,NULL,NULL,NULL,NULL,NULL,NULL,'2022-04-24 19:56:54','2023-02-13 07:56:42',7,NULL,NULL,NULL,NULL,0,NULL,2,'2022-04-24 18:54:57','2022-04-24 18:54:57',NULL),(66,'https://mentorlystes.com/pro/tarifs/','31:e2c84e4b32e37e66046c47dee05309ba',559625,'post','page',1,0,'Logiciel de recouvrement de vos créances clients %%sep%% %%sitename%%','Logiciel de Recouvrement. 50% de trésorerie en plus. En Automatisant 80% de vos tâches de relance recouvrement clients. 1 mois d\'essai gratuit','Nos tarifs','publish',NULL,0,NULL,NULL,NULL,'Logiciel de recouvrement',60,60,0,NULL,0,NULL,NULL,NULL,NULL,NULL,NULL,NULL,NULL,NULL,NULL,NULL,NULL,NULL,NULL,0,NULL,NULL,'2022-04-24 19:56:54','2023-02-13 07:56:42',7,NULL,NULL,NULL,NULL,0,4,2,'2022-04-26 05:30:49','2021-12-15 16:08:28',NULL),(67,'https://mentorlystes.com/pro/on-recrute/','35:f170c64c37bf500ed0d778a661d10b9e',23598,'post','page',1,0,NULL,NULL,'On recrute !','publish',NULL,0,NULL,NULL,NULL,NULL,NULL,90,0,NULL,0,NULL,NULL,NULL,NULL,'https://mentorlystes.com/wp-content/uploads/2021/11/modernica-manage-pillar-hero@tablet-2x-3ebc29d68441f023cd2257f20d35ab678324f87fb386b0a9ccd56570980caef2.jpeg',NULL,NULL,'first-content-image',NULL,NULL,'https://mentorlystes.com/wp-content/uploads/2021/11/modernica-manage-pillar-hero@tablet-2x-3ebc29d68441f023cd2257f20d35ab678324f87fb386b0a9ccd56570980caef2.jpeg',NULL,'first-content-image',NULL,0,NULL,NULL,'2022-04-24 19:56:55','2023-02-13 07:56:42',7,NULL,NULL,NULL,NULL,0,5,2,'2022-04-26 05:38:57','2021-11-14 13:11:33',NULL),(69,'https://mentorlystes.com/pro/paiement-differe-j30/','45:cc50de75c2353142e14b6c285db6c38c',23523,'post','page',1,0,NULL,NULL,'Paiement différé J30','publish',NULL,0,NULL,NULL,NULL,NULL,NULL,30,0,NULL,0,NULL,NULL,NULL,NULL,'https://mentorlystes.com/wp-content/uploads/2021/11/modernica-manage-pillar-hero@tablet-2x-3ebc29d68441f023cd2257f20d35ab678324f87fb386b0a9ccd56570980caef2.jpeg',NULL,NULL,'first-content-image',NULL,NULL,'https://mentorlystes.com/wp-content/uploads/2021/11/modernica-manage-pillar-hero@tablet-2x-3ebc29d68441f023cd2257f20d35ab678324f87fb386b0a9ccd56570980caef2.jpeg',NULL,'first-content-image',NULL,NULL,NULL,NULL,'2022-04-24 19:56:55','2023-02-13 07:56:42',7,NULL,NULL,NULL,NULL,0,5,2,'2021-11-14 05:57:36','2021-11-14 05:57:36',NULL),(71,'https://mentorlystes.com/pro/paiement-en-10x/','40:185a9623036732c78aba4e6fb09394eb',23521,'post','page',1,0,NULL,NULL,'Paiement en 10x','publish',NULL,0,NULL,NULL,NULL,NULL,NULL,30,0,NULL,0,NULL,NULL,NULL,NULL,'https://mentorlystes.com/wp-content/uploads/2021/11/modernica-manage-pillar-hero@tablet-2x-3ebc29d68441f023cd2257f20d35ab678324f87fb386b0a9ccd56570980caef2.jpeg',NULL,NULL,'first-content-image',NULL,NULL,'https://mentorlystes.com/wp-content/uploads/2021/11/modernica-manage-pillar-hero@tablet-2x-3ebc29d68441f023cd2257f20d35ab678324f87fb386b0a9ccd56570980caef2.jpeg',NULL,'first-content-image',NULL,NULL,NULL,NULL,'2022-04-24 19:56:55','2023-02-13 07:56:42',7,NULL,NULL,NULL,NULL,0,5,2,'2021-11-14 05:56:52','2021-11-14 05:56:52',NULL),(72,'https://mentorlystes.com/pro/pay-3/','30:410462084f34f9c2957462e02346b1b3',23519,'post','page',1,0,'mentorlystes - Proposez le paiement en plusieurs fois à vos clients','Offrez à vos clients la liberté de payer à leur rythme avec le paiement en plusieurs fois. Améliorez leur expérience de paiement et augmentez votre CA de 20%','Paiement en plusieurs fois','publish',NULL,0,NULL,NULL,NULL,'Paiement en plusieurs fois',64,30,0,NULL,0,NULL,NULL,NULL,'mentorlystes - Proposez le paiement en plusieurs fois à vos clients','','Offrez à vos clients la liberté de payer à leur rythme avec le paiement en plusieurs fois. Améliorez leur expérience de paiement et augmentez votre CA de 20%','560229','set-by-user','mentorlystes - Proposez le paiement en plusieurs fois à vos clients','Offrez à vos clients la liberté de payer à leur rythme avec le paiement en plusieurs fois. Améliorez leur expérience de paiement et augmentez votre CA de 20%','https://mentorlystes.com/wp-content/uploads/2022/03/124519570_851990275568260_8848328365585395596_n.jpeg','560229','set-by-user',NULL,NULL,NULL,NULL,'2022-04-24 19:56:55','2023-02-13 07:56:42',7,NULL,NULL,NULL,NULL,0,16,2,'2021-11-14 05:55:37','2021-11-14 05:55:37',NULL),(73,'https://mentorlystes.com/pro/paiement-par-lien/','42:d5adae4f0301f8b17f12b17a1a56a6ae',23249,'post','page',1,0,NULL,NULL,'Paiement par lien','publish',NULL,0,NULL,NULL,NULL,NULL,NULL,30,0,NULL,0,NULL,NULL,NULL,NULL,'https://mentorlystes.com/wp-content/uploads/2021/11/modernica-manage-pillar-hero@tablet-2x-3ebc29d68441f023cd2257f20d35ab678324f87fb386b0a9ccd56570980caef2.jpeg',NULL,NULL,'first-content-image',NULL,NULL,'https://mentorlystes.com/wp-content/uploads/2021/11/modernica-manage-pillar-hero@tablet-2x-3ebc29d68441f023cd2257f20d35ab678324f87fb386b0a9ccd56570980caef2.jpeg',NULL,'first-content-image',NULL,NULL,NULL,NULL,'2022-04-24 19:56:55','2023-02-13 07:56:42',7,NULL,NULL,NULL,NULL,0,5,2,'2021-11-14 06:38:50','2021-11-14 06:38:50',NULL),(74,'https://mentorlystes.com/pro/paiement-par-qr-code/','45:d7ca0504cb1d1b61c010a0a9cfb7a6be',23527,'post','page',1,0,NULL,NULL,'Paiement par qr code','publish',NULL,0,NULL,NULL,NULL,NULL,NULL,30,0,NULL,0,NULL,NULL,NULL,NULL,'https://mentorlystes.com/wp-content/uploads/2021/11/photo.jpeg',NULL,NULL,'first-content-image',NULL,NULL,'https://mentorlystes.com/wp-content/uploads/2021/11/photo.jpeg',NULL,'first-content-image',NULL,NULL,NULL,NULL,'2022-04-24 19:56:55','2023-02-13 07:56:42',7,NULL,NULL,NULL,NULL,0,4,2,'2021-11-14 06:26:44','2021-11-14 06:26:44',NULL),(75,'https://mentorlystes.com/pro/panier/','31:7742d37e6a86f6f54b9b712bba56263d',6,'post','page',1,0,NULL,NULL,'Panier','publish',NULL,0,NULL,NULL,NULL,NULL,NULL,0,0,NULL,0,NULL,NULL,NULL,NULL,NULL,NULL,NULL,NULL,NULL,NULL,NULL,NULL,NULL,NULL,NULL,NULL,NULL,'2022-04-24 19:56:55','2023-02-13 07:56:42',7,NULL,NULL,NULL,NULL,0,NULL,2,'2022-04-24 18:54:57','2022-04-24 18:54:57',NULL),(77,'https://mentorlystes.com/pro/pay-by-qrcode/','38:32888f9a6f44cc63cbb9e74ca8fa5e5b',436,'post','page',1,0,NULL,NULL,'Pay by qrcode','publish',NULL,0,NULL,NULL,NULL,NULL,NULL,30,0,NULL,0,NULL,NULL,NULL,NULL,'https://mentorlystes.com/wp-content/uploads/2021/11/124519570_851990275568260_8848328365585395596_n.jpeg',NULL,NULL,'first-content-image',NULL,NULL,'https://mentorlystes.com/wp-content/uploads/2021/11/124519570_851990275568260_8848328365585395596_n.jpeg',NULL,'first-content-image',NULL,NULL,NULL,NULL,'2022-04-24 19:56:55','2023-02-13 07:56:42',7,NULL,NULL,NULL,NULL,0,NULL,2,'2022-01-19 00:55:24','2022-01-19 00:55:24',NULL),(78,'https://mentorlystes.com/pro/personnal-shopper/','42:7b749cf92dfbe87aa708e45ace694cd7',560547,'post','page',1,0,NULL,NULL,'Personnal shopper','publish',NULL,0,NULL,NULL,NULL,NULL,NULL,60,0,NULL,0,NULL,NULL,NULL,NULL,'https://mentorlystes.com/wp-content/uploads/2021/11/modernica-manage-pillar-hero@tablet-2x-3ebc29d68441f023cd2257f20d35ab678324f87fb386b0a9ccd56570980caef2.jpeg',NULL,NULL,'first-content-image',NULL,NULL,'https://mentorlystes.com/wp-content/uploads/2021/11/modernica-manage-pillar-hero@tablet-2x-3ebc29d68441f023cd2257f20d35ab678324f87fb386b0a9ccd56570980caef2.jpeg',NULL,'first-content-image',NULL,NULL,NULL,NULL,'2022-04-24 19:56:55','2023-02-13 07:56:42',7,NULL,NULL,NULL,NULL,0,3,2,'2022-03-29 10:05:09','2022-03-29 10:05:09',NULL),(79,'https://mentorlystes.com/pro/legal/','30:8360af71f4a161a6c2f496f6c49c773a',560510,'post','page',1,0,NULL,NULL,'Politique de confidentialité','publish',NULL,0,NULL,NULL,NULL,NULL,NULL,30,0,NULL,0,NULL,NULL,NULL,NULL,NULL,NULL,NULL,NULL,NULL,NULL,NULL,NULL,NULL,NULL,NULL,NULL,NULL,'2022-04-24 19:56:55','2023-02-13 07:56:42',7,NULL,NULL,NULL,NULL,0,13,2,'2022-03-15 21:29:07','2022-03-15 21:29:07',NULL),(80,'https://mentorlystes.com/pro/?page_id=9','34:e1b8f95c82182cb665d81ace0e4ea573',9,'post','page',1,0,NULL,NULL,'Politique en matière de remboursements et de retours','draft',0,0,NULL,NULL,NULL,NULL,NULL,0,0,NULL,0,NULL,NULL,NULL,NULL,NULL,NULL,NULL,NULL,NULL,NULL,NULL,NULL,NULL,NULL,NULL,NULL,NULL,'2022-04-24 19:56:55','2023-02-13 07:56:42',7,NULL,NULL,NULL,NULL,0,NULL,2,'0000-00-00 00:00:00','0000-00-00 00:00:00',NULL),(81,'https://mentorlystes.com/pro/presse-2/','33:03e8f0eb08a16f323cad4a9ec3c299ce',23600,'post','page',1,0,NULL,NULL,'Presse','publish',NULL,0,NULL,NULL,NULL,NULL,NULL,30,0,NULL,0,NULL,NULL,NULL,NULL,'https://mentorlystes.com/wp-content/uploads/2021/11/modernica-manage-pillar-hero@tablet-2x-3ebc29d68441f023cd2257f20d35ab678324f87fb386b0a9ccd56570980caef2.jpeg',NULL,NULL,'first-content-image',NULL,NULL,'https://mentorlystes.com/wp-content/uploads/2021/11/modernica-manage-pillar-hero@tablet-2x-3ebc29d68441f023cd2257f20d35ab678324f87fb386b0a9ccd56570980caef2.jpeg',NULL,'first-content-image',NULL,NULL,NULL,NULL,'2022-04-24 19:56:55','2023-02-13 07:56:42',7,NULL,NULL,NULL,NULL,0,5,2,'2021-11-14 13:11:47','2021-11-14 13:11:47',NULL),(83,'https://mentorlystes.com/pro/data/','29:1b624bed8f66f6629527b63099d283ec',560508,'post','page',1,0,NULL,NULL,'PROTECTION DES DONNÉES','publish',NULL,0,NULL,NULL,NULL,NULL,NULL,30,0,NULL,0,NULL,NULL,NULL,NULL,NULL,NULL,NULL,NULL,NULL,NULL,NULL,NULL,NULL,NULL,NULL,NULL,NULL,'2022-04-24 19:56:55','2023-02-13 07:56:42',7,NULL,NULL,NULL,NULL,0,9,2,'2022-03-15 21:26:03','2022-03-15 21:26:03',NULL),(84,'https://mentorlystes.com/pro/question-frequentes/','44:7173143b516e78246eec1d98daa39f09',560018,'post','page',1,0,NULL,NULL,'Question fréquentes','publish',NULL,0,NULL,NULL,NULL,NULL,NULL,60,0,NULL,0,NULL,NULL,NULL,NULL,NULL,NULL,NULL,NULL,NULL,NULL,NULL,NULL,NULL,NULL,NULL,NULL,NULL,'2022-04-24 19:56:55','2023-02-13 07:56:42',7,NULL,NULL,NULL,NULL,0,3,2,'2022-01-31 11:20:57','2022-01-31 11:20:57',NULL),(85,'https://mentorlystes.com/pro/rdv/','28:bb0aca9b0986aff0dddccc7a80bac4b0',560429,'post','page',1,0,NULL,NULL,'Rdv','publish',NULL,0,NULL,NULL,NULL,NULL,NULL,60,0,NULL,0,NULL,NULL,NULL,NULL,NULL,NULL,NULL,NULL,NULL,NULL,NULL,NULL,NULL,NULL,NULL,NULL,NULL,'2022-04-24 19:56:55','2023-02-13 07:56:42',7,NULL,NULL,NULL,NULL,0,1,2,'2022-03-06 18:25:40','2022-03-06 18:25:40',NULL),(87,'https://mentorlystes.com/pro/shop-social-media/','42:d2635b33882a034a91e0679a1e37f7d5',23529,'post','page',1,0,NULL,NULL,'Solution social shop','publish',NULL,0,NULL,NULL,NULL,NULL,NULL,30,0,NULL,0,NULL,NULL,NULL,NULL,'https://mentorlystes.com/wp-content/uploads/2021/11/124519570_851990275568260_8848328365585395596_n.jpeg',NULL,NULL,'first-content-image',NULL,NULL,'https://mentorlystes.com/wp-content/uploads/2021/11/124519570_851990275568260_8848328365585395596_n.jpeg',NULL,'first-content-image',NULL,NULL,NULL,NULL,'2022-04-24 19:56:55','2023-02-13 07:56:42',7,NULL,NULL,NULL,NULL,0,4,2,'2021-11-14 06:02:38','2021-11-14 06:02:38',NULL),(88,'https://mentorlystes.com/pro/studio/','31:b7248988bfcad079df67f3f6f1d743de',23534,'post','page',1,0,NULL,NULL,'Studio','publish',NULL,0,NULL,NULL,NULL,NULL,NULL,30,0,NULL,0,NULL,NULL,NULL,NULL,'https://mentorlystes.com/wp-content/uploads/2021/11/20151009_CP_0879_copie_ji2ni2-683x1024-1.jpeg',NULL,NULL,'first-content-image',NULL,NULL,'https://mentorlystes.com/wp-content/uploads/2021/11/20151009_CP_0879_copie_ji2ni2-683x1024-1.jpeg',NULL,'first-content-image',NULL,NULL,NULL,NULL,'2022-04-24 19:56:55','2023-02-13 07:56:42',7,NULL,NULL,NULL,NULL,0,3,2,'2021-11-14 06:07:16','2021-11-14 06:07:16',NULL),(89,'https://mentorlystes.com/pro/temoignages-clients/','44:99276d4c2f2f985a4f59bcba2d018f13',553149,'post','page',1,0,'Aston iTF - Le logiciel SaaS du Credit Manager digital','Avec notre logiciel SaaS devenez le Credit Manager digital que vous souhaitez : Analyse de la performance avec nos tableaux de bord métier en temps réel, analyse du risque clients avec notre scoring intelligent, automatisation de la relance et du recouvrement, pilotage de assurance-crédit et de votre affacturage.','Témoignages clients','publish',NULL,0,NULL,NULL,NULL,'Credit Manager',38,0,0,NULL,0,NULL,NULL,NULL,NULL,NULL,NULL,NULL,NULL,NULL,NULL,NULL,NULL,NULL,NULL,NULL,NULL,NULL,'2022-04-24 19:56:55','2023-02-13 07:56:42',7,NULL,NULL,NULL,NULL,0,NULL,2,'2019-04-18 13:31:49','2019-04-18 13:31:49',NULL),(91,'https://mentorlystes.com/pro/commander/','34:33309d8a94b71b499cbdadff142f1a73',7,'post','page',1,0,NULL,NULL,'Validation de la commande','publish',NULL,0,NULL,NULL,NULL,NULL,NULL,0,0,NULL,0,NULL,NULL,NULL,NULL,NULL,NULL,NULL,NULL,NULL,NULL,NULL,NULL,NULL,NULL,NULL,NULL,NULL,'2022-04-24 19:56:55','2023-02-13 07:56:42',7,NULL,NULL,NULL,NULL,0,NULL,2,'2022-04-24 18:54:57','2022-04-24 18:54:57',NULL),(141,'https://mentorlystes.com/pro/look/','34:4f109715f7485ee4d8fd8c1d2eb59c54',NULL,'post-type-archive','look',NULL,NULL,'%%pt_plural%% Archive %%page%% %%sep%% %%sitename%%','','Collaborations',NULL,1,0,NULL,NULL,NULL,NULL,NULL,NULL,0,0,0,0,0,0,NULL,NULL,NULL,NULL,NULL,NULL,NULL,NULL,NULL,NULL,NULL,NULL,NULL,NULL,'2023-03-27 15:20:15','2023-03-27 13:20:15',7,NULL,NULL,NULL,NULL,0,NULL,2,NULL,NULL,NULL),(142,NULL,NULL,NULL,'system-page','search-result',NULL,NULL,'Vous avez cherché %%searchphrase%% %%page%% %%sep%% %%sitename%%',NULL,NULL,NULL,NULL,0,NULL,NULL,NULL,NULL,NULL,NULL,0,1,0,0,0,0,NULL,NULL,NULL,NULL,NULL,NULL,NULL,NULL,NULL,NULL,NULL,NULL,NULL,NULL,'2024-01-26 19:10:49','2024-01-26 18:10:49',7,NULL,NULL,NULL,NULL,0,NULL,1,NULL,NULL,NULL);

--
-- Table structure for table `wp_7_yoast_indexable_hierarchy`
--

CREATE TABLE `wp_7_yoast_indexable_hierarchy` (
  `indexable_id` int unsigned NOT NULL DEFAULT '0',
  `ancestor_id` int unsigned NOT NULL DEFAULT '0',
  `depth` int unsigned DEFAULT NULL,
  `blog_id` bigint NOT NULL DEFAULT '7',
  PRIMARY KEY (`indexable_id`,`ancestor_id`),
  KEY `indexable_id` (`indexable_id`),
  KEY `ancestor_id` (`ancestor_id`),
  KEY `depth` (`depth`)
) ENGINE=InnoDB DEFAULT CHARSET=utf8mb4 COLLATE=utf8mb4_unicode_ci;

--
-- Dumping data for table `wp_7_yoast_indexable_hierarchy`
--

INSERT INTO `wp_7_yoast_indexable_hierarchy` VALUES (1,0,0,7),(19,0,0,7),(20,0,0,7),(21,0,0,7),(23,0,0,7),(24,0,0,7),(25,0,0,7),(30,0,0,7),(33,0,0,7),(40,0,0,7),(41,0,0,7),(44,0,0,7),(45,0,0,7),(46,0,0,7),(50,0,0,7),(53,0,0,7),(54,0,0,7),(55,0,0,7),(56,0,0,7),(57,0,0,7),(58,0,0,7),(59,0,0,7),(60,0,0,7),(63,0,0,7),(64,0,0,7),(66,0,0,7),(67,0,0,7),(69,0,0,7),(71,0,0,7),(72,0,0,7),(73,0,0,7),(74,0,0,7),(75,0,0,7),(77,0,0,7),(78,0,0,7),(79,0,0,7),(80,0,0,7),(81,0,0,7),(83,0,0,7),(84,0,0,7),(85,0,0,7),(87,0,0,7),(88,0,0,7),(89,0,0,7),(91,0,0,7),(141,0,0,7),(142,0,0,7);

--
-- Table structure for table `wp_7_yoast_migrations`
--

CREATE TABLE `wp_7_yoast_migrations` (
  `id` int unsigned NOT NULL AUTO_INCREMENT,
  `version` varchar(191) CHARACTER SET utf8mb4 COLLATE utf8mb4_unicode_ci DEFAULT NULL,
  PRIMARY KEY (`id`),
  UNIQUE KEY `wp_7_yoast_migrations_version` (`version`)
) ENGINE=InnoDB AUTO_INCREMENT=25 DEFAULT CHARSET=utf8mb4 COLLATE=utf8mb4_unicode_ci;

--
-- Dumping data for table `wp_7_yoast_migrations`
--

INSERT INTO `wp_7_yoast_migrations` VALUES (1,'20171228151840'),(2,'20171228151841'),(3,'20190529075038'),(4,'20191011111109'),(5,'20200408101900'),(6,'20200420073606'),(7,'20200428123747'),(8,'20200428194858'),(9,'20200429105310'),(10,'20200430075614'),(11,'20200430150130'),(12,'20200507054848'),(13,'20200513133401'),(14,'20200609154515'),(15,'20200616130143'),(16,'20200617122511'),(17,'20200702141921'),(18,'20200728095334'),(19,'20201202144329'),(20,'20201216124002'),(21,'20201216141134'),(22,'20210817092415'),(23,'20211020091404'),(24,'20230417083836');

--
-- Table structure for table `wp_7_yoast_primary_term`
--

CREATE TABLE `wp_7_yoast_primary_term` (
  `id` int unsigned NOT NULL AUTO_INCREMENT,
  `post_id` bigint DEFAULT NULL,
  `term_id` bigint DEFAULT NULL,
  `taxonomy` varchar(32) CHARACTER SET utf8mb4 COLLATE utf8mb4_unicode_ci NOT NULL,
  `created_at` datetime DEFAULT NULL,
  `updated_at` timestamp NOT NULL DEFAULT CURRENT_TIMESTAMP ON UPDATE CURRENT_TIMESTAMP,
  `blog_id` bigint NOT NULL DEFAULT '7',
  PRIMARY KEY (`id`),
  KEY `post_taxonomy` (`post_id`,`taxonomy`),
  KEY `post_term` (`post_id`,`term_id`)
) ENGINE=InnoDB DEFAULT CHARSET=utf8mb4 COLLATE=utf8mb4_unicode_ci;

--
-- Dumping data for table `wp_7_yoast_primary_term`
--


--
-- Table structure for table `wp_7_yoast_seo_links`
--

CREATE TABLE `wp_7_yoast_seo_links` (
  `id` bigint unsigned NOT NULL AUTO_INCREMENT,
  `url` varchar(255) DEFAULT NULL,
  `post_id` bigint unsigned DEFAULT NULL,
  `target_post_id` bigint unsigned DEFAULT NULL,
  `type` varchar(8) DEFAULT NULL,
  `indexable_id` int unsigned DEFAULT NULL,
  `target_indexable_id` int unsigned DEFAULT NULL,
  `height` int unsigned DEFAULT NULL,
  `width` int unsigned DEFAULT NULL,
  `size` int unsigned DEFAULT NULL,
  `language` varchar(32) DEFAULT NULL,
  `region` varchar(32) DEFAULT NULL,
  PRIMARY KEY (`id`),
  KEY `link_direction` (`post_id`,`type`),
  KEY `indexable_link_direction` (`indexable_id`,`type`)
) ENGINE=InnoDB AUTO_INCREMENT=42 DEFAULT CHARSET=utf8mb3;

--
-- Dumping data for table `wp_7_yoast_seo_links`
--

INSERT INTO `wp_7_yoast_seo_links` VALUES (1,'https://mentorlystes.com/wp-content/uploads/2022/03/hello.png',560280,NULL,'image-ex',57,NULL,NULL,NULL,NULL,NULL,NULL),(2,'https://mentorlystes.com/wp-content/uploads/2022/03/hello.png',560280,NULL,'image-ex',57,NULL,NULL,NULL,NULL,NULL,NULL),(4,'https://mentorlystes.com/wp-content/uploads/2022/03/124519570_851990275568260_8848328365585395596_n.jpeg',560280,NULL,'image-ex',57,NULL,NULL,NULL,NULL,NULL,NULL),(5,'https://mentorlystes.com/wp-content/uploads/2022/03/124519570_851990275568260_8848328365585395596_n.jpeg',560280,NULL,'image-ex',57,NULL,NULL,NULL,NULL,NULL,NULL),(6,'https://calendly.com/lynkbiopro/20min?month=2022-02',560591,NULL,'external',58,NULL,NULL,NULL,NULL,NULL,NULL),(7,'https://mentorlystes.com/contact/',560591,NULL,'external',58,NULL,NULL,NULL,NULL,NULL,NULL),(15,'https://calendly.com/lynkbiopro/20min',559625,NULL,'external',66,NULL,NULL,NULL,NULL,NULL,NULL),(16,'https://calendly.com/lynkbiopro/20min',559625,NULL,'external',66,NULL,NULL,NULL,NULL,NULL,NULL),(17,'https://calendly.com/lynkbiopro/20min',559625,NULL,'external',66,NULL,NULL,NULL,NULL,NULL,NULL),(18,'https://mentorlystes.com/wp-content/uploads/2021/11/modernica-manage-pillar-hero@tablet-2x-3ebc29d68441f023cd2257f20d35ab678324f87fb386b0a9ccd56570980caef2.jpeg',23598,NULL,'external',67,NULL,NULL,NULL,NULL,NULL,NULL),(19,'https://mentorlystes.com/wp-content/uploads/2021/11/modernica-manage-pillar-hero@tablet-2x-3ebc29d68441f023cd2257f20d35ab678324f87fb386b0a9ccd56570980caef2.jpeg',23598,NULL,'image-ex',67,NULL,NULL,NULL,NULL,NULL,NULL),(20,'https://mentorlystes.com/wp-content/uploads/2021/11/pexels-ivan-samkov-7620629-scaled.jpg',23598,NULL,'image-ex',67,NULL,NULL,NULL,NULL,NULL,NULL),(22,'https://mentorlystes.com/pro/wp-content/uploads/sites/7/2022/05/pexels-jack-sparrow-5918183-scaled.jpg',23597,560680,'image-in',30,NULL,2560,1706,538108,NULL,NULL),(28,'https://mentorlystes.com/pro/wp-content/uploads/sites/7/2022/05/Capture-décran-2022-03-03-à-23.56.25-811x1024-2-1.png',560280,560706,'image-in',57,NULL,1024,811,163355,NULL,NULL),(29,'https://mentorlystes.com/pro/wp-content/uploads/sites/7/2022/05/01-new-2-1.png',560280,560707,'image-in',57,NULL,1476,1144,497620,NULL,NULL),(30,'https://mentorlystes.com/pro/wp-content/uploads/sites/7/2022/05/pexels-karolina-grabowska-4491455-1-scaled.jpg',560280,560697,'image-in',57,NULL,2560,1707,300883,NULL,NULL),(31,'https://calendly.com/lynkbiopro/20min?month=2022-02',23583,NULL,'external',46,NULL,NULL,NULL,NULL,NULL,NULL),(32,'https://mentorlystes.com/contact/',23583,NULL,'external',46,NULL,NULL,NULL,NULL,NULL,NULL),(33,'https://mentorlystes.com/wp-content/uploads/2021/11/modernica-manage-pillar-hero@tablet-2x-3ebc29d68441f023cd2257f20d35ab678324f87fb386b0a9ccd56570980caef2.jpeg',23583,NULL,'external',46,NULL,NULL,NULL,NULL,NULL,NULL),(34,'https://mentorlystes.com/financer/ia/',23583,NULL,'external',46,NULL,NULL,NULL,NULL,NULL,NULL),(35,'https://mentorlystes.com/wp-content/uploads/2021/11/modernica-manage-pillar-hero@tablet-2x-3ebc29d68441f023cd2257f20d35ab678324f87fb386b0a9ccd56570980caef2.jpeg',23583,NULL,'image-ex',46,NULL,NULL,NULL,NULL,NULL,NULL),(36,'https://mentorlystes.com/pro/wp-content/uploads/sites/7/2022/05/pexels-anna-shvets-5324923-scaled.jpg',23583,560700,'image-in',46,NULL,2560,1707,609241,NULL,NULL),(37,'https://mentorlystes.com/wp-content/uploads/2021/11/ia.png',23583,NULL,'image-ex',46,NULL,NULL,NULL,NULL,NULL,NULL),(38,'https://mentorlystes.com/pro/wp-content/uploads/sites/7/2022/05/pexels-jack-sparrow-5918185-scaled.jpg',23597,560681,'image-in',30,NULL,2560,1706,490640,NULL,NULL),(39,'https://mentorlystes.com/pro/wp-content/uploads/sites/7/2022/05/pexels-liza-summer-6347921-scaled.jpg',560591,560689,'image-in',58,NULL,2560,1707,364408,NULL,NULL),(40,'https://mentorlystes.com/pro/wp-content/uploads/sites/7/2022/05/pexels-anna-shvets-5324923-scaled.jpg',560591,560700,'image-in',58,NULL,2560,1707,609241,NULL,NULL),(41,'https://mentorlystes.com/pro/wp-content/uploads/sites/7/2022/05/pexels-canva-studio-3194524-scaled.jpg',560591,560676,'image-in',58,NULL,2560,1708,358319,NULL,NULL);

--
-- Table structure for table `wp_8_actionscheduler_actions`
--

CREATE TABLE `wp_8_actionscheduler_actions` (
  `action_id` bigint unsigned NOT NULL AUTO_INCREMENT,
  `hook` varchar(191) CHARACTER SET utf8mb4 COLLATE utf8mb4_unicode_ci NOT NULL,
  `status` varchar(20) CHARACTER SET utf8mb4 COLLATE utf8mb4_unicode_ci NOT NULL,
  `scheduled_date_gmt` datetime DEFAULT '0000-00-00 00:00:00',
  `scheduled_date_local` datetime DEFAULT '0000-00-00 00:00:00',
  `args` varchar(191) CHARACTER SET utf8mb4 COLLATE utf8mb4_unicode_ci DEFAULT NULL,
  `schedule` longtext CHARACTER SET utf8mb4 COLLATE utf8mb4_unicode_ci,
  `group_id` bigint unsigned NOT NULL DEFAULT '0',
  `attempts` int NOT NULL DEFAULT '0',
  `last_attempt_gmt` datetime DEFAULT '0000-00-00 00:00:00',
  `last_attempt_local` datetime DEFAULT '0000-00-00 00:00:00',
  `claim_id` bigint unsigned NOT NULL DEFAULT '0',
  `extended_args` varchar(8000) CHARACTER SET utf8mb4 COLLATE utf8mb4_unicode_ci DEFAULT NULL,
  PRIMARY KEY (`action_id`),
  KEY `hook` (`hook`),
  KEY `status` (`status`),
  KEY `scheduled_date_gmt` (`scheduled_date_gmt`),
  KEY `args` (`args`),
  KEY `group_id` (`group_id`),
  KEY `last_attempt_gmt` (`last_attempt_gmt`),
  KEY `claim_id_status_scheduled_date_gmt` (`claim_id`,`status`,`scheduled_date_gmt`)
) ENGINE=InnoDB AUTO_INCREMENT=3726 DEFAULT CHARSET=utf8mb4 COLLATE=utf8mb4_unicode_ci;

--
-- Dumping data for table `wp_8_actionscheduler_actions`
--

INSERT INTO `wp_8_actionscheduler_actions` VALUES (3564,'wc_stripe_remove_order_locks','complete','2024-03-25 16:19:39','2024-03-25 17:19:39','[]','O:32:\"ActionScheduler_IntervalSchedule\":5:{s:22:\"\0*\0scheduled_timestamp\";i:1711383579;s:18:\"\0*\0first_timestamp\";i:1650844800;s:13:\"\0*\0recurrence\";i:86400;s:49:\"\0ActionScheduler_IntervalSchedule\0start_timestamp\";i:1711383579;s:53:\"\0ActionScheduler_IntervalSchedule\0interval_in_seconds\";i:86400;}',0,1,'2024-03-25 22:34:10','2024-03-25 23:34:10',0,NULL),(3565,'cartflows_ca_send_report_summary_email','complete','2024-03-31 16:19:40','2024-03-31 18:19:40','[]','O:32:\"ActionScheduler_IntervalSchedule\":5:{s:22:\"\0*\0scheduled_timestamp\";i:1711901980;s:18:\"\0*\0first_timestamp\";i:1655128800;s:13:\"\0*\0recurrence\";i:604800;s:49:\"\0ActionScheduler_IntervalSchedule\0start_timestamp\";i:1711901980;s:53:\"\0ActionScheduler_IntervalSchedule\0interval_in_seconds\";i:604800;}',0,1,'2024-03-31 19:03:36','2024-03-31 21:03:36',0,NULL),(3566,'facebook_for_woocommerce_daily_heartbeat','complete','2024-03-24 16:19:40','2024-03-24 17:19:40','[]','O:30:\"ActionScheduler_SimpleSchedule\":2:{s:22:\"\0*\0scheduled_timestamp\";i:1711297180;s:41:\"\0ActionScheduler_SimpleSchedule\0timestamp\";i:1711297180;}',0,1,'2024-03-25 03:55:26','2024-03-25 04:55:26',0,NULL),(3567,'facebook_for_woocommerce_hourly_heartbeat','complete','2024-03-24 16:19:40','2024-03-24 17:19:40','[]','O:30:\"ActionScheduler_SimpleSchedule\":2:{s:22:\"\0*\0scheduled_timestamp\";i:1711297180;s:41:\"\0ActionScheduler_SimpleSchedule\0timestamp\";i:1711297180;}',0,1,'2024-03-25 03:55:26','2024-03-25 04:55:26',0,NULL),(3568,'facebook_for_woocommerce_hourly_heartbeat','complete','2024-03-25 03:55:26','2024-03-25 04:55:26','[]','O:30:\"ActionScheduler_SimpleSchedule\":2:{s:22:\"\0*\0scheduled_timestamp\";i:1711338926;s:41:\"\0ActionScheduler_SimpleSchedule\0timestamp\";i:1711338926;}',0,1,'2024-03-25 08:49:33','2024-03-25 09:49:33',0,NULL),(3569,'facebook_for_woocommerce_hourly_heartbeat','complete','2024-03-25 08:49:34','2024-03-25 09:49:34','[]','O:30:\"ActionScheduler_SimpleSchedule\":2:{s:22:\"\0*\0scheduled_timestamp\";i:1711356574;s:41:\"\0ActionScheduler_SimpleSchedule\0timestamp\";i:1711356574;}',0,1,'2024-03-25 22:34:10','2024-03-25 23:34:10',0,NULL),(3570,'wc_stripe_remove_order_locks','complete','2024-03-26 22:34:11','2024-03-26 23:34:11','[]','O:32:\"ActionScheduler_IntervalSchedule\":5:{s:22:\"\0*\0scheduled_timestamp\";i:1711492451;s:18:\"\0*\0first_timestamp\";i:1650844800;s:13:\"\0*\0recurrence\";i:86400;s:49:\"\0ActionScheduler_IntervalSchedule\0start_timestamp\";i:1711492451;s:53:\"\0ActionScheduler_IntervalSchedule\0interval_in_seconds\";i:86400;}',0,1,'2024-03-26 22:57:34','2024-03-26 23:57:34',0,NULL),(3571,'facebook_for_woocommerce_hourly_heartbeat','complete','2024-03-25 22:34:11','2024-03-25 23:34:11','[]','O:30:\"ActionScheduler_SimpleSchedule\":2:{s:22:\"\0*\0scheduled_timestamp\";i:1711406051;s:41:\"\0ActionScheduler_SimpleSchedule\0timestamp\";i:1711406051;}',0,1,'2024-03-25 22:34:19','2024-03-25 23:34:19',0,NULL),(3572,'facebook_for_woocommerce_daily_heartbeat','complete','2024-03-25 22:34:11','2024-03-25 23:34:11','[]','O:30:\"ActionScheduler_SimpleSchedule\":2:{s:22:\"\0*\0scheduled_timestamp\";i:1711406051;s:41:\"\0ActionScheduler_SimpleSchedule\0timestamp\";i:1711406051;}',0,1,'2024-03-25 22:34:19','2024-03-25 23:34:19',0,NULL),(3573,'facebook_for_woocommerce_hourly_heartbeat','complete','2024-03-26 01:49:51','2024-03-26 02:49:51','[]','O:30:\"ActionScheduler_SimpleSchedule\":2:{s:22:\"\0*\0scheduled_timestamp\";i:1711417791;s:41:\"\0ActionScheduler_SimpleSchedule\0timestamp\";i:1711417791;}',0,1,'2024-03-26 01:49:51','2024-03-26 02:49:51',0,NULL),(3574,'facebook_for_woocommerce_hourly_heartbeat','complete','2024-03-26 08:36:12','2024-03-26 09:36:12','[]','O:30:\"ActionScheduler_SimpleSchedule\":2:{s:22:\"\0*\0scheduled_timestamp\";i:1711442172;s:41:\"\0ActionScheduler_SimpleSchedule\0timestamp\";i:1711442172;}',0,1,'2024-03-26 19:44:55','2024-03-26 20:44:55',0,NULL),(3575,'facebook_for_woocommerce_hourly_heartbeat','complete','2024-03-26 19:44:56','2024-03-26 20:44:56','[]','O:30:\"ActionScheduler_SimpleSchedule\":2:{s:22:\"\0*\0scheduled_timestamp\";i:1711482296;s:41:\"\0ActionScheduler_SimpleSchedule\0timestamp\";i:1711482296;}',0,1,'2024-03-26 19:45:02','2024-03-26 20:45:02',0,NULL),(3576,'facebook_for_woocommerce_daily_heartbeat','complete','2024-03-26 19:44:56','2024-03-26 20:44:56','[]','O:30:\"ActionScheduler_SimpleSchedule\":2:{s:22:\"\0*\0scheduled_timestamp\";i:1711482296;s:41:\"\0ActionScheduler_SimpleSchedule\0timestamp\";i:1711482296;}',0,1,'2024-03-26 19:45:02','2024-03-26 20:45:02',0,NULL),(3577,'wc_stripe_remove_order_locks','complete','2024-03-27 22:57:34','2024-03-27 23:57:34','[]','O:32:\"ActionScheduler_IntervalSchedule\":5:{s:22:\"\0*\0scheduled_timestamp\";i:1711580254;s:18:\"\0*\0first_timestamp\";i:1650844800;s:13:\"\0*\0recurrence\";i:86400;s:49:\"\0ActionScheduler_IntervalSchedule\0start_timestamp\";i:1711580254;s:53:\"\0ActionScheduler_IntervalSchedule\0interval_in_seconds\";i:86400;}',0,1,'2024-03-28 00:03:34','2024-03-28 01:03:34',0,NULL),(3578,'facebook_for_woocommerce_hourly_heartbeat','complete','2024-03-26 22:57:34','2024-03-26 23:57:34','[]','O:30:\"ActionScheduler_SimpleSchedule\":2:{s:22:\"\0*\0scheduled_timestamp\";i:1711493854;s:41:\"\0ActionScheduler_SimpleSchedule\0timestamp\";i:1711493854;}',0,1,'2024-03-27 03:12:58','2024-03-27 04:12:58',0,NULL),(3579,'facebook_for_woocommerce_hourly_heartbeat','complete','2024-03-27 03:12:59','2024-03-27 04:12:59','[]','O:30:\"ActionScheduler_SimpleSchedule\":2:{s:22:\"\0*\0scheduled_timestamp\";i:1711509179;s:41:\"\0ActionScheduler_SimpleSchedule\0timestamp\";i:1711509179;}',0,1,'2024-03-27 04:14:02','2024-03-27 05:14:02',0,NULL),(3580,'facebook_for_woocommerce_hourly_heartbeat','complete','2024-03-27 04:14:04','2024-03-27 05:14:04','[]','O:30:\"ActionScheduler_SimpleSchedule\":2:{s:22:\"\0*\0scheduled_timestamp\";i:1711512844;s:41:\"\0ActionScheduler_SimpleSchedule\0timestamp\";i:1711512844;}',0,1,'2024-03-27 08:19:26','2024-03-27 09:19:26',0,NULL),(3581,'facebook_for_woocommerce_hourly_heartbeat','complete','2024-03-27 08:19:27','2024-03-27 09:19:27','[]','O:30:\"ActionScheduler_SimpleSchedule\":2:{s:22:\"\0*\0scheduled_timestamp\";i:1711527567;s:41:\"\0ActionScheduler_SimpleSchedule\0timestamp\";i:1711527567;}',0,1,'2024-03-27 11:01:54','2024-03-27 12:01:54',0,NULL),(3582,'facebook_for_woocommerce_hourly_heartbeat','complete','2024-03-27 11:01:54','2024-03-27 12:01:54','[]','O:30:\"ActionScheduler_SimpleSchedule\":2:{s:22:\"\0*\0scheduled_timestamp\";i:1711537314;s:41:\"\0ActionScheduler_SimpleSchedule\0timestamp\";i:1711537314;}',0,1,'2024-03-27 12:53:40','2024-03-27 13:53:40',0,NULL),(3583,'facebook_for_woocommerce_daily_heartbeat','complete','2024-03-27 11:01:55','2024-03-27 12:01:55','[]','O:30:\"ActionScheduler_SimpleSchedule\":2:{s:22:\"\0*\0scheduled_timestamp\";i:1711537315;s:41:\"\0ActionScheduler_SimpleSchedule\0timestamp\";i:1711537315;}',0,1,'2024-03-27 12:53:40','2024-03-27 13:53:40',0,NULL),(3584,'facebook_for_woocommerce_hourly_heartbeat','complete','2024-03-27 12:53:41','2024-03-27 13:53:41','[]','O:30:\"ActionScheduler_SimpleSchedule\":2:{s:22:\"\0*\0scheduled_timestamp\";i:1711544021;s:41:\"\0ActionScheduler_SimpleSchedule\0timestamp\";i:1711544021;}',0,1,'2024-03-28 00:03:34','2024-03-28 01:03:34',0,NULL),(3585,'wc_stripe_remove_order_locks','complete','2024-03-29 00:03:34','2024-03-29 01:03:34','[]','O:32:\"ActionScheduler_IntervalSchedule\":5:{s:22:\"\0*\0scheduled_timestamp\";i:1711670614;s:18:\"\0*\0first_timestamp\";i:1650844800;s:13:\"\0*\0recurrence\";i:86400;s:49:\"\0ActionScheduler_IntervalSchedule\0start_timestamp\";i:1711670614;s:53:\"\0ActionScheduler_IntervalSchedule\0interval_in_seconds\";i:86400;}',0,1,'2024-03-29 01:03:19','2024-03-29 02:03:19',0,NULL),(3586,'facebook_for_woocommerce_hourly_heartbeat','complete','2024-03-28 00:03:35','2024-03-28 01:03:35','[]','O:30:\"ActionScheduler_SimpleSchedule\":2:{s:22:\"\0*\0scheduled_timestamp\";i:1711584215;s:41:\"\0ActionScheduler_SimpleSchedule\0timestamp\";i:1711584215;}',0,1,'2024-03-28 00:03:42','2024-03-28 01:03:42',0,NULL),(3587,'facebook_for_woocommerce_hourly_heartbeat','complete','2024-03-28 05:48:05','2024-03-28 06:48:05','[]','O:30:\"ActionScheduler_SimpleSchedule\":2:{s:22:\"\0*\0scheduled_timestamp\";i:1711604885;s:41:\"\0ActionScheduler_SimpleSchedule\0timestamp\";i:1711604885;}',0,1,'2024-03-28 07:40:58','2024-03-28 08:40:58',0,NULL),(3588,'facebook_for_woocommerce_hourly_heartbeat','complete','2024-03-28 07:40:59','2024-03-28 08:40:59','[]','O:30:\"ActionScheduler_SimpleSchedule\":2:{s:22:\"\0*\0scheduled_timestamp\";i:1711611659;s:41:\"\0ActionScheduler_SimpleSchedule\0timestamp\";i:1711611659;}',0,1,'2024-03-28 10:42:23','2024-03-28 11:42:23',0,NULL),(3589,'facebook_for_woocommerce_hourly_heartbeat','complete','2024-03-28 10:42:23','2024-03-28 11:42:23','[]','O:30:\"ActionScheduler_SimpleSchedule\":2:{s:22:\"\0*\0scheduled_timestamp\";i:1711622543;s:41:\"\0ActionScheduler_SimpleSchedule\0timestamp\";i:1711622543;}',0,1,'2024-03-28 20:59:22','2024-03-28 21:59:22',0,NULL),(3590,'facebook_for_woocommerce_daily_heartbeat','complete','2024-03-28 20:59:23','2024-03-28 21:59:23','[]','O:30:\"ActionScheduler_SimpleSchedule\":2:{s:22:\"\0*\0scheduled_timestamp\";i:1711659563;s:41:\"\0ActionScheduler_SimpleSchedule\0timestamp\";i:1711659563;}',0,1,'2024-03-28 20:59:30','2024-03-28 21:59:30',0,NULL),(3591,'facebook_for_woocommerce_hourly_heartbeat','complete','2024-03-28 20:59:23','2024-03-28 21:59:23','[]','O:30:\"ActionScheduler_SimpleSchedule\":2:{s:22:\"\0*\0scheduled_timestamp\";i:1711659563;s:41:\"\0ActionScheduler_SimpleSchedule\0timestamp\";i:1711659563;}',0,1,'2024-03-28 20:59:31','2024-03-28 21:59:31',0,NULL),(3592,'facebook_for_woocommerce_hourly_heartbeat','complete','2024-03-29 01:03:18','2024-03-29 02:03:18','[]','O:30:\"ActionScheduler_SimpleSchedule\":2:{s:22:\"\0*\0scheduled_timestamp\";i:1711674198;s:41:\"\0ActionScheduler_SimpleSchedule\0timestamp\";i:1711674198;}',0,1,'2024-03-29 01:03:19','2024-03-29 02:03:19',0,NULL),(3593,'wc_stripe_remove_order_locks','complete','2024-03-30 01:03:19','2024-03-30 02:03:19','[]','O:32:\"ActionScheduler_IntervalSchedule\":5:{s:22:\"\0*\0scheduled_timestamp\";i:1711760599;s:18:\"\0*\0first_timestamp\";i:1650844800;s:13:\"\0*\0recurrence\";i:86400;s:49:\"\0ActionScheduler_IntervalSchedule\0start_timestamp\";i:1711760599;s:53:\"\0ActionScheduler_IntervalSchedule\0interval_in_seconds\";i:86400;}',0,1,'2024-03-30 04:05:42','2024-03-30 05:05:42',0,NULL),(3594,'facebook_for_woocommerce_hourly_heartbeat','complete','2024-03-29 03:08:45','2024-03-29 04:08:45','[]','O:30:\"ActionScheduler_SimpleSchedule\":2:{s:22:\"\0*\0scheduled_timestamp\";i:1711681725;s:41:\"\0ActionScheduler_SimpleSchedule\0timestamp\";i:1711681725;}',0,1,'2024-03-29 05:51:27','2024-03-29 06:51:27',0,NULL),(3595,'facebook_for_woocommerce_hourly_heartbeat','complete','2024-03-29 05:51:29','2024-03-29 06:51:29','[]','O:30:\"ActionScheduler_SimpleSchedule\":2:{s:22:\"\0*\0scheduled_timestamp\";i:1711691489;s:41:\"\0ActionScheduler_SimpleSchedule\0timestamp\";i:1711691489;}',0,1,'2024-03-29 06:15:58','2024-03-29 07:15:58',0,NULL),(3596,'facebook_for_woocommerce_hourly_heartbeat','complete','2024-03-29 06:15:59','2024-03-29 07:15:59','[]','O:30:\"ActionScheduler_SimpleSchedule\":2:{s:22:\"\0*\0scheduled_timestamp\";i:1711692959;s:41:\"\0ActionScheduler_SimpleSchedule\0timestamp\";i:1711692959;}',0,1,'2024-03-29 10:14:29','2024-03-29 11:14:29',0,NULL),(3597,'facebook_for_woocommerce_hourly_heartbeat','complete','2024-03-29 10:14:29','2024-03-29 11:14:29','[]','O:30:\"ActionScheduler_SimpleSchedule\":2:{s:22:\"\0*\0scheduled_timestamp\";i:1711707269;s:41:\"\0ActionScheduler_SimpleSchedule\0timestamp\";i:1711707269;}',0,1,'2024-03-29 16:46:34','2024-03-29 17:46:34',0,NULL),(3598,'facebook_for_woocommerce_daily_heartbeat','complete','2024-03-29 16:46:35','2024-03-29 17:46:35','[]','O:30:\"ActionScheduler_SimpleSchedule\":2:{s:22:\"\0*\0scheduled_timestamp\";i:1711730795;s:41:\"\0ActionScheduler_SimpleSchedule\0timestamp\";i:1711730795;}',0,1,'2024-03-30 04:05:42','2024-03-30 05:05:42',0,NULL),(3599,'facebook_for_woocommerce_hourly_heartbeat','complete','2024-03-29 16:46:35','2024-03-29 17:46:35','[]','O:30:\"ActionScheduler_SimpleSchedule\":2:{s:22:\"\0*\0scheduled_timestamp\";i:1711730795;s:41:\"\0ActionScheduler_SimpleSchedule\0timestamp\";i:1711730795;}',0,1,'2024-03-30 04:05:42','2024-03-30 05:05:42',0,NULL),(3600,'wc_stripe_remove_order_locks','complete','2024-03-31 04:05:42','2024-03-31 06:05:42','[]','O:32:\"ActionScheduler_IntervalSchedule\":5:{s:22:\"\0*\0scheduled_timestamp\";i:1711857942;s:18:\"\0*\0first_timestamp\";i:1650844800;s:13:\"\0*\0recurrence\";i:86400;s:49:\"\0ActionScheduler_IntervalSchedule\0start_timestamp\";i:1711857942;s:53:\"\0ActionScheduler_IntervalSchedule\0interval_in_seconds\";i:86400;}',0,1,'2024-03-31 08:51:21','2024-03-31 10:51:21',0,NULL),(3601,'facebook_for_woocommerce_hourly_heartbeat','complete','2024-03-30 04:05:42','2024-03-30 05:05:42','[]','O:30:\"ActionScheduler_SimpleSchedule\":2:{s:22:\"\0*\0scheduled_timestamp\";i:1711771542;s:41:\"\0ActionScheduler_SimpleSchedule\0timestamp\";i:1711771542;}',0,1,'2024-03-30 04:05:46','2024-03-30 05:05:46',0,NULL),(3602,'facebook_for_woocommerce_hourly_heartbeat','complete','2024-03-30 21:19:21','2024-03-30 22:19:21','[]','O:30:\"ActionScheduler_SimpleSchedule\":2:{s:22:\"\0*\0scheduled_timestamp\";i:1711833561;s:41:\"\0ActionScheduler_SimpleSchedule\0timestamp\";i:1711833561;}',0,1,'2024-03-30 21:19:27','2024-03-30 22:19:27',0,NULL),(3603,'facebook_for_woocommerce_daily_heartbeat','complete','2024-03-30 21:19:21','2024-03-30 22:19:21','[]','O:30:\"ActionScheduler_SimpleSchedule\":2:{s:22:\"\0*\0scheduled_timestamp\";i:1711833561;s:41:\"\0ActionScheduler_SimpleSchedule\0timestamp\";i:1711833561;}',0,1,'2024-03-30 21:19:27','2024-03-30 22:19:27',0,NULL),(3604,'facebook_for_woocommerce_hourly_heartbeat','complete','2024-03-30 23:43:44','2024-03-31 00:43:44','[]','O:30:\"ActionScheduler_SimpleSchedule\":2:{s:22:\"\0*\0scheduled_timestamp\";i:1711842224;s:41:\"\0ActionScheduler_SimpleSchedule\0timestamp\";i:1711842224;}',0,1,'2024-03-31 03:19:55','2024-03-31 05:19:55',0,NULL),(3605,'facebook_for_woocommerce_hourly_heartbeat','complete','2024-03-31 03:19:56','2024-03-31 05:19:56','[]','O:30:\"ActionScheduler_SimpleSchedule\":2:{s:22:\"\0*\0scheduled_timestamp\";i:1711855196;s:41:\"\0ActionScheduler_SimpleSchedule\0timestamp\";i:1711855196;}',0,1,'2024-03-31 08:51:20','2024-03-31 10:51:20',0,NULL),(3606,'wc_stripe_remove_order_locks','complete','2024-04-01 08:51:21','2024-04-01 10:51:21','[]','O:32:\"ActionScheduler_IntervalSchedule\":5:{s:22:\"\0*\0scheduled_timestamp\";i:1711961481;s:18:\"\0*\0first_timestamp\";i:1650844800;s:13:\"\0*\0recurrence\";i:86400;s:49:\"\0ActionScheduler_IntervalSchedule\0start_timestamp\";i:1711961481;s:53:\"\0ActionScheduler_IntervalSchedule\0interval_in_seconds\";i:86400;}',0,1,'2024-04-01 10:02:09','2024-04-01 12:02:09',0,NULL),(3607,'facebook_for_woocommerce_hourly_heartbeat','complete','2024-03-31 08:51:21','2024-03-31 10:51:21','[]','O:30:\"ActionScheduler_SimpleSchedule\":2:{s:22:\"\0*\0scheduled_timestamp\";i:1711875081;s:41:\"\0ActionScheduler_SimpleSchedule\0timestamp\";i:1711875081;}',0,1,'2024-03-31 13:26:44','2024-03-31 15:26:44',0,NULL),(3608,'facebook_for_woocommerce_hourly_heartbeat','complete','2024-03-31 13:26:45','2024-03-31 15:26:45','[]','O:30:\"ActionScheduler_SimpleSchedule\":2:{s:22:\"\0*\0scheduled_timestamp\";i:1711891605;s:41:\"\0ActionScheduler_SimpleSchedule\0timestamp\";i:1711891605;}',0,1,'2024-03-31 19:03:36','2024-03-31 21:03:36',0,NULL),(3609,'facebook_for_woocommerce_daily_heartbeat','complete','2024-03-31 13:26:45','2024-03-31 15:26:45','[]','O:30:\"ActionScheduler_SimpleSchedule\":2:{s:22:\"\0*\0scheduled_timestamp\";i:1711891605;s:41:\"\0ActionScheduler_SimpleSchedule\0timestamp\";i:1711891605;}',0,1,'2024-03-31 19:03:36','2024-03-31 21:03:36',0,NULL),(3610,'cartflows_ca_send_report_summary_email','complete','2024-04-07 19:03:36','2024-04-07 21:03:36','[]','O:32:\"ActionScheduler_IntervalSchedule\":5:{s:22:\"\0*\0scheduled_timestamp\";i:1712516616;s:18:\"\0*\0first_timestamp\";i:1655128800;s:13:\"\0*\0recurrence\";i:604800;s:49:\"\0ActionScheduler_IntervalSchedule\0start_timestamp\";i:1712516616;s:53:\"\0ActionScheduler_IntervalSchedule\0interval_in_seconds\";i:604800;}',0,1,'2024-04-07 20:16:08','2024-04-07 22:16:08',0,NULL),(3611,'facebook_for_woocommerce_hourly_heartbeat','complete','2024-03-31 19:03:37','2024-03-31 21:03:37','[]','O:30:\"ActionScheduler_SimpleSchedule\":2:{s:22:\"\0*\0scheduled_timestamp\";i:1711911817;s:41:\"\0ActionScheduler_SimpleSchedule\0timestamp\";i:1711911817;}',0,1,'2024-03-31 19:03:43','2024-03-31 21:03:43',0,NULL),(3612,'facebook_for_woocommerce_hourly_heartbeat','complete','2024-03-31 21:53:03','2024-03-31 23:53:03','[]','O:30:\"ActionScheduler_SimpleSchedule\":2:{s:22:\"\0*\0scheduled_timestamp\";i:1711921983;s:41:\"\0ActionScheduler_SimpleSchedule\0timestamp\";i:1711921983;}',0,1,'2024-04-01 03:47:33','2024-04-01 05:47:33',0,NULL),(3613,'facebook_for_woocommerce_hourly_heartbeat','complete','2024-04-01 03:47:34','2024-04-01 05:47:34','[]','O:30:\"ActionScheduler_SimpleSchedule\":2:{s:22:\"\0*\0scheduled_timestamp\";i:1711943254;s:41:\"\0ActionScheduler_SimpleSchedule\0timestamp\";i:1711943254;}',0,1,'2024-04-01 10:02:09','2024-04-01 12:02:09',0,NULL),(3614,'wc_stripe_remove_order_locks','complete','2024-04-02 10:02:09','2024-04-02 12:02:09','[]','O:32:\"ActionScheduler_IntervalSchedule\":5:{s:22:\"\0*\0scheduled_timestamp\";i:1712052129;s:18:\"\0*\0first_timestamp\";i:1650844800;s:13:\"\0*\0recurrence\";i:86400;s:49:\"\0ActionScheduler_IntervalSchedule\0start_timestamp\";i:1712052129;s:53:\"\0ActionScheduler_IntervalSchedule\0interval_in_seconds\";i:86400;}',0,1,'2024-04-02 14:57:02','2024-04-02 16:57:02',0,NULL),(3615,'facebook_for_woocommerce_hourly_heartbeat','complete','2024-04-01 10:02:10','2024-04-01 12:02:10','[]','O:30:\"ActionScheduler_SimpleSchedule\":2:{s:22:\"\0*\0scheduled_timestamp\";i:1711965730;s:41:\"\0ActionScheduler_SimpleSchedule\0timestamp\";i:1711965730;}',0,1,'2024-04-01 12:02:13','2024-04-01 14:02:13',0,NULL),(3616,'facebook_for_woocommerce_daily_heartbeat','complete','2024-04-01 12:02:14','2024-04-01 14:02:14','[]','O:30:\"ActionScheduler_SimpleSchedule\":2:{s:22:\"\0*\0scheduled_timestamp\";i:1711972934;s:41:\"\0ActionScheduler_SimpleSchedule\0timestamp\";i:1711972934;}',0,1,'2024-04-01 14:52:30','2024-04-01 16:52:30',0,NULL),(3617,'facebook_for_woocommerce_hourly_heartbeat','complete','2024-04-01 12:02:14','2024-04-01 14:02:14','[]','O:30:\"ActionScheduler_SimpleSchedule\":2:{s:22:\"\0*\0scheduled_timestamp\";i:1711972934;s:41:\"\0ActionScheduler_SimpleSchedule\0timestamp\";i:1711972934;}',0,1,'2024-04-01 14:52:30','2024-04-01 16:52:30',0,NULL),(3618,'facebook_for_woocommerce_hourly_heartbeat','complete','2024-04-01 14:52:31','2024-04-01 16:52:31','[]','O:30:\"ActionScheduler_SimpleSchedule\":2:{s:22:\"\0*\0scheduled_timestamp\";i:1711983151;s:41:\"\0ActionScheduler_SimpleSchedule\0timestamp\";i:1711983151;}',0,1,'2024-04-02 01:11:54','2024-04-02 03:11:54',0,NULL),(3619,'facebook_for_woocommerce_hourly_heartbeat','complete','2024-04-02 01:11:55','2024-04-02 03:11:55','[]','O:30:\"ActionScheduler_SimpleSchedule\":2:{s:22:\"\0*\0scheduled_timestamp\";i:1712020315;s:41:\"\0ActionScheduler_SimpleSchedule\0timestamp\";i:1712020315;}',0,1,'2024-04-02 01:12:04','2024-04-02 03:12:04',0,NULL),(3620,'facebook_for_woocommerce_hourly_heartbeat','complete','2024-04-02 02:48:04','2024-04-02 04:48:04','[]','O:30:\"ActionScheduler_SimpleSchedule\":2:{s:22:\"\0*\0scheduled_timestamp\";i:1712026084;s:41:\"\0ActionScheduler_SimpleSchedule\0timestamp\";i:1712026084;}',0,1,'2024-04-02 04:33:01','2024-04-02 06:33:01',0,NULL),(3621,'facebook_for_woocommerce_hourly_heartbeat','complete','2024-04-02 04:33:01','2024-04-02 06:33:01','[]','O:30:\"ActionScheduler_SimpleSchedule\":2:{s:22:\"\0*\0scheduled_timestamp\";i:1712032381;s:41:\"\0ActionScheduler_SimpleSchedule\0timestamp\";i:1712032381;}',0,1,'2024-04-02 07:42:39','2024-04-02 09:42:39',0,NULL),(3622,'facebook_for_woocommerce_hourly_heartbeat','complete','2024-04-02 07:42:40','2024-04-02 09:42:40','[]','O:30:\"ActionScheduler_SimpleSchedule\":2:{s:22:\"\0*\0scheduled_timestamp\";i:1712043760;s:41:\"\0ActionScheduler_SimpleSchedule\0timestamp\";i:1712043760;}',0,1,'2024-04-02 14:57:02','2024-04-02 16:57:02',0,NULL),(3623,'wc_stripe_remove_order_locks','complete','2024-04-03 14:57:02','2024-04-03 16:57:02','[]','O:32:\"ActionScheduler_IntervalSchedule\":5:{s:22:\"\0*\0scheduled_timestamp\";i:1712156222;s:18:\"\0*\0first_timestamp\";i:1650844800;s:13:\"\0*\0recurrence\";i:86400;s:49:\"\0ActionScheduler_IntervalSchedule\0start_timestamp\";i:1712156222;s:53:\"\0ActionScheduler_IntervalSchedule\0interval_in_seconds\";i:86400;}',0,1,'2024-04-03 19:39:30','2024-04-03 21:39:30',0,NULL),(3624,'facebook_for_woocommerce_hourly_heartbeat','complete','2024-04-02 14:57:03','2024-04-02 16:57:03','[]','O:30:\"ActionScheduler_SimpleSchedule\":2:{s:22:\"\0*\0scheduled_timestamp\";i:1712069823;s:41:\"\0ActionScheduler_SimpleSchedule\0timestamp\";i:1712069823;}',0,1,'2024-04-02 20:26:53','2024-04-02 22:26:53',0,NULL),(3625,'facebook_for_woocommerce_daily_heartbeat','complete','2024-04-02 14:57:03','2024-04-02 16:57:03','[]','O:30:\"ActionScheduler_SimpleSchedule\":2:{s:22:\"\0*\0scheduled_timestamp\";i:1712069823;s:41:\"\0ActionScheduler_SimpleSchedule\0timestamp\";i:1712069823;}',0,1,'2024-04-02 20:26:53','2024-04-02 22:26:53',0,NULL),(3626,'facebook_for_woocommerce_hourly_heartbeat','complete','2024-04-02 20:26:53','2024-04-02 22:26:53','[]','O:30:\"ActionScheduler_SimpleSchedule\":2:{s:22:\"\0*\0scheduled_timestamp\";i:1712089613;s:41:\"\0ActionScheduler_SimpleSchedule\0timestamp\";i:1712089613;}',0,1,'2024-04-02 20:27:01','2024-04-02 22:27:01',0,NULL),(3627,'facebook_for_woocommerce_hourly_heartbeat','complete','2024-04-02 23:00:18','2024-04-03 01:00:18','[]','O:30:\"ActionScheduler_SimpleSchedule\":2:{s:22:\"\0*\0scheduled_timestamp\";i:1712098818;s:41:\"\0ActionScheduler_SimpleSchedule\0timestamp\";i:1712098818;}',0,1,'2024-04-03 01:12:28','2024-04-03 03:12:28',0,NULL),(3628,'facebook_for_woocommerce_hourly_heartbeat','complete','2024-04-03 01:12:28','2024-04-03 03:12:28','[]','O:30:\"ActionScheduler_SimpleSchedule\":2:{s:22:\"\0*\0scheduled_timestamp\";i:1712106748;s:41:\"\0ActionScheduler_SimpleSchedule\0timestamp\";i:1712106748;}',0,1,'2024-04-03 03:53:31','2024-04-03 05:53:31',0,NULL),(3629,'facebook_for_woocommerce_hourly_heartbeat','complete','2024-04-03 03:53:32','2024-04-03 05:53:32','[]','O:30:\"ActionScheduler_SimpleSchedule\":2:{s:22:\"\0*\0scheduled_timestamp\";i:1712116412;s:41:\"\0ActionScheduler_SimpleSchedule\0timestamp\";i:1712116412;}',0,1,'2024-04-03 19:39:30','2024-04-03 21:39:30',0,NULL),(3630,'wc_stripe_remove_order_locks','complete','2024-04-04 19:39:30','2024-04-04 21:39:30','[]','O:32:\"ActionScheduler_IntervalSchedule\":5:{s:22:\"\0*\0scheduled_timestamp\";i:1712259570;s:18:\"\0*\0first_timestamp\";i:1650844800;s:13:\"\0*\0recurrence\";i:86400;s:49:\"\0ActionScheduler_IntervalSchedule\0start_timestamp\";i:1712259570;s:53:\"\0ActionScheduler_IntervalSchedule\0interval_in_seconds\";i:86400;}',0,1,'2024-04-04 21:12:27','2024-04-04 23:12:27',0,NULL),(3631,'facebook_for_woocommerce_hourly_heartbeat','complete','2024-04-03 19:39:31','2024-04-03 21:39:31','[]','O:30:\"ActionScheduler_SimpleSchedule\":2:{s:22:\"\0*\0scheduled_timestamp\";i:1712173171;s:41:\"\0ActionScheduler_SimpleSchedule\0timestamp\";i:1712173171;}',0,1,'2024-04-03 19:39:37','2024-04-03 21:39:37',0,NULL),(3632,'facebook_for_woocommerce_daily_heartbeat','complete','2024-04-03 19:39:31','2024-04-03 21:39:31','[]','O:30:\"ActionScheduler_SimpleSchedule\":2:{s:22:\"\0*\0scheduled_timestamp\";i:1712173171;s:41:\"\0ActionScheduler_SimpleSchedule\0timestamp\";i:1712173171;}',0,1,'2024-04-03 19:39:38','2024-04-03 21:39:38',0,NULL),(3633,'facebook_for_woocommerce_hourly_heartbeat','complete','2024-04-04 09:53:57','2024-04-04 11:53:57','[]','O:30:\"ActionScheduler_SimpleSchedule\":2:{s:22:\"\0*\0scheduled_timestamp\";i:1712224437;s:41:\"\0ActionScheduler_SimpleSchedule\0timestamp\";i:1712224437;}',0,1,'2024-04-04 10:26:50','2024-04-04 12:26:50',0,NULL),(3634,'facebook_for_woocommerce_hourly_heartbeat','complete','2024-04-04 10:26:50','2024-04-04 12:26:50','[]','O:30:\"ActionScheduler_SimpleSchedule\":2:{s:22:\"\0*\0scheduled_timestamp\";i:1712226410;s:41:\"\0ActionScheduler_SimpleSchedule\0timestamp\";i:1712226410;}',0,1,'2024-04-04 11:13:18','2024-04-04 13:13:18',0,NULL),(3635,'facebook_for_woocommerce_daily_heartbeat','complete','2024-04-04 11:13:18','2024-04-04 13:13:18','[]','O:30:\"ActionScheduler_SimpleSchedule\":2:{s:22:\"\0*\0scheduled_timestamp\";i:1712229198;s:41:\"\0ActionScheduler_SimpleSchedule\0timestamp\";i:1712229198;}',0,1,'2024-04-04 21:12:26','2024-04-04 23:12:26',0,NULL),(3636,'facebook_for_woocommerce_hourly_heartbeat','complete','2024-04-04 11:13:18','2024-04-04 13:13:18','[]','O:30:\"ActionScheduler_SimpleSchedule\":2:{s:22:\"\0*\0scheduled_timestamp\";i:1712229198;s:41:\"\0ActionScheduler_SimpleSchedule\0timestamp\";i:1712229198;}',0,1,'2024-04-04 21:12:27','2024-04-04 23:12:27',0,NULL),(3637,'wc_stripe_remove_order_locks','complete','2024-04-05 21:12:27','2024-04-05 23:12:27','[]','O:32:\"ActionScheduler_IntervalSchedule\":5:{s:22:\"\0*\0scheduled_timestamp\";i:1712351547;s:18:\"\0*\0first_timestamp\";i:1650844800;s:13:\"\0*\0recurrence\";i:86400;s:49:\"\0ActionScheduler_IntervalSchedule\0start_timestamp\";i:1712351547;s:53:\"\0ActionScheduler_IntervalSchedule\0interval_in_seconds\";i:86400;}',0,1,'2024-04-06 04:37:58','2024-04-06 06:37:58',0,NULL),(3638,'facebook_for_woocommerce_hourly_heartbeat','complete','2024-04-04 21:12:27','2024-04-04 23:12:27','[]','O:30:\"ActionScheduler_SimpleSchedule\":2:{s:22:\"\0*\0scheduled_timestamp\";i:1712265147;s:41:\"\0ActionScheduler_SimpleSchedule\0timestamp\";i:1712265147;}',0,1,'2024-04-04 21:12:34','2024-04-04 23:12:34',0,NULL),(3639,'facebook_for_woocommerce_hourly_heartbeat','complete','2024-04-05 00:13:34','2024-04-05 02:13:34','[]','O:30:\"ActionScheduler_SimpleSchedule\":2:{s:22:\"\0*\0scheduled_timestamp\";i:1712276014;s:41:\"\0ActionScheduler_SimpleSchedule\0timestamp\";i:1712276014;}',0,1,'2024-04-05 03:12:27','2024-04-05 05:12:27',0,NULL),(3640,'facebook_for_woocommerce_hourly_heartbeat','complete','2024-04-05 03:12:28','2024-04-05 05:12:28','[]','O:30:\"ActionScheduler_SimpleSchedule\":2:{s:22:\"\0*\0scheduled_timestamp\";i:1712286748;s:41:\"\0ActionScheduler_SimpleSchedule\0timestamp\";i:1712286748;}',0,1,'2024-04-05 08:51:09','2024-04-05 10:51:09',0,NULL),(3641,'facebook_for_woocommerce_hourly_heartbeat','complete','2024-04-05 08:51:11','2024-04-05 10:51:11','[]','O:30:\"ActionScheduler_SimpleSchedule\":2:{s:22:\"\0*\0scheduled_timestamp\";i:1712307071;s:41:\"\0ActionScheduler_SimpleSchedule\0timestamp\";i:1712307071;}',0,1,'2024-04-05 16:59:31','2024-04-05 18:59:31',0,NULL),(3642,'facebook_for_woocommerce_hourly_heartbeat','complete','2024-04-05 16:59:32','2024-04-05 18:59:32','[]','O:30:\"ActionScheduler_SimpleSchedule\":2:{s:22:\"\0*\0scheduled_timestamp\";i:1712336372;s:41:\"\0ActionScheduler_SimpleSchedule\0timestamp\";i:1712336372;}',0,1,'2024-04-05 20:07:45','2024-04-05 22:07:45',0,NULL),(3643,'facebook_for_woocommerce_daily_heartbeat','complete','2024-04-05 16:59:32','2024-04-05 18:59:32','[]','O:30:\"ActionScheduler_SimpleSchedule\":2:{s:22:\"\0*\0scheduled_timestamp\";i:1712336372;s:41:\"\0ActionScheduler_SimpleSchedule\0timestamp\";i:1712336372;}',0,1,'2024-04-05 20:07:46','2024-04-05 22:07:46',0,NULL),(3644,'facebook_for_woocommerce_hourly_heartbeat','complete','2024-04-05 20:07:45','2024-04-05 22:07:45','[]','O:30:\"ActionScheduler_SimpleSchedule\":2:{s:22:\"\0*\0scheduled_timestamp\";i:1712347665;s:41:\"\0ActionScheduler_SimpleSchedule\0timestamp\";i:1712347665;}',0,1,'2024-04-05 20:07:46','2024-04-05 22:07:46',0,NULL),(3645,'wc_stripe_remove_order_locks','complete','2024-04-07 04:37:58','2024-04-07 06:37:58','[]','O:32:\"ActionScheduler_IntervalSchedule\":5:{s:22:\"\0*\0scheduled_timestamp\";i:1712464678;s:18:\"\0*\0first_timestamp\";i:1650844800;s:13:\"\0*\0recurrence\";i:86400;s:49:\"\0ActionScheduler_IntervalSchedule\0start_timestamp\";i:1712464678;s:53:\"\0ActionScheduler_IntervalSchedule\0interval_in_seconds\";i:86400;}',0,1,'2024-04-07 07:24:05','2024-04-07 09:24:05',0,NULL),(3646,'facebook_for_woocommerce_hourly_heartbeat','complete','2024-04-06 04:37:59','2024-04-06 06:37:59','[]','O:30:\"ActionScheduler_SimpleSchedule\":2:{s:22:\"\0*\0scheduled_timestamp\";i:1712378279;s:41:\"\0ActionScheduler_SimpleSchedule\0timestamp\";i:1712378279;}',0,1,'2024-04-06 14:03:18','2024-04-06 16:03:18',0,NULL),(3647,'facebook_for_woocommerce_hourly_heartbeat','complete','2024-04-06 14:03:18','2024-04-06 16:03:18','[]','O:30:\"ActionScheduler_SimpleSchedule\":2:{s:22:\"\0*\0scheduled_timestamp\";i:1712412198;s:41:\"\0ActionScheduler_SimpleSchedule\0timestamp\";i:1712412198;}',0,1,'2024-04-06 16:15:10','2024-04-06 18:15:10',0,NULL),(3648,'facebook_for_woocommerce_daily_heartbeat','complete','2024-04-06 14:03:19','2024-04-06 16:03:19','[]','O:30:\"ActionScheduler_SimpleSchedule\":2:{s:22:\"\0*\0scheduled_timestamp\";i:1712412199;s:41:\"\0ActionScheduler_SimpleSchedule\0timestamp\";i:1712412199;}',0,1,'2024-04-06 16:15:10','2024-04-06 18:15:10',0,NULL),(3649,'facebook_for_woocommerce_hourly_heartbeat','complete','2024-04-06 16:15:11','2024-04-06 18:15:11','[]','O:30:\"ActionScheduler_SimpleSchedule\":2:{s:22:\"\0*\0scheduled_timestamp\";i:1712420111;s:41:\"\0ActionScheduler_SimpleSchedule\0timestamp\";i:1712420111;}',0,1,'2024-04-07 02:52:45','2024-04-07 04:52:45',0,NULL),(3650,'facebook_for_woocommerce_hourly_heartbeat','complete','2024-04-07 02:52:46','2024-04-07 04:52:46','[]','O:30:\"ActionScheduler_SimpleSchedule\":2:{s:22:\"\0*\0scheduled_timestamp\";i:1712458366;s:41:\"\0ActionScheduler_SimpleSchedule\0timestamp\";i:1712458366;}',0,1,'2024-04-07 02:52:52','2024-04-07 04:52:52',0,NULL),(3651,'wc_stripe_remove_order_locks','complete','2024-04-08 07:24:05','2024-04-08 09:24:05','[]','O:32:\"ActionScheduler_IntervalSchedule\":5:{s:22:\"\0*\0scheduled_timestamp\";i:1712561045;s:18:\"\0*\0first_timestamp\";i:1650844800;s:13:\"\0*\0recurrence\";i:86400;s:49:\"\0ActionScheduler_IntervalSchedule\0start_timestamp\";i:1712561045;s:53:\"\0ActionScheduler_IntervalSchedule\0interval_in_seconds\";i:86400;}',0,1,'2024-04-08 15:36:48','2024-04-08 17:36:48',0,NULL),(3652,'facebook_for_woocommerce_hourly_heartbeat','complete','2024-04-07 07:24:05','2024-04-07 09:24:05','[]','O:30:\"ActionScheduler_SimpleSchedule\":2:{s:22:\"\0*\0scheduled_timestamp\";i:1712474645;s:41:\"\0ActionScheduler_SimpleSchedule\0timestamp\";i:1712474645;}',0,1,'2024-04-07 10:06:51','2024-04-07 12:06:51',0,NULL),(3653,'facebook_for_woocommerce_hourly_heartbeat','complete','2024-04-07 10:06:52','2024-04-07 12:06:52','[]','O:30:\"ActionScheduler_SimpleSchedule\":2:{s:22:\"\0*\0scheduled_timestamp\";i:1712484412;s:41:\"\0ActionScheduler_SimpleSchedule\0timestamp\";i:1712484412;}',0,1,'2024-04-07 20:16:08','2024-04-07 22:16:08',0,NULL),(3654,'cartflows_ca_send_report_summary_email','complete','2024-04-14 20:16:08','2024-04-14 22:16:08','[]','O:32:\"ActionScheduler_IntervalSchedule\":5:{s:22:\"\0*\0scheduled_timestamp\";i:1713125768;s:18:\"\0*\0first_timestamp\";i:1655128800;s:13:\"\0*\0recurrence\";i:604800;s:49:\"\0ActionScheduler_IntervalSchedule\0start_timestamp\";i:1713125768;s:53:\"\0ActionScheduler_IntervalSchedule\0interval_in_seconds\";i:604800;}',0,1,'2024-04-15 08:02:58','2024-04-15 10:02:58',0,NULL),(3655,'facebook_for_woocommerce_daily_heartbeat','complete','2024-04-07 20:16:09','2024-04-07 22:16:09','[]','O:30:\"ActionScheduler_SimpleSchedule\":2:{s:22:\"\0*\0scheduled_timestamp\";i:1712520969;s:41:\"\0ActionScheduler_SimpleSchedule\0timestamp\";i:1712520969;}',0,1,'2024-04-07 20:16:14','2024-04-07 22:16:14',0,NULL),(3656,'facebook_for_woocommerce_hourly_heartbeat','complete','2024-04-07 20:16:09','2024-04-07 22:16:09','[]','O:30:\"ActionScheduler_SimpleSchedule\":2:{s:22:\"\0*\0scheduled_timestamp\";i:1712520969;s:41:\"\0ActionScheduler_SimpleSchedule\0timestamp\";i:1712520969;}',0,1,'2024-04-07 20:16:14','2024-04-07 22:16:14',0,NULL),(3657,'facebook_for_woocommerce_hourly_heartbeat','complete','2024-04-08 02:26:17','2024-04-08 04:26:17','[]','O:30:\"ActionScheduler_SimpleSchedule\":2:{s:22:\"\0*\0scheduled_timestamp\";i:1712543177;s:41:\"\0ActionScheduler_SimpleSchedule\0timestamp\";i:1712543177;}',0,1,'2024-04-08 05:08:41','2024-04-08 07:08:41',0,NULL),(3658,'facebook_for_woocommerce_hourly_heartbeat','complete','2024-04-08 05:08:42','2024-04-08 07:08:42','[]','O:30:\"ActionScheduler_SimpleSchedule\":2:{s:22:\"\0*\0scheduled_timestamp\";i:1712552922;s:41:\"\0ActionScheduler_SimpleSchedule\0timestamp\";i:1712552922;}',0,1,'2024-04-08 15:36:48','2024-04-08 17:36:48',0,NULL),(3659,'wc_stripe_remove_order_locks','complete','2024-04-09 15:36:48','2024-04-09 17:36:48','[]','O:32:\"ActionScheduler_IntervalSchedule\":5:{s:22:\"\0*\0scheduled_timestamp\";i:1712677008;s:18:\"\0*\0first_timestamp\";i:1650844800;s:13:\"\0*\0recurrence\";i:86400;s:49:\"\0ActionScheduler_IntervalSchedule\0start_timestamp\";i:1712677008;s:53:\"\0ActionScheduler_IntervalSchedule\0interval_in_seconds\";i:86400;}',0,1,'2024-04-09 19:39:21','2024-04-09 21:39:21',0,NULL),(3660,'facebook_for_woocommerce_hourly_heartbeat','complete','2024-04-08 15:36:49','2024-04-08 17:36:49','[]','O:30:\"ActionScheduler_SimpleSchedule\":2:{s:22:\"\0*\0scheduled_timestamp\";i:1712590609;s:41:\"\0ActionScheduler_SimpleSchedule\0timestamp\";i:1712590609;}',0,1,'2024-04-08 22:33:20','2024-04-09 00:33:20',0,NULL),(3661,'facebook_for_woocommerce_daily_heartbeat','complete','2024-04-08 15:36:50','2024-04-08 17:36:50','[]','O:30:\"ActionScheduler_SimpleSchedule\":2:{s:22:\"\0*\0scheduled_timestamp\";i:1712590610;s:41:\"\0ActionScheduler_SimpleSchedule\0timestamp\";i:1712590610;}',0,1,'2024-04-08 22:33:20','2024-04-09 00:33:20',0,NULL),(3662,'facebook_for_woocommerce_hourly_heartbeat','complete','2024-04-08 22:33:21','2024-04-09 00:33:21','[]','O:30:\"ActionScheduler_SimpleSchedule\":2:{s:22:\"\0*\0scheduled_timestamp\";i:1712615601;s:41:\"\0ActionScheduler_SimpleSchedule\0timestamp\";i:1712615601;}',0,1,'2024-04-08 22:33:24','2024-04-09 00:33:24',0,NULL),(3663,'facebook_for_woocommerce_hourly_heartbeat','complete','2024-04-09 05:47:38','2024-04-09 07:47:38','[]','O:30:\"ActionScheduler_SimpleSchedule\":2:{s:22:\"\0*\0scheduled_timestamp\";i:1712641658;s:41:\"\0ActionScheduler_SimpleSchedule\0timestamp\";i:1712641658;}',0,1,'2024-04-09 07:47:48','2024-04-09 09:47:48',0,NULL),(3664,'facebook_for_woocommerce_hourly_heartbeat','complete','2024-04-09 07:47:48','2024-04-09 09:47:48','[]','O:30:\"ActionScheduler_SimpleSchedule\":2:{s:22:\"\0*\0scheduled_timestamp\";i:1712648868;s:41:\"\0ActionScheduler_SimpleSchedule\0timestamp\";i:1712648868;}',0,1,'2024-04-09 19:39:20','2024-04-09 21:39:20',0,NULL),(3665,'wc_stripe_remove_order_locks','complete','2024-04-10 19:39:21','2024-04-10 21:39:21','[]','O:32:\"ActionScheduler_IntervalSchedule\":5:{s:22:\"\0*\0scheduled_timestamp\";i:1712777961;s:18:\"\0*\0first_timestamp\";i:1650844800;s:13:\"\0*\0recurrence\";i:86400;s:49:\"\0ActionScheduler_IntervalSchedule\0start_timestamp\";i:1712777961;s:53:\"\0ActionScheduler_IntervalSchedule\0interval_in_seconds\";i:86400;}',0,1,'2024-04-11 04:29:18','2024-04-11 06:29:18',0,NULL),(3666,'facebook_for_woocommerce_hourly_heartbeat','complete','2024-04-09 19:39:21','2024-04-09 21:39:21','[]','O:30:\"ActionScheduler_SimpleSchedule\":2:{s:22:\"\0*\0scheduled_timestamp\";i:1712691561;s:41:\"\0ActionScheduler_SimpleSchedule\0timestamp\";i:1712691561;}',0,1,'2024-04-09 19:39:28','2024-04-09 21:39:28',0,NULL),(3667,'facebook_for_woocommerce_daily_heartbeat','complete','2024-04-09 19:39:21','2024-04-09 21:39:21','[]','O:30:\"ActionScheduler_SimpleSchedule\":2:{s:22:\"\0*\0scheduled_timestamp\";i:1712691561;s:41:\"\0ActionScheduler_SimpleSchedule\0timestamp\";i:1712691561;}',0,1,'2024-04-09 19:39:28','2024-04-09 21:39:28',0,NULL),(3668,'facebook_for_woocommerce_hourly_heartbeat','complete','2024-04-09 22:27:07','2024-04-10 00:27:07','[]','O:30:\"ActionScheduler_SimpleSchedule\":2:{s:22:\"\0*\0scheduled_timestamp\";i:1712701627;s:41:\"\0ActionScheduler_SimpleSchedule\0timestamp\";i:1712701627;}',0,1,'2024-04-10 08:18:10','2024-04-10 10:18:10',0,NULL),(3669,'facebook_for_woocommerce_hourly_heartbeat','complete','2024-04-10 08:18:11','2024-04-10 10:18:11','[]','O:30:\"ActionScheduler_SimpleSchedule\":2:{s:22:\"\0*\0scheduled_timestamp\";i:1712737091;s:41:\"\0ActionScheduler_SimpleSchedule\0timestamp\";i:1712737091;}',0,1,'2024-04-11 04:29:18','2024-04-11 06:29:18',0,NULL),(3670,'wc_stripe_remove_order_locks','complete','2024-04-12 04:29:18','2024-04-12 06:29:18','[]','O:32:\"ActionScheduler_IntervalSchedule\":5:{s:22:\"\0*\0scheduled_timestamp\";i:1712896158;s:18:\"\0*\0first_timestamp\";i:1650844800;s:13:\"\0*\0recurrence\";i:86400;s:49:\"\0ActionScheduler_IntervalSchedule\0start_timestamp\";i:1712896158;s:53:\"\0ActionScheduler_IntervalSchedule\0interval_in_seconds\";i:86400;}',0,1,'2024-04-12 21:18:43','2024-04-12 23:18:43',0,NULL),(3671,'facebook_for_woocommerce_hourly_heartbeat','complete','2024-04-11 04:29:18','2024-04-11 06:29:18','[]','O:30:\"ActionScheduler_SimpleSchedule\":2:{s:22:\"\0*\0scheduled_timestamp\";i:1712809758;s:41:\"\0ActionScheduler_SimpleSchedule\0timestamp\";i:1712809758;}',0,1,'2024-04-11 04:29:25','2024-04-11 06:29:25',0,NULL),(3672,'facebook_for_woocommerce_daily_heartbeat','complete','2024-04-11 04:29:19','2024-04-11 06:29:19','[]','O:30:\"ActionScheduler_SimpleSchedule\":2:{s:22:\"\0*\0scheduled_timestamp\";i:1712809759;s:41:\"\0ActionScheduler_SimpleSchedule\0timestamp\";i:1712809759;}',0,1,'2024-04-11 04:29:26','2024-04-11 06:29:26',0,NULL),(3673,'wc_stripe_remove_order_locks','complete','2024-04-13 21:18:43','2024-04-13 23:18:43','[]','O:32:\"ActionScheduler_IntervalSchedule\":5:{s:22:\"\0*\0scheduled_timestamp\";i:1713043123;s:18:\"\0*\0first_timestamp\";i:1650844800;s:13:\"\0*\0recurrence\";i:86400;s:49:\"\0ActionScheduler_IntervalSchedule\0start_timestamp\";i:1713043123;s:53:\"\0ActionScheduler_IntervalSchedule\0interval_in_seconds\";i:86400;}',0,1,'2024-04-15 08:02:58','2024-04-15 10:02:58',0,NULL),(3674,'facebook_for_woocommerce_hourly_heartbeat','complete','2024-04-12 21:18:44','2024-04-12 23:18:44','[]','O:30:\"ActionScheduler_SimpleSchedule\":2:{s:22:\"\0*\0scheduled_timestamp\";i:1712956724;s:41:\"\0ActionScheduler_SimpleSchedule\0timestamp\";i:1712956724;}',0,1,'2024-04-12 21:18:53','2024-04-12 23:18:53',0,NULL),(3675,'facebook_for_woocommerce_daily_heartbeat','complete','2024-04-12 21:18:44','2024-04-12 23:18:44','[]','O:30:\"ActionScheduler_SimpleSchedule\":2:{s:22:\"\0*\0scheduled_timestamp\";i:1712956724;s:41:\"\0ActionScheduler_SimpleSchedule\0timestamp\";i:1712956724;}',0,1,'2024-04-12 21:18:53','2024-04-12 23:18:53',0,NULL),(3676,'facebook_for_woocommerce_hourly_heartbeat','complete','2024-04-12 22:00:14','2024-04-13 00:00:14','[]','O:30:\"ActionScheduler_SimpleSchedule\":2:{s:22:\"\0*\0scheduled_timestamp\";i:1712959214;s:41:\"\0ActionScheduler_SimpleSchedule\0timestamp\";i:1712959214;}',0,1,'2024-04-12 23:05:22','2024-04-13 01:05:22',0,NULL),(3677,'facebook_for_woocommerce_hourly_heartbeat','complete','2024-04-12 23:05:23','2024-04-13 01:05:23','[]','O:30:\"ActionScheduler_SimpleSchedule\":2:{s:22:\"\0*\0scheduled_timestamp\";i:1712963123;s:41:\"\0ActionScheduler_SimpleSchedule\0timestamp\";i:1712963123;}',0,1,'2024-04-12 23:10:16','2024-04-13 01:10:16',0,NULL),(3678,'facebook_for_woocommerce_hourly_heartbeat','complete','2024-04-13 08:31:39','2024-04-13 10:31:39','[]','O:30:\"ActionScheduler_SimpleSchedule\":2:{s:22:\"\0*\0scheduled_timestamp\";i:1712997099;s:41:\"\0ActionScheduler_SimpleSchedule\0timestamp\";i:1712997099;}',0,1,'2024-04-13 09:11:40','2024-04-13 11:11:40',0,NULL),(3679,'facebook_for_woocommerce_hourly_heartbeat','complete','2024-04-13 09:11:41','2024-04-13 11:11:41','[]','O:30:\"ActionScheduler_SimpleSchedule\":2:{s:22:\"\0*\0scheduled_timestamp\";i:1712999501;s:41:\"\0ActionScheduler_SimpleSchedule\0timestamp\";i:1712999501;}',0,1,'2024-04-13 19:19:51','2024-04-13 21:19:51',0,NULL),(3680,'facebook_for_woocommerce_hourly_heartbeat','complete','2024-04-13 19:19:52','2024-04-13 21:19:52','[]','O:30:\"ActionScheduler_SimpleSchedule\":2:{s:22:\"\0*\0scheduled_timestamp\";i:1713035992;s:41:\"\0ActionScheduler_SimpleSchedule\0timestamp\";i:1713035992;}',0,1,'2024-04-13 19:19:58','2024-04-13 21:19:58',0,NULL),(3681,'facebook_for_woocommerce_daily_heartbeat','complete','2024-04-13 19:19:52','2024-04-13 21:19:52','[]','O:30:\"ActionScheduler_SimpleSchedule\":2:{s:22:\"\0*\0scheduled_timestamp\";i:1713035992;s:41:\"\0ActionScheduler_SimpleSchedule\0timestamp\";i:1713035992;}',0,1,'2024-04-13 19:19:58','2024-04-13 21:19:58',0,NULL),(3682,'wc_stripe_remove_order_locks','complete','2024-04-16 08:02:58','2024-04-16 10:02:58','[]','O:32:\"ActionScheduler_IntervalSchedule\":5:{s:22:\"\0*\0scheduled_timestamp\";i:1713254578;s:18:\"\0*\0first_timestamp\";i:1650844800;s:13:\"\0*\0recurrence\";i:86400;s:49:\"\0ActionScheduler_IntervalSchedule\0start_timestamp\";i:1713254578;s:53:\"\0ActionScheduler_IntervalSchedule\0interval_in_seconds\";i:86400;}',0,1,'2024-04-16 22:01:18','2024-04-17 00:01:18',0,NULL),(3683,'cartflows_ca_send_report_summary_email','complete','2024-04-22 08:02:58','2024-04-22 10:02:58','[]','O:32:\"ActionScheduler_IntervalSchedule\":5:{s:22:\"\0*\0scheduled_timestamp\";i:1713772978;s:18:\"\0*\0first_timestamp\";i:1655128800;s:13:\"\0*\0recurrence\";i:604800;s:49:\"\0ActionScheduler_IntervalSchedule\0start_timestamp\";i:1713772978;s:53:\"\0ActionScheduler_IntervalSchedule\0interval_in_seconds\";i:604800;}',0,1,'2024-04-22 22:14:18','2024-04-23 00:14:18',0,NULL),(3684,'facebook_for_woocommerce_hourly_heartbeat','complete','2024-04-15 08:02:58','2024-04-15 10:02:58','[]','O:30:\"ActionScheduler_SimpleSchedule\":2:{s:22:\"\0*\0scheduled_timestamp\";i:1713168178;s:41:\"\0ActionScheduler_SimpleSchedule\0timestamp\";i:1713168178;}',0,1,'2024-04-15 08:03:06','2024-04-15 10:03:06',0,NULL),(3685,'facebook_for_woocommerce_daily_heartbeat','complete','2024-04-15 08:03:02','2024-04-15 10:03:02','[]','O:30:\"ActionScheduler_SimpleSchedule\":2:{s:22:\"\0*\0scheduled_timestamp\";i:1713168182;s:41:\"\0ActionScheduler_SimpleSchedule\0timestamp\";i:1713168182;}',0,1,'2024-04-15 08:03:06','2024-04-15 10:03:06',0,NULL),(3686,'wc_stripe_remove_order_locks','complete','2024-04-17 22:01:18','2024-04-18 00:01:18','[]','O:32:\"ActionScheduler_IntervalSchedule\":5:{s:22:\"\0*\0scheduled_timestamp\";i:1713391278;s:18:\"\0*\0first_timestamp\";i:1650844800;s:13:\"\0*\0recurrence\";i:86400;s:49:\"\0ActionScheduler_IntervalSchedule\0start_timestamp\";i:1713391278;s:53:\"\0ActionScheduler_IntervalSchedule\0interval_in_seconds\";i:86400;}',0,1,'2024-04-17 23:19:31','2024-04-18 01:19:31',0,NULL),(3687,'facebook_for_woocommerce_hourly_heartbeat','complete','2024-04-16 22:01:19','2024-04-17 00:01:19','[]','O:30:\"ActionScheduler_SimpleSchedule\":2:{s:22:\"\0*\0scheduled_timestamp\";i:1713304879;s:41:\"\0ActionScheduler_SimpleSchedule\0timestamp\";i:1713304879;}',0,1,'2024-04-16 22:01:26','2024-04-17 00:01:26',0,NULL),(3688,'facebook_for_woocommerce_daily_heartbeat','complete','2024-04-16 22:01:19','2024-04-17 00:01:19','[]','O:30:\"ActionScheduler_SimpleSchedule\":2:{s:22:\"\0*\0scheduled_timestamp\";i:1713304879;s:41:\"\0ActionScheduler_SimpleSchedule\0timestamp\";i:1713304879;}',0,1,'2024-04-16 22:01:27','2024-04-17 00:01:27',0,NULL),(3689,'facebook_for_woocommerce_hourly_heartbeat','complete','2024-04-17 00:50:47','2024-04-17 02:50:47','[]','O:30:\"ActionScheduler_SimpleSchedule\":2:{s:22:\"\0*\0scheduled_timestamp\";i:1713315047;s:41:\"\0ActionScheduler_SimpleSchedule\0timestamp\";i:1713315047;}',0,1,'2024-04-17 21:31:47','2024-04-17 23:31:47',0,NULL),(3690,'facebook_for_woocommerce_hourly_heartbeat','complete','2024-04-17 21:31:48','2024-04-17 23:31:48','[]','O:30:\"ActionScheduler_SimpleSchedule\":2:{s:22:\"\0*\0scheduled_timestamp\";i:1713389508;s:41:\"\0ActionScheduler_SimpleSchedule\0timestamp\";i:1713389508;}',0,1,'2024-04-17 21:31:55','2024-04-17 23:31:55',0,NULL),(3691,'facebook_for_woocommerce_daily_heartbeat','complete','2024-04-17 21:31:50','2024-04-17 23:31:50','[]','O:30:\"ActionScheduler_SimpleSchedule\":2:{s:22:\"\0*\0scheduled_timestamp\";i:1713389510;s:41:\"\0ActionScheduler_SimpleSchedule\0timestamp\";i:1713389510;}',0,1,'2024-04-17 21:31:55','2024-04-17 23:31:55',0,NULL),(3692,'wc_stripe_remove_order_locks','complete','2024-04-18 23:19:31','2024-04-19 01:19:31','[]','O:32:\"ActionScheduler_IntervalSchedule\":5:{s:22:\"\0*\0scheduled_timestamp\";i:1713482371;s:18:\"\0*\0first_timestamp\";i:1650844800;s:13:\"\0*\0recurrence\";i:86400;s:49:\"\0ActionScheduler_IntervalSchedule\0start_timestamp\";i:1713482371;s:53:\"\0ActionScheduler_IntervalSchedule\0interval_in_seconds\";i:86400;}',0,1,'2024-04-19 07:26:03','2024-04-19 09:26:03',0,NULL),(3693,'facebook_for_woocommerce_hourly_heartbeat','complete','2024-04-17 23:19:32','2024-04-18 01:19:32','[]','O:30:\"ActionScheduler_SimpleSchedule\":2:{s:22:\"\0*\0scheduled_timestamp\";i:1713395972;s:41:\"\0ActionScheduler_SimpleSchedule\0timestamp\";i:1713395972;}',0,1,'2024-04-18 08:09:03','2024-04-18 10:09:03',0,NULL),(3694,'facebook_for_woocommerce_hourly_heartbeat','complete','2024-04-18 08:09:03','2024-04-18 10:09:03','[]','O:30:\"ActionScheduler_SimpleSchedule\":2:{s:22:\"\0*\0scheduled_timestamp\";i:1713427743;s:41:\"\0ActionScheduler_SimpleSchedule\0timestamp\";i:1713427743;}',0,1,'2024-04-18 16:43:09','2024-04-18 18:43:09',0,NULL),(3695,'facebook_for_woocommerce_hourly_heartbeat','complete','2024-04-18 16:43:09','2024-04-18 18:43:09','[]','O:30:\"ActionScheduler_SimpleSchedule\":2:{s:22:\"\0*\0scheduled_timestamp\";i:1713458589;s:41:\"\0ActionScheduler_SimpleSchedule\0timestamp\";i:1713458589;}',0,1,'2024-04-18 22:18:20','2024-04-19 00:18:20',0,NULL),(3696,'facebook_for_woocommerce_daily_heartbeat','complete','2024-04-18 16:43:09','2024-04-18 18:43:09','[]','O:30:\"ActionScheduler_SimpleSchedule\":2:{s:22:\"\0*\0scheduled_timestamp\";i:1713458589;s:41:\"\0ActionScheduler_SimpleSchedule\0timestamp\";i:1713458589;}',0,1,'2024-04-18 22:18:20','2024-04-19 00:18:20',0,NULL),(3697,'facebook_for_woocommerce_hourly_heartbeat','complete','2024-04-18 22:18:20','2024-04-19 00:18:20','[]','O:30:\"ActionScheduler_SimpleSchedule\":2:{s:22:\"\0*\0scheduled_timestamp\";i:1713478700;s:41:\"\0ActionScheduler_SimpleSchedule\0timestamp\";i:1713478700;}',0,1,'2024-04-18 22:18:25','2024-04-19 00:18:25',0,NULL),(3698,'wc_stripe_remove_order_locks','complete','2024-04-20 07:26:03','2024-04-20 09:26:03','[]','O:32:\"ActionScheduler_IntervalSchedule\":5:{s:22:\"\0*\0scheduled_timestamp\";i:1713597963;s:18:\"\0*\0first_timestamp\";i:1650844800;s:13:\"\0*\0recurrence\";i:86400;s:49:\"\0ActionScheduler_IntervalSchedule\0start_timestamp\";i:1713597963;s:53:\"\0ActionScheduler_IntervalSchedule\0interval_in_seconds\";i:86400;}',0,1,'2024-04-20 08:20:01','2024-04-20 10:20:01',0,NULL),(3699,'facebook_for_woocommerce_hourly_heartbeat','complete','2024-04-19 07:26:04','2024-04-19 09:26:04','[]','O:30:\"ActionScheduler_SimpleSchedule\":2:{s:22:\"\0*\0scheduled_timestamp\";i:1713511564;s:41:\"\0ActionScheduler_SimpleSchedule\0timestamp\";i:1713511564;}',0,1,'2024-04-20 03:39:46','2024-04-20 05:39:46',0,NULL),(3700,'facebook_for_woocommerce_hourly_heartbeat','complete','2024-04-20 03:39:46','2024-04-20 05:39:46','[]','O:30:\"ActionScheduler_SimpleSchedule\":2:{s:22:\"\0*\0scheduled_timestamp\";i:1713584386;s:41:\"\0ActionScheduler_SimpleSchedule\0timestamp\";i:1713584386;}',0,1,'2024-04-20 03:39:53','2024-04-20 05:39:53',0,NULL),(3701,'facebook_for_woocommerce_daily_heartbeat','complete','2024-04-20 03:39:46','2024-04-20 05:39:46','[]','O:30:\"ActionScheduler_SimpleSchedule\":2:{s:22:\"\0*\0scheduled_timestamp\";i:1713584386;s:41:\"\0ActionScheduler_SimpleSchedule\0timestamp\";i:1713584386;}',0,1,'2024-04-20 03:39:53','2024-04-20 05:39:53',0,NULL),(3702,'wc_stripe_remove_order_locks','complete','2024-04-21 08:20:01','2024-04-21 10:20:01','[]','O:32:\"ActionScheduler_IntervalSchedule\":5:{s:22:\"\0*\0scheduled_timestamp\";i:1713687601;s:18:\"\0*\0first_timestamp\";i:1650844800;s:13:\"\0*\0recurrence\";i:86400;s:49:\"\0ActionScheduler_IntervalSchedule\0start_timestamp\";i:1713687601;s:53:\"\0ActionScheduler_IntervalSchedule\0interval_in_seconds\";i:86400;}',0,1,'2024-04-21 19:48:16','2024-04-21 21:48:16',0,NULL),(3703,'facebook_for_woocommerce_hourly_heartbeat','complete','2024-04-20 08:20:01','2024-04-20 10:20:01','[]','O:30:\"ActionScheduler_SimpleSchedule\":2:{s:22:\"\0*\0scheduled_timestamp\";i:1713601201;s:41:\"\0ActionScheduler_SimpleSchedule\0timestamp\";i:1713601201;}',0,1,'2024-04-20 10:15:03','2024-04-20 12:15:03',0,NULL),(3704,'facebook_for_woocommerce_hourly_heartbeat','complete','2024-04-20 10:15:03','2024-04-20 12:15:03','[]','O:30:\"ActionScheduler_SimpleSchedule\":2:{s:22:\"\0*\0scheduled_timestamp\";i:1713608103;s:41:\"\0ActionScheduler_SimpleSchedule\0timestamp\";i:1713608103;}',0,1,'2024-04-20 11:36:47','2024-04-20 13:36:47',0,NULL),(3705,'facebook_for_woocommerce_daily_heartbeat','complete','2024-04-20 11:36:47','2024-04-20 13:36:47','[]','O:30:\"ActionScheduler_SimpleSchedule\":2:{s:22:\"\0*\0scheduled_timestamp\";i:1713613007;s:41:\"\0ActionScheduler_SimpleSchedule\0timestamp\";i:1713613007;}',0,1,'2024-04-20 23:26:15','2024-04-21 01:26:15',0,NULL),(3706,'facebook_for_woocommerce_hourly_heartbeat','complete','2024-04-20 11:36:47','2024-04-20 13:36:47','[]','O:30:\"ActionScheduler_SimpleSchedule\":2:{s:22:\"\0*\0scheduled_timestamp\";i:1713613007;s:41:\"\0ActionScheduler_SimpleSchedule\0timestamp\";i:1713613007;}',0,1,'2024-04-20 23:26:15','2024-04-21 01:26:15',0,NULL),(3707,'facebook_for_woocommerce_hourly_heartbeat','complete','2024-04-20 23:26:16','2024-04-21 01:26:16','[]','O:30:\"ActionScheduler_SimpleSchedule\":2:{s:22:\"\0*\0scheduled_timestamp\";i:1713655576;s:41:\"\0ActionScheduler_SimpleSchedule\0timestamp\";i:1713655576;}',0,1,'2024-04-20 23:26:21','2024-04-21 01:26:21',0,NULL),(3708,'facebook_for_woocommerce_hourly_heartbeat','complete','2024-04-21 06:09:24','2024-04-21 08:09:24','[]','O:30:\"ActionScheduler_SimpleSchedule\":2:{s:22:\"\0*\0scheduled_timestamp\";i:1713679764;s:41:\"\0ActionScheduler_SimpleSchedule\0timestamp\";i:1713679764;}',0,1,'2024-04-21 06:09:26','2024-04-21 08:09:26',0,NULL),(3709,'wc_stripe_remove_order_locks','complete','2024-04-22 19:48:16','2024-04-22 21:48:16','[]','O:32:\"ActionScheduler_IntervalSchedule\":5:{s:22:\"\0*\0scheduled_timestamp\";i:1713815296;s:18:\"\0*\0first_timestamp\";i:1650844800;s:13:\"\0*\0recurrence\";i:86400;s:49:\"\0ActionScheduler_IntervalSchedule\0start_timestamp\";i:1713815296;s:53:\"\0ActionScheduler_IntervalSchedule\0interval_in_seconds\";i:86400;}',0,1,'2024-04-22 22:14:18','2024-04-23 00:14:18',0,NULL),(3710,'facebook_for_woocommerce_hourly_heartbeat','complete','2024-04-21 19:48:17','2024-04-21 21:48:17','[]','O:30:\"ActionScheduler_SimpleSchedule\":2:{s:22:\"\0*\0scheduled_timestamp\";i:1713728897;s:41:\"\0ActionScheduler_SimpleSchedule\0timestamp\";i:1713728897;}',0,1,'2024-04-21 19:48:24','2024-04-21 21:48:24',0,NULL),(3711,'facebook_for_woocommerce_daily_heartbeat','complete','2024-04-21 19:48:17','2024-04-21 21:48:17','[]','O:30:\"ActionScheduler_SimpleSchedule\":2:{s:22:\"\0*\0scheduled_timestamp\";i:1713728897;s:41:\"\0ActionScheduler_SimpleSchedule\0timestamp\";i:1713728897;}',0,1,'2024-04-21 19:48:24','2024-04-21 21:48:24',0,NULL),(3712,'facebook_for_woocommerce_hourly_heartbeat','complete','2024-04-22 00:08:13','2024-04-22 02:08:13','[]','O:30:\"ActionScheduler_SimpleSchedule\":2:{s:22:\"\0*\0scheduled_timestamp\";i:1713744493;s:41:\"\0ActionScheduler_SimpleSchedule\0timestamp\";i:1713744493;}',0,1,'2024-04-22 22:14:18','2024-04-23 00:14:18',0,NULL),(3713,'cartflows_ca_send_report_summary_email','pending','2024-04-29 22:14:18','2024-04-30 00:14:18','[]','O:32:\"ActionScheduler_IntervalSchedule\":5:{s:22:\"\0*\0scheduled_timestamp\";i:1714428858;s:18:\"\0*\0first_timestamp\";i:1655128800;s:13:\"\0*\0recurrence\";i:604800;s:49:\"\0ActionScheduler_IntervalSchedule\0start_timestamp\";i:1714428858;s:53:\"\0ActionScheduler_IntervalSchedule\0interval_in_seconds\";i:604800;}',0,0,'0000-00-00 00:00:00','0000-00-00 00:00:00',0,NULL),(3714,'wc_stripe_remove_order_locks','complete','2024-04-23 22:14:18','2024-04-24 00:14:18','[]','O:32:\"ActionScheduler_IntervalSchedule\":5:{s:22:\"\0*\0scheduled_timestamp\";i:1713910458;s:18:\"\0*\0first_timestamp\";i:1650844800;s:13:\"\0*\0recurrence\";i:86400;s:49:\"\0ActionScheduler_IntervalSchedule\0start_timestamp\";i:1713910458;s:53:\"\0ActionScheduler_IntervalSchedule\0interval_in_seconds\";i:86400;}',0,1,'2024-04-24 07:36:22','2024-04-24 09:36:22',0,NULL),(3715,'facebook_for_woocommerce_hourly_heartbeat','complete','2024-04-22 22:14:19','2024-04-23 00:14:19','[]','O:30:\"ActionScheduler_SimpleSchedule\":2:{s:22:\"\0*\0scheduled_timestamp\";i:1713824059;s:41:\"\0ActionScheduler_SimpleSchedule\0timestamp\";i:1713824059;}',0,1,'2024-04-22 22:14:31','2024-04-23 00:14:31',0,NULL),(3716,'facebook_for_woocommerce_daily_heartbeat','complete','2024-04-22 22:14:22','2024-04-23 00:14:22','[]','O:30:\"ActionScheduler_SimpleSchedule\":2:{s:22:\"\0*\0scheduled_timestamp\";i:1713824062;s:41:\"\0ActionScheduler_SimpleSchedule\0timestamp\";i:1713824062;}',0,1,'2024-04-22 22:14:32','2024-04-23 00:14:32',0,NULL),(3717,'facebook_for_woocommerce_hourly_heartbeat','complete','2024-04-23 00:39:20','2024-04-23 02:39:20','[]','O:30:\"ActionScheduler_SimpleSchedule\":2:{s:22:\"\0*\0scheduled_timestamp\";i:1713832760;s:41:\"\0ActionScheduler_SimpleSchedule\0timestamp\";i:1713832760;}',0,1,'2024-04-23 17:10:31','2024-04-23 19:10:31',0,NULL),(3718,'facebook_for_woocommerce_hourly_heartbeat','complete','2024-04-23 17:10:32','2024-04-23 19:10:32','[]','O:30:\"ActionScheduler_SimpleSchedule\":2:{s:22:\"\0*\0scheduled_timestamp\";i:1713892232;s:41:\"\0ActionScheduler_SimpleSchedule\0timestamp\";i:1713892232;}',0,1,'2024-04-23 21:35:18','2024-04-23 23:35:18',0,NULL),(3719,'facebook_for_woocommerce_daily_heartbeat','complete','2024-04-23 17:10:34','2024-04-23 19:10:34','[]','O:30:\"ActionScheduler_SimpleSchedule\":2:{s:22:\"\0*\0scheduled_timestamp\";i:1713892234;s:41:\"\0ActionScheduler_SimpleSchedule\0timestamp\";i:1713892234;}',0,1,'2024-04-23 21:35:18','2024-04-23 23:35:18',0,NULL),(3720,'facebook_for_woocommerce_hourly_heartbeat','complete','2024-04-23 21:35:18','2024-04-23 23:35:18','[]','O:30:\"ActionScheduler_SimpleSchedule\":2:{s:22:\"\0*\0scheduled_timestamp\";i:1713908118;s:41:\"\0ActionScheduler_SimpleSchedule\0timestamp\";i:1713908118;}',0,1,'2024-04-23 21:35:23','2024-04-23 23:35:23',0,NULL),(3721,'wc_stripe_remove_order_locks','pending','2024-04-25 07:36:22','2024-04-25 09:36:22','[]','O:32:\"ActionScheduler_IntervalSchedule\":5:{s:22:\"\0*\0scheduled_timestamp\";i:1714030582;s:18:\"\0*\0first_timestamp\";i:1650844800;s:13:\"\0*\0recurrence\";i:86400;s:49:\"\0ActionScheduler_IntervalSchedule\0start_timestamp\";i:1714030582;s:53:\"\0ActionScheduler_IntervalSchedule\0interval_in_seconds\";i:86400;}',0,0,'0000-00-00 00:00:00','0000-00-00 00:00:00',0,NULL),(3722,'facebook_for_woocommerce_hourly_heartbeat','complete','2024-04-24 07:36:23','2024-04-24 09:36:23','[]','O:30:\"ActionScheduler_SimpleSchedule\":2:{s:22:\"\0*\0scheduled_timestamp\";i:1713944183;s:41:\"\0ActionScheduler_SimpleSchedule\0timestamp\";i:1713944183;}',0,1,'2024-04-24 17:09:01','2024-04-24 19:09:01',0,NULL),(3723,'facebook_for_woocommerce_hourly_heartbeat','complete','2024-04-24 17:09:01','2024-04-24 19:09:01','[]','O:30:\"ActionScheduler_SimpleSchedule\":2:{s:22:\"\0*\0scheduled_timestamp\";i:1713978541;s:41:\"\0ActionScheduler_SimpleSchedule\0timestamp\";i:1713978541;}',0,1,'2024-04-24 20:04:02','2024-04-24 22:04:02',0,NULL),(3724,'facebook_for_woocommerce_daily_heartbeat','complete','2024-04-24 17:09:01','2024-04-24 19:09:01','[]','O:30:\"ActionScheduler_SimpleSchedule\":2:{s:22:\"\0*\0scheduled_timestamp\";i:1713978541;s:41:\"\0ActionScheduler_SimpleSchedule\0timestamp\";i:1713978541;}',0,1,'2024-04-24 20:04:02','2024-04-24 22:04:02',0,NULL),(3725,'facebook_for_woocommerce_hourly_heartbeat','complete','2024-04-24 20:04:03','2024-04-24 22:04:03','[]','O:30:\"ActionScheduler_SimpleSchedule\":2:{s:22:\"\0*\0scheduled_timestamp\";i:1713989043;s:41:\"\0ActionScheduler_SimpleSchedule\0timestamp\";i:1713989043;}',0,1,'2024-04-24 20:04:08','2024-04-24 22:04:08',0,NULL);

--
-- Table structure for table `wp_8_actionscheduler_claims`
--

CREATE TABLE `wp_8_actionscheduler_claims` (
  `claim_id` bigint unsigned NOT NULL AUTO_INCREMENT,
  `date_created_gmt` datetime DEFAULT '0000-00-00 00:00:00',
  PRIMARY KEY (`claim_id`),
  KEY `date_created_gmt` (`date_created_gmt`)
) ENGINE=InnoDB AUTO_INCREMENT=1813 DEFAULT CHARSET=utf8mb4 COLLATE=utf8mb4_unicode_ci;

--
-- Dumping data for table `wp_8_actionscheduler_claims`
--


--
-- Table structure for table `wp_8_actionscheduler_groups`
--

CREATE TABLE `wp_8_actionscheduler_groups` (
  `group_id` bigint unsigned NOT NULL AUTO_INCREMENT,
  `slug` varchar(255) CHARACTER SET utf8mb4 COLLATE utf8mb4_unicode_ci NOT NULL,
  PRIMARY KEY (`group_id`),
  KEY `slug` (`slug`(191))
) ENGINE=InnoDB AUTO_INCREMENT=4 DEFAULT CHARSET=utf8mb4 COLLATE=utf8mb4_unicode_ci;

--
-- Dumping data for table `wp_8_actionscheduler_groups`
--

INSERT INTO `wp_8_actionscheduler_groups` VALUES (1,'action-scheduler-migration'),(2,'wc-admin-data'),(3,'woocommerce-db-updates');

--
-- Table structure for table `wp_8_actionscheduler_logs`
--

CREATE TABLE `wp_8_actionscheduler_logs` (
  `log_id` bigint unsigned NOT NULL AUTO_INCREMENT,
  `action_id` bigint unsigned NOT NULL,
  `message` text CHARACTER SET utf8mb4 COLLATE utf8mb4_unicode_ci NOT NULL,
  `log_date_gmt` datetime DEFAULT '0000-00-00 00:00:00',
  `log_date_local` datetime DEFAULT '0000-00-00 00:00:00',
  PRIMARY KEY (`log_id`),
  KEY `action_id` (`action_id`),
  KEY `log_date_gmt` (`log_date_gmt`)
) ENGINE=InnoDB AUTO_INCREMENT=11160 DEFAULT CHARSET=utf8mb4 COLLATE=utf8mb4_unicode_ci;

--
-- Dumping data for table `wp_8_actionscheduler_logs`
--

INSERT INTO `wp_8_actionscheduler_logs` VALUES (10676,3564,'action créée','2024-03-24 16:19:39','2024-03-24 17:19:39'),(10679,3565,'action créée','2024-03-24 16:19:40','2024-03-24 17:19:40'),(10680,3566,'action créée','2024-03-24 16:19:40','2024-03-24 17:19:40'),(10681,3567,'action créée','2024-03-24 16:19:40','2024-03-24 17:19:40'),(10682,3566,'action lancée via WP Cron','2024-03-25 03:55:25','2024-03-25 04:55:25'),(10683,3566,'action terminée via WP Cron','2024-03-25 03:55:26','2024-03-25 04:55:26'),(10684,3567,'action lancée via WP Cron','2024-03-25 03:55:26','2024-03-25 04:55:26'),(10685,3567,'action terminée via WP Cron','2024-03-25 03:55:26','2024-03-25 04:55:26'),(10686,3568,'action créée','2024-03-25 03:55:26','2024-03-25 04:55:26'),(10687,3568,'action lancée via WP Cron','2024-03-25 08:49:33','2024-03-25 09:49:33'),(10688,3568,'action terminée via WP Cron','2024-03-25 08:49:33','2024-03-25 09:49:33'),(10689,3569,'action créée','2024-03-25 08:49:34','2024-03-25 09:49:34'),(10690,3569,'action lancée via WP Cron','2024-03-25 22:34:10','2024-03-25 23:34:10'),(10691,3569,'action terminée via WP Cron','2024-03-25 22:34:10','2024-03-25 23:34:10'),(10692,3564,'action lancée via WP Cron','2024-03-25 22:34:10','2024-03-25 23:34:10'),(10693,3564,'action terminée via WP Cron','2024-03-25 22:34:10','2024-03-25 23:34:10'),(10694,3570,'action créée','2024-03-25 22:34:11','2024-03-25 23:34:11'),(10695,3571,'action créée','2024-03-25 22:34:11','2024-03-25 23:34:11'),(10696,3572,'action créée','2024-03-25 22:34:11','2024-03-25 23:34:11'),(10697,3571,'action lancée via Async Request','2024-03-25 22:34:19','2024-03-25 23:34:19'),(10698,3571,'action terminée via Async Request','2024-03-25 22:34:19','2024-03-25 23:34:19'),(10699,3572,'action lancée via Async Request','2024-03-25 22:34:19','2024-03-25 23:34:19'),(10700,3572,'action terminée via Async Request','2024-03-25 22:34:19','2024-03-25 23:34:19'),(10701,3573,'action créée','2024-03-26 01:49:51','2024-03-26 02:49:51'),(10702,3573,'action lancée via WP Cron','2024-03-26 01:49:51','2024-03-26 02:49:51'),(10703,3573,'action terminée via WP Cron','2024-03-26 01:49:51','2024-03-26 02:49:51'),(10704,3574,'action créée','2024-03-26 08:36:12','2024-03-26 09:36:12'),(10705,3574,'action lancée via WP Cron','2024-03-26 19:44:55','2024-03-26 20:44:55'),(10706,3574,'action terminée via WP Cron','2024-03-26 19:44:55','2024-03-26 20:44:55'),(10707,3575,'action créée','2024-03-26 19:44:56','2024-03-26 20:44:56'),(10708,3576,'action créée','2024-03-26 19:44:56','2024-03-26 20:44:56'),(10709,3575,'action lancée via Async Request','2024-03-26 19:45:02','2024-03-26 20:45:02'),(10710,3575,'action terminée via Async Request','2024-03-26 19:45:02','2024-03-26 20:45:02'),(10711,3576,'action lancée via Async Request','2024-03-26 19:45:02','2024-03-26 20:45:02'),(10712,3576,'action terminée via Async Request','2024-03-26 19:45:02','2024-03-26 20:45:02'),(10713,3570,'action lancée via WP Cron','2024-03-26 22:57:34','2024-03-26 23:57:34'),(10714,3570,'action terminée via WP Cron','2024-03-26 22:57:34','2024-03-26 23:57:34'),(10715,3577,'action créée','2024-03-26 22:57:34','2024-03-26 23:57:34'),(10716,3578,'action créée','2024-03-26 22:57:34','2024-03-26 23:57:34'),(10717,3578,'action lancée via WP Cron','2024-03-27 03:12:58','2024-03-27 04:12:58'),(10718,3578,'action terminée via WP Cron','2024-03-27 03:12:58','2024-03-27 04:12:58'),(10719,3579,'action créée','2024-03-27 03:12:59','2024-03-27 04:12:59'),(10720,3579,'action lancée via WP Cron','2024-03-27 04:14:02','2024-03-27 05:14:02'),(10721,3579,'action terminée via WP Cron','2024-03-27 04:14:02','2024-03-27 05:14:02'),(10722,3580,'action créée','2024-03-27 04:14:04','2024-03-27 05:14:04'),(10723,3580,'action lancée via WP Cron','2024-03-27 08:19:26','2024-03-27 09:19:26'),(10724,3580,'action terminée via WP Cron','2024-03-27 08:19:26','2024-03-27 09:19:26'),(10725,3581,'action créée','2024-03-27 08:19:27','2024-03-27 09:19:27'),(10726,3581,'action lancée via WP Cron','2024-03-27 11:01:54','2024-03-27 12:01:54'),(10727,3581,'action terminée via WP Cron','2024-03-27 11:01:54','2024-03-27 12:01:54'),(10728,3582,'action créée','2024-03-27 11:01:54','2024-03-27 12:01:54'),(10729,3583,'action créée','2024-03-27 11:01:55','2024-03-27 12:01:55'),(10730,3582,'action lancée via WP Cron','2024-03-27 12:53:40','2024-03-27 13:53:40'),(10731,3582,'action terminée via WP Cron','2024-03-27 12:53:40','2024-03-27 13:53:40'),(10732,3583,'action lancée via WP Cron','2024-03-27 12:53:40','2024-03-27 13:53:40'),(10733,3583,'action terminée via WP Cron','2024-03-27 12:53:40','2024-03-27 13:53:40'),(10734,3584,'action créée','2024-03-27 12:53:41','2024-03-27 13:53:41'),(10735,3584,'action lancée via WP Cron','2024-03-28 00:03:34','2024-03-28 01:03:34'),(10736,3584,'action terminée via WP Cron','2024-03-28 00:03:34','2024-03-28 01:03:34'),(10737,3577,'action lancée via WP Cron','2024-03-28 00:03:34','2024-03-28 01:03:34'),(10738,3577,'action terminée via WP Cron','2024-03-28 00:03:34','2024-03-28 01:03:34'),(10739,3585,'action créée','2024-03-28 00:03:34','2024-03-28 01:03:34'),(10740,3586,'action créée','2024-03-28 00:03:35','2024-03-28 01:03:35'),(10741,3586,'action lancée via Async Request','2024-03-28 00:03:42','2024-03-28 01:03:42'),(10742,3586,'action terminée via Async Request','2024-03-28 00:03:42','2024-03-28 01:03:42'),(10743,3587,'action créée','2024-03-28 05:48:05','2024-03-28 06:48:05'),(10744,3587,'action lancée via WP Cron','2024-03-28 07:40:58','2024-03-28 08:40:58'),(10745,3587,'action terminée via WP Cron','2024-03-28 07:40:58','2024-03-28 08:40:58'),(10746,3588,'action créée','2024-03-28 07:40:59','2024-03-28 08:40:59'),(10747,3588,'action lancée via WP Cron','2024-03-28 10:42:23','2024-03-28 11:42:23'),(10748,3588,'action terminée via WP Cron','2024-03-28 10:42:23','2024-03-28 11:42:23'),(10749,3589,'action créée','2024-03-28 10:42:23','2024-03-28 11:42:23'),(10750,3589,'action lancée via WP Cron','2024-03-28 20:59:22','2024-03-28 21:59:22'),(10751,3589,'action terminée via WP Cron','2024-03-28 20:59:22','2024-03-28 21:59:22'),(10752,3590,'action créée','2024-03-28 20:59:23','2024-03-28 21:59:23'),(10753,3591,'action créée','2024-03-28 20:59:23','2024-03-28 21:59:23'),(10754,3590,'action lancée via Async Request','2024-03-28 20:59:30','2024-03-28 21:59:30'),(10755,3590,'action terminée via Async Request','2024-03-28 20:59:30','2024-03-28 21:59:30'),(10756,3591,'action lancée via Async Request','2024-03-28 20:59:30','2024-03-28 21:59:30'),(10757,3591,'action terminée via Async Request','2024-03-28 20:59:31','2024-03-28 21:59:31'),(10758,3592,'action créée','2024-03-29 01:03:18','2024-03-29 02:03:18'),(10759,3585,'action lancée via WP Cron','2024-03-29 01:03:18','2024-03-29 02:03:18'),(10760,3585,'action terminée via WP Cron','2024-03-29 01:03:19','2024-03-29 02:03:19'),(10761,3593,'action créée','2024-03-29 01:03:19','2024-03-29 02:03:19'),(10762,3592,'action lancée via WP Cron','2024-03-29 01:03:19','2024-03-29 02:03:19'),(10763,3592,'action terminée via WP Cron','2024-03-29 01:03:19','2024-03-29 02:03:19'),(10764,3594,'action créée','2024-03-29 03:08:45','2024-03-29 04:08:45'),(10765,3594,'action lancée via WP Cron','2024-03-29 05:51:27','2024-03-29 06:51:27'),(10766,3594,'action terminée via WP Cron','2024-03-29 05:51:27','2024-03-29 06:51:27'),(10767,3595,'action créée','2024-03-29 05:51:29','2024-03-29 06:51:29'),(10768,3595,'action lancée via WP Cron','2024-03-29 06:15:58','2024-03-29 07:15:58'),(10769,3595,'action terminée via WP Cron','2024-03-29 06:15:58','2024-03-29 07:15:58'),(10770,3596,'action créée','2024-03-29 06:15:59','2024-03-29 07:15:59'),(10771,3596,'action lancée via WP Cron','2024-03-29 10:14:28','2024-03-29 11:14:28'),(10772,3596,'action terminée via WP Cron','2024-03-29 10:14:29','2024-03-29 11:14:29'),(10773,3597,'action créée','2024-03-29 10:14:29','2024-03-29 11:14:29'),(10774,3597,'action lancée via WP Cron','2024-03-29 16:46:34','2024-03-29 17:46:34'),(10775,3597,'action terminée via WP Cron','2024-03-29 16:46:34','2024-03-29 17:46:34'),(10776,3598,'action créée','2024-03-29 16:46:35','2024-03-29 17:46:35'),(10777,3599,'action créée','2024-03-29 16:46:35','2024-03-29 17:46:35'),(10778,3598,'action lancée via WP Cron','2024-03-30 04:05:42','2024-03-30 05:05:42'),(10779,3598,'action terminée via WP Cron','2024-03-30 04:05:42','2024-03-30 05:05:42'),(10780,3599,'action lancée via WP Cron','2024-03-30 04:05:42','2024-03-30 05:05:42'),(10781,3599,'action terminée via WP Cron','2024-03-30 04:05:42','2024-03-30 05:05:42'),(10782,3593,'action lancée via WP Cron','2024-03-30 04:05:42','2024-03-30 05:05:42'),(10783,3593,'action terminée via WP Cron','2024-03-30 04:05:42','2024-03-30 05:05:42'),(10784,3600,'action créée','2024-03-30 04:05:42','2024-03-30 05:05:42'),(10785,3601,'action créée','2024-03-30 04:05:42','2024-03-30 05:05:42'),(10786,3601,'action lancée via Async Request','2024-03-30 04:05:46','2024-03-30 05:05:46'),(10787,3601,'action terminée via Async Request','2024-03-30 04:05:46','2024-03-30 05:05:46'),(10788,3602,'action créée','2024-03-30 21:19:21','2024-03-30 22:19:21'),(10789,3603,'action créée','2024-03-30 21:19:21','2024-03-30 22:19:21'),(10790,3602,'action lancée via Async Request','2024-03-30 21:19:27','2024-03-30 22:19:27'),(10791,3602,'action terminée via Async Request','2024-03-30 21:19:27','2024-03-30 22:19:27'),(10792,3603,'action lancée via Async Request','2024-03-30 21:19:27','2024-03-30 22:19:27'),(10793,3603,'action terminée via Async Request','2024-03-30 21:19:27','2024-03-30 22:19:27'),(10794,3604,'action créée','2024-03-30 23:43:44','2024-03-31 00:43:44'),(10795,3604,'action lancée via WP Cron','2024-03-31 03:19:55','2024-03-31 05:19:55'),(10796,3604,'action terminée via WP Cron','2024-03-31 03:19:55','2024-03-31 05:19:55'),(10797,3605,'action créée','2024-03-31 03:19:56','2024-03-31 05:19:56'),(10798,3605,'action lancée via WP Cron','2024-03-31 08:51:20','2024-03-31 10:51:20'),(10799,3605,'action terminée via WP Cron','2024-03-31 08:51:20','2024-03-31 10:51:20'),(10800,3600,'action lancée via WP Cron','2024-03-31 08:51:20','2024-03-31 10:51:20'),(10801,3600,'action terminée via WP Cron','2024-03-31 08:51:21','2024-03-31 10:51:21'),(10802,3606,'action créée','2024-03-31 08:51:21','2024-03-31 10:51:21'),(10803,3607,'action créée','2024-03-31 08:51:21','2024-03-31 10:51:21'),(10804,3607,'action lancée via WP Cron','2024-03-31 13:26:44','2024-03-31 15:26:44'),(10805,3607,'action terminée via WP Cron','2024-03-31 13:26:44','2024-03-31 15:26:44'),(10806,3608,'action créée','2024-03-31 13:26:45','2024-03-31 15:26:45'),(10807,3609,'action créée','2024-03-31 13:26:45','2024-03-31 15:26:45'),(10808,3608,'action lancée via WP Cron','2024-03-31 19:03:36','2024-03-31 21:03:36'),(10809,3608,'action terminée via WP Cron','2024-03-31 19:03:36','2024-03-31 21:03:36'),(10810,3609,'action lancée via WP Cron','2024-03-31 19:03:36','2024-03-31 21:03:36'),(10811,3609,'action terminée via WP Cron','2024-03-31 19:03:36','2024-03-31 21:03:36'),(10812,3565,'action lancée via WP Cron','2024-03-31 19:03:36','2024-03-31 21:03:36'),(10813,3565,'action terminée via WP Cron','2024-03-31 19:03:36','2024-03-31 21:03:36'),(10814,3610,'action créée','2024-03-31 19:03:37','2024-03-31 21:03:37'),(10815,3611,'action créée','2024-03-31 19:03:37','2024-03-31 21:03:37'),(10816,3611,'action lancée via Async Request','2024-03-31 19:03:43','2024-03-31 21:03:43'),(10817,3611,'action terminée via Async Request','2024-03-31 19:03:43','2024-03-31 21:03:43'),(10818,3612,'action créée','2024-03-31 21:53:03','2024-03-31 23:53:03'),(10819,3612,'action lancée via WP Cron','2024-04-01 03:47:33','2024-04-01 05:47:33'),(10820,3612,'action terminée via WP Cron','2024-04-01 03:47:33','2024-04-01 05:47:33'),(10821,3613,'action créée','2024-04-01 03:47:34','2024-04-01 05:47:34'),(10822,3613,'action lancée via WP Cron','2024-04-01 10:02:09','2024-04-01 12:02:09'),(10823,3613,'action terminée via WP Cron','2024-04-01 10:02:09','2024-04-01 12:02:09'),(10824,3606,'action lancée via WP Cron','2024-04-01 10:02:09','2024-04-01 12:02:09'),(10825,3606,'action terminée via WP Cron','2024-04-01 10:02:09','2024-04-01 12:02:09'),(10826,3614,'action créée','2024-04-01 10:02:09','2024-04-01 12:02:09'),(10827,3615,'action créée','2024-04-01 10:02:10','2024-04-01 12:02:10'),(10828,3615,'action lancée via WP Cron','2024-04-01 12:02:13','2024-04-01 14:02:13'),(10829,3615,'action terminée via WP Cron','2024-04-01 12:02:13','2024-04-01 14:02:13'),(10830,3616,'action créée','2024-04-01 12:02:14','2024-04-01 14:02:14'),(10831,3617,'action créée','2024-04-01 12:02:14','2024-04-01 14:02:14'),(10832,3616,'action lancée via WP Cron','2024-04-01 14:52:30','2024-04-01 16:52:30'),(10833,3616,'action terminée via WP Cron','2024-04-01 14:52:30','2024-04-01 16:52:30'),(10834,3617,'action lancée via WP Cron','2024-04-01 14:52:30','2024-04-01 16:52:30'),(10835,3617,'action terminée via WP Cron','2024-04-01 14:52:30','2024-04-01 16:52:30'),(10836,3618,'action créée','2024-04-01 14:52:31','2024-04-01 16:52:31'),(10837,3618,'action lancée via WP Cron','2024-04-02 01:11:54','2024-04-02 03:11:54'),(10838,3618,'action terminée via WP Cron','2024-04-02 01:11:54','2024-04-02 03:11:54'),(10839,3619,'action créée','2024-04-02 01:11:55','2024-04-02 03:11:55'),(10840,3619,'action lancée via Async Request','2024-04-02 01:12:04','2024-04-02 03:12:04'),(10841,3619,'action terminée via Async Request','2024-04-02 01:12:04','2024-04-02 03:12:04'),(10842,3620,'action créée','2024-04-02 02:48:04','2024-04-02 04:48:04'),(10843,3620,'action lancée via WP Cron','2024-04-02 04:33:01','2024-04-02 06:33:01'),(10844,3620,'action terminée via WP Cron','2024-04-02 04:33:01','2024-04-02 06:33:01'),(10845,3621,'action créée','2024-04-02 04:33:02','2024-04-02 06:33:02'),(10846,3621,'action lancée via WP Cron','2024-04-02 07:42:39','2024-04-02 09:42:39'),(10847,3621,'action terminée via WP Cron','2024-04-02 07:42:39','2024-04-02 09:42:39'),(10848,3622,'action créée','2024-04-02 07:42:40','2024-04-02 09:42:40'),(10849,3622,'action lancée via WP Cron','2024-04-02 14:57:02','2024-04-02 16:57:02'),(10850,3622,'action terminée via WP Cron','2024-04-02 14:57:02','2024-04-02 16:57:02'),(10851,3614,'action lancée via WP Cron','2024-04-02 14:57:02','2024-04-02 16:57:02'),(10852,3614,'action terminée via WP Cron','2024-04-02 14:57:02','2024-04-02 16:57:02'),(10853,3623,'action créée','2024-04-02 14:57:03','2024-04-02 16:57:03'),(10854,3624,'action créée','2024-04-02 14:57:03','2024-04-02 16:57:03'),(10855,3625,'action créée','2024-04-02 14:57:03','2024-04-02 16:57:03'),(10856,3624,'action lancée via WP Cron','2024-04-02 20:26:53','2024-04-02 22:26:53'),(10857,3624,'action terminée via WP Cron','2024-04-02 20:26:53','2024-04-02 22:26:53'),(10858,3625,'action lancée via WP Cron','2024-04-02 20:26:53','2024-04-02 22:26:53'),(10859,3625,'action terminée via WP Cron','2024-04-02 20:26:53','2024-04-02 22:26:53'),(10860,3626,'action créée','2024-04-02 20:26:53','2024-04-02 22:26:53'),(10861,3626,'action lancée via Async Request','2024-04-02 20:27:01','2024-04-02 22:27:01'),(10862,3626,'action terminée via Async Request','2024-04-02 20:27:01','2024-04-02 22:27:01'),(10863,3627,'action créée','2024-04-02 23:00:18','2024-04-03 01:00:18'),(10864,3627,'action lancée via WP Cron','2024-04-03 01:12:28','2024-04-03 03:12:28'),(10865,3627,'action terminée via WP Cron','2024-04-03 01:12:28','2024-04-03 03:12:28'),(10866,3628,'action créée','2024-04-03 01:12:28','2024-04-03 03:12:28'),(10867,3628,'action lancée via WP Cron','2024-04-03 03:53:31','2024-04-03 05:53:31'),(10868,3628,'action terminée via WP Cron','2024-04-03 03:53:31','2024-04-03 05:53:31'),(10869,3629,'action créée','2024-04-03 03:53:32','2024-04-03 05:53:32'),(10870,3629,'action lancée via WP Cron','2024-04-03 19:39:30','2024-04-03 21:39:30'),(10871,3629,'action terminée via WP Cron','2024-04-03 19:39:30','2024-04-03 21:39:30'),(10872,3623,'action lancée via WP Cron','2024-04-03 19:39:30','2024-04-03 21:39:30'),(10873,3623,'action terminée via WP Cron','2024-04-03 19:39:30','2024-04-03 21:39:30'),(10874,3630,'action créée','2024-04-03 19:39:30','2024-04-03 21:39:30'),(10875,3631,'action créée','2024-04-03 19:39:31','2024-04-03 21:39:31'),(10876,3632,'action créée','2024-04-03 19:39:31','2024-04-03 21:39:31'),(10877,3631,'action lancée via Async Request','2024-04-03 19:39:37','2024-04-03 21:39:37'),(10878,3631,'action terminée via Async Request','2024-04-03 19:39:37','2024-04-03 21:39:37'),(10879,3632,'action lancée via Async Request','2024-04-03 19:39:37','2024-04-03 21:39:37'),(10880,3632,'action terminée via Async Request','2024-04-03 19:39:38','2024-04-03 21:39:38'),(10881,3633,'action créée','2024-04-04 09:53:57','2024-04-04 11:53:57'),(10882,3633,'action lancée via WP Cron','2024-04-04 10:26:50','2024-04-04 12:26:50'),(10883,3633,'action terminée via WP Cron','2024-04-04 10:26:50','2024-04-04 12:26:50'),(10884,3634,'action créée','2024-04-04 10:26:50','2024-04-04 12:26:50'),(10885,3634,'action lancée via WP Cron','2024-04-04 11:13:18','2024-04-04 13:13:18'),(10886,3634,'action terminée via WP Cron','2024-04-04 11:13:18','2024-04-04 13:13:18'),(10887,3635,'action créée','2024-04-04 11:13:18','2024-04-04 13:13:18'),(10888,3636,'action créée','2024-04-04 11:13:18','2024-04-04 13:13:18'),(10889,3635,'action lancée via WP Cron','2024-04-04 21:12:26','2024-04-04 23:12:26'),(10890,3635,'action terminée via WP Cron','2024-04-04 21:12:26','2024-04-04 23:12:26'),(10891,3636,'action lancée via WP Cron','2024-04-04 21:12:26','2024-04-04 23:12:26'),(10892,3636,'action terminée via WP Cron','2024-04-04 21:12:27','2024-04-04 23:12:27'),(10893,3630,'action lancée via WP Cron','2024-04-04 21:12:27','2024-04-04 23:12:27'),(10894,3630,'action terminée via WP Cron','2024-04-04 21:12:27','2024-04-04 23:12:27'),(10895,3637,'action créée','2024-04-04 21:12:27','2024-04-04 23:12:27'),(10896,3638,'action créée','2024-04-04 21:12:27','2024-04-04 23:12:27'),(10897,3638,'action lancée via Async Request','2024-04-04 21:12:34','2024-04-04 23:12:34'),(10898,3638,'action terminée via Async Request','2024-04-04 21:12:34','2024-04-04 23:12:34'),(10899,3639,'action créée','2024-04-05 00:13:34','2024-04-05 02:13:34'),(10900,3639,'action lancée via WP Cron','2024-04-05 03:12:27','2024-04-05 05:12:27'),(10901,3639,'action terminée via WP Cron','2024-04-05 03:12:27','2024-04-05 05:12:27'),(10902,3640,'action créée','2024-04-05 03:12:28','2024-04-05 05:12:28'),(10903,3640,'action lancée via WP Cron','2024-04-05 08:51:09','2024-04-05 10:51:09'),(10904,3640,'action terminée via WP Cron','2024-04-05 08:51:09','2024-04-05 10:51:09'),(10905,3641,'action créée','2024-04-05 08:51:11','2024-04-05 10:51:11'),(10906,3641,'action lancée via WP Cron','2024-04-05 16:59:31','2024-04-05 18:59:31'),(10907,3641,'action terminée via WP Cron','2024-04-05 16:59:31','2024-04-05 18:59:31'),(10908,3642,'action créée','2024-04-05 16:59:32','2024-04-05 18:59:32'),(10909,3643,'action créée','2024-04-05 16:59:32','2024-04-05 18:59:32'),(10910,3644,'action créée','2024-04-05 20:07:45','2024-04-05 22:07:45'),(10911,3642,'action lancée via WP Cron','2024-04-05 20:07:45','2024-04-05 22:07:45'),(10912,3642,'action terminée via WP Cron','2024-04-05 20:07:45','2024-04-05 22:07:45'),(10913,3643,'action lancée via WP Cron','2024-04-05 20:07:45','2024-04-05 22:07:45'),(10914,3643,'action terminée via WP Cron','2024-04-05 20:07:45','2024-04-05 22:07:45'),(10915,3644,'action lancée via WP Cron','2024-04-05 20:07:46','2024-04-05 22:07:46'),(10916,3644,'action terminée via WP Cron','2024-04-05 20:07:46','2024-04-05 22:07:46'),(10917,3637,'action lancée via WP Cron','2024-04-06 04:37:58','2024-04-06 06:37:58'),(10918,3637,'action terminée via WP Cron','2024-04-06 04:37:58','2024-04-06 06:37:58'),(10919,3645,'action créée','2024-04-06 04:37:58','2024-04-06 06:37:58'),(10920,3646,'action créée','2024-04-06 04:37:59','2024-04-06 06:37:59'),(10921,3646,'action lancée via WP Cron','2024-04-06 14:03:18','2024-04-06 16:03:18'),(10922,3646,'action terminée via WP Cron','2024-04-06 14:03:18','2024-04-06 16:03:18'),(10923,3647,'action créée','2024-04-06 14:03:18','2024-04-06 16:03:18'),(10924,3648,'action créée','2024-04-06 14:03:19','2024-04-06 16:03:19'),(10925,3647,'action lancée via WP Cron','2024-04-06 16:15:10','2024-04-06 18:15:10'),(10926,3647,'action terminée via WP Cron','2024-04-06 16:15:10','2024-04-06 18:15:10'),(10927,3648,'action lancée via WP Cron','2024-04-06 16:15:10','2024-04-06 18:15:10'),(10928,3648,'action terminée via WP Cron','2024-04-06 16:15:10','2024-04-06 18:15:10'),(10929,3649,'action créée','2024-04-06 16:15:11','2024-04-06 18:15:11'),(10930,3649,'action lancée via WP Cron','2024-04-07 02:52:45','2024-04-07 04:52:45'),(10931,3649,'action terminée via WP Cron','2024-04-07 02:52:45','2024-04-07 04:52:45'),(10932,3650,'action créée','2024-04-07 02:52:46','2024-04-07 04:52:46'),(10933,3650,'action lancée via Async Request','2024-04-07 02:52:52','2024-04-07 04:52:52'),(10934,3650,'action terminée via Async Request','2024-04-07 02:52:52','2024-04-07 04:52:52'),(10935,3645,'action lancée via WP Cron','2024-04-07 07:24:05','2024-04-07 09:24:05'),(10936,3645,'action terminée via WP Cron','2024-04-07 07:24:05','2024-04-07 09:24:05'),(10937,3651,'action créée','2024-04-07 07:24:05','2024-04-07 09:24:05'),(10938,3652,'action créée','2024-04-07 07:24:05','2024-04-07 09:24:05'),(10939,3652,'action lancée via WP Cron','2024-04-07 10:06:51','2024-04-07 12:06:51'),(10940,3652,'action terminée via WP Cron','2024-04-07 10:06:51','2024-04-07 12:06:51'),(10941,3653,'action créée','2024-04-07 10:06:52','2024-04-07 12:06:52'),(10942,3653,'action lancée via WP Cron','2024-04-07 20:16:07','2024-04-07 22:16:07'),(10943,3653,'action terminée via WP Cron','2024-04-07 20:16:08','2024-04-07 22:16:08'),(10944,3610,'action lancée via WP Cron','2024-04-07 20:16:08','2024-04-07 22:16:08'),(10945,3610,'action terminée via WP Cron','2024-04-07 20:16:08','2024-04-07 22:16:08'),(10946,3654,'action créée','2024-04-07 20:16:08','2024-04-07 22:16:08'),(10947,3655,'action créée','2024-04-07 20:16:09','2024-04-07 22:16:09'),(10948,3656,'action créée','2024-04-07 20:16:09','2024-04-07 22:16:09'),(10949,3655,'action lancée via Async Request','2024-04-07 20:16:14','2024-04-07 22:16:14'),(10950,3655,'action terminée via Async Request','2024-04-07 20:16:14','2024-04-07 22:16:14'),(10951,3656,'action lancée via Async Request','2024-04-07 20:16:14','2024-04-07 22:16:14'),(10952,3656,'action terminée via Async Request','2024-04-07 20:16:14','2024-04-07 22:16:14'),(10953,3657,'action créée','2024-04-08 02:26:17','2024-04-08 04:26:17'),(10954,3657,'action lancée via WP Cron','2024-04-08 05:08:41','2024-04-08 07:08:41'),(10955,3657,'action terminée via WP Cron','2024-04-08 05:08:41','2024-04-08 07:08:41'),(10956,3658,'action créée','2024-04-08 05:08:42','2024-04-08 07:08:42'),(10957,3658,'action lancée via WP Cron','2024-04-08 15:36:48','2024-04-08 17:36:48'),(10958,3658,'action terminée via WP Cron','2024-04-08 15:36:48','2024-04-08 17:36:48'),(10959,3651,'action lancée via WP Cron','2024-04-08 15:36:48','2024-04-08 17:36:48'),(10960,3651,'action terminée via WP Cron','2024-04-08 15:36:48','2024-04-08 17:36:48'),(10961,3659,'action créée','2024-04-08 15:36:48','2024-04-08 17:36:48'),(10962,3660,'action créée','2024-04-08 15:36:49','2024-04-08 17:36:49'),(10963,3661,'action créée','2024-04-08 15:36:50','2024-04-08 17:36:50'),(10964,3660,'action lancée via WP Cron','2024-04-08 22:33:20','2024-04-09 00:33:20'),(10965,3660,'action terminée via WP Cron','2024-04-08 22:33:20','2024-04-09 00:33:20'),(10966,3661,'action lancée via WP Cron','2024-04-08 22:33:20','2024-04-09 00:33:20'),(10967,3661,'action terminée via WP Cron','2024-04-08 22:33:20','2024-04-09 00:33:20'),(10968,3662,'action créée','2024-04-08 22:33:21','2024-04-09 00:33:21'),(10969,3662,'action lancée via Async Request','2024-04-08 22:33:24','2024-04-09 00:33:24'),(10970,3662,'action terminée via Async Request','2024-04-08 22:33:24','2024-04-09 00:33:24'),(10971,3663,'action créée','2024-04-09 05:47:38','2024-04-09 07:47:38'),(10972,3663,'action lancée via WP Cron','2024-04-09 07:47:47','2024-04-09 09:47:47'),(10973,3663,'action terminée via WP Cron','2024-04-09 07:47:48','2024-04-09 09:47:48'),(10974,3664,'action créée','2024-04-09 07:47:48','2024-04-09 09:47:48'),(10975,3664,'action lancée via WP Cron','2024-04-09 19:39:20','2024-04-09 21:39:20'),(10976,3664,'action terminée via WP Cron','2024-04-09 19:39:20','2024-04-09 21:39:20'),(10977,3659,'action lancée via WP Cron','2024-04-09 19:39:20','2024-04-09 21:39:20'),(10978,3659,'action terminée via WP Cron','2024-04-09 19:39:20','2024-04-09 21:39:20'),(10979,3665,'action créée','2024-04-09 19:39:21','2024-04-09 21:39:21'),(10980,3666,'action créée','2024-04-09 19:39:21','2024-04-09 21:39:21'),(10981,3667,'action créée','2024-04-09 19:39:21','2024-04-09 21:39:21'),(10982,3666,'action lancée via Async Request','2024-04-09 19:39:28','2024-04-09 21:39:28'),(10983,3666,'action terminée via Async Request','2024-04-09 19:39:28','2024-04-09 21:39:28'),(10984,3667,'action lancée via Async Request','2024-04-09 19:39:28','2024-04-09 21:39:28'),(10985,3667,'action terminée via Async Request','2024-04-09 19:39:28','2024-04-09 21:39:28'),(10986,3668,'action créée','2024-04-09 22:27:07','2024-04-10 00:27:07'),(10987,3668,'action lancée via WP Cron','2024-04-10 08:18:10','2024-04-10 10:18:10'),(10988,3668,'action terminée via WP Cron','2024-04-10 08:18:10','2024-04-10 10:18:10'),(10989,3669,'action créée','2024-04-10 08:18:11','2024-04-10 10:18:11'),(10990,3669,'action lancée via WP Cron','2024-04-11 04:29:18','2024-04-11 06:29:18'),(10991,3669,'action terminée via WP Cron','2024-04-11 04:29:18','2024-04-11 06:29:18'),(10992,3665,'action lancée via WP Cron','2024-04-11 04:29:18','2024-04-11 06:29:18'),(10993,3665,'action terminée via WP Cron','2024-04-11 04:29:18','2024-04-11 06:29:18'),(10994,3670,'action créée','2024-04-11 04:29:18','2024-04-11 06:29:18'),(10995,3671,'action créée','2024-04-11 04:29:19','2024-04-11 06:29:19'),(10996,3672,'action créée','2024-04-11 04:29:19','2024-04-11 06:29:19'),(10997,3671,'action lancée via Async Request','2024-04-11 04:29:25','2024-04-11 06:29:25'),(10998,3671,'action terminée via Async Request','2024-04-11 04:29:25','2024-04-11 06:29:25'),(10999,3672,'action lancée via Async Request','2024-04-11 04:29:26','2024-04-11 06:29:26'),(11000,3672,'action terminée via Async Request','2024-04-11 04:29:26','2024-04-11 06:29:26'),(11001,3670,'action lancée via WP Cron','2024-04-12 21:18:43','2024-04-12 23:18:43'),(11002,3670,'action terminée via WP Cron','2024-04-12 21:18:43','2024-04-12 23:18:43'),(11003,3673,'action créée','2024-04-12 21:18:43','2024-04-12 23:18:43'),(11004,3674,'action créée','2024-04-12 21:18:44','2024-04-12 23:18:44'),(11005,3675,'action créée','2024-04-12 21:18:44','2024-04-12 23:18:44'),(11006,3674,'action lancée via Async Request','2024-04-12 21:18:53','2024-04-12 23:18:53'),(11007,3674,'action terminée via Async Request','2024-04-12 21:18:53','2024-04-12 23:18:53'),(11008,3675,'action lancée via Async Request','2024-04-12 21:18:53','2024-04-12 23:18:53'),(11009,3675,'action terminée via Async Request','2024-04-12 21:18:53','2024-04-12 23:18:53'),(11010,3676,'action créée','2024-04-12 22:00:14','2024-04-13 00:00:14'),(11011,3676,'action lancée via WP Cron','2024-04-12 23:05:22','2024-04-13 01:05:22'),(11012,3676,'action terminée via WP Cron','2024-04-12 23:05:22','2024-04-13 01:05:22'),(11013,3677,'action créée','2024-04-12 23:05:23','2024-04-13 01:05:23'),(11014,3677,'action lancée via WP Cron','2024-04-12 23:10:16','2024-04-13 01:10:16'),(11015,3677,'action terminée via WP Cron','2024-04-12 23:10:16','2024-04-13 01:10:16'),(11016,3678,'action créée','2024-04-13 08:31:39','2024-04-13 10:31:39'),(11017,3678,'action lancée via WP Cron','2024-04-13 09:11:40','2024-04-13 11:11:40'),(11018,3678,'action terminée via WP Cron','2024-04-13 09:11:40','2024-04-13 11:11:40'),(11019,3679,'action créée','2024-04-13 09:11:41','2024-04-13 11:11:41'),(11020,3679,'action lancée via WP Cron','2024-04-13 19:19:51','2024-04-13 21:19:51'),(11021,3679,'action terminée via WP Cron','2024-04-13 19:19:51','2024-04-13 21:19:51'),(11022,3680,'action créée','2024-04-13 19:19:52','2024-04-13 21:19:52'),(11023,3681,'action créée','2024-04-13 19:19:52','2024-04-13 21:19:52'),(11024,3680,'action lancée via Async Request','2024-04-13 19:19:58','2024-04-13 21:19:58'),(11025,3680,'action terminée via Async Request','2024-04-13 19:19:58','2024-04-13 21:19:58'),(11026,3681,'action lancée via Async Request','2024-04-13 19:19:58','2024-04-13 21:19:58'),(11027,3681,'action terminée via Async Request','2024-04-13 19:19:58','2024-04-13 21:19:58'),(11028,3673,'action lancée via WP Cron','2024-04-15 08:02:57','2024-04-15 10:02:57'),(11029,3673,'action terminée via WP Cron','2024-04-15 08:02:57','2024-04-15 10:02:57'),(11030,3682,'action créée','2024-04-15 08:02:58','2024-04-15 10:02:58'),(11031,3654,'action lancée via WP Cron','2024-04-15 08:02:58','2024-04-15 10:02:58'),(11032,3654,'action terminée via WP Cron','2024-04-15 08:02:58','2024-04-15 10:02:58'),(11033,3683,'action créée','2024-04-15 08:02:58','2024-04-15 10:02:58'),(11034,3684,'action créée','2024-04-15 08:02:58','2024-04-15 10:02:58'),(11035,3685,'action créée','2024-04-15 08:03:02','2024-04-15 10:03:02'),(11036,3684,'action lancée via Async Request','2024-04-15 08:03:06','2024-04-15 10:03:06'),(11037,3684,'action terminée via Async Request','2024-04-15 08:03:06','2024-04-15 10:03:06'),(11038,3685,'action lancée via Async Request','2024-04-15 08:03:06','2024-04-15 10:03:06'),(11039,3685,'action terminée via Async Request','2024-04-15 08:03:06','2024-04-15 10:03:06'),(11040,3682,'action lancée via WP Cron','2024-04-16 22:01:18','2024-04-17 00:01:18'),(11041,3682,'action terminée via WP Cron','2024-04-16 22:01:18','2024-04-17 00:01:18'),(11042,3686,'action créée','2024-04-16 22:01:18','2024-04-17 00:01:18'),(11043,3687,'action créée','2024-04-16 22:01:19','2024-04-17 00:01:19'),(11044,3688,'action créée','2024-04-16 22:01:19','2024-04-17 00:01:19'),(11045,3687,'action lancée via Async Request','2024-04-16 22:01:26','2024-04-17 00:01:26'),(11046,3687,'action terminée via Async Request','2024-04-16 22:01:26','2024-04-17 00:01:26'),(11047,3688,'action lancée via Async Request','2024-04-16 22:01:26','2024-04-17 00:01:26'),(11048,3688,'action terminée via Async Request','2024-04-16 22:01:27','2024-04-17 00:01:27'),(11049,3689,'action créée','2024-04-17 00:50:47','2024-04-17 02:50:47'),(11050,3689,'action lancée via WP Cron','2024-04-17 21:31:47','2024-04-17 23:31:47'),(11051,3689,'action terminée via WP Cron','2024-04-17 21:31:47','2024-04-17 23:31:47'),(11052,3690,'action créée','2024-04-17 21:31:48','2024-04-17 23:31:48'),(11053,3691,'action créée','2024-04-17 21:31:50','2024-04-17 23:31:50'),(11054,3690,'action lancée via Async Request','2024-04-17 21:31:55','2024-04-17 23:31:55'),(11055,3690,'action terminée via Async Request','2024-04-17 21:31:55','2024-04-17 23:31:55'),(11056,3691,'action lancée via Async Request','2024-04-17 21:31:55','2024-04-17 23:31:55'),(11057,3691,'action terminée via Async Request','2024-04-17 21:31:55','2024-04-17 23:31:55'),(11058,3686,'action lancée via WP Cron','2024-04-17 23:19:31','2024-04-18 01:19:31'),(11059,3686,'action terminée via WP Cron','2024-04-17 23:19:31','2024-04-18 01:19:31'),(11060,3692,'action créée','2024-04-17 23:19:31','2024-04-18 01:19:31'),(11061,3693,'action créée','2024-04-17 23:19:32','2024-04-18 01:19:32'),(11062,3693,'action lancée via WP Cron','2024-04-18 08:09:03','2024-04-18 10:09:03'),(11063,3693,'action terminée via WP Cron','2024-04-18 08:09:03','2024-04-18 10:09:03'),(11064,3694,'action créée','2024-04-18 08:09:03','2024-04-18 10:09:03'),(11065,3694,'action lancée via WP Cron','2024-04-18 16:43:08','2024-04-18 18:43:08'),(11066,3694,'action terminée via WP Cron','2024-04-18 16:43:09','2024-04-18 18:43:09'),(11067,3695,'action créée','2024-04-18 16:43:09','2024-04-18 18:43:09'),(11068,3696,'action créée','2024-04-18 16:43:09','2024-04-18 18:43:09'),(11069,3695,'action lancée via WP Cron','2024-04-18 22:18:20','2024-04-19 00:18:20'),(11070,3695,'action terminée via WP Cron','2024-04-18 22:18:20','2024-04-19 00:18:20'),(11071,3696,'action lancée via WP Cron','2024-04-18 22:18:20','2024-04-19 00:18:20'),(11072,3696,'action terminée via WP Cron','2024-04-18 22:18:20','2024-04-19 00:18:20'),(11073,3697,'action créée','2024-04-18 22:18:20','2024-04-19 00:18:20'),(11074,3697,'action lancée via Async Request','2024-04-18 22:18:25','2024-04-19 00:18:25'),(11075,3697,'action terminée via Async Request','2024-04-18 22:18:25','2024-04-19 00:18:25'),(11076,3692,'action lancée via WP Cron','2024-04-19 07:26:03','2024-04-19 09:26:03'),(11077,3692,'action terminée via WP Cron','2024-04-19 07:26:03','2024-04-19 09:26:03'),(11078,3698,'action créée','2024-04-19 07:26:03','2024-04-19 09:26:03'),(11079,3699,'action créée','2024-04-19 07:26:04','2024-04-19 09:26:04'),(11080,3699,'action lancée via WP Cron','2024-04-20 03:39:46','2024-04-20 05:39:46'),(11081,3699,'action terminée via WP Cron','2024-04-20 03:39:46','2024-04-20 05:39:46'),(11082,3700,'action créée','2024-04-20 03:39:46','2024-04-20 05:39:46'),(11083,3701,'action créée','2024-04-20 03:39:46','2024-04-20 05:39:46'),(11084,3700,'action lancée via Async Request','2024-04-20 03:39:53','2024-04-20 05:39:53'),(11085,3700,'action terminée via Async Request','2024-04-20 03:39:53','2024-04-20 05:39:53'),(11086,3701,'action lancée via Async Request','2024-04-20 03:39:53','2024-04-20 05:39:53'),(11087,3701,'action terminée via Async Request','2024-04-20 03:39:53','2024-04-20 05:39:53'),(11088,3698,'action lancée via WP Cron','2024-04-20 08:20:01','2024-04-20 10:20:01'),(11089,3698,'action terminée via WP Cron','2024-04-20 08:20:01','2024-04-20 10:20:01'),(11090,3702,'action créée','2024-04-20 08:20:01','2024-04-20 10:20:01'),(11091,3703,'action créée','2024-04-20 08:20:02','2024-04-20 10:20:02'),(11092,3703,'action lancée via WP Cron','2024-04-20 10:15:02','2024-04-20 12:15:02'),(11093,3703,'action terminée via WP Cron','2024-04-20 10:15:02','2024-04-20 12:15:02'),(11094,3704,'action créée','2024-04-20 10:15:03','2024-04-20 12:15:03'),(11095,3704,'action lancée via WP Cron','2024-04-20 11:36:47','2024-04-20 13:36:47'),(11096,3704,'action terminée via WP Cron','2024-04-20 11:36:47','2024-04-20 13:36:47'),(11097,3705,'action créée','2024-04-20 11:36:47','2024-04-20 13:36:47'),(11098,3706,'action créée','2024-04-20 11:36:47','2024-04-20 13:36:47'),(11099,3705,'action lancée via WP Cron','2024-04-20 23:26:15','2024-04-21 01:26:15'),(11100,3705,'action terminée via WP Cron','2024-04-20 23:26:15','2024-04-21 01:26:15'),(11101,3706,'action lancée via WP Cron','2024-04-20 23:26:15','2024-04-21 01:26:15'),(11102,3706,'action terminée via WP Cron','2024-04-20 23:26:15','2024-04-21 01:26:15'),(11103,3707,'action créée','2024-04-20 23:26:16','2024-04-21 01:26:16'),(11104,3707,'action lancée via Async Request','2024-04-20 23:26:21','2024-04-21 01:26:21'),(11105,3707,'action terminée via Async Request','2024-04-20 23:26:21','2024-04-21 01:26:21'),(11106,3708,'action créée','2024-04-21 06:09:24','2024-04-21 08:09:24'),(11107,3708,'action lancée via WP Cron','2024-04-21 06:09:26','2024-04-21 08:09:26'),(11108,3708,'action terminée via WP Cron','2024-04-21 06:09:26','2024-04-21 08:09:26'),(11109,3702,'action lancée via WP Cron','2024-04-21 19:48:16','2024-04-21 21:48:16'),(11110,3702,'action terminée via WP Cron','2024-04-21 19:48:16','2024-04-21 21:48:16'),(11111,3709,'action créée','2024-04-21 19:48:16','2024-04-21 21:48:16'),(11112,3710,'action créée','2024-04-21 19:48:17','2024-04-21 21:48:17'),(11113,3711,'action créée','2024-04-21 19:48:17','2024-04-21 21:48:17'),(11114,3710,'action lancée via Async Request','2024-04-21 19:48:24','2024-04-21 21:48:24'),(11115,3710,'action terminée via Async Request','2024-04-21 19:48:24','2024-04-21 21:48:24'),(11116,3711,'action lancée via Async Request','2024-04-21 19:48:24','2024-04-21 21:48:24'),(11117,3711,'action terminée via Async Request','2024-04-21 19:48:24','2024-04-21 21:48:24'),(11118,3712,'action créée','2024-04-22 00:08:13','2024-04-22 02:08:13'),(11119,3712,'action lancée via WP Cron','2024-04-22 22:14:18','2024-04-23 00:14:18'),(11120,3712,'action terminée via WP Cron','2024-04-22 22:14:18','2024-04-23 00:14:18'),(11121,3683,'action lancée via WP Cron','2024-04-22 22:14:18','2024-04-23 00:14:18'),(11122,3683,'action terminée via WP Cron','2024-04-22 22:14:18','2024-04-23 00:14:18'),(11123,3713,'action créée','2024-04-22 22:14:18','2024-04-23 00:14:18'),(11124,3709,'action lancée via WP Cron','2024-04-22 22:14:18','2024-04-23 00:14:18'),(11125,3709,'action terminée via WP Cron','2024-04-22 22:14:18','2024-04-23 00:14:18'),(11126,3714,'action créée','2024-04-22 22:14:18','2024-04-23 00:14:18'),(11127,3715,'action créée','2024-04-22 22:14:19','2024-04-23 00:14:19'),(11128,3716,'action créée','2024-04-22 22:14:22','2024-04-23 00:14:22'),(11129,3715,'action lancée via Async Request','2024-04-22 22:14:31','2024-04-23 00:14:31'),(11130,3715,'action terminée via Async Request','2024-04-22 22:14:31','2024-04-23 00:14:31'),(11131,3716,'action lancée via Async Request','2024-04-22 22:14:31','2024-04-23 00:14:31'),(11132,3716,'action terminée via Async Request','2024-04-22 22:14:32','2024-04-23 00:14:32'),(11133,3717,'action créée','2024-04-23 00:39:20','2024-04-23 02:39:20'),(11134,3717,'action lancée via WP Cron','2024-04-23 17:10:31','2024-04-23 19:10:31'),(11135,3717,'action terminée via WP Cron','2024-04-23 17:10:31','2024-04-23 19:10:31'),(11136,3718,'action créée','2024-04-23 17:10:32','2024-04-23 19:10:32'),(11137,3719,'action créée','2024-04-23 17:10:34','2024-04-23 19:10:34'),(11138,3718,'action lancée via WP Cron','2024-04-23 21:35:18','2024-04-23 23:35:18'),(11139,3718,'action terminée via WP Cron','2024-04-23 21:35:18','2024-04-23 23:35:18'),(11140,3719,'action lancée via WP Cron','2024-04-23 21:35:18','2024-04-23 23:35:18'),(11141,3719,'action terminée via WP Cron','2024-04-23 21:35:18','2024-04-23 23:35:18'),(11142,3720,'action créée','2024-04-23 21:35:19','2024-04-23 23:35:19'),(11143,3720,'action lancée via Async Request','2024-04-23 21:35:23','2024-04-23 23:35:23'),(11144,3720,'action terminée via Async Request','2024-04-23 21:35:23','2024-04-23 23:35:23'),(11145,3714,'action lancée via WP Cron','2024-04-24 07:36:22','2024-04-24 09:36:22'),(11146,3714,'action terminée via WP Cron','2024-04-24 07:36:22','2024-04-24 09:36:22'),(11147,3721,'action créée','2024-04-24 07:36:22','2024-04-24 09:36:22'),(11148,3722,'action créée','2024-04-24 07:36:23','2024-04-24 09:36:23'),(11149,3722,'action lancée via WP Cron','2024-04-24 17:09:00','2024-04-24 19:09:00'),(11150,3722,'action terminée via WP Cron','2024-04-24 17:09:01','2024-04-24 19:09:01'),(11151,3723,'action créée','2024-04-24 17:09:01','2024-04-24 19:09:01'),(11152,3724,'action créée','2024-04-24 17:09:01','2024-04-24 19:09:01'),(11153,3723,'action lancée via WP Cron','2024-04-24 20:04:02','2024-04-24 22:04:02'),(11154,3723,'action terminée via WP Cron','2024-04-24 20:04:02','2024-04-24 22:04:02'),(11155,3724,'action lancée via WP Cron','2024-04-24 20:04:02','2024-04-24 22:04:02'),(11156,3724,'action terminée via WP Cron','2024-04-24 20:04:02','2024-04-24 22:04:02'),(11157,3725,'action créée','2024-04-24 20:04:03','2024-04-24 22:04:03'),(11158,3725,'action lancée via Async Request','2024-04-24 20:04:08','2024-04-24 22:04:08'),(11159,3725,'action terminée via Async Request','2024-04-24 20:04:08','2024-04-24 22:04:08');

--
-- Table structure for table `wp_8_cartflows_ca_cart_abandonment`
--

CREATE TABLE `wp_8_cartflows_ca_cart_abandonment` (
  `id` bigint NOT NULL AUTO_INCREMENT,
  `checkout_id` int NOT NULL,
  `email` varchar(100) CHARACTER SET utf8mb4 COLLATE utf8mb4_unicode_ci DEFAULT NULL,
  `cart_contents` longtext CHARACTER SET utf8mb4 COLLATE utf8mb4_unicode_ci,
  `cart_total` decimal(10,2) DEFAULT NULL,
  `session_id` varchar(60) CHARACTER SET utf8mb4 COLLATE utf8mb4_unicode_ci NOT NULL,
  `other_fields` longtext CHARACTER SET utf8mb4 COLLATE utf8mb4_unicode_ci,
  `order_status` enum('normal','abandoned','completed','lost') CHARACTER SET utf8mb4 COLLATE utf8mb4_unicode_ci NOT NULL DEFAULT 'normal',
  `unsubscribed` tinyint(1) DEFAULT '0',
  `coupon_code` varchar(50) CHARACTER SET utf8mb4 COLLATE utf8mb4_unicode_ci DEFAULT NULL,
  `time` datetime DEFAULT NULL,
  PRIMARY KEY (`id`,`session_id`),
  UNIQUE KEY `session_id_UNIQUE` (`session_id`)
) ENGINE=InnoDB AUTO_INCREMENT=2 DEFAULT CHARSET=utf8mb4 COLLATE=utf8mb4_unicode_ci;

--
-- Dumping data for table `wp_8_cartflows_ca_cart_abandonment`
--

INSERT INTO `wp_8_cartflows_ca_cart_abandonment` VALUES (1,560951,'jeanpierre@mentorlystes.com','a:1:{s:32:\"28ab78fb9e05d4f5fe33a8e23f621083\";a:13:{s:16:\"wcf_product_data\";a:1:{s:9:\"unique_id\";s:8:\"7lipu62j\";}s:3:\"key\";s:32:\"28ab78fb9e05d4f5fe33a8e23f621083\";s:10:\"product_id\";i:560961;s:12:\"variation_id\";i:0;s:9:\"variation\";a:0:{}s:8:\"quantity\";s:1:\"1\";s:9:\"data_hash\";s:32:\"b5c1d5ca8bae6d4896cf1807cdf763f0\";s:13:\"line_tax_data\";a:2:{s:8:\"subtotal\";a:0:{}s:5:\"total\";a:0:{}}s:13:\"line_subtotal\";d:900;s:17:\"line_subtotal_tax\";i:0;s:10:\"line_total\";d:900;s:8:\"line_tax\";i:0;s:4:\"data\";O:17:\"WC_Product_Simple\":1:{s:5:\"\0*\0id\";i:560961;}}}',900.00,'a7564bba834be2ea05b35d6a6708c2ac','a:19:{s:19:\"wcf_billing_company\";s:0:\"\";s:21:\"wcf_billing_address_1\";s:0:\"\";s:21:\"wcf_billing_address_2\";s:0:\"\";s:17:\"wcf_billing_state\";s:0:\"\";s:20:\"wcf_billing_postcode\";s:0:\"\";s:23:\"wcf_shipping_first_name\";s:0:\"\";s:22:\"wcf_shipping_last_name\";s:0:\"\";s:20:\"wcf_shipping_company\";s:0:\"\";s:20:\"wcf_shipping_country\";s:0:\"\";s:22:\"wcf_shipping_address_1\";s:0:\"\";s:22:\"wcf_shipping_address_2\";s:0:\"\";s:17:\"wcf_shipping_city\";s:0:\"\";s:18:\"wcf_shipping_state\";s:0:\"\";s:21:\"wcf_shipping_postcode\";s:0:\"\";s:18:\"wcf_order_comments\";s:0:\"\";s:14:\"wcf_first_name\";s:0:\"\";s:13:\"wcf_last_name\";s:0:\"\";s:16:\"wcf_phone_number\";s:0:\"\";s:12:\"wcf_location\";s:4:\"US, \";}','lost',0,'','2022-05-15 16:50:35');

--
-- Table structure for table `wp_8_cartflows_ca_email_history`
--

CREATE TABLE `wp_8_cartflows_ca_email_history` (
  `id` bigint NOT NULL AUTO_INCREMENT,
  `template_id` bigint NOT NULL,
  `ca_session_id` varchar(60) CHARACTER SET utf8mb4 COLLATE utf8mb4_unicode_ci DEFAULT NULL,
  `coupon_code` varchar(50) CHARACTER SET utf8mb4 COLLATE utf8mb4_unicode_ci DEFAULT NULL,
  `scheduled_time` datetime DEFAULT NULL,
  `email_sent` tinyint(1) DEFAULT '0',
  PRIMARY KEY (`id`),
  KEY `template_id` (`template_id`),
  KEY `ca_session_id` (`ca_session_id`),
  CONSTRAINT `wp_8_cartflows_ca_email_history_ibfk_1` FOREIGN KEY (`template_id`) REFERENCES `wp_8_cartflows_ca_email_templates` (`id`) ON DELETE CASCADE,
  CONSTRAINT `wp_8_cartflows_ca_email_history_ibfk_2` FOREIGN KEY (`ca_session_id`) REFERENCES `wp_8_cartflows_ca_cart_abandonment` (`session_id`) ON DELETE CASCADE
) ENGINE=InnoDB DEFAULT CHARSET=utf8mb4 COLLATE=utf8mb4_unicode_ci;

--
-- Dumping data for table `wp_8_cartflows_ca_email_history`
--


--
-- Table structure for table `wp_8_cartflows_ca_email_templates`
--

CREATE TABLE `wp_8_cartflows_ca_email_templates` (
  `id` bigint NOT NULL AUTO_INCREMENT,
  `template_name` text CHARACTER SET utf8mb4 COLLATE utf8mb4_unicode_ci NOT NULL,
  `email_subject` text CHARACTER SET utf8mb4 COLLATE utf8mb4_unicode_ci NOT NULL,
  `email_body` mediumtext CHARACTER SET utf8mb4 COLLATE utf8mb4_unicode_ci NOT NULL,
  `is_activated` tinyint(1) NOT NULL DEFAULT '0',
  `frequency` int NOT NULL,
  `frequency_unit` enum('MINUTE','HOUR','DAY') CHARACTER SET utf8mb4 COLLATE utf8mb4_unicode_ci NOT NULL DEFAULT 'MINUTE',
  PRIMARY KEY (`id`)
) ENGINE=InnoDB AUTO_INCREMENT=4 DEFAULT CHARSET=utf8mb4 COLLATE=utf8mb4_unicode_ci;

--
-- Dumping data for table `wp_8_cartflows_ca_email_templates`
--

INSERT INTO `wp_8_cartflows_ca_email_templates` VALUES (1,'Sample Email Template 1','Purchase issue?','<p>Hi {{customer.firstname}}!</p><p>We\\\'re having trouble processing your recent purchase. Would you mind completing it?</p><p>Here\\\'s a link to continue where you left off:</p><p><a href=\'{{cart.checkout_url}}\' target=\'_blank\' rel=\'noopener\'> Continue Your Purchase Now </a></p><p>Kindly,<br />{{admin.firstname}}<br />{{admin.company}}</p><p>{{cart.unsubscribe}}</p>',0,30,'MINUTE'),(2,'Sample Email Template 2','Need help?','<p>Hi {{customer.firstname}}!</p><p>I\'m {{admin.firstname}}, and I help handle customer issues at {{admin.company}}.</p><p>I just noticed that you tried to make a purchase, but unfortunately, there was some trouble. Is there anything I can do to help?</p><p>You should be able to complete your checkout in less than a minute:<br /><a href=\'{{cart.checkout_url}}\' target=\'_blank\' rel=\'noopener\'> Click here to continue your purchase </a><p><p>Thanks!<br />{{admin.firstname}}<br />{{admin.company}}</p><p>{{cart.unsubscribe}}</p>',0,1,'DAY'),(3,'Sample Email Template 3','Exclusive discount for you. Let\'s get things started!','<p>Few days back you left {{cart.product.names}} in your cart.</p><p>To help make up your mind, we have added an exclusive 10% discount coupon {{cart.coupon_code}} to your cart.</p><p><a href=\'{{cart.checkout_url}}\' target=\'_blank\' rel=\'noopener\'>Complete Your Purchase Now &gt;&gt;</a></p><p>Hurry! This is a onetime offer and will expire in 24 Hours.</p><p>In case you couldn\\\'t finish your order due to technical difficulties or because you need some help, just reply to this email we will be happy to help.</p><p>Kind Regards,<br />{{admin.firstname}}<br />{{admin.company}}</p><p>{{cart.unsubscribe}}</p>',0,3,'DAY');

--
-- Table structure for table `wp_8_cartflows_ca_email_templates_meta`
--

CREATE TABLE `wp_8_cartflows_ca_email_templates_meta` (
  `id` bigint NOT NULL AUTO_INCREMENT,
  `email_template_id` bigint NOT NULL,
  `meta_key` varchar(255) CHARACTER SET utf8mb4 COLLATE utf8mb4_unicode_ci NOT NULL,
  `meta_value` longtext CHARACTER SET utf8mb4 COLLATE utf8mb4_unicode_ci NOT NULL,
  PRIMARY KEY (`id`),
  KEY `email_template_id` (`email_template_id`),
  CONSTRAINT `wp_8_cartflows_ca_email_templates_meta_ibfk_1` FOREIGN KEY (`email_template_id`) REFERENCES `wp_8_cartflows_ca_email_templates` (`id`) ON DELETE CASCADE
) ENGINE=InnoDB AUTO_INCREMENT=16 DEFAULT CHARSET=utf8mb4 COLLATE=utf8mb4_unicode_ci;

--
-- Dumping data for table `wp_8_cartflows_ca_email_templates_meta`
--

INSERT INTO `wp_8_cartflows_ca_email_templates_meta` VALUES (1,1,'override_global_coupon',''),(2,1,'discount_type','percent'),(3,1,'coupon_amount','10'),(4,1,'coupon_expiry_date',''),(5,1,'coupon_expiry_unit','hours'),(6,2,'override_global_coupon',''),(7,2,'discount_type','percent'),(8,2,'coupon_amount','10'),(9,2,'coupon_expiry_date',''),(10,2,'coupon_expiry_unit','hours'),(11,3,'override_global_coupon',''),(12,3,'discount_type','percent'),(13,3,'coupon_amount','10'),(14,3,'coupon_expiry_date',''),(15,3,'coupon_expiry_unit','hours');

--
-- Table structure for table `wp_8_cartflows_visits`
--

CREATE TABLE `wp_8_cartflows_visits` (
  `id` bigint NOT NULL AUTO_INCREMENT,
  `step_id` bigint NOT NULL,
  `date_visited` datetime NOT NULL DEFAULT '0000-00-00 00:00:00',
  `visit_type` enum('new','return') CHARACTER SET utf8mb4 COLLATE utf8mb4_unicode_ci DEFAULT NULL,
  PRIMARY KEY (`id`)
) ENGINE=InnoDB AUTO_INCREMENT=146 DEFAULT CHARSET=utf8mb4 COLLATE=utf8mb4_unicode_ci;

--
-- Dumping data for table `wp_8_cartflows_visits`
--

INSERT INTO `wp_8_cartflows_visits` VALUES (1,560719,'2022-08-13 14:04:41','new'),(2,560753,'2022-09-01 08:24:51','new'),(3,560792,'2022-09-01 08:24:52','new'),(4,560951,'2022-09-01 21:09:38','new'),(5,560814,'2022-09-01 21:09:59','new'),(6,560777,'2022-09-02 10:20:32','new'),(7,560791,'2022-09-14 15:12:13','new'),(8,560791,'2022-09-15 21:16:39','new'),(9,560791,'2022-09-21 07:54:39','new'),(10,560792,'2022-09-22 09:23:33','new'),(11,560752,'2022-10-25 08:34:13','new'),(12,560739,'2022-10-29 16:36:34','new'),(13,560719,'2022-11-05 01:32:52','new'),(14,560777,'2022-11-10 00:30:48','new'),(15,560739,'2022-12-16 04:21:52','new'),(16,560792,'2022-12-22 05:09:48','new'),(17,560792,'2022-12-23 07:30:49','new'),(18,560753,'2022-12-27 01:24:55','new'),(19,560951,'2023-03-07 18:38:22','new'),(20,560792,'2023-03-07 18:39:02','new'),(21,560719,'2023-03-07 21:27:24','new'),(22,560719,'2023-03-21 08:06:05','new'),(23,560719,'2023-03-23 21:56:08','new'),(24,560739,'2023-04-20 10:57:32','new'),(25,560718,'2023-04-20 22:39:02','new'),(26,560777,'2023-04-20 22:39:03','new'),(27,560719,'2023-05-10 04:49:20','new'),(28,560791,'2023-05-11 19:26:21','new'),(29,560752,'2023-05-14 05:45:31','new'),(30,560718,'2023-05-22 06:47:09','new'),(31,560718,'2023-05-22 06:55:41','new'),(32,560777,'2023-05-26 01:50:37','new'),(33,560739,'2023-06-06 21:41:26','new'),(34,560719,'2023-07-02 11:21:52','new'),(35,560739,'2023-07-06 04:13:29','new'),(36,560718,'2023-07-10 01:58:58','new'),(37,560718,'2023-07-10 07:12:43','new'),(38,560814,'2023-07-16 17:50:42','new'),(39,560719,'2023-08-02 08:31:33','new'),(40,560719,'2023-08-23 12:14:14','new'),(41,560813,'2023-09-10 20:06:29','new'),(42,560778,'2023-09-11 08:15:48','new'),(43,560753,'2023-09-13 07:59:52','new'),(44,560951,'2023-09-16 04:46:53','new'),(45,560718,'2023-09-24 15:30:00','new'),(46,560873,'2023-09-25 08:00:11','new'),(47,560752,'2023-10-07 17:24:11','new'),(48,560778,'2023-10-07 17:25:05','new'),(49,560718,'2023-10-07 17:27:02','new'),(50,560792,'2023-10-07 17:28:03','new'),(51,560777,'2023-10-07 17:29:12','new'),(52,560813,'2023-10-07 17:31:02','new'),(53,560719,'2023-10-07 17:31:58','new'),(54,560872,'2023-10-07 17:34:19','new'),(55,560951,'2023-10-07 17:35:06','new'),(56,560791,'2023-10-07 17:37:41','new'),(57,560739,'2023-10-07 17:38:18','new'),(58,560814,'2023-10-07 17:38:59','new'),(59,560719,'2023-10-07 18:00:14','return'),(60,560718,'2023-10-11 01:38:16','new'),(61,560718,'2023-10-11 03:14:44','new'),(62,560777,'2023-10-12 07:32:58','new'),(63,560813,'2023-10-12 07:33:03','new'),(64,560951,'2023-10-12 07:33:05','new'),(65,560718,'2023-10-12 07:33:05','new'),(66,560719,'2023-10-12 07:33:08','new'),(67,560739,'2023-10-12 07:33:11','new'),(68,560752,'2023-10-12 07:33:18','new'),(69,560814,'2023-10-12 07:33:19','new'),(70,560792,'2023-10-12 07:33:27','new'),(71,560791,'2023-10-12 07:33:30','new'),(72,560778,'2023-10-12 07:33:32','new'),(73,560753,'2023-10-12 07:33:46','new'),(74,560872,'2023-10-12 07:33:53','new'),(75,560873,'2023-10-12 07:33:58','new'),(76,560719,'2023-10-12 07:35:41','new'),(77,560872,'2023-10-12 08:33:54','new'),(78,560792,'2023-10-14 13:47:01','new'),(79,560791,'2023-10-17 21:41:10','new'),(80,560752,'2023-10-22 04:24:33','new'),(81,560778,'2023-11-02 23:29:34','new'),(82,560719,'2023-11-08 01:55:26','new'),(83,560739,'2023-11-08 01:59:51','new'),(84,560718,'2023-11-08 01:59:57','new'),(85,560719,'2023-11-08 01:59:57','new'),(86,560777,'2023-11-08 02:00:18','new'),(87,560778,'2023-11-08 02:00:28','new'),(88,560813,'2023-11-08 02:00:30','new'),(89,560951,'2023-11-08 02:00:36','new'),(90,560814,'2023-11-08 02:00:46','new'),(91,560792,'2023-11-08 02:00:54','new'),(92,560753,'2023-11-08 02:01:01','new'),(93,560873,'2023-11-08 02:01:47','new'),(94,560791,'2023-11-08 02:01:49','new'),(95,560752,'2023-11-08 02:01:54','new'),(96,560872,'2023-11-08 02:02:26','new'),(97,560872,'2023-11-08 03:32:09','new'),(98,560718,'2023-11-14 20:56:49','new'),(99,560792,'2023-12-07 01:58:09','new'),(100,560718,'2023-12-07 09:37:03','new'),(101,560777,'2024-01-18 22:08:54','new'),(102,560719,'2024-01-29 06:13:17','new'),(103,560791,'2024-01-30 18:45:16','new'),(104,560719,'2024-02-02 05:37:02','new'),(105,560777,'2024-02-02 10:39:00','new'),(106,560718,'2024-02-02 10:39:17','new'),(107,560719,'2024-02-02 10:39:53','new'),(108,560951,'2024-02-02 13:31:58','new'),(109,560813,'2024-02-02 13:32:00','new'),(110,560739,'2024-02-02 13:32:08','new'),(111,560778,'2024-02-02 18:52:29','new'),(112,560814,'2024-02-02 19:04:14','new'),(113,560873,'2024-02-02 19:28:26','new'),(114,560792,'2024-02-02 19:28:37','new'),(115,560791,'2024-02-02 19:28:48','new'),(116,560752,'2024-02-02 19:29:00','new'),(117,560753,'2024-02-02 19:29:05','new'),(118,560872,'2024-02-02 21:14:34','new'),(119,560872,'2024-02-11 01:12:43','new'),(120,560814,'2024-02-11 08:50:36','new'),(121,560719,'2024-02-11 12:15:24','new'),(122,560873,'2024-02-28 19:27:56','new'),(123,560753,'2024-03-14 16:34:40','new'),(124,560753,'2024-03-14 16:34:45','new'),(125,560753,'2024-03-14 16:34:48','return'),(126,560719,'2024-03-19 21:07:36','new'),(127,560752,'2024-03-23 12:14:22','new'),(128,560873,'2024-03-30 22:19:45','new'),(129,560872,'2024-03-30 22:19:49','new'),(130,560719,'2024-03-30 22:20:07','new'),(131,560791,'2024-03-30 22:20:26','new'),(132,560752,'2024-03-30 22:20:30','new'),(133,560792,'2024-03-30 22:20:57','new'),(134,560753,'2024-03-30 22:21:32','new'),(135,560739,'2024-03-30 22:21:46','new'),(136,560813,'2024-03-30 22:22:24','new'),(137,560814,'2024-03-30 22:22:31','new'),(138,560778,'2024-03-30 22:22:44','new'),(139,560777,'2024-03-30 22:23:32','new'),(140,560718,'2024-03-30 22:23:46','new'),(141,560951,'2024-03-30 22:23:51','new'),(142,560719,'2024-03-30 22:24:28','new'),(143,560872,'2024-04-02 03:11:54','new'),(144,560814,'2024-04-02 04:48:03','new'),(145,560719,'2024-04-18 01:19:31','new');

--
-- Table structure for table `wp_8_cartflows_visits_meta`
--

CREATE TABLE `wp_8_cartflows_visits_meta` (
  `id` bigint NOT NULL AUTO_INCREMENT,
  `visit_id` bigint NOT NULL,
  `meta_key` varchar(255) CHARACTER SET utf8mb4 COLLATE utf8mb4_unicode_ci DEFAULT NULL,
  `meta_value` longtext CHARACTER SET utf8mb4 COLLATE utf8mb4_unicode_ci,
  PRIMARY KEY (`id`)
) ENGINE=InnoDB AUTO_INCREMENT=146 DEFAULT CHARSET=utf8mb4 COLLATE=utf8mb4_unicode_ci;

--
-- Dumping data for table `wp_8_cartflows_visits_meta`
--

INSERT INTO `wp_8_cartflows_visits_meta` VALUES (1,1,'conversion','no'),(2,2,'conversion','no'),(3,3,'conversion','no'),(4,4,'conversion','no'),(5,5,'conversion','no'),(6,6,'conversion','no'),(7,7,'conversion','no'),(8,8,'conversion','no'),(9,9,'conversion','no'),(10,10,'conversion','no'),(11,11,'conversion','no'),(12,12,'conversion','no'),(13,13,'conversion','no'),(14,14,'conversion','no'),(15,15,'conversion','no'),(16,16,'conversion','no'),(17,17,'conversion','no'),(18,18,'conversion','no'),(19,19,'conversion','no'),(20,20,'conversion','no'),(21,21,'conversion','no'),(22,22,'conversion','no'),(23,23,'conversion','no'),(24,24,'conversion','no'),(25,25,'conversion','no'),(26,26,'conversion','no'),(27,27,'conversion','no'),(28,28,'conversion','no'),(29,29,'conversion','no'),(30,30,'conversion','no'),(31,31,'conversion','no'),(32,32,'conversion','no'),(33,33,'conversion','no'),(34,34,'conversion','no'),(35,35,'conversion','no'),(36,36,'conversion','no'),(37,37,'conversion','no'),(38,38,'conversion','no'),(39,39,'conversion','no'),(40,40,'conversion','no'),(41,41,'conversion','no'),(42,42,'conversion','no'),(43,43,'conversion','no'),(44,44,'conversion','no'),(45,45,'conversion','no'),(46,46,'conversion','no'),(47,47,'conversion','no'),(48,48,'conversion','no'),(49,49,'conversion','yes'),(50,50,'conversion','no'),(51,51,'conversion','no'),(52,52,'conversion','yes'),(53,53,'conversion','no'),(54,54,'conversion','no'),(55,55,'conversion','no'),(56,56,'conversion','no'),(57,57,'conversion','no'),(58,58,'conversion','no'),(59,59,'conversion','no'),(60,60,'conversion','no'),(61,61,'conversion','no'),(62,62,'conversion','no'),(63,63,'conversion','no'),(64,64,'conversion','no'),(65,65,'conversion','no'),(66,66,'conversion','no'),(67,67,'conversion','no'),(68,68,'conversion','no'),(69,69,'conversion','no'),(70,70,'conversion','no'),(71,71,'conversion','no'),(72,72,'conversion','no'),(73,73,'conversion','no'),(74,74,'conversion','no'),(75,75,'conversion','no'),(76,76,'conversion','no'),(77,77,'conversion','no'),(78,78,'conversion','no'),(79,79,'conversion','no'),(80,80,'conversion','no'),(81,81,'conversion','no'),(82,82,'conversion','no'),(83,83,'conversion','no'),(84,84,'conversion','no'),(85,85,'conversion','no'),(86,86,'conversion','no'),(87,87,'conversion','no'),(88,88,'conversion','no'),(89,89,'conversion','no'),(90,90,'conversion','no'),(91,91,'conversion','no'),(92,92,'conversion','no'),(93,93,'conversion','no'),(94,94,'conversion','no'),(95,95,'conversion','no'),(96,96,'conversion','no'),(97,97,'conversion','no'),(98,98,'conversion','no'),(99,99,'conversion','no'),(100,100,'conversion','no'),(101,101,'conversion','no'),(102,102,'conversion','no'),(103,103,'conversion','no'),(104,104,'conversion','no'),(105,105,'conversion','no'),(106,106,'conversion','no'),(107,107,'conversion','no'),(108,108,'conversion','no'),(109,109,'conversion','no'),(110,110,'conversion','no'),(111,111,'conversion','no'),(112,112,'conversion','no'),(113,113,'conversion','no'),(114,114,'conversion','no'),(115,115,'conversion','no'),(116,116,'conversion','no'),(117,117,'conversion','no'),(118,118,'conversion','no'),(119,119,'conversion','no'),(120,120,'conversion','no'),(121,121,'conversion','no'),(122,122,'conversion','no'),(123,123,'conversion','no'),(124,124,'conversion','no'),(125,125,'conversion','no'),(126,126,'conversion','no'),(127,127,'conversion','no'),(128,128,'conversion','no'),(129,129,'conversion','no'),(130,130,'conversion','no'),(131,131,'conversion','no'),(132,132,'conversion','no'),(133,133,'conversion','no'),(134,134,'conversion','no'),(135,135,'conversion','no'),(136,136,'conversion','no'),(137,137,'conversion','no'),(138,138,'conversion','no'),(139,139,'conversion','no'),(140,140,'conversion','no'),(141,141,'conversion','no'),(142,142,'conversion','no'),(143,143,'conversion','no'),(144,144,'conversion','no'),(145,145,'conversion','no');

--
-- Table structure for table `wp_8_commentmeta`
--

CREATE TABLE `wp_8_commentmeta` (
  `meta_id` bigint unsigned NOT NULL AUTO_INCREMENT,
  `comment_id` bigint unsigned NOT NULL DEFAULT '0',
  `meta_key` varchar(255) CHARACTER SET utf8mb4 COLLATE utf8mb4_unicode_ci DEFAULT NULL,
  `meta_value` longtext CHARACTER SET utf8mb4 COLLATE utf8mb4_unicode_ci,
  PRIMARY KEY (`meta_id`),
  KEY `comment_id` (`comment_id`),
  KEY `meta_key` (`meta_key`(191))
) ENGINE=InnoDB DEFAULT CHARSET=utf8mb4 COLLATE=utf8mb4_unicode_ci;

--
-- Dumping data for table `wp_8_commentmeta`
--


--
-- Table structure for table `wp_8_comments`
--

CREATE TABLE `wp_8_comments` (
  `comment_ID` bigint unsigned NOT NULL AUTO_INCREMENT,
  `comment_post_ID` bigint unsigned NOT NULL DEFAULT '0',
  `comment_author` tinytext CHARACTER SET utf8mb4 COLLATE utf8mb4_unicode_ci NOT NULL,
  `comment_author_email` varchar(100) CHARACTER SET utf8mb4 COLLATE utf8mb4_unicode_ci NOT NULL DEFAULT '',
  `comment_author_url` varchar(200) CHARACTER SET utf8mb4 COLLATE utf8mb4_unicode_ci NOT NULL DEFAULT '',
  `comment_author_IP` varchar(100) CHARACTER SET utf8mb4 COLLATE utf8mb4_unicode_ci NOT NULL DEFAULT '',
  `comment_date` datetime NOT NULL DEFAULT '0000-00-00 00:00:00',
  `comment_date_gmt` datetime NOT NULL DEFAULT '0000-00-00 00:00:00',
  `comment_content` text CHARACTER SET utf8mb4 COLLATE utf8mb4_unicode_ci NOT NULL,
  `comment_karma` int NOT NULL DEFAULT '0',
  `comment_approved` varchar(20) CHARACTER SET utf8mb4 COLLATE utf8mb4_unicode_ci NOT NULL DEFAULT '1',
  `comment_agent` varchar(255) CHARACTER SET utf8mb4 COLLATE utf8mb4_unicode_ci NOT NULL DEFAULT '',
  `comment_type` varchar(20) CHARACTER SET utf8mb4 COLLATE utf8mb4_unicode_ci NOT NULL DEFAULT 'comment',
  `comment_parent` bigint unsigned NOT NULL DEFAULT '0',
  `user_id` bigint unsigned NOT NULL DEFAULT '0',
  PRIMARY KEY (`comment_ID`),
  KEY `comment_post_ID` (`comment_post_ID`),
  KEY `comment_approved_date_gmt` (`comment_approved`,`comment_date_gmt`),
  KEY `comment_date_gmt` (`comment_date_gmt`),
  KEY `comment_parent` (`comment_parent`),
  KEY `comment_author_email` (`comment_author_email`(10)),
  KEY `woo_idx_comment_type` (`comment_type`)
) ENGINE=InnoDB AUTO_INCREMENT=2 DEFAULT CHARSET=utf8mb4 COLLATE=utf8mb4_unicode_ci;

--
-- Dumping data for table `wp_8_comments`
--

INSERT INTO `wp_8_comments` VALUES (1,1,'Un commentateur WordPress','wapuu@wordpress.example','https://pro.biolystes.com/','','2022-04-24 16:47:36','2022-04-24 14:47:36','Bonjour, ceci est un commentaire.\nPour débuter avec la modération, la modification et la suppression de commentaires, veuillez visiter l’écran des Commentaires dans le Tableau de bord.\nLes avatars des personnes qui commentent arrivent depuis <a href=\"https://gravatar.com\">Gravatar</a>.',0,'1','','comment',0,0);

--
-- Table structure for table `wp_8_e_events`
--

CREATE TABLE `wp_8_e_events` (
  `id` bigint unsigned NOT NULL AUTO_INCREMENT,
  `event_data` text CHARACTER SET utf8mb4 COLLATE utf8mb4_unicode_ci,
  `created_at` datetime NOT NULL,
  PRIMARY KEY (`id`),
  KEY `created_at_index` (`created_at`)
) ENGINE=InnoDB DEFAULT CHARSET=utf8mb4 COLLATE=utf8mb4_unicode_ci;

--
-- Dumping data for table `wp_8_e_events`
--


--
-- Table structure for table `wp_8_elfsight_faq_widgets`
--

CREATE TABLE `wp_8_elfsight_faq_widgets` (
  `id` int unsigned NOT NULL AUTO_INCREMENT,
  `name` varchar(255) NOT NULL,
  `time_created` varchar(10) NOT NULL,
  `time_updated` varchar(10) NOT NULL,
  `active` int NOT NULL DEFAULT '1',
  `options` longtext CHARACTER SET utf8mb4 COLLATE utf8mb4_0900_ai_ci NOT NULL,
  PRIMARY KEY (`id`)
) ENGINE=InnoDB DEFAULT CHARSET=utf8mb3;

--
-- Dumping data for table `wp_8_elfsight_faq_widgets`
--


--
-- Table structure for table `wp_8_elfsight_logo_showcase_widgets`
--

CREATE TABLE `wp_8_elfsight_logo_showcase_widgets` (
  `id` int unsigned NOT NULL AUTO_INCREMENT,
  `name` varchar(255) NOT NULL,
  `time_created` varchar(10) NOT NULL,
  `time_updated` varchar(10) NOT NULL,
  `active` int NOT NULL DEFAULT '1',
  `options` longtext CHARACTER SET utf8mb4 COLLATE utf8mb4_0900_ai_ci NOT NULL,
  PRIMARY KEY (`id`)
) ENGINE=InnoDB DEFAULT CHARSET=utf8mb3;

--
-- Dumping data for table `wp_8_elfsight_logo_showcase_widgets`
--


--
-- Table structure for table `wp_8_elfsight_pricing_table_widgets`
--

CREATE TABLE `wp_8_elfsight_pricing_table_widgets` (
  `id` int unsigned NOT NULL AUTO_INCREMENT,
  `name` varchar(255) NOT NULL,
  `time_created` varchar(10) NOT NULL,
  `time_updated` varchar(10) NOT NULL,
  `active` int NOT NULL DEFAULT '1',
  `options` text CHARACTER SET utf8mb4 COLLATE utf8mb4_0900_ai_ci NOT NULL,
  PRIMARY KEY (`id`)
) ENGINE=InnoDB DEFAULT CHARSET=utf8mb3 ROW_FORMAT=DYNAMIC;

--
-- Dumping data for table `wp_8_elfsight_pricing_table_widgets`
--


--
-- Table structure for table `wp_8_elfsight_testimonials_slider_widgets`
--

CREATE TABLE `wp_8_elfsight_testimonials_slider_widgets` (
  `id` int unsigned NOT NULL AUTO_INCREMENT,
  `name` varchar(255) NOT NULL,
  `time_created` varchar(10) NOT NULL,
  `time_updated` varchar(10) NOT NULL,
  `active` int NOT NULL DEFAULT '1',
  `options` longtext CHARACTER SET utf8mb4 COLLATE utf8mb4_0900_ai_ci NOT NULL,
  PRIMARY KEY (`id`)
) ENGINE=InnoDB DEFAULT CHARSET=utf8mb3;

--
-- Dumping data for table `wp_8_elfsight_testimonials_slider_widgets`
--


--
-- Table structure for table `wp_8_elfsight_whatsapp_chat_widgets`
--

CREATE TABLE `wp_8_elfsight_whatsapp_chat_widgets` (
  `id` int unsigned NOT NULL AUTO_INCREMENT,
  `name` varchar(255) NOT NULL,
  `time_created` varchar(10) NOT NULL,
  `time_updated` varchar(10) NOT NULL,
  `active` int NOT NULL DEFAULT '1',
  `options` longtext CHARACTER SET utf8mb4 COLLATE utf8mb4_0900_ai_ci NOT NULL,
  PRIMARY KEY (`id`)
) ENGINE=InnoDB DEFAULT CHARSET=utf8mb3;

--
-- Dumping data for table `wp_8_elfsight_whatsapp_chat_widgets`
--


--
-- Table structure for table `wp_8_elfsight_youtube_gallery_cache`
--

CREATE TABLE `wp_8_elfsight_youtube_gallery_cache` (
  `id` int unsigned NOT NULL AUTO_INCREMENT,
  `key` text NOT NULL,
  `data` longtext NOT NULL,
  `updated_at` int NOT NULL,
  PRIMARY KEY (`id`)
) ENGINE=InnoDB DEFAULT CHARSET=utf8mb3;

--
-- Dumping data for table `wp_8_elfsight_youtube_gallery_cache`
--


--
-- Table structure for table `wp_8_elfsight_youtube_gallery_widgets`
--

CREATE TABLE `wp_8_elfsight_youtube_gallery_widgets` (
  `id` int unsigned NOT NULL AUTO_INCREMENT,
  `name` varchar(255) NOT NULL,
  `time_created` varchar(10) NOT NULL,
  `time_updated` varchar(10) NOT NULL,
  `active` int NOT NULL DEFAULT '1',
  `options` longtext CHARACTER SET utf8mb4 COLLATE utf8mb4_0900_ai_ci NOT NULL,
  PRIMARY KEY (`id`)
) ENGINE=InnoDB DEFAULT CHARSET=utf8mb3;

--
-- Dumping data for table `wp_8_elfsight_youtube_gallery_widgets`
--


--
-- Table structure for table `wp_8_gf_draft_submissions`
--

CREATE TABLE `wp_8_gf_draft_submissions` (
  `uuid` char(32) CHARACTER SET utf8mb4 COLLATE utf8mb4_unicode_ci NOT NULL,
  `email` varchar(255) CHARACTER SET utf8mb4 COLLATE utf8mb4_unicode_ci DEFAULT NULL,
  `form_id` mediumint unsigned NOT NULL,
  `date_created` datetime NOT NULL,
  `ip` varchar(45) CHARACTER SET utf8mb4 COLLATE utf8mb4_unicode_ci NOT NULL,
  `source_url` longtext CHARACTER SET utf8mb4 COLLATE utf8mb4_unicode_ci NOT NULL,
  `submission` longtext CHARACTER SET utf8mb4 COLLATE utf8mb4_unicode_ci NOT NULL,
  PRIMARY KEY (`uuid`),
  KEY `form_id` (`form_id`)
) ENGINE=InnoDB DEFAULT CHARSET=utf8mb4 COLLATE=utf8mb4_unicode_ci;

--
-- Dumping data for table `wp_8_gf_draft_submissions`
--


--
-- Table structure for table `wp_8_gf_entry`
--

CREATE TABLE `wp_8_gf_entry` (
  `id` int unsigned NOT NULL AUTO_INCREMENT,
  `form_id` mediumint unsigned NOT NULL,
  `post_id` bigint unsigned DEFAULT NULL,
  `date_created` datetime NOT NULL,
  `date_updated` datetime DEFAULT NULL,
  `is_starred` tinyint NOT NULL DEFAULT '0',
  `is_read` tinyint NOT NULL DEFAULT '0',
  `ip` varchar(45) CHARACTER SET utf8mb4 COLLATE utf8mb4_unicode_ci NOT NULL,
  `source_url` varchar(200) CHARACTER SET utf8mb4 COLLATE utf8mb4_unicode_ci NOT NULL DEFAULT '',
  `user_agent` varchar(250) CHARACTER SET utf8mb4 COLLATE utf8mb4_unicode_ci NOT NULL DEFAULT '',
  `currency` varchar(5) CHARACTER SET utf8mb4 COLLATE utf8mb4_unicode_ci DEFAULT NULL,
  `payment_status` varchar(15) CHARACTER SET utf8mb4 COLLATE utf8mb4_unicode_ci DEFAULT NULL,
  `payment_date` datetime DEFAULT NULL,
  `payment_amount` decimal(19,2) DEFAULT NULL,
  `payment_method` varchar(30) CHARACTER SET utf8mb4 COLLATE utf8mb4_unicode_ci DEFAULT NULL,
  `transaction_id` varchar(50) CHARACTER SET utf8mb4 COLLATE utf8mb4_unicode_ci DEFAULT NULL,
  `is_fulfilled` tinyint DEFAULT NULL,
  `created_by` bigint unsigned DEFAULT NULL,
  `transaction_type` tinyint DEFAULT NULL,
  `status` varchar(20) CHARACTER SET utf8mb4 COLLATE utf8mb4_unicode_ci NOT NULL DEFAULT 'active',
  PRIMARY KEY (`id`),
  KEY `form_id` (`form_id`),
  KEY `form_id_status` (`form_id`,`status`)
) ENGINE=InnoDB DEFAULT CHARSET=utf8mb4 COLLATE=utf8mb4_unicode_ci;

--
-- Dumping data for table `wp_8_gf_entry`
--


--
-- Table structure for table `wp_8_gf_entry_meta`
--

CREATE TABLE `wp_8_gf_entry_meta` (
  `id` bigint unsigned NOT NULL AUTO_INCREMENT,
  `form_id` mediumint unsigned NOT NULL DEFAULT '0',
  `entry_id` bigint unsigned NOT NULL,
  `meta_key` varchar(255) CHARACTER SET utf8mb4 COLLATE utf8mb4_unicode_ci DEFAULT NULL,
  `meta_value` longtext CHARACTER SET utf8mb4 COLLATE utf8mb4_unicode_ci,
  `item_index` varchar(60) CHARACTER SET utf8mb4 COLLATE utf8mb4_unicode_ci DEFAULT NULL,
  PRIMARY KEY (`id`),
  KEY `meta_key` (`meta_key`(191)),
  KEY `entry_id` (`entry_id`),
  KEY `meta_value` (`meta_value`(191))
) ENGINE=InnoDB DEFAULT CHARSET=utf8mb4 COLLATE=utf8mb4_unicode_ci;

--
-- Dumping data for table `wp_8_gf_entry_meta`
--


--
-- Table structure for table `wp_8_gf_entry_notes`
--

CREATE TABLE `wp_8_gf_entry_notes` (
  `id` int unsigned NOT NULL AUTO_INCREMENT,
  `entry_id` int unsigned NOT NULL,
  `user_name` varchar(250) CHARACTER SET utf8mb4 COLLATE utf8mb4_unicode_ci DEFAULT NULL,
  `user_id` bigint DEFAULT NULL,
  `date_created` datetime NOT NULL,
  `value` longtext CHARACTER SET utf8mb4 COLLATE utf8mb4_unicode_ci,
  `note_type` varchar(50) CHARACTER SET utf8mb4 COLLATE utf8mb4_unicode_ci DEFAULT NULL,
  `sub_type` varchar(50) CHARACTER SET utf8mb4 COLLATE utf8mb4_unicode_ci DEFAULT NULL,
  PRIMARY KEY (`id`),
  KEY `entry_id` (`entry_id`),
  KEY `entry_user_key` (`entry_id`,`user_id`)
) ENGINE=InnoDB DEFAULT CHARSET=utf8mb4 COLLATE=utf8mb4_unicode_ci;

--
-- Dumping data for table `wp_8_gf_entry_notes`
--


--
-- Table structure for table `wp_8_gf_form`
--

CREATE TABLE `wp_8_gf_form` (
  `id` mediumint unsigned NOT NULL AUTO_INCREMENT,
  `title` varchar(150) CHARACTER SET utf8mb4 COLLATE utf8mb4_unicode_ci NOT NULL,
  `date_created` datetime NOT NULL,
  `date_updated` datetime DEFAULT NULL,
  `is_active` tinyint NOT NULL DEFAULT '1',
  `is_trash` tinyint NOT NULL DEFAULT '0',
  PRIMARY KEY (`id`)
) ENGINE=InnoDB AUTO_INCREMENT=5 DEFAULT CHARSET=utf8mb4 COLLATE=utf8mb4_unicode_ci;

--
-- Dumping data for table `wp_8_gf_form`
--

INSERT INTO `wp_8_gf_form` VALUES (1,'Newsletter','2022-04-26 05:24:39',NULL,1,0),(2,'Contact','2022-04-26 05:24:40',NULL,1,0),(3,'Demande d\'informations','2022-04-26 05:24:40',NULL,1,0),(4,'Inscription','2022-04-26 05:24:40',NULL,1,0);

--
-- Table structure for table `wp_8_gf_form_meta`
--

CREATE TABLE `wp_8_gf_form_meta` (
  `form_id` mediumint unsigned NOT NULL,
  `display_meta` longtext CHARACTER SET utf8mb4 COLLATE utf8mb4_unicode_ci,
  `entries_grid_meta` longtext CHARACTER SET utf8mb4 COLLATE utf8mb4_unicode_ci,
  `confirmations` longtext CHARACTER SET utf8mb4 COLLATE utf8mb4_unicode_ci,
  `notifications` longtext CHARACTER SET utf8mb4 COLLATE utf8mb4_unicode_ci,
  PRIMARY KEY (`form_id`)
) ENGINE=InnoDB DEFAULT CHARSET=utf8mb4 COLLATE=utf8mb4_unicode_ci;

--
-- Dumping data for table `wp_8_gf_form_meta`
--

INSERT INTO `wp_8_gf_form_meta` VALUES (1,'{\"title\":\"Newsletter\",\"description\":\"\",\"labelPlacement\":\"top_label\",\"descriptionPlacement\":\"below\",\"button\":{\"type\":\"text\",\"text\":\"S\'inscrire\",\"imageUrl\":\"\"},\"fields\":[{\"type\":\"email\",\"id\":1,\"label\":\"E-mail\",\"adminLabel\":\"\",\"isRequired\":false,\"size\":\"large\",\"errorMessage\":\"\",\"visibility\":\"visible\",\"inputs\":null,\"formId\":1,\"description\":\"\",\"allowsPrepopulate\":false,\"inputMask\":false,\"inputMaskValue\":\"\",\"inputMaskIsCustom\":false,\"maxLength\":\"\",\"inputType\":\"\",\"labelPlacement\":\"\",\"descriptionPlacement\":\"\",\"subLabelPlacement\":\"\",\"placeholder\":\"\",\"cssClass\":\"\",\"inputName\":\"\",\"noDuplicates\":false,\"defaultValue\":\"\",\"choices\":\"\",\"conditionalLogic\":\"\",\"productField\":\"\",\"emailConfirmEnabled\":\"\",\"multipleFiles\":false,\"maxFiles\":\"\",\"calculationFormula\":\"\",\"calculationRounding\":\"\",\"enableCalculation\":\"\",\"disableQuantity\":false,\"displayAllCategories\":false,\"useRichTextEditor\":false,\"fields\":\"\",\"displayOnly\":\"\",\"enableAutocomplete\":false,\"autocompleteAttribute\":\"\",\"pageNumber\":1}],\"version\":\"2.6.1.1\",\"id\":1,\"nextFieldId\":2,\"useCurrentUserAsAuthor\":true,\"postContentTemplateEnabled\":false,\"postTitleTemplateEnabled\":false,\"postTitleTemplate\":\"\",\"postContentTemplate\":\"\",\"lastPageButton\":null,\"pagination\":null,\"firstPageCssClass\":null,\"subLabelPlacement\":\"below\",\"cssClass\":\"\",\"enableHoneypot\":false,\"enableAnimation\":false,\"save\":{\"enabled\":false,\"button\":{\"type\":\"link\",\"text\":\"Enregistrer et continuer plus tard\"}},\"limitEntries\":false,\"limitEntriesCount\":\"\",\"limitEntriesPeriod\":\"\",\"limitEntriesMessage\":\"\",\"scheduleForm\":false,\"scheduleStart\":\"\",\"scheduleStartHour\":\"\",\"scheduleStartMinute\":\"\",\"scheduleStartAmpm\":\"\",\"scheduleEnd\":\"\",\"scheduleEndHour\":\"\",\"scheduleEndMinute\":\"\",\"scheduleEndAmpm\":\"\",\"schedulePendingMessage\":\"\",\"scheduleMessage\":\"\",\"requireLogin\":false,\"requireLoginMessage\":\"\",\"markupVersion\":2}',NULL,'{\"5fb204b973ddb\":{\"id\":\"5fb204b973ddb\",\"name\":\"Confirmation par d\\u00e9faut\",\"isDefault\":true,\"type\":\"message\",\"message\":\"Merci pour votre inscription.\",\"url\":\"\",\"pageId\":0,\"queryString\":\"\",\"disableAutoformat\":false,\"conditionalLogic\":[]}}','{\"5fb204b973bbc\":{\"id\":\"5fb204b973bbc\",\"isActive\":true,\"to\":\"{admin_email}\",\"name\":\"Notification administrateur\",\"event\":\"form_submission\",\"toType\":\"email\",\"subject\":\"Nouveau message de {form_title}\",\"message\":\"{all_fields}\"}}'),(2,'{\"title\":\"Contact\",\"description\":\"\",\"labelPlacement\":\"top_label\",\"descriptionPlacement\":\"below\",\"button\":{\"type\":\"text\",\"text\":\"Envoyer\",\"imageUrl\":\"\"},\"fields\":[{\"type\":\"name\",\"id\":1,\"label\":\"Votre nom\",\"adminLabel\":\"\",\"isRequired\":true,\"size\":\"medium\",\"errorMessage\":\"\",\"visibility\":\"visible\",\"nameFormat\":\"advanced\",\"inputs\":[{\"id\":\"1.2\",\"label\":\"Pr\\u00e9fixe\",\"name\":\"\",\"choices\":[{\"text\":\"M.\",\"value\":\"M.\",\"isSelected\":false,\"price\":\"\"},{\"text\":\"Mme\",\"value\":\"Mme\",\"isSelected\":false,\"price\":\"\"},{\"text\":\"Mlle\",\"value\":\"Mlle\",\"isSelected\":false,\"price\":\"\"},{\"text\":\"Mlle\",\"value\":\"Mlle\",\"isSelected\":false,\"price\":\"\"},{\"text\":\"Dr\",\"value\":\"Dr\",\"isSelected\":false,\"price\":\"\"},{\"text\":\"Prof.\",\"value\":\"Prof.\",\"isSelected\":false,\"price\":\"\"},{\"text\":\"Rev.\",\"value\":\"Rev.\",\"isSelected\":false,\"price\":\"\"}],\"isHidden\":true,\"inputType\":\"radio\"},{\"id\":\"1.3\",\"label\":\"Pr\\u00e9nom\",\"name\":\"\"},{\"id\":\"1.4\",\"label\":\"2\\u00e8me pr\\u00e9nom\",\"name\":\"\",\"isHidden\":true},{\"id\":\"1.6\",\"label\":\"Nom\",\"name\":\"\"},{\"id\":\"1.8\",\"label\":\"Suffixe\",\"name\":\"\",\"isHidden\":true}],\"formId\":2,\"description\":\"\",\"allowsPrepopulate\":false,\"inputMask\":false,\"inputMaskValue\":\"\",\"inputMaskIsCustom\":false,\"maxLength\":\"\",\"inputType\":\"\",\"labelPlacement\":\"\",\"descriptionPlacement\":\"\",\"subLabelPlacement\":\"\",\"placeholder\":\"\",\"cssClass\":\"\",\"inputName\":\"\",\"noDuplicates\":false,\"defaultValue\":\"\",\"choices\":\"\",\"conditionalLogic\":\"\",\"productField\":\"\",\"multipleFiles\":false,\"maxFiles\":\"\",\"calculationFormula\":\"\",\"calculationRounding\":\"\",\"enableCalculation\":\"\",\"disableQuantity\":false,\"displayAllCategories\":false,\"useRichTextEditor\":false,\"fields\":\"\",\"displayOnly\":\"\",\"enableAutocomplete\":false,\"autocompleteAttribute\":\"\",\"layoutGroupId\":\"8b3cd760\",\"pageNumber\":1},{\"type\":\"email\",\"id\":2,\"label\":\"Votre adresse de messagerie\",\"adminLabel\":\"\",\"isRequired\":true,\"size\":\"large\",\"errorMessage\":\"\",\"visibility\":\"visible\",\"inputs\":null,\"formId\":2,\"description\":\"\",\"allowsPrepopulate\":false,\"inputMask\":false,\"inputMaskValue\":\"\",\"inputMaskIsCustom\":false,\"maxLength\":\"\",\"inputType\":\"\",\"labelPlacement\":\"\",\"descriptionPlacement\":\"\",\"subLabelPlacement\":\"\",\"placeholder\":\"\",\"cssClass\":\"\",\"inputName\":\"\",\"noDuplicates\":false,\"defaultValue\":\"\",\"choices\":\"\",\"conditionalLogic\":\"\",\"productField\":\"\",\"emailConfirmEnabled\":\"\",\"multipleFiles\":false,\"maxFiles\":\"\",\"calculationFormula\":\"\",\"calculationRounding\":\"\",\"enableCalculation\":\"\",\"disableQuantity\":false,\"displayAllCategories\":false,\"useRichTextEditor\":false,\"fields\":\"\",\"displayOnly\":\"\",\"enableAutocomplete\":false,\"autocompleteAttribute\":\"\",\"layoutGroupId\":\"a4ff579a\",\"pageNumber\":1},{\"type\":\"phone\",\"id\":7,\"label\":\"Votre t\\u00e9l\\u00e9phone\",\"adminLabel\":\"\",\"isRequired\":true,\"size\":\"large\",\"errorMessage\":\"\",\"visibility\":\"visible\",\"inputs\":null,\"phoneFormat\":\"international\",\"formId\":2,\"description\":\"\",\"allowsPrepopulate\":false,\"inputMask\":false,\"inputMaskValue\":\"\",\"inputMaskIsCustom\":false,\"maxLength\":\"\",\"inputType\":\"\",\"labelPlacement\":\"\",\"descriptionPlacement\":\"\",\"subLabelPlacement\":\"\",\"placeholder\":\"\",\"cssClass\":\"\",\"inputName\":\"\",\"noDuplicates\":false,\"defaultValue\":\"\",\"choices\":\"\",\"conditionalLogic\":\"\",\"productField\":\"\",\"multipleFiles\":false,\"maxFiles\":\"\",\"calculationFormula\":\"\",\"calculationRounding\":\"\",\"enableCalculation\":\"\",\"disableQuantity\":false,\"displayAllCategories\":false,\"useRichTextEditor\":false,\"fields\":\"\",\"displayOnly\":\"\",\"enableAutocomplete\":false,\"autocompleteAttribute\":\"\",\"layoutGroupId\":\"db22750a\",\"pageNumber\":1},{\"type\":\"text\",\"id\":10,\"formId\":2,\"label\":\"Votre entreprise\",\"adminLabel\":\"\",\"isRequired\":true,\"size\":\"large\",\"errorMessage\":\"\",\"visibility\":\"visible\",\"inputs\":null,\"description\":\"\",\"allowsPrepopulate\":false,\"inputMask\":false,\"inputMaskValue\":\"\",\"inputMaskIsCustom\":false,\"maxLength\":\"\",\"inputType\":\"\",\"labelPlacement\":\"\",\"descriptionPlacement\":\"\",\"subLabelPlacement\":\"\",\"placeholder\":\"\",\"cssClass\":\"\",\"inputName\":\"\",\"noDuplicates\":false,\"defaultValue\":\"\",\"enableAutocomplete\":false,\"autocompleteAttribute\":\"\",\"choices\":\"\",\"conditionalLogic\":\"\",\"productField\":\"\",\"layoutGridColumnSpan\":12,\"enablePasswordInput\":\"\",\"enableEnhancedUI\":0,\"layoutGroupId\":\"dd2d3bf6\",\"multipleFiles\":false,\"maxFiles\":\"\",\"calculationFormula\":\"\",\"calculationRounding\":\"\",\"enableCalculation\":\"\",\"disableQuantity\":false,\"displayAllCategories\":false,\"useRichTextEditor\":false,\"errors\":[],\"fields\":\"\",\"displayOnly\":\"\",\"pageNumber\":1},{\"type\":\"textarea\",\"id\":4,\"label\":\"Votre message\",\"adminLabel\":\"\",\"isRequired\":true,\"size\":\"medium\",\"errorMessage\":\"\",\"visibility\":\"visible\",\"inputs\":null,\"formId\":2,\"description\":\"\",\"allowsPrepopulate\":false,\"inputMask\":false,\"inputMaskValue\":\"\",\"inputMaskIsCustom\":false,\"maxLength\":\"\",\"inputType\":\"\",\"labelPlacement\":\"\",\"descriptionPlacement\":\"\",\"subLabelPlacement\":\"\",\"placeholder\":\"\",\"cssClass\":\"\",\"inputName\":\"\",\"noDuplicates\":false,\"defaultValue\":\"\",\"choices\":\"\",\"conditionalLogic\":\"\",\"productField\":\"\",\"form_id\":\"\",\"useRichTextEditor\":false,\"multipleFiles\":false,\"maxFiles\":\"\",\"calculationFormula\":\"\",\"calculationRounding\":\"\",\"enableCalculation\":\"\",\"disableQuantity\":false,\"displayAllCategories\":false,\"fields\":\"\",\"displayOnly\":\"\",\"enableAutocomplete\":false,\"autocompleteAttribute\":\"\",\"layoutGroupId\":\"c4abc4ec\",\"pageNumber\":1}],\"version\":\"2.6.1.1\",\"id\":2,\"nextFieldId\":11,\"useCurrentUserAsAuthor\":true,\"postContentTemplateEnabled\":false,\"postTitleTemplateEnabled\":false,\"postTitleTemplate\":\"\",\"postContentTemplate\":\"\",\"lastPageButton\":null,\"pagination\":null,\"firstPageCssClass\":null,\"markupVersion\":2}',NULL,'{\"5ebc0da9e2bf4\":{\"id\":\"5ebc0da9e2bf4\",\"name\":\"Confirmation par d\\u00e9faut\",\"isDefault\":true,\"type\":\"message\",\"message\":\"Merci de nous avoir contact\\u00e9s ! Nous vous r\\u00e9pondrons dans les plus brefs d\\u00e9lais.\",\"url\":\"\",\"pageId\":\"\",\"queryString\":\"\"}}','{\"5ebc0da9e299b\":{\"isActive\":true,\"name\":\"Notification administrateur\",\"service\":\"wordpress\",\"event\":\"form_submission\",\"to\":\"j.jeanne@astonitf.com,t.jourdain@astonitf.com,a.delalance@astonitf.com, j.mayer@astonitf.com\",\"toType\":\"email\",\"cc\":\"\",\"bcc\":\"\",\"subject\":\"Nouveau message de {form_title}\",\"message\":\"{all_fields}\",\"from\":\"contact@astonitf.com\",\"fromName\":\"Aston ITF\",\"replyTo\":\"\",\"routing\":[[]],\"conditionalLogic\":null,\"disableAutoformat\":false,\"enableAttachments\":false,\"id\":\"5ebc0da9e299b\",\"toEmail\":\"j.jeanne@astonitf.com,t.jourdain@astonitf.com,a.delalance@astonitf.com, j.mayer@astonitf.com\",\"toField\":\"\",\"notification_conditional_logic_object\":\"\",\"notification_conditional_logic\":\"0\"}}'),(3,'{\"title\":\"Demande d\'informations\",\"description\":\"Vous souhaitez en savoir plus sur ASTON et les avantages que notre plateforme peut apporter \\u00e0 votre entreprise ? Laissez-nous vos coordonn\\u00e9es et nous vous reviendrons tr\\u00e8s rapidement. \",\"labelPlacement\":\"top_label\",\"descriptionPlacement\":\"below\",\"button\":{\"type\":\"text\",\"text\":\"Envoyer\",\"imageUrl\":\"\"},\"fields\":[{\"type\":\"name\",\"id\":3,\"label\":\"Nom\",\"adminLabel\":\"\",\"isRequired\":true,\"size\":\"medium\",\"errorMessage\":\"\",\"visibility\":\"visible\",\"nameFormat\":\"advanced\",\"inputs\":[{\"id\":\"3.2\",\"label\":\"Pr\\u00e9fixe\",\"name\":\"\",\"choices\":[{\"text\":\"Dr\",\"value\":\"Dr\"},{\"text\":\"M.\",\"value\":\"M.\"},{\"text\":\"Mlle\",\"value\":\"Mlle\"},{\"text\":\"Mme\",\"value\":\"Mme\"},{\"text\":\"Prof.\",\"value\":\"Prof.\"},{\"text\":\"Rev.\",\"value\":\"Rev.\"}],\"isHidden\":true,\"inputType\":\"radio\"},{\"id\":\"3.3\",\"label\":\"Pr\\u00e9nom\",\"name\":\"\"},{\"id\":\"3.4\",\"label\":\"2\\u00e8me pr\\u00e9nom\",\"name\":\"\",\"isHidden\":true},{\"id\":\"3.6\",\"label\":\"Nom\",\"name\":\"\"},{\"id\":\"3.8\",\"label\":\"Suffixe\",\"name\":\"\",\"isHidden\":true}],\"formId\":3,\"description\":\"\",\"allowsPrepopulate\":false,\"inputMask\":false,\"inputMaskValue\":\"\",\"inputMaskIsCustom\":false,\"maxLength\":\"\",\"inputType\":\"\",\"labelPlacement\":\"\",\"descriptionPlacement\":\"\",\"subLabelPlacement\":\"\",\"placeholder\":\"\",\"cssClass\":\"\",\"inputName\":\"\",\"noDuplicates\":false,\"defaultValue\":\"\",\"choices\":\"\",\"conditionalLogic\":\"\",\"productField\":\"\",\"multipleFiles\":false,\"maxFiles\":\"\",\"calculationFormula\":\"\",\"calculationRounding\":\"\",\"enableCalculation\":\"\",\"disableQuantity\":false,\"displayAllCategories\":false,\"useRichTextEditor\":false,\"fields\":\"\",\"displayOnly\":\"\",\"layoutGroupId\":\"098b8a56\",\"enableAutocomplete\":false,\"autocompleteAttribute\":\"\",\"pageNumber\":1},{\"type\":\"email\",\"id\":1,\"label\":\"Votre adresse de messagerie\",\"adminLabel\":\"\",\"isRequired\":true,\"size\":\"large\",\"errorMessage\":\"\",\"visibility\":\"visible\",\"inputs\":null,\"formId\":3,\"description\":\"\",\"allowsPrepopulate\":false,\"inputMask\":false,\"inputMaskValue\":\"\",\"inputMaskIsCustom\":false,\"maxLength\":\"\",\"inputType\":\"\",\"labelPlacement\":\"\",\"descriptionPlacement\":\"\",\"subLabelPlacement\":\"\",\"placeholder\":\"\",\"cssClass\":\"\",\"inputName\":\"\",\"noDuplicates\":false,\"defaultValue\":\"\",\"choices\":\"\",\"conditionalLogic\":\"\",\"productField\":\"\",\"emailConfirmEnabled\":\"\",\"multipleFiles\":false,\"maxFiles\":\"\",\"calculationFormula\":\"\",\"calculationRounding\":\"\",\"enableCalculation\":\"\",\"disableQuantity\":false,\"displayAllCategories\":false,\"useRichTextEditor\":false,\"fields\":\"\",\"displayOnly\":\"\",\"layoutGroupId\":\"dfb72583\",\"autocompleteAttribute\":\"\",\"enableAutocomplete\":false,\"pageNumber\":1},{\"type\":\"text\",\"id\":4,\"label\":\"Votre Entreprise\",\"adminLabel\":\"\",\"isRequired\":true,\"size\":\"large\",\"errorMessage\":\"\",\"visibility\":\"visible\",\"inputs\":null,\"formId\":3,\"description\":\"\",\"allowsPrepopulate\":false,\"inputMask\":false,\"inputMaskValue\":\"\",\"inputMaskIsCustom\":false,\"maxLength\":\"\",\"inputType\":\"\",\"labelPlacement\":\"\",\"descriptionPlacement\":\"\",\"subLabelPlacement\":\"\",\"placeholder\":\"\",\"cssClass\":\"\",\"inputName\":\"\",\"noDuplicates\":false,\"defaultValue\":\"\",\"choices\":\"\",\"conditionalLogic\":\"\",\"productField\":\"\",\"enablePasswordInput\":\"\",\"multipleFiles\":false,\"maxFiles\":\"\",\"calculationFormula\":\"\",\"calculationRounding\":\"\",\"enableCalculation\":\"\",\"disableQuantity\":false,\"displayAllCategories\":false,\"useRichTextEditor\":false,\"fields\":\"\",\"displayOnly\":\"\",\"layoutGroupId\":\"1d938281\",\"autocompleteAttribute\":\"\",\"enableAutocomplete\":false,\"pageNumber\":1},{\"type\":\"phone\",\"id\":2,\"label\":\"T\\u00e9l\\u00e9phone\",\"adminLabel\":\"\",\"isRequired\":true,\"size\":\"large\",\"errorMessage\":\"\",\"visibility\":\"visible\",\"inputs\":null,\"phoneFormat\":\"international\",\"formId\":3,\"description\":\"\",\"allowsPrepopulate\":false,\"inputMask\":false,\"inputMaskValue\":\"\",\"inputMaskIsCustom\":false,\"maxLength\":\"\",\"inputType\":\"\",\"labelPlacement\":\"\",\"descriptionPlacement\":\"\",\"subLabelPlacement\":\"\",\"placeholder\":\"\",\"cssClass\":\"\",\"inputName\":\"\",\"noDuplicates\":false,\"defaultValue\":\"\",\"choices\":\"\",\"conditionalLogic\":\"\",\"productField\":\"\",\"multipleFiles\":false,\"maxFiles\":\"\",\"calculationFormula\":\"\",\"calculationRounding\":\"\",\"enableCalculation\":\"\",\"disableQuantity\":false,\"displayAllCategories\":false,\"useRichTextEditor\":false,\"fields\":\"\",\"displayOnly\":\"\",\"layoutGroupId\":\"88a2b380\",\"layoutGridColumnSpan\":12,\"autocompleteAttribute\":\"\",\"enableAutocomplete\":false,\"pageNumber\":1}],\"version\":\"2.6.1.1\",\"id\":3,\"nextFieldId\":6,\"useCurrentUserAsAuthor\":true,\"postContentTemplateEnabled\":false,\"postTitleTemplateEnabled\":false,\"postTitleTemplate\":\"\",\"postContentTemplate\":\"\",\"lastPageButton\":null,\"pagination\":null,\"firstPageCssClass\":null,\"subLabelPlacement\":\"below\",\"cssClass\":\"\",\"enableHoneypot\":false,\"enableAnimation\":false,\"save\":{\"enabled\":false,\"button\":{\"type\":\"link\",\"text\":\"Enregistrer et continuer plus tard\"}},\"limitEntries\":false,\"limitEntriesCount\":\"\",\"limitEntriesPeriod\":\"\",\"limitEntriesMessage\":\"\",\"scheduleForm\":false,\"scheduleStart\":\"\",\"scheduleStartHour\":\"\",\"scheduleStartMinute\":\"\",\"scheduleStartAmpm\":\"\",\"scheduleEnd\":\"\",\"scheduleEndHour\":\"\",\"scheduleEndMinute\":\"\",\"scheduleEndAmpm\":\"\",\"schedulePendingMessage\":\"\",\"scheduleMessage\":\"\",\"requireLogin\":false,\"requireLoginMessage\":\"\",\"markupVersion\":2}',NULL,'{\"5ebd0fb70048b\":{\"id\":\"5ebd0fb70048b\",\"name\":\"Confirmation par d\\u00e9faut\",\"isDefault\":true,\"type\":\"message\",\"message\":\"Merci de nous avoir contact\\u00e9s ! Nous vous r\\u00e9pondrons dans les plus brefs d\\u00e9lais.\",\"url\":\"\",\"pageId\":\"\",\"queryString\":\"\"}}','{\"5ebd0fb700363\":{\"isActive\":true,\"name\":\"Notification administrateur\",\"service\":\"wordpress\",\"event\":\"form_submission\",\"to\":\"j.jeanne@astonitf.com,t.jourdain@astonitf.com,a.delalance@astonitf.com, j.mayer@astonitf.com\",\"toType\":\"email\",\"cc\":\"\",\"bcc\":\"\",\"subject\":\"Nouveau message de {form_title}\",\"message\":\"{all_fields}\",\"from\":\"contact@astonitf.com\",\"fromName\":\"Aston ITF\",\"replyTo\":\"\",\"routing\":[[]],\"conditionalLogic\":null,\"disableAutoformat\":false,\"enableAttachments\":false,\"id\":\"5ebd0fb700363\",\"toEmail\":\"j.jeanne@astonitf.com,t.jourdain@astonitf.com,a.delalance@astonitf.com, j.mayer@astonitf.com\",\"toField\":\"\",\"notification_conditional_logic_object\":\"\",\"notification_conditional_logic\":\"0\"}}'),(4,'{\"title\":\"Inscription\",\"description\":\"\",\"labelPlacement\":\"top_label\",\"descriptionPlacement\":\"below\",\"button\":{\"type\":\"text\",\"text\":\"Envoyer\",\"imageUrl\":\"\"},\"fields\":[{\"type\":\"section\",\"id\":1,\"formId\":4,\"label\":\"Vos coordonn\\u00e9es\",\"adminLabel\":\"\",\"isRequired\":false,\"size\":\"large\",\"errorMessage\":\"\",\"visibility\":\"visible\",\"inputs\":null,\"displayOnly\":true,\"description\":\"\",\"allowsPrepopulate\":false,\"inputMask\":false,\"inputMaskValue\":\"\",\"inputMaskIsCustom\":false,\"maxLength\":\"\",\"inputType\":\"\",\"labelPlacement\":\"\",\"descriptionPlacement\":\"\",\"subLabelPlacement\":\"\",\"placeholder\":\"\",\"cssClass\":\"\",\"inputName\":\"\",\"noDuplicates\":false,\"defaultValue\":\"\",\"enableAutocomplete\":false,\"autocompleteAttribute\":\"\",\"choices\":\"\",\"conditionalLogic\":\"\",\"productField\":\"\",\"enableEnhancedUI\":0,\"layoutGroupId\":\"029c492f\",\"multipleFiles\":false,\"maxFiles\":\"\",\"calculationFormula\":\"\",\"calculationRounding\":\"\",\"enableCalculation\":\"\",\"disableQuantity\":false,\"displayAllCategories\":false,\"useRichTextEditor\":false,\"errors\":[],\"fields\":\"\",\"pageNumber\":1},{\"type\":\"name\",\"id\":2,\"formId\":4,\"label\":\"Nom\",\"adminLabel\":\"\",\"isRequired\":false,\"size\":\"large\",\"errorMessage\":\"\",\"visibility\":\"visible\",\"nameFormat\":\"advanced\",\"inputs\":[{\"id\":\"2.2\",\"label\":\"Pr\\u00e9fixe\",\"name\":\"\",\"autocompleteAttribute\":\"honorific-prefix\",\"choices\":[{\"text\":\"Dr\",\"value\":\"Dr\"},{\"text\":\"M.\",\"value\":\"M.\"},{\"text\":\"Mlle\",\"value\":\"Mlle\"},{\"text\":\"Mme\",\"value\":\"Mme\"},{\"text\":\"Prof.\",\"value\":\"Prof.\"},{\"text\":\"Rev.\",\"value\":\"Rev.\"}],\"isHidden\":true,\"inputType\":\"radio\"},{\"id\":\"2.3\",\"label\":\"Pr\\u00e9nom\",\"name\":\"\",\"autocompleteAttribute\":\"given-name\"},{\"id\":\"2.4\",\"label\":\"2\\u00e8me pr\\u00e9nom\",\"name\":\"\",\"autocompleteAttribute\":\"additional-name\",\"isHidden\":true},{\"id\":\"2.6\",\"label\":\"Nom\",\"name\":\"\",\"autocompleteAttribute\":\"family-name\"},{\"id\":\"2.8\",\"label\":\"Suffixe\",\"name\":\"\",\"autocompleteAttribute\":\"honorific-suffix\",\"isHidden\":true}],\"description\":\"\",\"allowsPrepopulate\":false,\"inputMask\":false,\"inputMaskValue\":\"\",\"inputMaskIsCustom\":\"\",\"maxLength\":\"\",\"inputType\":\"\",\"labelPlacement\":\"\",\"descriptionPlacement\":\"\",\"subLabelPlacement\":\"\",\"placeholder\":\"\",\"cssClass\":\"\",\"inputName\":\"\",\"noDuplicates\":false,\"defaultValue\":\"\",\"enableAutocomplete\":false,\"autocompleteAttribute\":\"\",\"choices\":\"\",\"conditionalLogic\":\"\",\"productField\":\"\",\"layoutGridColumnSpan\":\"\",\"enableEnhancedUI\":0,\"layoutGroupId\":\"4fc3b0de\",\"fields\":\"\",\"displayOnly\":\"\",\"pageNumber\":1},{\"type\":\"phone\",\"id\":3,\"formId\":4,\"label\":\"T\\u00e9l\\u00e9phone\",\"adminLabel\":\"\",\"isRequired\":false,\"size\":\"large\",\"errorMessage\":\"\",\"visibility\":\"visible\",\"inputs\":null,\"phoneFormat\":\"standard\",\"autocompleteAttribute\":\"tel\",\"description\":\"\",\"allowsPrepopulate\":false,\"inputMask\":false,\"inputMaskValue\":\"\",\"inputMaskIsCustom\":\"\",\"maxLength\":\"\",\"inputType\":\"\",\"labelPlacement\":\"\",\"descriptionPlacement\":\"\",\"subLabelPlacement\":\"\",\"placeholder\":\"\",\"cssClass\":\"\",\"inputName\":\"\",\"noDuplicates\":false,\"defaultValue\":\"\",\"enableAutocomplete\":false,\"choices\":\"\",\"conditionalLogic\":\"\",\"productField\":\"\",\"layoutGridColumnSpan\":\"\",\"enableEnhancedUI\":0,\"layoutGroupId\":\"c90e9f54\",\"fields\":\"\",\"displayOnly\":\"\",\"pageNumber\":1},{\"type\":\"email\",\"id\":4,\"formId\":4,\"label\":\"E-mail\",\"adminLabel\":\"\",\"isRequired\":false,\"size\":\"large\",\"errorMessage\":\"\",\"visibility\":\"visible\",\"inputs\":null,\"autocompleteAttribute\":\"email\",\"description\":\"\",\"allowsPrepopulate\":false,\"inputMask\":false,\"inputMaskValue\":\"\",\"inputMaskIsCustom\":\"\",\"maxLength\":\"\",\"inputType\":\"\",\"labelPlacement\":\"\",\"descriptionPlacement\":\"\",\"subLabelPlacement\":\"\",\"placeholder\":\"\",\"cssClass\":\"\",\"inputName\":\"\",\"noDuplicates\":false,\"defaultValue\":\"\",\"enableAutocomplete\":false,\"choices\":\"\",\"conditionalLogic\":\"\",\"productField\":\"\",\"layoutGridColumnSpan\":\"\",\"emailConfirmEnabled\":\"\",\"enableEnhancedUI\":0,\"layoutGroupId\":\"db0a28ab\",\"fields\":\"\",\"displayOnly\":\"\",\"pageNumber\":1},{\"type\":\"section\",\"id\":5,\"formId\":4,\"label\":\"Votre entreprise\",\"adminLabel\":\"\",\"isRequired\":false,\"size\":\"large\",\"errorMessage\":\"\",\"visibility\":\"visible\",\"inputs\":null,\"displayOnly\":true,\"description\":\"\",\"allowsPrepopulate\":false,\"inputMask\":false,\"inputMaskValue\":\"\",\"inputMaskIsCustom\":false,\"maxLength\":\"\",\"inputType\":\"\",\"labelPlacement\":\"\",\"descriptionPlacement\":\"\",\"subLabelPlacement\":\"\",\"placeholder\":\"\",\"cssClass\":\"\",\"inputName\":\"\",\"noDuplicates\":false,\"defaultValue\":\"\",\"enableAutocomplete\":false,\"autocompleteAttribute\":\"\",\"choices\":\"\",\"conditionalLogic\":\"\",\"productField\":\"\",\"enableEnhancedUI\":0,\"layoutGroupId\":\"8bf3667f\",\"multipleFiles\":false,\"maxFiles\":\"\",\"calculationFormula\":\"\",\"calculationRounding\":\"\",\"enableCalculation\":\"\",\"disableQuantity\":false,\"displayAllCategories\":false,\"useRichTextEditor\":false,\"errors\":[],\"fields\":\"\",\"pageNumber\":1},{\"type\":\"text\",\"id\":6,\"formId\":4,\"label\":\"Nom de l\'entreprise\",\"adminLabel\":\"\",\"isRequired\":false,\"size\":\"large\",\"errorMessage\":\"\",\"visibility\":\"visible\",\"inputs\":null,\"description\":\"\",\"allowsPrepopulate\":false,\"inputMask\":false,\"inputMaskValue\":\"\",\"inputMaskIsCustom\":false,\"maxLength\":\"\",\"inputType\":\"\",\"labelPlacement\":\"\",\"descriptionPlacement\":\"\",\"subLabelPlacement\":\"\",\"placeholder\":\"\",\"cssClass\":\"\",\"inputName\":\"\",\"noDuplicates\":false,\"defaultValue\":\"\",\"enableAutocomplete\":false,\"autocompleteAttribute\":\"\",\"choices\":\"\",\"conditionalLogic\":\"\",\"productField\":\"\",\"layoutGridColumnSpan\":\"\",\"enablePasswordInput\":\"\",\"enableEnhancedUI\":0,\"layoutGroupId\":\"4ab639b4\",\"multipleFiles\":false,\"maxFiles\":\"\",\"calculationFormula\":\"\",\"calculationRounding\":\"\",\"enableCalculation\":\"\",\"disableQuantity\":false,\"displayAllCategories\":false,\"useRichTextEditor\":false,\"errors\":[],\"fields\":\"\",\"displayOnly\":\"\",\"pageNumber\":1},{\"type\":\"text\",\"id\":7,\"formId\":4,\"label\":\"Site Web\",\"adminLabel\":\"\",\"isRequired\":false,\"size\":\"large\",\"errorMessage\":\"\",\"visibility\":\"visible\",\"inputs\":null,\"description\":\"\",\"allowsPrepopulate\":false,\"inputMask\":false,\"inputMaskValue\":\"\",\"inputMaskIsCustom\":false,\"maxLength\":\"\",\"inputType\":\"\",\"labelPlacement\":\"\",\"descriptionPlacement\":\"\",\"subLabelPlacement\":\"\",\"placeholder\":\"\",\"cssClass\":\"\",\"inputName\":\"\",\"noDuplicates\":false,\"defaultValue\":\"\",\"enableAutocomplete\":false,\"autocompleteAttribute\":\"\",\"choices\":\"\",\"conditionalLogic\":\"\",\"productField\":\"\",\"layoutGridColumnSpan\":\"\",\"enablePasswordInput\":\"\",\"enableEnhancedUI\":0,\"layoutGroupId\":\"c87ce542\",\"multipleFiles\":false,\"maxFiles\":\"\",\"calculationFormula\":\"\",\"calculationRounding\":\"\",\"enableCalculation\":\"\",\"disableQuantity\":false,\"displayAllCategories\":false,\"useRichTextEditor\":false,\"errors\":[],\"fields\":\"\",\"displayOnly\":\"\",\"pageNumber\":1},{\"type\":\"address\",\"id\":8,\"formId\":4,\"label\":\"Adresse\",\"adminLabel\":\"\",\"isRequired\":false,\"size\":\"large\",\"errorMessage\":\"\",\"visibility\":\"visible\",\"addressType\":\"international\",\"inputs\":[{\"id\":\"8.1\",\"label\":\"Adresse postale\",\"name\":\"\",\"autocompleteAttribute\":\"address-line1\"},{\"id\":\"8.2\",\"label\":\"Adresse ligne 2\",\"name\":\"\",\"autocompleteAttribute\":\"address-line2\"},{\"id\":\"8.3\",\"label\":\"Ville\",\"name\":\"\",\"autocompleteAttribute\":\"address-level2\"},{\"id\":\"8.4\",\"label\":\"\\u00c9tat \\/ Province\",\"name\":\"\",\"autocompleteAttribute\":\"address-level1\"},{\"id\":\"8.5\",\"label\":\"ZIP \\/ Code postal\",\"name\":\"\",\"autocompleteAttribute\":\"postal-code\"},{\"id\":\"8.6\",\"label\":\"Pays\",\"name\":\"\",\"autocompleteAttribute\":\"country-name\"}],\"description\":\"\",\"allowsPrepopulate\":false,\"inputMask\":false,\"inputMaskValue\":\"\",\"inputMaskIsCustom\":\"\",\"maxLength\":\"\",\"inputType\":\"\",\"labelPlacement\":\"\",\"descriptionPlacement\":\"\",\"subLabelPlacement\":\"\",\"placeholder\":\"\",\"cssClass\":\"\",\"inputName\":\"\",\"noDuplicates\":false,\"defaultValue\":\"\",\"enableAutocomplete\":false,\"autocompleteAttribute\":\"\",\"choices\":\"\",\"conditionalLogic\":\"\",\"defaultCountry\":\"\",\"defaultProvince\":\"\",\"copyValuesOptionLabel\":\"\",\"productField\":\"\",\"layoutGridColumnSpan\":\"\",\"hideCountry\":\"\",\"defaultState\":\"\",\"hideState\":\"\",\"hideAddress2\":\"\",\"enableCopyValuesOption\":\"\",\"copyValuesOptionDefault\":\"\",\"enableEnhancedUI\":0,\"layoutGroupId\":\"18959619\",\"fields\":\"\",\"displayOnly\":\"\",\"pageNumber\":1},{\"type\":\"text\",\"id\":9,\"formId\":4,\"label\":\"Volume d\'affaires annuel\",\"adminLabel\":\"\",\"isRequired\":false,\"size\":\"large\",\"errorMessage\":\"\",\"visibility\":\"visible\",\"inputs\":null,\"description\":\"\",\"allowsPrepopulate\":false,\"inputMask\":false,\"inputMaskValue\":\"\",\"inputMaskIsCustom\":false,\"maxLength\":\"\",\"inputType\":\"\",\"labelPlacement\":\"\",\"descriptionPlacement\":\"\",\"subLabelPlacement\":\"\",\"placeholder\":\"\",\"cssClass\":\"\",\"inputName\":\"\",\"noDuplicates\":false,\"defaultValue\":\"\",\"enableAutocomplete\":false,\"autocompleteAttribute\":\"\",\"choices\":\"\",\"conditionalLogic\":\"\",\"productField\":\"\",\"layoutGridColumnSpan\":\"\",\"enablePasswordInput\":\"\",\"enableEnhancedUI\":0,\"layoutGroupId\":\"b4a75a69\",\"multipleFiles\":false,\"maxFiles\":\"\",\"calculationFormula\":\"\",\"calculationRounding\":\"\",\"enableCalculation\":\"\",\"disableQuantity\":false,\"displayAllCategories\":false,\"useRichTextEditor\":false,\"errors\":[],\"fields\":\"\",\"displayOnly\":\"\",\"pageNumber\":1},{\"type\":\"text\",\"id\":10,\"formId\":4,\"label\":\"Siret\",\"adminLabel\":\"\",\"isRequired\":false,\"size\":\"large\",\"errorMessage\":\"\",\"visibility\":\"visible\",\"inputs\":null,\"description\":\"\",\"allowsPrepopulate\":false,\"inputMask\":false,\"inputMaskValue\":\"\",\"inputMaskIsCustom\":false,\"maxLength\":\"\",\"inputType\":\"\",\"labelPlacement\":\"\",\"descriptionPlacement\":\"\",\"subLabelPlacement\":\"\",\"placeholder\":\"\",\"cssClass\":\"\",\"inputName\":\"\",\"noDuplicates\":false,\"defaultValue\":\"\",\"enableAutocomplete\":false,\"autocompleteAttribute\":\"\",\"choices\":\"\",\"conditionalLogic\":\"\",\"productField\":\"\",\"layoutGridColumnSpan\":\"\",\"enablePasswordInput\":\"\",\"enableEnhancedUI\":0,\"layoutGroupId\":\"635213db\",\"multipleFiles\":false,\"maxFiles\":\"\",\"calculationFormula\":\"\",\"calculationRounding\":\"\",\"enableCalculation\":\"\",\"disableQuantity\":false,\"displayAllCategories\":false,\"useRichTextEditor\":false,\"errors\":[],\"fields\":\"\",\"displayOnly\":\"\",\"pageNumber\":1},{\"type\":\"fileupload\",\"id\":12,\"formId\":4,\"label\":\"Rib\",\"adminLabel\":\"\",\"isRequired\":false,\"size\":\"large\",\"errorMessage\":\"\",\"visibility\":\"visible\",\"inputs\":null,\"description\":\"\",\"allowsPrepopulate\":false,\"inputMask\":false,\"inputMaskValue\":\"\",\"inputMaskIsCustom\":false,\"maxLength\":\"\",\"inputType\":\"\",\"labelPlacement\":\"\",\"descriptionPlacement\":\"\",\"subLabelPlacement\":\"\",\"placeholder\":\"\",\"cssClass\":\"\",\"inputName\":\"\",\"noDuplicates\":false,\"defaultValue\":\"\",\"enableAutocomplete\":false,\"autocompleteAttribute\":\"\",\"choices\":\"\",\"conditionalLogic\":\"\",\"maxFileSize\":\"\",\"maxFiles\":\"\",\"multipleFiles\":false,\"allowedExtensions\":\"\",\"productField\":\"\",\"layoutGridColumnSpan\":\"\",\"enableEnhancedUI\":0,\"layoutGroupId\":\"c85d1737\",\"calculationFormula\":\"\",\"calculationRounding\":\"\",\"enableCalculation\":\"\",\"disableQuantity\":false,\"displayAllCategories\":false,\"useRichTextEditor\":false,\"errors\":[],\"fields\":\"\",\"displayOnly\":\"\",\"pageNumber\":1},{\"type\":\"fileupload\",\"id\":13,\"formId\":4,\"label\":\"Kbis\",\"adminLabel\":\"\",\"isRequired\":false,\"size\":\"large\",\"errorMessage\":\"\",\"visibility\":\"visible\",\"inputs\":null,\"description\":\"\",\"allowsPrepopulate\":false,\"inputMask\":false,\"inputMaskValue\":\"\",\"inputMaskIsCustom\":false,\"maxLength\":\"\",\"inputType\":\"\",\"labelPlacement\":\"\",\"descriptionPlacement\":\"\",\"subLabelPlacement\":\"\",\"placeholder\":\"\",\"cssClass\":\"\",\"inputName\":\"\",\"noDuplicates\":false,\"defaultValue\":\"\",\"enableAutocomplete\":false,\"autocompleteAttribute\":\"\",\"choices\":\"\",\"conditionalLogic\":\"\",\"maxFileSize\":\"\",\"maxFiles\":\"\",\"multipleFiles\":false,\"allowedExtensions\":\"\",\"productField\":\"\",\"layoutGridColumnSpan\":\"\",\"enableEnhancedUI\":0,\"layoutGroupId\":\"55cdf73c\",\"calculationFormula\":\"\",\"calculationRounding\":\"\",\"enableCalculation\":\"\",\"disableQuantity\":false,\"displayAllCategories\":false,\"useRichTextEditor\":false,\"errors\":[],\"fields\":\"\",\"displayOnly\":\"\",\"pageNumber\":1},{\"type\":\"fileupload\",\"id\":14,\"formId\":4,\"label\":\"Pi\\u00e8ce d\'identit\\u00e9\",\"adminLabel\":\"\",\"isRequired\":false,\"size\":\"large\",\"errorMessage\":\"\",\"visibility\":\"visible\",\"inputs\":null,\"description\":\"\",\"allowsPrepopulate\":false,\"inputMask\":false,\"inputMaskValue\":\"\",\"inputMaskIsCustom\":false,\"maxLength\":\"\",\"inputType\":\"\",\"labelPlacement\":\"\",\"descriptionPlacement\":\"\",\"subLabelPlacement\":\"\",\"placeholder\":\"\",\"cssClass\":\"\",\"inputName\":\"\",\"noDuplicates\":false,\"defaultValue\":\"\",\"enableAutocomplete\":false,\"autocompleteAttribute\":\"\",\"choices\":\"\",\"conditionalLogic\":\"\",\"maxFileSize\":\"\",\"maxFiles\":\"\",\"multipleFiles\":false,\"allowedExtensions\":\"\",\"productField\":\"\",\"layoutGridColumnSpan\":\"\",\"enableEnhancedUI\":0,\"layoutGroupId\":\"01e167c9\",\"calculationFormula\":\"\",\"calculationRounding\":\"\",\"enableCalculation\":\"\",\"disableQuantity\":false,\"displayAllCategories\":false,\"useRichTextEditor\":false,\"errors\":[],\"fields\":\"\",\"pageNumber\":1}],\"version\":\"2.6.1.1\",\"id\":4,\"markupVersion\":2,\"nextFieldId\":15,\"useCurrentUserAsAuthor\":true,\"postContentTemplateEnabled\":false,\"postTitleTemplateEnabled\":false,\"postTitleTemplate\":\"\",\"postContentTemplate\":\"\",\"lastPageButton\":null,\"pagination\":null,\"firstPageCssClass\":null}',NULL,'{\"6230fc0e7f45f\":{\"id\":\"6230fc0e7f45f\",\"name\":\"Confirmation par d\\u00e9faut\",\"isDefault\":true,\"type\":\"message\",\"message\":\"Votre essai de mentorlystes commence dans quelques heures !\",\"url\":\"\",\"pageId\":\"\",\"queryString\":\"\",\"event\":\"\",\"disableAutoformat\":false,\"page\":\"\",\"conditionalLogic\":[]}}','{\"6230fc0e7f0d8\":{\"id\":\"6230fc0e7f0d8\",\"isActive\":true,\"to\":\"{admin_email}\",\"name\":\"Notification administrateur\",\"event\":\"form_submission\",\"toType\":\"email\",\"subject\":\"Nouveau message de {form_title}\",\"message\":\"{all_fields}\"}}');

--
