-- Table structure for table `wp_3_revslider_css_bkp`
--

CREATE TABLE `wp_3_revslider_css_bkp` (
  `id` int NOT NULL AUTO_INCREMENT,
  `handle` text NOT NULL,
  `settings` longtext,
  `hover` longtext,
  `advanced` longtext,
  `params` longtext NOT NULL,
  PRIMARY KEY (`id`),
  KEY `handle_index` (`handle`(64))
) ENGINE=InnoDB AUTO_INCREMENT=48 DEFAULT CHARSET=latin1;

--
-- Dumping data for table `wp_3_revslider_css_bkp`
--

INSERT INTO `wp_3_revslider_css_bkp` VALUES (1,'.tp-caption.medium_grey',NULL,NULL,NULL,'{\"position\":\"absolute\",\"color\":\"#fff\",\"text-shadow\":\"0px 2px 5px rgba(0, 0, 0, 0.5)\",\"font-weight\":\"700\",\"font-size\":\"20px\",\"line-height\":\"20px\",\"font-family\":\"Arial\",\"padding\":\"2px 4px\",\"margin\":\"0px\",\"border-width\":\"0px\",\"border-style\":\"none\",\"background-color\":\"#888\",\"white-space\":\"nowrap\"}'),(2,'.tp-caption.small_text',NULL,NULL,NULL,'{\"position\":\"absolute\",\"color\":\"#fff\",\"text-shadow\":\"0px 2px 5px rgba(0, 0, 0, 0.5)\",\"font-weight\":\"700\",\"font-size\":\"14px\",\"line-height\":\"20px\",\"font-family\":\"Arial\",\"margin\":\"0px\",\"border-width\":\"0px\",\"border-style\":\"none\",\"white-space\":\"nowrap\"}'),(3,'.tp-caption.medium_text',NULL,NULL,NULL,'{\"position\":\"absolute\",\"color\":\"#fff\",\"text-shadow\":\"0px 2px 5px rgba(0, 0, 0, 0.5)\",\"font-weight\":\"700\",\"font-size\":\"20px\",\"line-height\":\"20px\",\"font-family\":\"Arial\",\"margin\":\"0px\",\"border-width\":\"0px\",\"border-style\":\"none\",\"white-space\":\"nowrap\"}'),(4,'.tp-caption.large_text',NULL,NULL,NULL,'{\"position\":\"absolute\",\"color\":\"#fff\",\"text-shadow\":\"0px 2px 5px rgba(0, 0, 0, 0.5)\",\"font-weight\":\"700\",\"font-size\":\"40px\",\"line-height\":\"40px\",\"font-family\":\"Arial\",\"margin\":\"0px\",\"border-width\":\"0px\",\"border-style\":\"none\",\"white-space\":\"nowrap\"}'),(5,'.tp-caption.very_large_text',NULL,NULL,NULL,'{\"position\":\"absolute\",\"color\":\"#fff\",\"text-shadow\":\"0px 2px 5px rgba(0, 0, 0, 0.5)\",\"font-weight\":\"700\",\"font-size\":\"60px\",\"line-height\":\"60px\",\"font-family\":\"Arial\",\"margin\":\"0px\",\"border-width\":\"0px\",\"border-style\":\"none\",\"white-space\":\"nowrap\",\"letter-spacing\":\"-2px\"}'),(6,'.tp-caption.very_big_white',NULL,NULL,NULL,'{\"position\":\"absolute\",\"color\":\"#fff\",\"text-shadow\":\"none\",\"font-weight\":\"800\",\"font-size\":\"60px\",\"line-height\":\"60px\",\"font-family\":\"Arial\",\"margin\":\"0px\",\"border-width\":\"0px\",\"border-style\":\"none\",\"white-space\":\"nowrap\",\"padding\":\"0px 4px\",\"padding-top\":\"1px\",\"background-color\":\"#000\"}'),(7,'.tp-caption.very_big_black',NULL,NULL,NULL,'{\"position\":\"absolute\",\"color\":\"#000\",\"text-shadow\":\"none\",\"font-weight\":\"700\",\"font-size\":\"60px\",\"line-height\":\"60px\",\"font-family\":\"Arial\",\"margin\":\"0px\",\"border-width\":\"0px\",\"border-style\":\"none\",\"white-space\":\"nowrap\",\"padding\":\"0px 4px\",\"padding-top\":\"1px\",\"background-color\":\"#fff\"}'),(8,'.tp-caption.modern_medium_fat',NULL,NULL,NULL,'{\"position\":\"absolute\",\"color\":\"#000\",\"text-shadow\":\"none\",\"font-weight\":\"800\",\"font-size\":\"24px\",\"line-height\":\"20px\",\"font-family\":\"\\\"Open Sans\\\", sans-serif\",\"margin\":\"0px\",\"border-width\":\"0px\",\"border-style\":\"none\",\"white-space\":\"nowrap\"}'),(9,'.tp-caption.modern_medium_fat_white',NULL,NULL,NULL,'{\"position\":\"absolute\",\"color\":\"#fff\",\"text-shadow\":\"none\",\"font-weight\":\"800\",\"font-size\":\"24px\",\"line-height\":\"20px\",\"font-family\":\"\\\"Open Sans\\\", sans-serif\",\"margin\":\"0px\",\"border-width\":\"0px\",\"border-style\":\"none\",\"white-space\":\"nowrap\"}'),(10,'.tp-caption.modern_medium_light',NULL,NULL,NULL,'{\"position\":\"absolute\",\"color\":\"#000\",\"text-shadow\":\"none\",\"font-weight\":\"300\",\"font-size\":\"24px\",\"line-height\":\"20px\",\"font-family\":\"\\\"Open Sans\\\", sans-serif\",\"margin\":\"0px\",\"border-width\":\"0px\",\"border-style\":\"none\",\"white-space\":\"nowrap\"}'),(11,'.tp-caption.modern_big_bluebg',NULL,NULL,NULL,'{\"position\":\"absolute\",\"color\":\"#fff\",\"text-shadow\":\"none\",\"font-weight\":\"800\",\"font-size\":\"30px\",\"line-height\":\"36px\",\"font-family\":\"\\\"Open Sans\\\", sans-serif\",\"padding\":\"3px 10px\",\"margin\":\"0px\",\"border-width\":\"0px\",\"border-style\":\"none\",\"background-color\":\"#4e5b6c\",\"letter-spacing\":\"0\"}'),(12,'.tp-caption.modern_big_redbg',NULL,NULL,NULL,'{\"position\":\"absolute\",\"color\":\"#fff\",\"text-shadow\":\"none\",\"font-weight\":\"300\",\"font-size\":\"30px\",\"line-height\":\"36px\",\"font-family\":\"\\\"Open Sans\\\", sans-serif\",\"padding\":\"3px 10px\",\"padding-top\":\"1px\",\"margin\":\"0px\",\"border-width\":\"0px\",\"border-style\":\"none\",\"background-color\":\"#de543e\",\"letter-spacing\":\"0\"}'),(13,'.tp-caption.modern_small_text_dark',NULL,NULL,NULL,'{\"position\":\"absolute\",\"color\":\"#555\",\"text-shadow\":\"none\",\"font-size\":\"14px\",\"line-height\":\"22px\",\"font-family\":\"Arial\",\"margin\":\"0px\",\"border-width\":\"0px\",\"border-style\":\"none\",\"white-space\":\"nowrap\"}'),(14,'.tp-caption.boxshadow',NULL,NULL,NULL,'{\"-moz-box-shadow\":\"0px 0px 20px rgba(0, 0, 0, 0.5)\",\"-webkit-box-shadow\":\"0px 0px 20px rgba(0, 0, 0, 0.5)\",\"box-shadow\":\"0px 0px 20px rgba(0, 0, 0, 0.5)\"}'),(15,'.tp-caption.black',NULL,NULL,NULL,'{\"color\":\"#000\",\"text-shadow\":\"none\"}'),(16,'.tp-caption.noshadow',NULL,NULL,NULL,'{\"text-shadow\":\"none\"}'),(17,'.tp-caption.thinheadline_dark',NULL,NULL,NULL,'{\"position\":\"absolute\",\"color\":\"rgba(0,0,0,0.85)\",\"text-shadow\":\"none\",\"font-weight\":\"300\",\"font-size\":\"30px\",\"line-height\":\"30px\",\"font-family\":\"\\\"Open Sans\\\"\",\"background-color\":\"transparent\"}'),(18,'.tp-caption.thintext_dark',NULL,NULL,NULL,'{\"position\":\"absolute\",\"color\":\"rgba(0,0,0,0.85)\",\"text-shadow\":\"none\",\"font-weight\":\"300\",\"font-size\":\"16px\",\"line-height\":\"26px\",\"font-family\":\"\\\"Open Sans\\\"\",\"background-color\":\"transparent\"}'),(19,'.tp-caption.largeblackbg',NULL,NULL,NULL,'{\"position\":\"absolute\",\"color\":\"#fff\",\"text-shadow\":\"none\",\"font-weight\":\"300\",\"font-size\":\"50px\",\"line-height\":\"70px\",\"font-family\":\"\\\"Open Sans\\\"\",\"background-color\":\"#000\",\"padding\":\"0px 20px\",\"-webkit-border-radius\":\"0px\",\"-moz-border-radius\":\"0px\",\"border-radius\":\"0px\"}'),(20,'.tp-caption.largepinkbg',NULL,NULL,NULL,'{\"position\":\"absolute\",\"color\":\"#fff\",\"text-shadow\":\"none\",\"font-weight\":\"300\",\"font-size\":\"50px\",\"line-height\":\"70px\",\"font-family\":\"\\\"Open Sans\\\"\",\"background-color\":\"#db4360\",\"padding\":\"0px 20px\",\"-webkit-border-radius\":\"0px\",\"-moz-border-radius\":\"0px\",\"border-radius\":\"0px\"}'),(21,'.tp-caption.largewhitebg',NULL,NULL,NULL,'{\"position\":\"absolute\",\"color\":\"#000\",\"text-shadow\":\"none\",\"font-weight\":\"300\",\"font-size\":\"50px\",\"line-height\":\"70px\",\"font-family\":\"\\\"Open Sans\\\"\",\"background-color\":\"#fff\",\"padding\":\"0px 20px\",\"-webkit-border-radius\":\"0px\",\"-moz-border-radius\":\"0px\",\"border-radius\":\"0px\"}'),(22,'.tp-caption.largegreenbg',NULL,NULL,NULL,'{\"position\":\"absolute\",\"color\":\"#fff\",\"text-shadow\":\"none\",\"font-weight\":\"300\",\"font-size\":\"50px\",\"line-height\":\"70px\",\"font-family\":\"\\\"Open Sans\\\"\",\"background-color\":\"#67ae73\",\"padding\":\"0px 20px\",\"-webkit-border-radius\":\"0px\",\"-moz-border-radius\":\"0px\",\"border-radius\":\"0px\"}'),(23,'.tp-caption.excerpt',NULL,NULL,NULL,'{\"font-size\":\"36px\",\"line-height\":\"36px\",\"font-weight\":\"700\",\"font-family\":\"Arial\",\"color\":\"#ffffff\",\"text-decoration\":\"none\",\"background-color\":\"rgba(0, 0, 0, 1)\",\"text-shadow\":\"none\",\"margin\":\"0px\",\"letter-spacing\":\"-1.5px\",\"padding\":\"1px 4px 0px 4px\",\"width\":\"150px\",\"white-space\":\"normal !important\",\"height\":\"auto\",\"border-width\":\"0px\",\"border-color\":\"rgb(255, 255, 255)\",\"border-style\":\"none\"}'),(24,'.tp-caption.large_bold_grey',NULL,NULL,NULL,'{\"font-size\":\"60px\",\"line-height\":\"60px\",\"font-weight\":\"800\",\"font-family\":\"\\\"Open Sans\\\"\",\"color\":\"rgb(102, 102, 102)\",\"text-decoration\":\"none\",\"background-color\":\"transparent\",\"text-shadow\":\"none\",\"margin\":\"0px\",\"padding\":\"1px 4px 0px\",\"border-width\":\"0px\",\"border-color\":\"rgb(255, 214, 88)\",\"border-style\":\"none\"}'),(25,'.tp-caption.medium_thin_grey',NULL,NULL,NULL,'{\"font-size\":\"34px\",\"line-height\":\"30px\",\"font-weight\":\"300\",\"font-family\":\"\\\"Open Sans\\\"\",\"color\":\"rgb(102, 102, 102)\",\"text-decoration\":\"none\",\"background-color\":\"transparent\",\"padding\":\"1px 4px 0px\",\"text-shadow\":\"none\",\"margin\":\"0px\",\"border-width\":\"0px\",\"border-color\":\"rgb(255, 214, 88)\",\"border-style\":\"none\"}'),(26,'.tp-caption.small_thin_grey',NULL,NULL,NULL,'{\"font-size\":\"18px\",\"line-height\":\"26px\",\"font-weight\":\"300\",\"font-family\":\"\\\"Open Sans\\\"\",\"color\":\"rgb(117, 117, 117)\",\"text-decoration\":\"none\",\"background-color\":\"transparent\",\"padding\":\"1px 4px 0px\",\"text-shadow\":\"none\",\"margin\":\"0px\",\"border-width\":\"0px\",\"border-color\":\"rgb(255, 214, 88)\",\"border-style\":\"none\"}'),(27,'.tp-caption.lightgrey_divider',NULL,NULL,NULL,'{\"text-decoration\":\"none\",\"background-color\":\"rgba(235, 235, 235, 1)\",\"width\":\"370px\",\"height\":\"3px\",\"background-position\":\"initial initial\",\"background-repeat\":\"initial initial\",\"border-width\":\"0px\",\"border-color\":\"rgb(34, 34, 34)\",\"border-style\":\"none\"}'),(28,'.tp-caption.large_bold_darkblue',NULL,NULL,NULL,'{\"font-size\":\"58px\",\"line-height\":\"60px\",\"font-weight\":\"800\",\"font-family\":\"\\\"Open Sans\\\"\",\"color\":\"rgb(52, 73, 94)\",\"text-decoration\":\"none\",\"background-color\":\"transparent\",\"border-width\":\"0px\",\"border-color\":\"rgb(255, 214, 88)\",\"border-style\":\"none\"}'),(29,'.tp-caption.medium_bg_darkblue',NULL,NULL,NULL,'{\"font-size\":\"20px\",\"line-height\":\"20px\",\"font-weight\":\"800\",\"font-family\":\"\\\"Open Sans\\\"\",\"color\":\"rgb(255, 255, 255)\",\"text-decoration\":\"none\",\"background-color\":\"rgb(52, 73, 94)\",\"padding\":\"10px\",\"border-width\":\"0px\",\"border-color\":\"rgb(255, 214, 88)\",\"border-style\":\"none\"}'),(30,'.tp-caption.medium_bold_red',NULL,NULL,NULL,'{\"font-size\":\"24px\",\"line-height\":\"30px\",\"font-weight\":\"800\",\"font-family\":\"\\\"Open Sans\\\"\",\"color\":\"rgb(227, 58, 12)\",\"text-decoration\":\"none\",\"background-color\":\"transparent\",\"padding\":\"0px\",\"border-width\":\"0px\",\"border-color\":\"rgb(255, 214, 88)\",\"border-style\":\"none\"}'),(31,'.tp-caption.medium_light_red',NULL,NULL,NULL,'{\"font-size\":\"21px\",\"line-height\":\"26px\",\"font-weight\":\"300\",\"font-family\":\"\\\"Open Sans\\\"\",\"color\":\"rgb(227, 58, 12)\",\"text-decoration\":\"none\",\"background-color\":\"transparent\",\"padding\":\"0px\",\"border-width\":\"0px\",\"border-color\":\"rgb(255, 214, 88)\",\"border-style\":\"none\"}'),(32,'.tp-caption.medium_bg_red',NULL,NULL,NULL,'{\"font-size\":\"20px\",\"line-height\":\"20px\",\"font-weight\":\"800\",\"font-family\":\"\\\"Open Sans\\\"\",\"color\":\"rgb(255, 255, 255)\",\"text-decoration\":\"none\",\"background-color\":\"rgb(227, 58, 12)\",\"padding\":\"10px\",\"border-width\":\"0px\",\"border-color\":\"rgb(255, 214, 88)\",\"border-style\":\"none\"}'),(33,'.tp-caption.medium_bold_orange',NULL,NULL,NULL,'{\"font-size\":\"24px\",\"line-height\":\"30px\",\"font-weight\":\"800\",\"font-family\":\"\\\"Open Sans\\\"\",\"color\":\"rgb(243, 156, 18)\",\"text-decoration\":\"none\",\"background-color\":\"transparent\",\"border-width\":\"0px\",\"border-color\":\"rgb(255, 214, 88)\",\"border-style\":\"none\"}'),(34,'.tp-caption.medium_bg_orange',NULL,NULL,NULL,'{\"font-size\":\"20px\",\"line-height\":\"20px\",\"font-weight\":\"800\",\"font-family\":\"\\\"Open Sans\\\"\",\"color\":\"rgb(255, 255, 255)\",\"text-decoration\":\"none\",\"background-color\":\"rgb(243, 156, 18)\",\"padding\":\"10px\",\"border-width\":\"0px\",\"border-color\":\"rgb(255, 214, 88)\",\"border-style\":\"none\"}'),(35,'.tp-caption.grassfloor',NULL,NULL,NULL,'{\"text-decoration\":\"none\",\"background-color\":\"rgba(160, 179, 151, 1)\",\"width\":\"4000px\",\"height\":\"150px\",\"border-width\":\"0px\",\"border-color\":\"rgb(34, 34, 34)\",\"border-style\":\"none\"}'),(36,'.tp-caption.large_bold_white',NULL,NULL,NULL,'{\"font-size\":\"58px\",\"line-height\":\"60px\",\"font-weight\":\"800\",\"font-family\":\"\\\"Open Sans\\\"\",\"color\":\"rgb(255, 255, 255)\",\"text-decoration\":\"none\",\"background-color\":\"transparent\",\"border-width\":\"0px\",\"border-color\":\"rgb(255, 214, 88)\",\"border-style\":\"none\"}'),(37,'.tp-caption.medium_light_white',NULL,NULL,NULL,'{\"font-size\":\"30px\",\"line-height\":\"36px\",\"font-weight\":\"300\",\"font-family\":\"\\\"Open Sans\\\"\",\"color\":\"rgb(255, 255, 255)\",\"text-decoration\":\"none\",\"background-color\":\"transparent\",\"padding\":\"0px\",\"border-width\":\"0px\",\"border-color\":\"rgb(255, 214, 88)\",\"border-style\":\"none\"}'),(38,'.tp-caption.mediumlarge_light_white',NULL,NULL,NULL,'{\"font-size\":\"34px\",\"line-height\":\"40px\",\"font-weight\":\"300\",\"font-family\":\"\\\"Open Sans\\\"\",\"color\":\"rgb(255, 255, 255)\",\"text-decoration\":\"none\",\"background-color\":\"transparent\",\"padding\":\"0px\",\"border-width\":\"0px\",\"border-color\":\"rgb(255, 214, 88)\",\"border-style\":\"none\"}'),(39,'.tp-caption.mediumlarge_light_white_center',NULL,NULL,NULL,'{\"font-size\":\"34px\",\"line-height\":\"40px\",\"font-weight\":\"300\",\"font-family\":\"\\\"Open Sans\\\"\",\"color\":\"#ffffff\",\"text-decoration\":\"none\",\"background-color\":\"transparent\",\"padding\":\"0px 0px 0px 0px\",\"text-align\":\"center\",\"border-width\":\"0px\",\"border-color\":\"rgb(255, 214, 88)\",\"border-style\":\"none\"}'),(40,'.tp-caption.medium_bg_asbestos',NULL,NULL,NULL,'{\"font-size\":\"20px\",\"line-height\":\"20px\",\"font-weight\":\"800\",\"font-family\":\"\\\"Open Sans\\\"\",\"color\":\"rgb(255, 255, 255)\",\"text-decoration\":\"none\",\"background-color\":\"rgb(127, 140, 141)\",\"padding\":\"10px\",\"border-width\":\"0px\",\"border-color\":\"rgb(255, 214, 88)\",\"border-style\":\"none\"}'),(41,'.tp-caption.medium_light_black',NULL,NULL,NULL,'{\"font-size\":\"30px\",\"line-height\":\"36px\",\"font-weight\":\"300\",\"font-family\":\"\\\"Open Sans\\\"\",\"color\":\"rgb(0, 0, 0)\",\"text-decoration\":\"none\",\"background-color\":\"transparent\",\"padding\":\"0px\",\"border-width\":\"0px\",\"border-color\":\"rgb(255, 214, 88)\",\"border-style\":\"none\"}'),(42,'.tp-caption.large_bold_black',NULL,NULL,NULL,'{\"font-size\":\"58px\",\"line-height\":\"60px\",\"font-weight\":\"800\",\"font-family\":\"\\\"Open Sans\\\"\",\"color\":\"rgb(0, 0, 0)\",\"text-decoration\":\"none\",\"background-color\":\"transparent\",\"border-width\":\"0px\",\"border-color\":\"rgb(255, 214, 88)\",\"border-style\":\"none\"}'),(43,'.tp-caption.mediumlarge_light_darkblue',NULL,NULL,NULL,'{\"font-size\":\"34px\",\"line-height\":\"40px\",\"font-weight\":\"300\",\"font-family\":\"\\\"Open Sans\\\"\",\"color\":\"rgb(52, 73, 94)\",\"text-decoration\":\"none\",\"background-color\":\"transparent\",\"padding\":\"0px\",\"border-width\":\"0px\",\"border-color\":\"rgb(255, 214, 88)\",\"border-style\":\"none\"}'),(44,'.tp-caption.small_light_white',NULL,NULL,NULL,'{\"font-size\":\"17px\",\"line-height\":\"28px\",\"font-weight\":\"300\",\"font-family\":\"\\\"Open Sans\\\"\",\"color\":\"rgb(255, 255, 255)\",\"text-decoration\":\"none\",\"background-color\":\"transparent\",\"padding\":\"0px\",\"border-width\":\"0px\",\"border-color\":\"rgb(255, 214, 88)\",\"border-style\":\"none\"}'),(45,'.tp-caption.roundedimage',NULL,NULL,NULL,'{\"border-width\":\"0px\",\"border-color\":\"rgb(34, 34, 34)\",\"border-style\":\"none\"}'),(46,'.tp-caption.large_bg_black',NULL,NULL,NULL,'{\"font-size\":\"40px\",\"line-height\":\"40px\",\"font-weight\":\"800\",\"font-family\":\"\\\"Open Sans\\\"\",\"color\":\"rgb(255, 255, 255)\",\"text-decoration\":\"none\",\"background-color\":\"rgb(0, 0, 0)\",\"padding\":\"10px 20px 15px\",\"border-width\":\"0px\",\"border-color\":\"rgb(255, 214, 88)\",\"border-style\":\"none\"}'),(47,'.tp-caption.mediumwhitebg',NULL,NULL,NULL,'{\"font-size\":\"30px\",\"line-height\":\"30px\",\"font-weight\":\"300\",\"font-family\":\"\\\"Open Sans\\\"\",\"color\":\"rgb(0, 0, 0)\",\"text-decoration\":\"none\",\"background-color\":\"rgb(255, 255, 255)\",\"padding\":\"5px 15px 10px\",\"text-shadow\":\"none\",\"border-width\":\"0px\",\"border-color\":\"rgb(0, 0, 0)\",\"border-style\":\"none\"}');

--
-- Table structure for table `wp_3_revslider_layer_animations`
--

CREATE TABLE `wp_3_revslider_layer_animations` (
  `id` int NOT NULL AUTO_INCREMENT,
  `handle` text NOT NULL,
  `params` text NOT NULL,
  `settings` text,
  PRIMARY KEY (`id`)
) ENGINE=InnoDB DEFAULT CHARSET=latin1;

--
-- Dumping data for table `wp_3_revslider_layer_animations`
--


--
-- Table structure for table `wp_3_revslider_layer_animations_bkp`
--

CREATE TABLE `wp_3_revslider_layer_animations_bkp` (
  `id` int NOT NULL AUTO_INCREMENT,
  `handle` text NOT NULL,
  `params` text NOT NULL,
  `settings` text,
  PRIMARY KEY (`id`)
) ENGINE=InnoDB DEFAULT CHARSET=latin1;

--
-- Dumping data for table `wp_3_revslider_layer_animations_bkp`
--


--
-- Table structure for table `wp_3_revslider_navigations`
--

CREATE TABLE `wp_3_revslider_navigations` (
  `id` int NOT NULL AUTO_INCREMENT,
  `name` varchar(191) NOT NULL,
  `handle` varchar(191) NOT NULL,
  `type` varchar(191) NOT NULL,
  `css` longtext NOT NULL,
  `markup` longtext NOT NULL,
  `settings` longtext,
  PRIMARY KEY (`id`)
) ENGINE=InnoDB DEFAULT CHARSET=latin1;

--
-- Dumping data for table `wp_3_revslider_navigations`
--


--
-- Table structure for table `wp_3_revslider_navigations_bkp`
--

CREATE TABLE `wp_3_revslider_navigations_bkp` (
  `id` int NOT NULL AUTO_INCREMENT,
  `name` varchar(191) NOT NULL,
  `handle` varchar(191) NOT NULL,
  `type` varchar(191) NOT NULL,
  `css` longtext NOT NULL,
  `markup` longtext NOT NULL,
  `settings` longtext,
  PRIMARY KEY (`id`)
) ENGINE=InnoDB DEFAULT CHARSET=latin1;

--
-- Dumping data for table `wp_3_revslider_navigations_bkp`
--


--
-- Table structure for table `wp_3_revslider_sliders`
--

CREATE TABLE `wp_3_revslider_sliders` (
  `id` int NOT NULL AUTO_INCREMENT,
  `title` tinytext NOT NULL,
  `alias` tinytext,
  `params` longtext NOT NULL,
  `settings` text,
  `type` varchar(191) NOT NULL DEFAULT '',
  PRIMARY KEY (`id`),
  KEY `type_index` (`type`(8))
) ENGINE=InnoDB DEFAULT CHARSET=latin1;

--
-- Dumping data for table `wp_3_revslider_sliders`
--


--
-- Table structure for table `wp_3_revslider_sliders_bkp`
--

CREATE TABLE `wp_3_revslider_sliders_bkp` (
  `id` int NOT NULL AUTO_INCREMENT,
  `title` tinytext NOT NULL,
  `alias` tinytext,
  `params` longtext NOT NULL,
  `settings` text,
  `type` varchar(191) NOT NULL DEFAULT '',
  PRIMARY KEY (`id`),
  KEY `type_index` (`type`(8))
) ENGINE=InnoDB DEFAULT CHARSET=latin1;

--
-- Dumping data for table `wp_3_revslider_sliders_bkp`
--


--
-- Table structure for table `wp_3_revslider_slides`
--

CREATE TABLE `wp_3_revslider_slides` (
  `id` int NOT NULL AUTO_INCREMENT,
  `slider_id` int NOT NULL,
  `slide_order` int NOT NULL,
  `params` longtext NOT NULL,
  `layers` longtext NOT NULL,
  `settings` text NOT NULL,
  PRIMARY KEY (`id`),
  KEY `slider_id_index` (`slider_id`)
) ENGINE=InnoDB DEFAULT CHARSET=latin1;

--
-- Dumping data for table `wp_3_revslider_slides`
--


--
-- Table structure for table `wp_3_revslider_slides_bkp`
--

CREATE TABLE `wp_3_revslider_slides_bkp` (
  `id` int NOT NULL AUTO_INCREMENT,
  `slider_id` int NOT NULL,
  `slide_order` int NOT NULL,
  `params` longtext NOT NULL,
  `layers` longtext NOT NULL,
  `settings` text NOT NULL,
  PRIMARY KEY (`id`),
  KEY `slider_id_index` (`slider_id`)
) ENGINE=InnoDB DEFAULT CHARSET=latin1;

--
-- Dumping data for table `wp_3_revslider_slides_bkp`
--


--
-- Table structure for table `wp_3_revslider_static_slides`
--

CREATE TABLE `wp_3_revslider_static_slides` (
  `id` int NOT NULL AUTO_INCREMENT,
  `slider_id` int NOT NULL,
  `params` longtext NOT NULL,
  `layers` longtext NOT NULL,
  `settings` text NOT NULL,
  PRIMARY KEY (`id`),
  KEY `slider_id_index` (`slider_id`)
) ENGINE=InnoDB DEFAULT CHARSET=latin1;

--
-- Dumping data for table `wp_3_revslider_static_slides`
--


--
-- Table structure for table `wp_3_revslider_static_slides_bkp`
--

CREATE TABLE `wp_3_revslider_static_slides_bkp` (
  `id` int NOT NULL AUTO_INCREMENT,
  `slider_id` int NOT NULL,
  `params` longtext NOT NULL,
  `layers` longtext NOT NULL,
  `settings` text NOT NULL,
  PRIMARY KEY (`id`),
  KEY `slider_id_index` (`slider_id`)
) ENGINE=InnoDB DEFAULT CHARSET=latin1;

--
-- Dumping data for table `wp_3_revslider_static_slides_bkp`
--


--
-- Table structure for table `wp_3_term_relationships`
--

CREATE TABLE `wp_3_term_relationships` (
  `object_id` bigint unsigned NOT NULL DEFAULT '0',
  `term_taxonomy_id` bigint unsigned NOT NULL DEFAULT '0',
  `term_order` int NOT NULL DEFAULT '0',
  PRIMARY KEY (`object_id`,`term_taxonomy_id`),
  KEY `term_taxonomy_id` (`term_taxonomy_id`)
) ENGINE=InnoDB DEFAULT CHARSET=utf8mb4 COLLATE=utf8mb4_unicode_ci;

--
-- Dumping data for table `wp_3_term_relationships`
--

INSERT INTO `wp_3_term_relationships` VALUES (1,1,0),(12,1,0),(28,1,0),(37,2,0),(37,15,0),(40,16,0);

--
-- Table structure for table `wp_3_term_taxonomy`
--

CREATE TABLE `wp_3_term_taxonomy` (
  `term_taxonomy_id` bigint unsigned NOT NULL AUTO_INCREMENT,
  `term_id` bigint unsigned NOT NULL DEFAULT '0',
  `taxonomy` varchar(32) CHARACTER SET utf8mb4 COLLATE utf8mb4_unicode_ci NOT NULL DEFAULT '',
  `description` longtext CHARACTER SET utf8mb4 COLLATE utf8mb4_unicode_ci NOT NULL,
  `parent` bigint unsigned NOT NULL DEFAULT '0',
  `count` bigint NOT NULL DEFAULT '0',
  PRIMARY KEY (`term_taxonomy_id`),
  UNIQUE KEY `term_id_taxonomy` (`term_id`,`taxonomy`),
  KEY `taxonomy` (`taxonomy`)
) ENGINE=InnoDB AUTO_INCREMENT=17 DEFAULT CHARSET=utf8mb4 COLLATE=utf8mb4_unicode_ci;

--
-- Dumping data for table `wp_3_term_taxonomy`
--

INSERT INTO `wp_3_term_taxonomy` VALUES (1,1,'category','',0,1),(2,2,'product_type','',0,1),(3,3,'product_type','',0,0),(4,4,'product_type','',0,0),(5,5,'product_type','',0,0),(6,6,'product_visibility','',0,0),(7,7,'product_visibility','',0,0),(8,8,'product_visibility','',0,0),(9,9,'product_visibility','',0,0),(10,10,'product_visibility','',0,0),(11,11,'product_visibility','',0,0),(12,12,'product_visibility','',0,0),(13,13,'product_visibility','',0,0),(14,14,'product_visibility','',0,0),(15,15,'product_cat','',0,1),(16,16,'wp_theme','',0,1);

--
-- Table structure for table `wp_3_termmeta`
--

CREATE TABLE `wp_3_termmeta` (
  `meta_id` bigint unsigned NOT NULL AUTO_INCREMENT,
  `term_id` bigint unsigned NOT NULL DEFAULT '0',
  `meta_key` varchar(255) CHARACTER SET utf8mb4 COLLATE utf8mb4_unicode_ci DEFAULT NULL,
  `meta_value` longtext CHARACTER SET utf8mb4 COLLATE utf8mb4_unicode_ci,
  PRIMARY KEY (`meta_id`),
  KEY `term_id` (`term_id`),
  KEY `meta_key` (`meta_key`(191))
) ENGINE=InnoDB AUTO_INCREMENT=2 DEFAULT CHARSET=utf8mb4 COLLATE=utf8mb4_unicode_ci;

--
-- Dumping data for table `wp_3_termmeta`
--

INSERT INTO `wp_3_termmeta` VALUES (1,15,'product_count_product_cat','1');

--
-- Table structure for table `wp_3_terms`
--

CREATE TABLE `wp_3_terms` (
  `term_id` bigint unsigned NOT NULL AUTO_INCREMENT,
  `name` varchar(200) CHARACTER SET utf8mb4 COLLATE utf8mb4_unicode_ci NOT NULL DEFAULT '',
  `slug` varchar(200) CHARACTER SET utf8mb4 COLLATE utf8mb4_unicode_ci NOT NULL DEFAULT '',
  `term_group` bigint NOT NULL DEFAULT '0',
  PRIMARY KEY (`term_id`),
  KEY `slug` (`slug`(191)),
  KEY `name` (`name`(191))
) ENGINE=InnoDB AUTO_INCREMENT=17 DEFAULT CHARSET=utf8mb4 COLLATE=utf8mb4_unicode_ci;

--
-- Dumping data for table `wp_3_terms`
--

INSERT INTO `wp_3_terms` VALUES (1,'Non classé','non-classe',0),(2,'simple','simple',0),(3,'grouped','grouped',0),(4,'variable','variable',0),(5,'external','external',0),(6,'exclude-from-search','exclude-from-search',0),(7,'exclude-from-catalog','exclude-from-catalog',0),(8,'featured','featured',0),(9,'outofstock','outofstock',0),(10,'rated-1','rated-1',0),(11,'rated-2','rated-2',0),(12,'rated-3','rated-3',0),(13,'rated-4','rated-4',0),(14,'rated-5','rated-5',0),(15,'Non classé','non-classe',0),(16,'goya-lynk','goya-lynk',0);

--
-- Table structure for table `wp_3_wc_admin_note_actions`
--

CREATE TABLE `wp_3_wc_admin_note_actions` (
  `action_id` bigint unsigned NOT NULL AUTO_INCREMENT,
  `note_id` bigint unsigned NOT NULL,
  `name` varchar(255) CHARACTER SET utf8mb4 COLLATE utf8mb4_unicode_ci NOT NULL,
  `label` varchar(255) CHARACTER SET utf8mb4 COLLATE utf8mb4_unicode_ci NOT NULL,
  `query` longtext CHARACTER SET utf8mb4 COLLATE utf8mb4_unicode_ci NOT NULL,
  `status` varchar(255) CHARACTER SET utf8mb4 COLLATE utf8mb4_unicode_ci NOT NULL,
  `is_primary` tinyint(1) NOT NULL DEFAULT '0',
  `actioned_text` varchar(255) CHARACTER SET utf8mb4 COLLATE utf8mb4_unicode_ci NOT NULL,
  `nonce_action` varchar(255) CHARACTER SET utf8mb4 COLLATE utf8mb4_unicode_ci DEFAULT NULL,
  `nonce_name` varchar(255) CHARACTER SET utf8mb4 COLLATE utf8mb4_unicode_ci DEFAULT NULL,
  PRIMARY KEY (`action_id`),
  KEY `note_id` (`note_id`)
) ENGINE=InnoDB AUTO_INCREMENT=18 DEFAULT CHARSET=utf8mb4 COLLATE=utf8mb4_unicode_ci;

--
-- Dumping data for table `wp_3_wc_admin_note_actions`
--

INSERT INTO `wp_3_wc_admin_note_actions` VALUES (1,1,'connect','Connecter','?page=wc-addons&section=helper','unactioned',0,'',NULL,NULL),(2,2,'enable-navigation','Activer dans les réglages','https://mentorlystes.com/pay/wp-admin/admin.php?page=wc-settings&tab=advanced&section=features','actioned',0,'',NULL,NULL),(7,6,'learn-more','En savoir plus','https://woocommerce.com/mobile/?utm_medium=product','actioned',0,'',NULL,NULL),(8,7,'day-after-first-product','En savoir plus','https://woocommerce.com/document/woocommerce-customizer/?utm_source=inbox&utm_medium=product','actioned',0,'',NULL,NULL),(10,9,'learn-more','En savoir plus','https://woocommerce.com/mobile/?utm_source=inbox&utm_medium=product','actioned',0,'',NULL,NULL),(14,12,'learn-more','Learn more','https://woocommerce.com/mobile/?utm_source=inbox&utm_medium=product','actioned',0,'',NULL,NULL),(15,4,'learn-more','Learn more','https://woocommerce.com/posts/pre-launch-checklist-the-essentials/?utm_source=inbox&utm_medium=product','actioned',0,'',NULL,NULL),(16,10,'learn-more','Learn more','https://woocommerce.com/mobile/?utm_source=inbox&utm_medium=product','actioned',0,'',NULL,NULL),(17,11,'learn-more','Learn more','https://woocommerce.com/mobile/?utm_source=inbox&utm_medium=product','actioned',0,'',NULL,NULL);

--
-- Table structure for table `wp_3_wc_admin_notes`
--

CREATE TABLE `wp_3_wc_admin_notes` (
  `note_id` bigint unsigned NOT NULL AUTO_INCREMENT,
  `name` varchar(255) CHARACTER SET utf8mb4 COLLATE utf8mb4_unicode_ci NOT NULL,
  `type` varchar(20) CHARACTER SET utf8mb4 COLLATE utf8mb4_unicode_ci NOT NULL,
  `locale` varchar(20) CHARACTER SET utf8mb4 COLLATE utf8mb4_unicode_ci NOT NULL,
  `title` longtext CHARACTER SET utf8mb4 COLLATE utf8mb4_unicode_ci NOT NULL,
  `content` longtext CHARACTER SET utf8mb4 COLLATE utf8mb4_unicode_ci NOT NULL,
  `content_data` longtext CHARACTER SET utf8mb4 COLLATE utf8mb4_unicode_ci,
  `status` varchar(200) CHARACTER SET utf8mb4 COLLATE utf8mb4_unicode_ci NOT NULL,
  `source` varchar(200) CHARACTER SET utf8mb4 COLLATE utf8mb4_unicode_ci NOT NULL,
  `date_created` datetime NOT NULL DEFAULT '0000-00-00 00:00:00',
  `date_reminder` datetime DEFAULT NULL,
  `is_snoozable` tinyint(1) NOT NULL DEFAULT '0',
  `layout` varchar(20) CHARACTER SET utf8mb4 COLLATE utf8mb4_unicode_ci NOT NULL DEFAULT '',
  `image` varchar(200) CHARACTER SET utf8mb4 COLLATE utf8mb4_unicode_ci DEFAULT NULL,
  `is_deleted` tinyint(1) NOT NULL DEFAULT '0',
  `is_read` tinyint(1) NOT NULL DEFAULT '0',
  `icon` varchar(200) CHARACTER SET utf8mb4 COLLATE utf8mb4_unicode_ci NOT NULL DEFAULT 'info',
  PRIMARY KEY (`note_id`)
) ENGINE=InnoDB AUTO_INCREMENT=13 DEFAULT CHARSET=utf8mb4 COLLATE=utf8mb4_unicode_ci;

--
-- Dumping data for table `wp_3_wc_admin_notes`
--

INSERT INTO `wp_3_wc_admin_notes` VALUES (1,'wc-admin-wc-helper-connection','info','en_US','Se connecter à WooCommerce.com','Connectez-vous pour obtenir des notifications et des mises à jour importantes sur les produits.','{}','unactioned','woocommerce-admin','2022-04-25 07:20:08',NULL,0,'plain','',0,0,'info'),(2,'wc-admin-navigation-nudge','info','en_US','Vous avez maintenant accès à la navigation WooCommerce','Nous introduisons une nouvelle navigation pour une expérience utilisateur plus intuitive et améliorée. Vous pouvez activer la version bêta de la nouvelle expérience dans les paramètres avancés. Activez-le maintenant pour votre boutique.','{}','unactioned','woocommerce-admin','2022-04-25 07:21:35',NULL,0,'plain','',0,0,'info'),(4,'wc-admin-launch-checklist','info','en_US','Ready to launch your store?','To make sure you never get that sinking \"what did I forget\" feeling, we\'ve put together the essential pre-launch checklist.','{}','unactioned','woocommerce-admin','2022-04-26 09:58:16',NULL,0,'plain','',0,0,'info'),(6,'wc-admin-mobile-app','info','en_US','Installer l’application mobile Woo','Installez l’application mobile WooCommerce pour gérer les commandes, recevoir des notifications de vente et afficher les statistiques principales où que vous soyez.','{}','unactioned','woocommerce-admin','2022-04-27 11:09:58',NULL,0,'plain','',0,0,'info'),(7,'wc-admin-customizing-product-catalog','info','en_US','Comment personnaliser votre catalogue de produits','Vous souhaitez soigner l’apparence de vos images et de votre catalogue de produits tout en vous conformant à votre marque. Ce guide contient tous les conseils dont vous avez besoin pour mettre en valeur vos produits dans votre boutique.','{}','unactioned','woocommerce-admin','2022-04-27 11:09:58',NULL,0,'plain','',0,0,'info'),(9,'wc-admin-real-time-order-alerts','info','en_US','Obtenir des alertes de commande en temps réel n’importe où','Obtenez des notifications sur l’activité de votre boutique, notamment des nouvelles commandes et des avis sur vos produits, directement sur vos appareils mobiles grâce à l’application Woo.','{}','unactioned','woocommerce-admin','2022-07-24 12:14:05',NULL,0,'plain','',0,0,'info'),(10,'wc-admin-manage-orders-on-the-go','info','en_US','Manage your orders on the go','Look for orders, customer info, and process refunds in one click with the Woo app.','{}','unactioned','woocommerce-admin','2022-10-22 13:22:35',NULL,0,'plain','',0,0,'info'),(11,'wc-admin-performance-on-mobile','info','en_US','Track your store performance on mobile','Monitor your sales and high performing products with the Woo app.','{}','unactioned','woocommerce-admin','2023-01-21 04:03:08',NULL,0,'plain','',0,0,'info'),(12,'wc-admin-edit-products-on-the-move','info','en_US','Edit products on the move','Edit and create new products from your mobile devices with the Woo app','{}','unactioned','woocommerce-admin','2023-04-25 17:19:04',NULL,0,'plain','',0,0,'info');

--
-- Table structure for table `wp_3_wc_category_lookup`
--

CREATE TABLE `wp_3_wc_category_lookup` (
  `category_tree_id` bigint unsigned NOT NULL,
  `category_id` bigint unsigned NOT NULL,
  PRIMARY KEY (`category_tree_id`,`category_id`)
) ENGINE=InnoDB DEFAULT CHARSET=utf8mb4 COLLATE=utf8mb4_unicode_ci;

--
-- Dumping data for table `wp_3_wc_category_lookup`
--

INSERT INTO `wp_3_wc_category_lookup` VALUES (15,15);

--
-- Table structure for table `wp_3_wc_customer_lookup`
--

CREATE TABLE `wp_3_wc_customer_lookup` (
  `customer_id` bigint unsigned NOT NULL AUTO_INCREMENT,
  `user_id` bigint unsigned DEFAULT NULL,
  `username` varchar(60) CHARACTER SET utf8mb4 COLLATE utf8mb4_unicode_ci NOT NULL DEFAULT '',
  `first_name` varchar(255) CHARACTER SET utf8mb4 COLLATE utf8mb4_unicode_ci NOT NULL,
  `last_name` varchar(255) CHARACTER SET utf8mb4 COLLATE utf8mb4_unicode_ci NOT NULL,
  `email` varchar(100) CHARACTER SET utf8mb4 COLLATE utf8mb4_unicode_ci DEFAULT NULL,
  `date_last_active` timestamp NULL DEFAULT NULL,
  `date_registered` timestamp NULL DEFAULT NULL,
  `country` char(2) CHARACTER SET utf8mb4 COLLATE utf8mb4_unicode_ci NOT NULL DEFAULT '',
  `postcode` varchar(20) CHARACTER SET utf8mb4 COLLATE utf8mb4_unicode_ci NOT NULL DEFAULT '',
  `city` varchar(100) CHARACTER SET utf8mb4 COLLATE utf8mb4_unicode_ci NOT NULL DEFAULT '',
  `state` varchar(100) CHARACTER SET utf8mb4 COLLATE utf8mb4_unicode_ci NOT NULL DEFAULT '',
  PRIMARY KEY (`customer_id`),
  UNIQUE KEY `user_id` (`user_id`),
  KEY `email` (`email`)
) ENGINE=InnoDB DEFAULT CHARSET=utf8mb4 COLLATE=utf8mb4_unicode_ci;

--
-- Dumping data for table `wp_3_wc_customer_lookup`
--


--
-- Table structure for table `wp_3_wc_download_log`
--

CREATE TABLE `wp_3_wc_download_log` (
  `download_log_id` bigint unsigned NOT NULL AUTO_INCREMENT,
  `timestamp` datetime NOT NULL,
  `permission_id` bigint unsigned NOT NULL,
  `user_id` bigint unsigned DEFAULT NULL,
  `user_ip_address` varchar(100) CHARACTER SET utf8mb4 COLLATE utf8mb4_unicode_ci DEFAULT '',
  PRIMARY KEY (`download_log_id`),
  KEY `permission_id` (`permission_id`),
  KEY `timestamp` (`timestamp`),
  CONSTRAINT `fk_wp_3_wc_download_log_permission_id` FOREIGN KEY (`permission_id`) REFERENCES `wp_3_woocommerce_downloadable_product_permissions` (`permission_id`) ON DELETE CASCADE
) ENGINE=InnoDB DEFAULT CHARSET=utf8mb4 COLLATE=utf8mb4_unicode_ci;

--
-- Dumping data for table `wp_3_wc_download_log`
--


--
-- Table structure for table `wp_3_wc_order_coupon_lookup`
--

CREATE TABLE `wp_3_wc_order_coupon_lookup` (
  `order_id` bigint unsigned NOT NULL,
  `coupon_id` bigint NOT NULL,
  `date_created` datetime NOT NULL DEFAULT '0000-00-00 00:00:00',
  `discount_amount` double NOT NULL DEFAULT '0',
  PRIMARY KEY (`order_id`,`coupon_id`),
  KEY `coupon_id` (`coupon_id`),
  KEY `date_created` (`date_created`)
) ENGINE=InnoDB DEFAULT CHARSET=utf8mb4 COLLATE=utf8mb4_unicode_ci;

--
-- Dumping data for table `wp_3_wc_order_coupon_lookup`
--


--
-- Table structure for table `wp_3_wc_order_product_lookup`
--

CREATE TABLE `wp_3_wc_order_product_lookup` (
  `order_item_id` bigint unsigned NOT NULL,
  `order_id` bigint unsigned NOT NULL,
  `product_id` bigint unsigned NOT NULL,
  `variation_id` bigint unsigned NOT NULL,
  `customer_id` bigint unsigned DEFAULT NULL,
  `date_created` datetime NOT NULL DEFAULT '0000-00-00 00:00:00',
  `product_qty` int NOT NULL,
  `product_net_revenue` double NOT NULL DEFAULT '0',
  `product_gross_revenue` double NOT NULL DEFAULT '0',
  `coupon_amount` double NOT NULL DEFAULT '0',
  `tax_amount` double NOT NULL DEFAULT '0',
  `shipping_amount` double NOT NULL DEFAULT '0',
  `shipping_tax_amount` double NOT NULL DEFAULT '0',
  PRIMARY KEY (`order_item_id`),
  KEY `order_id` (`order_id`),
  KEY `product_id` (`product_id`),
  KEY `customer_id` (`customer_id`),
  KEY `date_created` (`date_created`)
) ENGINE=InnoDB DEFAULT CHARSET=utf8mb4 COLLATE=utf8mb4_unicode_ci;

--
-- Dumping data for table `wp_3_wc_order_product_lookup`
--


--
-- Table structure for table `wp_3_wc_order_stats`
--

CREATE TABLE `wp_3_wc_order_stats` (
  `order_id` bigint unsigned NOT NULL,
  `parent_id` bigint unsigned NOT NULL DEFAULT '0',
  `date_created` datetime NOT NULL DEFAULT '0000-00-00 00:00:00',
  `date_created_gmt` datetime NOT NULL DEFAULT '0000-00-00 00:00:00',
  `num_items_sold` int NOT NULL DEFAULT '0',
  `total_sales` double NOT NULL DEFAULT '0',
  `tax_total` double NOT NULL DEFAULT '0',
  `shipping_total` double NOT NULL DEFAULT '0',
  `net_total` double NOT NULL DEFAULT '0',
  `returning_customer` tinyint(1) DEFAULT NULL,
  `status` varchar(200) CHARACTER SET utf8mb4 COLLATE utf8mb4_unicode_ci NOT NULL,
  `customer_id` bigint unsigned NOT NULL,
  `date_paid` datetime DEFAULT '0000-00-00 00:00:00',
  `date_completed` datetime DEFAULT '0000-00-00 00:00:00',
  PRIMARY KEY (`order_id`),
  KEY `date_created` (`date_created`),
  KEY `customer_id` (`customer_id`),
  KEY `status` (`status`(191))
) ENGINE=InnoDB DEFAULT CHARSET=utf8mb4 COLLATE=utf8mb4_unicode_ci;

--
-- Dumping data for table `wp_3_wc_order_stats`
--


--
-- Table structure for table `wp_3_wc_order_tax_lookup`
--

CREATE TABLE `wp_3_wc_order_tax_lookup` (
  `order_id` bigint unsigned NOT NULL,
  `tax_rate_id` bigint unsigned NOT NULL,
  `date_created` datetime NOT NULL DEFAULT '0000-00-00 00:00:00',
  `shipping_tax` double NOT NULL DEFAULT '0',
  `order_tax` double NOT NULL DEFAULT '0',
  `total_tax` double NOT NULL DEFAULT '0',
  PRIMARY KEY (`order_id`,`tax_rate_id`),
  KEY `tax_rate_id` (`tax_rate_id`),
  KEY `date_created` (`date_created`)
) ENGINE=InnoDB DEFAULT CHARSET=utf8mb4 COLLATE=utf8mb4_unicode_ci;

--
-- Dumping data for table `wp_3_wc_order_tax_lookup`
--


--
-- Table structure for table `wp_3_wc_product_attributes_lookup`
--

CREATE TABLE `wp_3_wc_product_attributes_lookup` (
  `product_id` bigint NOT NULL,
  `product_or_parent_id` bigint NOT NULL,
  `taxonomy` varchar(32) CHARACTER SET utf8mb4 COLLATE utf8mb4_unicode_ci NOT NULL,
  `term_id` bigint NOT NULL,
  `is_variation_attribute` tinyint(1) NOT NULL,
  `in_stock` tinyint(1) NOT NULL,
  PRIMARY KEY (`product_or_parent_id`,`term_id`,`product_id`,`taxonomy`),
  KEY `is_variation_attribute_term_id` (`is_variation_attribute`,`term_id`)
) ENGINE=InnoDB DEFAULT CHARSET=utf8mb4 COLLATE=utf8mb4_unicode_ci;

--
-- Dumping data for table `wp_3_wc_product_attributes_lookup`
--


--
-- Table structure for table `wp_3_wc_product_download_directories`
--

CREATE TABLE `wp_3_wc_product_download_directories` (
  `url_id` bigint unsigned NOT NULL AUTO_INCREMENT,
  `url` varchar(256) CHARACTER SET utf8mb4 COLLATE utf8mb4_unicode_ci NOT NULL,
  `enabled` tinyint(1) NOT NULL DEFAULT '0',
  PRIMARY KEY (`url_id`),
  KEY `url` (`url`(191))
) ENGINE=InnoDB DEFAULT CHARSET=utf8mb4 COLLATE=utf8mb4_unicode_ci;

--
-- Dumping data for table `wp_3_wc_product_download_directories`
--


--
-- Table structure for table `wp_3_wc_product_meta_lookup`
--

CREATE TABLE `wp_3_wc_product_meta_lookup` (
  `product_id` bigint NOT NULL,
  `sku` varchar(100) CHARACTER SET utf8mb4 COLLATE utf8mb4_unicode_ci DEFAULT '',
  `virtual` tinyint(1) DEFAULT '0',
  `downloadable` tinyint(1) DEFAULT '0',
  `min_price` decimal(19,4) DEFAULT NULL,
  `max_price` decimal(19,4) DEFAULT NULL,
  `onsale` tinyint(1) DEFAULT '0',
  `stock_quantity` double DEFAULT NULL,
  `stock_status` varchar(100) CHARACTER SET utf8mb4 COLLATE utf8mb4_unicode_ci DEFAULT 'instock',
  `rating_count` bigint DEFAULT '0',
  `average_rating` decimal(3,2) DEFAULT '0.00',
  `total_sales` bigint DEFAULT '0',
  `tax_status` varchar(100) CHARACTER SET utf8mb4 COLLATE utf8mb4_unicode_ci DEFAULT 'taxable',
  `tax_class` varchar(100) CHARACTER SET utf8mb4 COLLATE utf8mb4_unicode_ci DEFAULT '',
  `global_unique_id` varchar(100) COLLATE utf8mb4_unicode_ci DEFAULT '',
  PRIMARY KEY (`product_id`),
  KEY `virtual` (`virtual`),
  KEY `downloadable` (`downloadable`),
  KEY `stock_status` (`stock_status`),
  KEY `stock_quantity` (`stock_quantity`),
  KEY `onsale` (`onsale`),
  KEY `min_max_price` (`min_price`,`max_price`),
  KEY `sku` (`sku`(50))
) ENGINE=InnoDB DEFAULT CHARSET=utf8mb4 COLLATE=utf8mb4_unicode_ci;

--
-- Dumping data for table `wp_3_wc_product_meta_lookup`
--

INSERT INTO `wp_3_wc_product_meta_lookup` VALUES (37,'',0,0,100.0000,100.0000,0,NULL,'instock',0,0.00,0,'taxable','','');

--
-- Table structure for table `wp_3_wc_rate_limits`
--

CREATE TABLE `wp_3_wc_rate_limits` (
  `rate_limit_id` bigint unsigned NOT NULL AUTO_INCREMENT,
  `rate_limit_key` varchar(200) CHARACTER SET utf8mb4 COLLATE utf8mb4_unicode_ci NOT NULL,
  `rate_limit_expiry` bigint unsigned NOT NULL,
  `rate_limit_remaining` smallint NOT NULL DEFAULT '0',
  PRIMARY KEY (`rate_limit_id`),
  UNIQUE KEY `rate_limit_key` (`rate_limit_key`(191))
) ENGINE=InnoDB DEFAULT CHARSET=utf8mb4 COLLATE=utf8mb4_unicode_ci;

--
-- Dumping data for table `wp_3_wc_rate_limits`
--


--
-- Table structure for table `wp_3_wc_reserved_stock`
--

CREATE TABLE `wp_3_wc_reserved_stock` (
  `order_id` bigint NOT NULL,
  `product_id` bigint NOT NULL,
  `stock_quantity` double NOT NULL DEFAULT '0',
  `timestamp` datetime NOT NULL DEFAULT '0000-00-00 00:00:00',
  `expires` datetime NOT NULL DEFAULT '0000-00-00 00:00:00',
  PRIMARY KEY (`order_id`,`product_id`)
) ENGINE=InnoDB DEFAULT CHARSET=utf8mb4 COLLATE=utf8mb4_unicode_ci;

--
-- Dumping data for table `wp_3_wc_reserved_stock`
--


--
-- Table structure for table `wp_3_wc_tax_rate_classes`
--

CREATE TABLE `wp_3_wc_tax_rate_classes` (
  `tax_rate_class_id` bigint unsigned NOT NULL AUTO_INCREMENT,
  `name` varchar(200) CHARACTER SET utf8mb4 COLLATE utf8mb4_unicode_ci NOT NULL DEFAULT '',
  `slug` varchar(200) CHARACTER SET utf8mb4 COLLATE utf8mb4_unicode_ci NOT NULL DEFAULT '',
  PRIMARY KEY (`tax_rate_class_id`),
  UNIQUE KEY `slug` (`slug`(191))
) ENGINE=InnoDB AUTO_INCREMENT=3 DEFAULT CHARSET=utf8mb4 COLLATE=utf8mb4_unicode_ci;

--
-- Dumping data for table `wp_3_wc_tax_rate_classes`
--

INSERT INTO `wp_3_wc_tax_rate_classes` VALUES (1,'Taux réduit','taux-reduit'),(2,'Taux zéro','taux-zero');

--
-- Table structure for table `wp_3_wc_webhooks`
--

CREATE TABLE `wp_3_wc_webhooks` (
  `webhook_id` bigint unsigned NOT NULL AUTO_INCREMENT,
  `status` varchar(200) CHARACTER SET utf8mb4 COLLATE utf8mb4_unicode_ci NOT NULL,
  `name` text CHARACTER SET utf8mb4 COLLATE utf8mb4_unicode_ci NOT NULL,
  `user_id` bigint unsigned NOT NULL,
  `delivery_url` text CHARACTER SET utf8mb4 COLLATE utf8mb4_unicode_ci NOT NULL,
  `secret` text CHARACTER SET utf8mb4 COLLATE utf8mb4_unicode_ci NOT NULL,
  `topic` varchar(200) CHARACTER SET utf8mb4 COLLATE utf8mb4_unicode_ci NOT NULL,
  `date_created` datetime NOT NULL DEFAULT '0000-00-00 00:00:00',
  `date_created_gmt` datetime NOT NULL DEFAULT '0000-00-00 00:00:00',
  `date_modified` datetime NOT NULL DEFAULT '0000-00-00 00:00:00',
  `date_modified_gmt` datetime NOT NULL DEFAULT '0000-00-00 00:00:00',
  `api_version` smallint NOT NULL,
  `failure_count` smallint NOT NULL DEFAULT '0',
  `pending_delivery` tinyint(1) NOT NULL DEFAULT '0',
  PRIMARY KEY (`webhook_id`),
  KEY `user_id` (`user_id`)
) ENGINE=InnoDB DEFAULT CHARSET=utf8mb4 COLLATE=utf8mb4_unicode_ci;

--
-- Dumping data for table `wp_3_wc_webhooks`
--


--
-- Table structure for table `wp_3_woocommerce_api_keys`
--

CREATE TABLE `wp_3_woocommerce_api_keys` (
  `key_id` bigint unsigned NOT NULL AUTO_INCREMENT,
  `user_id` bigint unsigned NOT NULL,
  `description` varchar(200) CHARACTER SET utf8mb4 COLLATE utf8mb4_unicode_ci DEFAULT NULL,
  `permissions` varchar(10) CHARACTER SET utf8mb4 COLLATE utf8mb4_unicode_ci NOT NULL,
  `consumer_key` char(64) CHARACTER SET utf8mb4 COLLATE utf8mb4_unicode_ci NOT NULL,
  `consumer_secret` char(43) CHARACTER SET utf8mb4 COLLATE utf8mb4_unicode_ci NOT NULL,
  `nonces` longtext CHARACTER SET utf8mb4 COLLATE utf8mb4_unicode_ci,
  `truncated_key` char(7) CHARACTER SET utf8mb4 COLLATE utf8mb4_unicode_ci NOT NULL,
  `last_access` datetime DEFAULT NULL,
  PRIMARY KEY (`key_id`),
  KEY `consumer_key` (`consumer_key`),
  KEY `consumer_secret` (`consumer_secret`)
) ENGINE=InnoDB DEFAULT CHARSET=utf8mb4 COLLATE=utf8mb4_unicode_ci;

--
-- Dumping data for table `wp_3_woocommerce_api_keys`
--


--
-- Table structure for table `wp_3_woocommerce_attribute_taxonomies`
--

CREATE TABLE `wp_3_woocommerce_attribute_taxonomies` (
  `attribute_id` bigint unsigned NOT NULL AUTO_INCREMENT,
  `attribute_name` varchar(200) CHARACTER SET utf8mb4 COLLATE utf8mb4_unicode_ci NOT NULL,
  `attribute_label` varchar(200) CHARACTER SET utf8mb4 COLLATE utf8mb4_unicode_ci DEFAULT NULL,
  `attribute_type` varchar(20) CHARACTER SET utf8mb4 COLLATE utf8mb4_unicode_ci NOT NULL,
  `attribute_orderby` varchar(20) CHARACTER SET utf8mb4 COLLATE utf8mb4_unicode_ci NOT NULL,
  `attribute_public` int NOT NULL DEFAULT '1',
  PRIMARY KEY (`attribute_id`),
  KEY `attribute_name` (`attribute_name`(20))
) ENGINE=InnoDB DEFAULT CHARSET=utf8mb4 COLLATE=utf8mb4_unicode_ci;

--
-- Dumping data for table `wp_3_woocommerce_attribute_taxonomies`
--


--
-- Table structure for table `wp_3_woocommerce_downloadable_product_permissions`
--

CREATE TABLE `wp_3_woocommerce_downloadable_product_permissions` (
  `permission_id` bigint unsigned NOT NULL AUTO_INCREMENT,
  `download_id` varchar(36) CHARACTER SET utf8mb4 COLLATE utf8mb4_unicode_ci NOT NULL,
  `product_id` bigint unsigned NOT NULL,
  `order_id` bigint unsigned NOT NULL DEFAULT '0',
  `order_key` varchar(200) CHARACTER SET utf8mb4 COLLATE utf8mb4_unicode_ci NOT NULL,
  `user_email` varchar(200) CHARACTER SET utf8mb4 COLLATE utf8mb4_unicode_ci NOT NULL,
  `user_id` bigint unsigned DEFAULT NULL,
  `downloads_remaining` varchar(9) CHARACTER SET utf8mb4 COLLATE utf8mb4_unicode_ci DEFAULT NULL,
  `access_granted` datetime NOT NULL DEFAULT '0000-00-00 00:00:00',
  `access_expires` datetime DEFAULT NULL,
  `download_count` bigint unsigned NOT NULL DEFAULT '0',
  PRIMARY KEY (`permission_id`),
  KEY `download_order_key_product` (`product_id`,`order_id`,`order_key`(16),`download_id`),
  KEY `download_order_product` (`download_id`,`order_id`,`product_id`),
  KEY `order_id` (`order_id`),
  KEY `user_order_remaining_expires` (`user_id`,`order_id`,`downloads_remaining`,`access_expires`)
) ENGINE=InnoDB DEFAULT CHARSET=utf8mb4 COLLATE=utf8mb4_unicode_ci;

--
-- Dumping data for table `wp_3_woocommerce_downloadable_product_permissions`
--


--
-- Table structure for table `wp_3_woocommerce_log`
--

CREATE TABLE `wp_3_woocommerce_log` (
  `log_id` bigint unsigned NOT NULL AUTO_INCREMENT,
  `timestamp` datetime NOT NULL,
  `level` smallint NOT NULL,
  `source` varchar(200) CHARACTER SET utf8mb4 COLLATE utf8mb4_unicode_ci NOT NULL,
  `message` longtext CHARACTER SET utf8mb4 COLLATE utf8mb4_unicode_ci NOT NULL,
  `context` longtext CHARACTER SET utf8mb4 COLLATE utf8mb4_unicode_ci,
  PRIMARY KEY (`log_id`),
  KEY `level` (`level`)
) ENGINE=InnoDB DEFAULT CHARSET=utf8mb4 COLLATE=utf8mb4_unicode_ci;

--
-- Dumping data for table `wp_3_woocommerce_log`
--


--
-- Table structure for table `wp_3_woocommerce_order_itemmeta`
--

CREATE TABLE `wp_3_woocommerce_order_itemmeta` (
  `meta_id` bigint unsigned NOT NULL AUTO_INCREMENT,
  `order_item_id` bigint unsigned NOT NULL,
  `meta_key` varchar(255) CHARACTER SET utf8mb4 COLLATE utf8mb4_unicode_ci DEFAULT NULL,
  `meta_value` longtext CHARACTER SET utf8mb4 COLLATE utf8mb4_unicode_ci,
  PRIMARY KEY (`meta_id`),
  KEY `order_item_id` (`order_item_id`),
  KEY `meta_key` (`meta_key`(32))
) ENGINE=InnoDB DEFAULT CHARSET=utf8mb4 COLLATE=utf8mb4_unicode_ci;

--
-- Dumping data for table `wp_3_woocommerce_order_itemmeta`
--


--
-- Table structure for table `wp_3_woocommerce_order_items`
--

CREATE TABLE `wp_3_woocommerce_order_items` (
  `order_item_id` bigint unsigned NOT NULL AUTO_INCREMENT,
  `order_item_name` text CHARACTER SET utf8mb4 COLLATE utf8mb4_unicode_ci NOT NULL,
  `order_item_type` varchar(200) CHARACTER SET utf8mb4 COLLATE utf8mb4_unicode_ci NOT NULL DEFAULT '',
  `order_id` bigint unsigned NOT NULL,
  PRIMARY KEY (`order_item_id`),
  KEY `order_id` (`order_id`)
) ENGINE=InnoDB DEFAULT CHARSET=utf8mb4 COLLATE=utf8mb4_unicode_ci;

--
-- Dumping data for table `wp_3_woocommerce_order_items`
--


--
-- Table structure for table `wp_3_woocommerce_payment_tokenmeta`
--

CREATE TABLE `wp_3_woocommerce_payment_tokenmeta` (
  `meta_id` bigint unsigned NOT NULL AUTO_INCREMENT,
  `payment_token_id` bigint unsigned NOT NULL,
  `meta_key` varchar(255) CHARACTER SET utf8mb4 COLLATE utf8mb4_unicode_ci DEFAULT NULL,
  `meta_value` longtext CHARACTER SET utf8mb4 COLLATE utf8mb4_unicode_ci,
  PRIMARY KEY (`meta_id`),
  KEY `payment_token_id` (`payment_token_id`),
  KEY `meta_key` (`meta_key`(32))
) ENGINE=InnoDB DEFAULT CHARSET=utf8mb4 COLLATE=utf8mb4_unicode_ci;

--
-- Dumping data for table `wp_3_woocommerce_payment_tokenmeta`
--


--
-- Table structure for table `wp_3_woocommerce_payment_tokens`
--

CREATE TABLE `wp_3_woocommerce_payment_tokens` (
  `token_id` bigint unsigned NOT NULL AUTO_INCREMENT,
  `gateway_id` varchar(200) CHARACTER SET utf8mb4 COLLATE utf8mb4_unicode_ci NOT NULL,
  `token` text CHARACTER SET utf8mb4 COLLATE utf8mb4_unicode_ci NOT NULL,
  `user_id` bigint unsigned NOT NULL DEFAULT '0',
  `type` varchar(200) CHARACTER SET utf8mb4 COLLATE utf8mb4_unicode_ci NOT NULL,
  `is_default` tinyint(1) NOT NULL DEFAULT '0',
  PRIMARY KEY (`token_id`),
  KEY `user_id` (`user_id`)
) ENGINE=InnoDB DEFAULT CHARSET=utf8mb4 COLLATE=utf8mb4_unicode_ci;

--
-- Dumping data for table `wp_3_woocommerce_payment_tokens`
--


--
-- Table structure for table `wp_3_woocommerce_sessions`
--

CREATE TABLE `wp_3_woocommerce_sessions` (
  `session_id` bigint unsigned NOT NULL AUTO_INCREMENT,
  `session_key` char(32) CHARACTER SET utf8mb4 COLLATE utf8mb4_unicode_ci NOT NULL,
  `session_value` longtext CHARACTER SET utf8mb4 COLLATE utf8mb4_unicode_ci NOT NULL,
  `session_expiry` bigint unsigned NOT NULL,
  PRIMARY KEY (`session_id`),
  UNIQUE KEY `session_key` (`session_key`)
) ENGINE=InnoDB AUTO_INCREMENT=3 DEFAULT CHARSET=utf8mb4 COLLATE=utf8mb4_unicode_ci;

--
-- Dumping data for table `wp_3_woocommerce_sessions`
--

INSERT INTO `wp_3_woocommerce_sessions` VALUES (1,'1','a:8:{s:4:\"cart\";s:464:\"a:1:{s:32:\"237297fa45e5965316b92425d9b7cfe6\";a:12:{s:12:\"ywcnp_amount\";d:900;s:3:\"key\";s:32:\"237297fa45e5965316b92425d9b7cfe6\";s:10:\"product_id\";i:37;s:12:\"variation_id\";i:0;s:9:\"variation\";a:0:{}s:8:\"quantity\";i:2;s:9:\"data_hash\";s:32:\"b5c1d5ca8bae6d4896cf1807cdf763f0\";s:13:\"line_tax_data\";a:2:{s:8:\"subtotal\";a:1:{i:1;d:300;}s:5:\"total\";a:1:{i:1;d:300;}}s:13:\"line_subtotal\";d:1500;s:17:\"line_subtotal_tax\";d:300;s:10:\"line_total\";d:1500;s:8:\"line_tax\";d:300;}}\";s:11:\"cart_totals\";s:412:\"a:15:{s:8:\"subtotal\";s:4:\"1500\";s:12:\"subtotal_tax\";d:300;s:14:\"shipping_total\";s:1:\"0\";s:12:\"shipping_tax\";d:0;s:14:\"shipping_taxes\";a:0:{}s:14:\"discount_total\";d:0;s:12:\"discount_tax\";d:0;s:19:\"cart_contents_total\";s:4:\"1500\";s:17:\"cart_contents_tax\";d:300;s:19:\"cart_contents_taxes\";a:1:{i:1;d:300;}s:9:\"fee_total\";s:1:\"0\";s:7:\"fee_tax\";d:0;s:9:\"fee_taxes\";a:0:{}s:5:\"total\";s:4:\"1800\";s:9:\"total_tax\";d:300;}\";s:15:\"applied_coupons\";s:6:\"a:0:{}\";s:22:\"coupon_discount_totals\";s:6:\"a:0:{}\";s:26:\"coupon_discount_tax_totals\";s:6:\"a:0:{}\";s:21:\"removed_cart_contents\";s:6:\"a:0:{}\";s:8:\"customer\";s:767:\"a:28:{s:2:\"id\";s:1:\"1\";s:13:\"date_modified\";s:0:\"\";s:10:\"first_name\";s:0:\"\";s:9:\"last_name\";s:0:\"\";s:7:\"company\";s:0:\"\";s:5:\"phone\";s:0:\"\";s:5:\"email\";s:28:\"jeanpierre@pro.biolystes.com\";s:7:\"address\";s:0:\"\";s:9:\"address_1\";s:0:\"\";s:9:\"address_2\";s:0:\"\";s:4:\"city\";s:0:\"\";s:5:\"state\";s:0:\"\";s:8:\"postcode\";s:0:\"\";s:7:\"country\";s:2:\"FR\";s:19:\"shipping_first_name\";s:0:\"\";s:18:\"shipping_last_name\";s:0:\"\";s:16:\"shipping_company\";s:0:\"\";s:14:\"shipping_phone\";s:0:\"\";s:16:\"shipping_address\";s:0:\"\";s:18:\"shipping_address_1\";s:0:\"\";s:18:\"shipping_address_2\";s:0:\"\";s:13:\"shipping_city\";s:0:\"\";s:14:\"shipping_state\";s:0:\"\";s:17:\"shipping_postcode\";s:0:\"\";s:16:\"shipping_country\";s:2:\"FR\";s:13:\"is_vat_exempt\";s:0:\"\";s:19:\"calculated_shipping\";s:0:\"\";s:9:\"meta_data\";a:0:{}}\";s:10:\"wc_notices\";N;}',1748408452);

--
-- Table structure for table `wp_3_woocommerce_shipping_zone_locations`
--

CREATE TABLE `wp_3_woocommerce_shipping_zone_locations` (
  `location_id` bigint unsigned NOT NULL AUTO_INCREMENT,
  `zone_id` bigint unsigned NOT NULL,
  `location_code` varchar(200) CHARACTER SET utf8mb4 COLLATE utf8mb4_unicode_ci NOT NULL,
  `location_type` varchar(40) CHARACTER SET utf8mb4 COLLATE utf8mb4_unicode_ci NOT NULL,
  PRIMARY KEY (`location_id`),
  KEY `location_id` (`location_id`),
  KEY `location_type_code` (`location_type`(10),`location_code`(20)),
  KEY `zone_id` (`zone_id`)
) ENGINE=InnoDB DEFAULT CHARSET=utf8mb4 COLLATE=utf8mb4_unicode_ci;

--
-- Dumping data for table `wp_3_woocommerce_shipping_zone_locations`
--


--
-- Table structure for table `wp_3_woocommerce_shipping_zone_methods`
--

CREATE TABLE `wp_3_woocommerce_shipping_zone_methods` (
  `zone_id` bigint unsigned NOT NULL,
  `instance_id` bigint unsigned NOT NULL AUTO_INCREMENT,
  `method_id` varchar(200) CHARACTER SET utf8mb4 COLLATE utf8mb4_unicode_ci NOT NULL,
  `method_order` bigint unsigned NOT NULL,
  `is_enabled` tinyint(1) NOT NULL DEFAULT '1',
  PRIMARY KEY (`instance_id`)
) ENGINE=InnoDB DEFAULT CHARSET=utf8mb4 COLLATE=utf8mb4_unicode_ci;

--
-- Dumping data for table `wp_3_woocommerce_shipping_zone_methods`
--


--
-- Table structure for table `wp_3_woocommerce_shipping_zones`
--

CREATE TABLE `wp_3_woocommerce_shipping_zones` (
  `zone_id` bigint unsigned NOT NULL AUTO_INCREMENT,
  `zone_name` varchar(200) CHARACTER SET utf8mb4 COLLATE utf8mb4_unicode_ci NOT NULL,
  `zone_order` bigint unsigned NOT NULL,
  PRIMARY KEY (`zone_id`)
) ENGINE=InnoDB DEFAULT CHARSET=utf8mb4 COLLATE=utf8mb4_unicode_ci;

--
-- Dumping data for table `wp_3_woocommerce_shipping_zones`
--


--
-- Table structure for table `wp_3_woocommerce_tax_rate_locations`
--

CREATE TABLE `wp_3_woocommerce_tax_rate_locations` (
  `location_id` bigint unsigned NOT NULL AUTO_INCREMENT,
  `location_code` varchar(200) CHARACTER SET utf8mb4 COLLATE utf8mb4_unicode_ci NOT NULL,
  `tax_rate_id` bigint unsigned NOT NULL,
  `location_type` varchar(40) CHARACTER SET utf8mb4 COLLATE utf8mb4_unicode_ci NOT NULL,
  PRIMARY KEY (`location_id`),
  KEY `tax_rate_id` (`tax_rate_id`),
  KEY `location_type_code` (`location_type`(10),`location_code`(20))
) ENGINE=InnoDB DEFAULT CHARSET=utf8mb4 COLLATE=utf8mb4_unicode_ci;

--
-- Dumping data for table `wp_3_woocommerce_tax_rate_locations`
--


--
-- Table structure for table `wp_3_woocommerce_tax_rates`
--

CREATE TABLE `wp_3_woocommerce_tax_rates` (
  `tax_rate_id` bigint unsigned NOT NULL AUTO_INCREMENT,
  `tax_rate_country` varchar(2) CHARACTER SET utf8mb4 COLLATE utf8mb4_unicode_ci NOT NULL DEFAULT '',
  `tax_rate_state` varchar(200) CHARACTER SET utf8mb4 COLLATE utf8mb4_unicode_ci NOT NULL DEFAULT '',
  `tax_rate` varchar(8) CHARACTER SET utf8mb4 COLLATE utf8mb4_unicode_ci NOT NULL DEFAULT '',
  `tax_rate_name` varchar(200) CHARACTER SET utf8mb4 COLLATE utf8mb4_unicode_ci NOT NULL DEFAULT '',
  `tax_rate_priority` bigint unsigned NOT NULL,
  `tax_rate_compound` int NOT NULL DEFAULT '0',
  `tax_rate_shipping` int NOT NULL DEFAULT '1',
  `tax_rate_order` bigint unsigned NOT NULL,
  `tax_rate_class` varchar(200) CHARACTER SET utf8mb4 COLLATE utf8mb4_unicode_ci NOT NULL DEFAULT '',
  PRIMARY KEY (`tax_rate_id`),
  KEY `tax_rate_country` (`tax_rate_country`),
  KEY `tax_rate_state` (`tax_rate_state`(2)),
  KEY `tax_rate_class` (`tax_rate_class`(10)),
  KEY `tax_rate_priority` (`tax_rate_priority`)
) ENGINE=InnoDB AUTO_INCREMENT=2 DEFAULT CHARSET=utf8mb4 COLLATE=utf8mb4_unicode_ci;

--
-- Dumping data for table `wp_3_woocommerce_tax_rates`
--

INSERT INTO `wp_3_woocommerce_tax_rates` VALUES (1,'','','20.0000','TVA',1,0,1,0,'');

--
-- Table structure for table `wp_3_yith_wcwl`
--

CREATE TABLE `wp_3_yith_wcwl` (
  `ID` bigint NOT NULL AUTO_INCREMENT,
  `prod_id` bigint NOT NULL,
  `quantity` int NOT NULL,
  `user_id` bigint DEFAULT NULL,
  `wishlist_id` bigint DEFAULT NULL,
  `position` int DEFAULT '0',
  `original_price` decimal(9,3) DEFAULT NULL,
  `original_currency` char(3) DEFAULT NULL,
  `dateadded` timestamp NOT NULL DEFAULT CURRENT_TIMESTAMP,
  `on_sale` tinyint NOT NULL DEFAULT '0',
  PRIMARY KEY (`ID`),
  KEY `prod_id` (`prod_id`)
) ENGINE=InnoDB DEFAULT CHARSET=utf8mb3;

--
-- Dumping data for table `wp_3_yith_wcwl`
--


--
-- Table structure for table `wp_3_yith_wcwl_lists`
--

CREATE TABLE `wp_3_yith_wcwl_lists` (
  `ID` bigint NOT NULL AUTO_INCREMENT,
  `user_id` bigint DEFAULT NULL,
  `session_id` varchar(255) DEFAULT NULL,
  `wishlist_slug` varchar(200) NOT NULL,
  `wishlist_name` text,
  `wishlist_token` varchar(64) NOT NULL,
  `wishlist_privacy` tinyint(1) NOT NULL DEFAULT '0',
  `is_default` tinyint(1) NOT NULL DEFAULT '0',
  `dateadded` timestamp NOT NULL DEFAULT CURRENT_TIMESTAMP,
  `expiration` timestamp NULL DEFAULT NULL,
  PRIMARY KEY (`ID`),
  UNIQUE KEY `wishlist_token` (`wishlist_token`),
  KEY `wishlist_slug` (`wishlist_slug`)
) ENGINE=InnoDB DEFAULT CHARSET=utf8mb3;

--
-- Dumping data for table `wp_3_yith_wcwl_lists`
--


--
-- Table structure for table `wp_3_yoast_indexable`
--

CREATE TABLE `wp_3_yoast_indexable` (
  `id` int unsigned NOT NULL AUTO_INCREMENT,
  `permalink` longtext CHARACTER SET utf8mb4 COLLATE utf8mb4_unicode_ci,
  `permalink_hash` varchar(40) CHARACTER SET utf8mb4 COLLATE utf8mb4_unicode_ci DEFAULT NULL,
  `object_id` bigint DEFAULT NULL,
  `object_type` varchar(32) CHARACTER SET utf8mb4 COLLATE utf8mb4_unicode_ci NOT NULL,
  `object_sub_type` varchar(32) CHARACTER SET utf8mb4 COLLATE utf8mb4_unicode_ci DEFAULT NULL,
  `author_id` bigint DEFAULT NULL,
  `post_parent` bigint DEFAULT NULL,
  `title` text CHARACTER SET utf8mb4 COLLATE utf8mb4_unicode_ci,
  `description` mediumtext CHARACTER SET utf8mb4 COLLATE utf8mb4_unicode_ci,
  `breadcrumb_title` text CHARACTER SET utf8mb4 COLLATE utf8mb4_unicode_ci,
  `post_status` varchar(20) CHARACTER SET utf8mb4 COLLATE utf8mb4_unicode_ci DEFAULT NULL,
  `is_public` tinyint(1) DEFAULT NULL,
  `is_protected` tinyint(1) DEFAULT '0',
  `has_public_posts` tinyint(1) DEFAULT NULL,
  `number_of_pages` int unsigned DEFAULT NULL,
  `canonical` longtext CHARACTER SET utf8mb4 COLLATE utf8mb4_unicode_ci,
  `primary_focus_keyword` varchar(191) CHARACTER SET utf8mb4 COLLATE utf8mb4_unicode_ci DEFAULT NULL,
  `primary_focus_keyword_score` int DEFAULT NULL,
  `readability_score` int DEFAULT NULL,
  `is_cornerstone` tinyint(1) DEFAULT '0',
  `is_robots_noindex` tinyint(1) DEFAULT '0',
  `is_robots_nofollow` tinyint(1) DEFAULT '0',
  `is_robots_noarchive` tinyint(1) DEFAULT '0',
  `is_robots_noimageindex` tinyint(1) DEFAULT '0',
  `is_robots_nosnippet` tinyint(1) DEFAULT '0',
  `twitter_title` text CHARACTER SET utf8mb4 COLLATE utf8mb4_unicode_ci,
  `twitter_image` longtext CHARACTER SET utf8mb4 COLLATE utf8mb4_unicode_ci,
  `twitter_description` longtext CHARACTER SET utf8mb4 COLLATE utf8mb4_unicode_ci,
  `twitter_image_id` varchar(191) CHARACTER SET utf8mb4 COLLATE utf8mb4_unicode_ci DEFAULT NULL,
  `twitter_image_source` text CHARACTER SET utf8mb4 COLLATE utf8mb4_unicode_ci,
  `open_graph_title` text CHARACTER SET utf8mb4 COLLATE utf8mb4_unicode_ci,
  `open_graph_description` longtext CHARACTER SET utf8mb4 COLLATE utf8mb4_unicode_ci,
  `open_graph_image` longtext CHARACTER SET utf8mb4 COLLATE utf8mb4_unicode_ci,
  `open_graph_image_id` varchar(191) CHARACTER SET utf8mb4 COLLATE utf8mb4_unicode_ci DEFAULT NULL,
  `open_graph_image_source` text CHARACTER SET utf8mb4 COLLATE utf8mb4_unicode_ci,
  `open_graph_image_meta` mediumtext CHARACTER SET utf8mb4 COLLATE utf8mb4_unicode_ci,
  `link_count` int DEFAULT NULL,
  `incoming_link_count` int DEFAULT NULL,
  `prominent_words_version` int unsigned DEFAULT NULL,
  `created_at` datetime DEFAULT NULL,
  `updated_at` timestamp NOT NULL DEFAULT CURRENT_TIMESTAMP ON UPDATE CURRENT_TIMESTAMP,
  `blog_id` bigint NOT NULL DEFAULT '3',
  `language` varchar(32) CHARACTER SET utf8mb4 COLLATE utf8mb4_unicode_ci DEFAULT NULL,
  `region` varchar(32) CHARACTER SET utf8mb4 COLLATE utf8mb4_unicode_ci DEFAULT NULL,
  `schema_page_type` varchar(64) CHARACTER SET utf8mb4 COLLATE utf8mb4_unicode_ci DEFAULT NULL,
  `schema_article_type` varchar(64) CHARACTER SET utf8mb4 COLLATE utf8mb4_unicode_ci DEFAULT NULL,
  `has_ancestors` tinyint(1) DEFAULT '0',
  `estimated_reading_time_minutes` int DEFAULT NULL,
  `version` int DEFAULT '1',
  `object_last_modified` datetime DEFAULT NULL,
  `object_published_at` datetime DEFAULT NULL,
  `inclusive_language_score` int DEFAULT NULL,
  PRIMARY KEY (`id`),
  KEY `object_type_and_sub_type` (`object_type`,`object_sub_type`),
  KEY `object_id_and_type` (`object_id`,`object_type`),
  KEY `permalink_hash_and_object_type` (`permalink_hash`,`object_type`),
  KEY `subpages` (`post_parent`,`object_type`,`post_status`,`object_id`),
  KEY `prominent_words` (`prominent_words_version`,`object_type`,`object_sub_type`,`post_status`),
  KEY `published_sitemap_index` (`object_published_at`,`is_robots_noindex`,`object_type`,`object_sub_type`)
) ENGINE=InnoDB AUTO_INCREMENT=25 DEFAULT CHARSET=utf8mb4 COLLATE=utf8mb4_unicode_ci;

--
-- Dumping data for table `wp_3_yoast_indexable`
--

INSERT INTO `wp_3_yoast_indexable` VALUES (1,'https://mentorlystes.com/pay/author/admin/','40:6deb83b56baf3d600ed65604f7a4c529',1,'user',NULL,NULL,NULL,NULL,NULL,NULL,NULL,NULL,0,NULL,NULL,NULL,NULL,NULL,NULL,0,0,NULL,NULL,NULL,NULL,NULL,'https://secure.gravatar.com/avatar/0b82798fcb2beaa4fa046e0ef800a1dd?s=500&d=mm&r=g',NULL,NULL,'gravatar-image',NULL,NULL,'https://secure.gravatar.com/avatar/0b82798fcb2beaa4fa046e0ef800a1dd?s=500&d=mm&r=g',NULL,'gravatar-image',NULL,NULL,NULL,NULL,'2022-04-25 07:51:21','2023-02-13 07:56:23',3,NULL,NULL,NULL,NULL,0,NULL,2,'2022-04-25 13:40:36','2022-04-24 14:45:00',NULL),(2,'https://mentorlystes.com/pay/','27:8a5bcf70c7fc76092e01470675ad6573',NULL,'home-page',NULL,NULL,NULL,'%%sitename%% %%page%% %%sep%% %%sitedesc%%','Un site utilisant Les sites de Mentorlystes','Accueil',NULL,NULL,0,NULL,NULL,NULL,NULL,NULL,NULL,0,0,0,0,0,0,NULL,NULL,NULL,NULL,NULL,'%%sitename%%','','','0',NULL,NULL,NULL,NULL,NULL,'2022-04-25 07:51:21','2023-02-13 07:56:23',3,NULL,NULL,NULL,NULL,0,NULL,2,'2022-04-25 13:40:36','2022-04-24 14:45:00',NULL),(7,'https://mentorlystes.com/pay/?page_id=9','34:b3ca8738ba2e7c298168795683fa46e1',9,'post','page',1,0,NULL,NULL,'Politique en matière de remboursements et de retours','draft',0,0,NULL,NULL,NULL,NULL,NULL,0,0,NULL,0,NULL,NULL,NULL,NULL,NULL,NULL,NULL,NULL,NULL,NULL,NULL,NULL,NULL,NULL,NULL,NULL,NULL,'2022-04-25 13:33:42','2023-02-13 07:56:23',3,NULL,NULL,NULL,NULL,0,NULL,2,'0000-00-00 00:00:00','0000-00-00 00:00:00',NULL),(8,'https://mentorlystes.com/pay/boutique/','33:c03beedffd836989d6923fe162715894',5,'post','page',1,0,NULL,NULL,'Boutique','publish',NULL,0,NULL,NULL,NULL,NULL,NULL,0,0,NULL,0,NULL,NULL,NULL,NULL,NULL,NULL,NULL,NULL,NULL,NULL,NULL,NULL,NULL,NULL,0,NULL,NULL,'2022-04-25 13:33:42','2023-02-13 07:56:23',3,NULL,NULL,NULL,NULL,0,NULL,2,'2022-04-25 07:19:05','2022-04-25 07:19:05',NULL),(9,'https://mentorlystes.com/pay/panier/','31:a053ff6a49e9c590f7c02f8eae21ec24',6,'post','page',1,0,NULL,NULL,'Panier','publish',NULL,0,NULL,NULL,NULL,NULL,NULL,0,0,NULL,0,NULL,NULL,NULL,NULL,NULL,NULL,NULL,NULL,NULL,NULL,NULL,NULL,NULL,NULL,0,NULL,NULL,'2022-04-25 13:33:42','2023-02-13 07:56:23',3,NULL,NULL,NULL,NULL,0,NULL,2,'2022-04-25 07:19:05','2022-04-25 07:19:05',NULL),(10,'https://mentorlystes.com/pay/commander/','34:7a63edcfb88fb00ffd1c94483e3009eb',7,'post','page',1,0,NULL,NULL,'Validation de la commande','publish',NULL,0,NULL,NULL,NULL,NULL,NULL,0,0,NULL,0,NULL,NULL,NULL,NULL,NULL,NULL,NULL,NULL,NULL,NULL,NULL,NULL,NULL,NULL,0,NULL,NULL,'2022-04-25 13:33:42','2023-02-13 07:56:23',3,NULL,NULL,NULL,NULL,0,NULL,2,'2022-04-25 07:19:05','2022-04-25 07:19:05',NULL),(11,'https://mentorlystes.com/pay/mon-compte/','35:789ba331bc1deb4d9ce72fd1b256f04a',8,'post','page',1,0,NULL,NULL,'Mon compte','publish',NULL,0,NULL,NULL,NULL,NULL,NULL,0,0,NULL,0,NULL,NULL,NULL,NULL,NULL,NULL,NULL,NULL,NULL,NULL,NULL,NULL,NULL,NULL,0,NULL,NULL,'2022-04-25 13:33:42','2023-02-13 07:56:23',3,NULL,NULL,NULL,NULL,0,NULL,2,'2022-04-25 07:19:05','2022-04-25 07:19:05',NULL),(12,'https://mentorlystes.com/pay/liste-de-souhaits/','42:f1dddb15360c03a0e83907e111ac2743',10,'post','page',1,0,NULL,NULL,'Liste de souhaits','publish',NULL,0,NULL,NULL,NULL,NULL,NULL,0,0,NULL,0,NULL,NULL,NULL,NULL,NULL,NULL,NULL,NULL,NULL,NULL,NULL,NULL,NULL,NULL,0,NULL,NULL,'2022-04-25 13:33:42','2023-02-13 07:56:23',3,NULL,NULL,NULL,NULL,0,NULL,2,'2022-04-25 07:20:05','2022-04-25 07:20:05',NULL),(14,'https://mentorlystes.com/pay/2022/04/24/bonjour-tout-le-monde/','57:93e4d0004aed8189ca3231e1a45e1349',1,'post','post',1,0,NULL,NULL,'Bonjour tout le monde !','publish',NULL,0,NULL,NULL,NULL,NULL,NULL,0,0,NULL,0,NULL,NULL,NULL,NULL,NULL,NULL,NULL,NULL,NULL,NULL,NULL,NULL,NULL,NULL,NULL,NULL,NULL,'2022-04-25 13:33:42','2023-02-13 07:56:23',3,NULL,NULL,NULL,NULL,0,NULL,2,'2022-04-24 14:45:00','2022-04-24 14:45:00',NULL),(15,'https://mentorlystes.com/pay/category/non-classe/','44:1097eb5c13a2a9e8c99f4c7355edd64f',1,'term','category',NULL,NULL,NULL,NULL,'Non classé',NULL,NULL,0,NULL,NULL,NULL,NULL,NULL,NULL,0,NULL,NULL,NULL,NULL,NULL,NULL,NULL,NULL,NULL,NULL,NULL,NULL,NULL,NULL,NULL,NULL,0,NULL,NULL,'2022-04-25 13:33:42','2023-02-13 07:56:23',3,NULL,NULL,NULL,NULL,0,NULL,2,'2022-04-25 07:22:51','2022-04-24 14:45:00',NULL),(17,NULL,NULL,NULL,'system-page','404',NULL,NULL,'Page non trouvée %%sep%% %%sitename%%',NULL,'Erreur 404 : Page introuvable',NULL,NULL,0,NULL,NULL,NULL,NULL,NULL,NULL,0,1,0,0,0,0,NULL,NULL,NULL,NULL,NULL,NULL,NULL,NULL,NULL,NULL,NULL,NULL,NULL,NULL,'2022-04-25 13:33:42','2022-04-25 11:33:42',3,NULL,NULL,NULL,NULL,0,NULL,1,NULL,NULL,NULL),(18,NULL,NULL,NULL,'system-page','search-result',NULL,NULL,'Vous avez cherché %%searchphrase%% %%page%% %%sep%% %%sitename%%',NULL,NULL,NULL,NULL,0,NULL,NULL,NULL,NULL,NULL,NULL,0,1,0,0,0,0,NULL,NULL,NULL,NULL,NULL,NULL,NULL,NULL,NULL,NULL,NULL,NULL,NULL,NULL,'2022-04-25 13:33:42','2022-04-25 11:33:42',3,NULL,NULL,NULL,NULL,0,NULL,1,NULL,NULL,NULL),(19,NULL,NULL,NULL,'date-archive',NULL,NULL,NULL,'%%date%% %%page%% %%sep%% %%sitename%%','',NULL,NULL,0,0,NULL,NULL,NULL,NULL,NULL,NULL,0,1,0,0,0,0,NULL,NULL,NULL,NULL,NULL,NULL,NULL,NULL,NULL,NULL,NULL,NULL,NULL,NULL,'2022-04-25 13:33:42','2022-04-25 11:33:42',3,NULL,NULL,NULL,NULL,0,NULL,1,NULL,NULL,NULL),(20,'https://mentorlystes.com/pay/look/','29:6a316ba723e9f0f8b612314e69407314',NULL,'post-type-archive','look',NULL,NULL,'%%pt_plural%% Archive %%page%% %%sep%% %%sitename%%','','Collaborations',NULL,1,0,NULL,NULL,NULL,NULL,NULL,NULL,0,0,0,0,0,0,NULL,NULL,NULL,NULL,NULL,NULL,NULL,NULL,NULL,NULL,NULL,NULL,NULL,NULL,'2022-04-25 13:33:42','2023-02-13 07:56:23',3,NULL,NULL,NULL,NULL,0,NULL,2,NULL,NULL,NULL),(21,'https://mentorlystes.com/pay/boutique/','33:c03beedffd836989d6923fe162715894',NULL,'post-type-archive','product',NULL,NULL,'%%pt_plural%% Archive %%page%% %%sep%% %%sitename%%','','Produits',NULL,1,0,NULL,NULL,NULL,NULL,NULL,NULL,0,0,0,0,0,0,NULL,NULL,NULL,NULL,NULL,NULL,NULL,NULL,NULL,NULL,NULL,NULL,NULL,NULL,'2022-04-25 13:33:42','2023-02-13 07:56:23',3,NULL,NULL,NULL,NULL,0,NULL,2,'2022-04-25 12:58:23','2022-04-25 12:57:36',NULL),(22,'https://mentorlystes.com/pay/portfolio/','34:3bb69667b34f15937b9cd1ebe3c9985b',NULL,'post-type-archive','portfolio',NULL,NULL,'%%pt_plural%% Archive %%page%% %%sep%% %%sitename%%','','Portfolio',NULL,1,0,NULL,NULL,NULL,NULL,NULL,NULL,0,0,0,0,0,0,NULL,NULL,NULL,NULL,NULL,NULL,NULL,NULL,NULL,NULL,NULL,NULL,NULL,NULL,'2022-04-25 13:33:42','2023-02-13 07:56:23',3,NULL,NULL,NULL,NULL,0,NULL,2,NULL,NULL,NULL),(24,'https://mentorlystes.com/pay/','24:ade771349cb30a60ce02ac5acaa47c48',39,'post','page',1,0,'%%sitename%% %%sep%% Paiement en plusieurs fois avec mentorlystes','Payez les différentes prestations sur devis de %%sitename%% avec le paiement en plusieurs fois propulsé par mentorlystes.com','mentorlystes','publish',NULL,0,NULL,NULL,NULL,NULL,NULL,90,0,NULL,0,NULL,NULL,NULL,NULL,NULL,NULL,NULL,NULL,NULL,NULL,NULL,NULL,NULL,NULL,2,1,NULL,'2022-04-25 13:35:17','2023-02-13 07:56:24',3,NULL,NULL,NULL,NULL,0,1,2,'2022-04-25 13:39:11','2022-04-25 13:35:55',NULL);

--
-- Table structure for table `wp_3_yoast_indexable_hierarchy`
--

CREATE TABLE `wp_3_yoast_indexable_hierarchy` (
  `indexable_id` int unsigned NOT NULL DEFAULT '0',
  `ancestor_id` int unsigned NOT NULL DEFAULT '0',
  `depth` int unsigned DEFAULT NULL,
  `blog_id` bigint NOT NULL DEFAULT '3',
  PRIMARY KEY (`indexable_id`,`ancestor_id`),
  KEY `indexable_id` (`indexable_id`),
  KEY `ancestor_id` (`ancestor_id`),
  KEY `depth` (`depth`)
) ENGINE=InnoDB DEFAULT CHARSET=utf8mb4 COLLATE=utf8mb4_unicode_ci;

--
-- Dumping data for table `wp_3_yoast_indexable_hierarchy`
--

INSERT INTO `wp_3_yoast_indexable_hierarchy` VALUES (1,0,0,3),(2,0,0,3),(3,0,0,3),(8,0,0,3),(9,0,0,3),(10,0,0,3),(11,0,0,3),(12,0,0,3),(14,0,0,3),(15,0,0,3),(16,0,0,3),(18,0,0,3),(20,0,0,3),(21,0,0,3),(22,0,0,3),(24,0,0,3);

--
-- Table structure for table `wp_3_yoast_migrations`
--

CREATE TABLE `wp_3_yoast_migrations` (
  `id` int unsigned NOT NULL AUTO_INCREMENT,
  `version` varchar(191) CHARACTER SET utf8mb4 COLLATE utf8mb4_unicode_ci DEFAULT NULL,
  PRIMARY KEY (`id`),
  UNIQUE KEY `wp_3_yoast_migrations_version` (`version`)
) ENGINE=InnoDB AUTO_INCREMENT=25 DEFAULT CHARSET=utf8mb4 COLLATE=utf8mb4_unicode_ci;

--
-- Dumping data for table `wp_3_yoast_migrations`
--

INSERT INTO `wp_3_yoast_migrations` VALUES (1,'20171228151840'),(2,'20171228151841'),(3,'20190529075038'),(4,'20191011111109'),(5,'20200408101900'),(6,'20200420073606'),(7,'20200428123747'),(8,'20200428194858'),(9,'20200429105310'),(10,'20200430075614'),(11,'20200430150130'),(12,'20200507054848'),(13,'20200513133401'),(14,'20200609154515'),(15,'20200616130143'),(16,'20200617122511'),(17,'20200702141921'),(18,'20200728095334'),(19,'20201202144329'),(20,'20201216124002'),(21,'20201216141134'),(22,'20210817092415'),(23,'20211020091404'),(24,'20230417083836');

--
-- Table structure for table `wp_3_yoast_primary_term`
--

CREATE TABLE `wp_3_yoast_primary_term` (
  `id` int unsigned NOT NULL AUTO_INCREMENT,
  `post_id` bigint DEFAULT NULL,
  `term_id` bigint DEFAULT NULL,
  `taxonomy` varchar(32) CHARACTER SET utf8mb4 COLLATE utf8mb4_unicode_ci NOT NULL,
  `created_at` datetime DEFAULT NULL,
  `updated_at` timestamp NOT NULL DEFAULT CURRENT_TIMESTAMP ON UPDATE CURRENT_TIMESTAMP,
  `blog_id` bigint NOT NULL DEFAULT '3',
  PRIMARY KEY (`id`),
  KEY `post_taxonomy` (`post_id`,`taxonomy`),
  KEY `post_term` (`post_id`,`term_id`)
) ENGINE=InnoDB DEFAULT CHARSET=utf8mb4 COLLATE=utf8mb4_unicode_ci;

--
-- Dumping data for table `wp_3_yoast_primary_term`
--


--
-- Table structure for table `wp_3_yoast_seo_links`
--

CREATE TABLE `wp_3_yoast_seo_links` (
  `id` bigint unsigned NOT NULL AUTO_INCREMENT,
  `url` varchar(255) DEFAULT NULL,
  `post_id` bigint unsigned DEFAULT NULL,
  `target_post_id` bigint unsigned DEFAULT NULL,
  `type` varchar(8) DEFAULT NULL,
  `indexable_id` int unsigned DEFAULT NULL,
  `target_indexable_id` int unsigned DEFAULT NULL,
  `height` int unsigned DEFAULT NULL,
  `width` int unsigned DEFAULT NULL,
  `size` int unsigned DEFAULT NULL,
  `language` varchar(32) DEFAULT NULL,
  `region` varchar(32) DEFAULT NULL,
  PRIMARY KEY (`id`),
  KEY `link_direction` (`post_id`,`type`),
  KEY `indexable_link_direction` (`indexable_id`,`type`)
) ENGINE=InnoDB AUTO_INCREMENT=7 DEFAULT CHARSET=utf8mb3;

--
-- Dumping data for table `wp_3_yoast_seo_links`
--

INSERT INTO `wp_3_yoast_seo_links` VALUES (1,'https://mentorlystes.com/pay',39,39,'internal',24,24,NULL,NULL,NULL,NULL,NULL),(2,'https://mentorlystes.com/pay/categorie-produit/non-classe/',39,NULL,'internal',24,16,NULL,NULL,NULL,NULL,NULL),(3,'http://www.facebook.com/sharer.php?u=https%3A%2F%2Fmentorlystes.com%2Fpay%2Fproduit%2Fprestations-de-services%2F',39,NULL,'external',24,NULL,NULL,NULL,NULL,NULL,NULL),(4,'https://twitter.com/intent/tweet?text=Prestations%20de%20services&amp;url=https%3A%2F%2Fmentorlystes.com%2Fpay%2Fproduit%2Fprestations-de-services%2F',39,NULL,'external',24,NULL,NULL,NULL,NULL,NULL,NULL),(5,'http://pinterest.com/pin/create/link/?url=https://mentorlystes.com/pay/produit/prestations-de-services/&amp;media=https://mentorlystes.com/pay/wp-content/uploads/sites/3/2022/04/gt-1.png&amp;description=Prestations%20de%20services',39,NULL,'external',24,NULL,NULL,NULL,NULL,NULL,NULL),(6,'https://mentorlystes.com/pay/wp-content/uploads/sites/3/2022/04/gt-1-150x150.png',39,38,'image-in',24,NULL,810,796,15028,NULL,NULL);

--
-- Table structure for table `wp_4_actionscheduler_actions`
--

CREATE TABLE `wp_4_actionscheduler_actions` (
  `action_id` bigint unsigned NOT NULL AUTO_INCREMENT,
  `hook` varchar(191) CHARACTER SET utf8mb4 COLLATE utf8mb4_unicode_ci NOT NULL,
  `status` varchar(20) CHARACTER SET utf8mb4 COLLATE utf8mb4_unicode_ci NOT NULL,
  `scheduled_date_gmt` datetime DEFAULT '0000-00-00 00:00:00',
  `scheduled_date_local` datetime DEFAULT '0000-00-00 00:00:00',
  `args` varchar(191) CHARACTER SET utf8mb4 COLLATE utf8mb4_unicode_ci DEFAULT NULL,
  `schedule` longtext CHARACTER SET utf8mb4 COLLATE utf8mb4_unicode_ci,
  `group_id` bigint unsigned NOT NULL DEFAULT '0',
  `attempts` int NOT NULL DEFAULT '0',
  `last_attempt_gmt` datetime DEFAULT '0000-00-00 00:00:00',
  `last_attempt_local` datetime DEFAULT '0000-00-00 00:00:00',
  `claim_id` bigint unsigned NOT NULL DEFAULT '0',
  `extended_args` varchar(8000) CHARACTER SET utf8mb4 COLLATE utf8mb4_unicode_ci DEFAULT NULL,
  `priority` tinyint unsigned NOT NULL DEFAULT '10',
  PRIMARY KEY (`action_id`),
  KEY `hook` (`hook`),
  KEY `status` (`status`),
  KEY `scheduled_date_gmt` (`scheduled_date_gmt`),
  KEY `args` (`args`),
  KEY `group_id` (`group_id`),
  KEY `last_attempt_gmt` (`last_attempt_gmt`),
  KEY `claim_id_status_scheduled_date_gmt` (`claim_id`,`status`,`scheduled_date_gmt`),
  KEY `hook_status_scheduled_date_gmt` (`hook`(163),`status`,`scheduled_date_gmt`),
  KEY `status_scheduled_date_gmt` (`status`,`scheduled_date_gmt`)
) ENGINE=InnoDB AUTO_INCREMENT=4335 DEFAULT CHARSET=utf8mb4 COLLATE=utf8mb4_unicode_ci;

--
-- Dumping data for table `wp_4_actionscheduler_actions`
--

INSERT INTO `wp_4_actionscheduler_actions` VALUES (4277,'facebook_for_woocommerce_daily_heartbeat','complete','2024-04-17 00:50:46','2024-04-17 02:50:46','[]','O:30:\"ActionScheduler_SimpleSchedule\":2:{s:22:\"\0*\0scheduled_timestamp\";i:1713315046;s:41:\"\0ActionScheduler_SimpleSchedule\0timestamp\";i:1713315046;}',0,1,'2024-04-17 00:50:52','2024-04-17 02:50:52',0,NULL,10),(4278,'wc_stripe_remove_order_locks','complete','2024-04-18 18:29:34','2024-04-18 20:29:34','[]','O:32:\"ActionScheduler_IntervalSchedule\":5:{s:22:\"\0*\0scheduled_timestamp\";i:1713464974;s:18:\"\0*\0first_timestamp\";i:1650844800;s:13:\"\0*\0recurrence\";i:86400;s:49:\"\0ActionScheduler_IntervalSchedule\0start_timestamp\";i:1713464974;s:53:\"\0ActionScheduler_IntervalSchedule\0interval_in_seconds\";i:86400;}',0,1,'2024-04-18 18:54:51','2024-04-18 20:54:51',0,NULL,10),(4279,'facebook_for_woocommerce_hourly_heartbeat','complete','2024-04-17 18:29:35','2024-04-17 20:29:35','[]','O:30:\"ActionScheduler_SimpleSchedule\":2:{s:22:\"\0*\0scheduled_timestamp\";i:1713378575;s:41:\"\0ActionScheduler_SimpleSchedule\0timestamp\";i:1713378575;}',0,1,'2024-04-17 21:31:28','2024-04-17 23:31:28',0,NULL,10),(4280,'facebook_for_woocommerce_daily_heartbeat','complete','2024-04-17 18:29:37','2024-04-17 20:29:37','[]','O:30:\"ActionScheduler_SimpleSchedule\":2:{s:22:\"\0*\0scheduled_timestamp\";i:1713378577;s:41:\"\0ActionScheduler_SimpleSchedule\0timestamp\";i:1713378577;}',0,1,'2024-04-17 21:31:29','2024-04-17 23:31:29',0,NULL,10),(4281,'facebook_for_woocommerce_hourly_heartbeat','complete','2024-04-17 21:31:30','2024-04-17 23:31:30','[]','O:30:\"ActionScheduler_SimpleSchedule\":2:{s:22:\"\0*\0scheduled_timestamp\";i:1713389490;s:41:\"\0ActionScheduler_SimpleSchedule\0timestamp\";i:1713389490;}',0,1,'2024-04-17 21:31:33','2024-04-17 23:31:33',0,NULL,10),(4282,'wc_stripe_remove_order_locks','complete','2024-04-19 18:54:51','2024-04-19 20:54:51','[]','O:32:\"ActionScheduler_IntervalSchedule\":5:{s:22:\"\0*\0scheduled_timestamp\";i:1713552891;s:18:\"\0*\0first_timestamp\";i:1650844800;s:13:\"\0*\0recurrence\";i:86400;s:49:\"\0ActionScheduler_IntervalSchedule\0start_timestamp\";i:1713552891;s:53:\"\0ActionScheduler_IntervalSchedule\0interval_in_seconds\";i:86400;}',0,1,'2024-04-19 23:27:00','2024-04-20 01:27:00',0,NULL,10),(4283,'facebook_for_woocommerce_hourly_heartbeat','complete','2024-04-18 18:54:52','2024-04-18 20:54:52','[]','O:30:\"ActionScheduler_SimpleSchedule\":2:{s:22:\"\0*\0scheduled_timestamp\";i:1713466492;s:41:\"\0ActionScheduler_SimpleSchedule\0timestamp\";i:1713466492;}',0,1,'2024-04-18 18:54:57','2024-04-18 20:54:57',0,NULL,10),(4284,'facebook_for_woocommerce_daily_heartbeat','complete','2024-04-18 18:54:54','2024-04-18 20:54:54','[]','O:30:\"ActionScheduler_SimpleSchedule\":2:{s:22:\"\0*\0scheduled_timestamp\";i:1713466494;s:41:\"\0ActionScheduler_SimpleSchedule\0timestamp\";i:1713466494;}',0,1,'2024-04-18 18:54:57','2024-04-18 20:54:57',0,NULL,10),(4285,'facebook_for_woocommerce_hourly_heartbeat','complete','2024-04-18 20:00:58','2024-04-18 22:00:58','[]','O:30:\"ActionScheduler_SimpleSchedule\":2:{s:22:\"\0*\0scheduled_timestamp\";i:1713470458;s:41:\"\0ActionScheduler_SimpleSchedule\0timestamp\";i:1713470458;}',0,1,'2024-04-19 07:26:14','2024-04-19 09:26:14',0,NULL,10),(4286,'facebook_for_woocommerce_hourly_heartbeat','complete','2024-04-19 07:26:15','2024-04-19 09:26:15','[]','O:30:\"ActionScheduler_SimpleSchedule\":2:{s:22:\"\0*\0scheduled_timestamp\";i:1713511575;s:41:\"\0ActionScheduler_SimpleSchedule\0timestamp\";i:1713511575;}',0,1,'2024-04-19 23:27:00','2024-04-20 01:27:00',0,NULL,10),(4287,'wc_stripe_remove_order_locks','complete','2024-04-20 23:27:00','2024-04-21 01:27:00','[]','O:32:\"ActionScheduler_IntervalSchedule\":5:{s:22:\"\0*\0scheduled_timestamp\";i:1713655620;s:18:\"\0*\0first_timestamp\";i:1650844800;s:13:\"\0*\0recurrence\";i:86400;s:49:\"\0ActionScheduler_IntervalSchedule\0start_timestamp\";i:1713655620;s:53:\"\0ActionScheduler_IntervalSchedule\0interval_in_seconds\";i:86400;}',0,1,'2024-04-20 23:31:06','2024-04-21 01:31:06',0,NULL,10),(4288,'facebook_for_woocommerce_hourly_heartbeat','complete','2024-04-19 23:27:02','2024-04-20 01:27:02','[]','O:30:\"ActionScheduler_SimpleSchedule\":2:{s:22:\"\0*\0scheduled_timestamp\";i:1713569222;s:41:\"\0ActionScheduler_SimpleSchedule\0timestamp\";i:1713569222;}',0,1,'2024-04-19 23:27:07','2024-04-20 01:27:07',0,NULL,10),(4289,'facebook_for_woocommerce_daily_heartbeat','complete','2024-04-19 23:27:02','2024-04-20 01:27:02','[]','O:30:\"ActionScheduler_SimpleSchedule\":2:{s:22:\"\0*\0scheduled_timestamp\";i:1713569222;s:41:\"\0ActionScheduler_SimpleSchedule\0timestamp\";i:1713569222;}',0,1,'2024-04-19 23:27:08','2024-04-20 01:27:08',0,NULL,10),(4290,'facebook_for_woocommerce_hourly_heartbeat','complete','2024-04-20 00:19:35','2024-04-20 02:19:35','[]','O:30:\"ActionScheduler_SimpleSchedule\":2:{s:22:\"\0*\0scheduled_timestamp\";i:1713572375;s:41:\"\0ActionScheduler_SimpleSchedule\0timestamp\";i:1713572375;}',0,1,'2024-04-20 08:19:29','2024-04-20 10:19:29',0,NULL,10),(4291,'facebook_for_woocommerce_hourly_heartbeat','complete','2024-04-20 08:19:29','2024-04-20 10:19:29','[]','O:30:\"ActionScheduler_SimpleSchedule\":2:{s:22:\"\0*\0scheduled_timestamp\";i:1713601169;s:41:\"\0ActionScheduler_SimpleSchedule\0timestamp\";i:1713601169;}',0,1,'2024-04-20 08:20:12','2024-04-20 10:20:12',0,NULL,10),(4292,'wc_stripe_remove_order_locks','complete','2024-04-21 23:31:06','2024-04-22 01:31:06','[]','O:32:\"ActionScheduler_IntervalSchedule\":5:{s:22:\"\0*\0scheduled_timestamp\";i:1713742266;s:18:\"\0*\0first_timestamp\";i:1650844800;s:13:\"\0*\0recurrence\";i:86400;s:49:\"\0ActionScheduler_IntervalSchedule\0start_timestamp\";i:1713742266;s:53:\"\0ActionScheduler_IntervalSchedule\0interval_in_seconds\";i:86400;}',0,1,'2024-04-22 00:08:07','2024-04-22 02:08:07',0,NULL,10),(4293,'facebook_for_woocommerce_hourly_heartbeat','complete','2024-04-20 23:31:06','2024-04-21 01:31:06','[]','O:30:\"ActionScheduler_SimpleSchedule\":2:{s:22:\"\0*\0scheduled_timestamp\";i:1713655866;s:41:\"\0ActionScheduler_SimpleSchedule\0timestamp\";i:1713655866;}',0,1,'2024-04-20 23:31:11','2024-04-21 01:31:11',0,NULL,10),(4294,'facebook_for_woocommerce_daily_heartbeat','complete','2024-04-20 23:31:07','2024-04-21 01:31:07','[]','O:30:\"ActionScheduler_SimpleSchedule\":2:{s:22:\"\0*\0scheduled_timestamp\";i:1713655867;s:41:\"\0ActionScheduler_SimpleSchedule\0timestamp\";i:1713655867;}',0,1,'2024-04-20 23:31:11','2024-04-21 01:31:11',0,NULL,10),(4295,'facebook_for_woocommerce_hourly_heartbeat','complete','2024-04-21 04:18:28','2024-04-21 06:18:28','[]','O:30:\"ActionScheduler_SimpleSchedule\":2:{s:22:\"\0*\0scheduled_timestamp\";i:1713673108;s:41:\"\0ActionScheduler_SimpleSchedule\0timestamp\";i:1713673108;}',0,1,'2024-04-21 10:42:08','2024-04-21 12:42:08',0,NULL,10),(4296,'facebook_for_woocommerce_hourly_heartbeat','complete','2024-04-21 10:42:08','2024-04-21 12:42:08','[]','O:30:\"ActionScheduler_SimpleSchedule\":2:{s:22:\"\0*\0scheduled_timestamp\";i:1713696128;s:41:\"\0ActionScheduler_SimpleSchedule\0timestamp\";i:1713696128;}',0,1,'2024-04-21 11:17:49','2024-04-21 13:17:49',0,NULL,10),(4297,'facebook_for_woocommerce_daily_heartbeat','complete','2024-04-21 11:17:50','2024-04-21 13:17:50','[]','O:30:\"ActionScheduler_SimpleSchedule\":2:{s:22:\"\0*\0scheduled_timestamp\";i:1713698270;s:41:\"\0ActionScheduler_SimpleSchedule\0timestamp\";i:1713698270;}',0,1,'2024-04-21 14:18:02','2024-04-21 16:18:02',0,NULL,10),(4298,'facebook_for_woocommerce_hourly_heartbeat','complete','2024-04-21 11:17:50','2024-04-21 13:17:50','[]','O:30:\"ActionScheduler_SimpleSchedule\":2:{s:22:\"\0*\0scheduled_timestamp\";i:1713698270;s:41:\"\0ActionScheduler_SimpleSchedule\0timestamp\";i:1713698270;}',0,1,'2024-04-21 14:18:02','2024-04-21 16:18:02',0,NULL,10),(4299,'facebook_for_woocommerce_hourly_heartbeat','complete','2024-04-21 14:18:03','2024-04-21 16:18:03','[]','O:30:\"ActionScheduler_SimpleSchedule\":2:{s:22:\"\0*\0scheduled_timestamp\";i:1713709083;s:41:\"\0ActionScheduler_SimpleSchedule\0timestamp\";i:1713709083;}',0,1,'2024-04-22 00:08:07','2024-04-22 02:08:07',0,NULL,10),(4300,'wc_stripe_remove_order_locks','complete','2024-04-23 00:08:07','2024-04-23 02:08:07','[]','O:32:\"ActionScheduler_IntervalSchedule\":5:{s:22:\"\0*\0scheduled_timestamp\";i:1713830887;s:18:\"\0*\0first_timestamp\";i:1650844800;s:13:\"\0*\0recurrence\";i:86400;s:49:\"\0ActionScheduler_IntervalSchedule\0start_timestamp\";i:1713830887;s:53:\"\0ActionScheduler_IntervalSchedule\0interval_in_seconds\";i:86400;}',0,1,'2024-04-23 14:27:03','2024-04-23 16:27:03',0,NULL,10),(4301,'facebook_for_woocommerce_hourly_heartbeat','complete','2024-04-22 00:08:08','2024-04-22 02:08:08','[]','O:30:\"ActionScheduler_SimpleSchedule\":2:{s:22:\"\0*\0scheduled_timestamp\";i:1713744488;s:41:\"\0ActionScheduler_SimpleSchedule\0timestamp\";i:1713744488;}',0,1,'2024-04-22 00:08:13','2024-04-22 02:08:13',0,NULL,10),(4302,'facebook_for_woocommerce_hourly_heartbeat','complete','2024-04-22 18:31:16','2024-04-22 20:31:16','[]','O:30:\"ActionScheduler_SimpleSchedule\":2:{s:22:\"\0*\0scheduled_timestamp\";i:1713810676;s:41:\"\0ActionScheduler_SimpleSchedule\0timestamp\";i:1713810676;}',0,1,'2024-04-22 20:19:14','2024-04-22 22:19:14',0,NULL,10),(4303,'facebook_for_woocommerce_daily_heartbeat','complete','2024-04-22 18:31:18','2024-04-22 20:31:18','[]','O:30:\"ActionScheduler_SimpleSchedule\":2:{s:22:\"\0*\0scheduled_timestamp\";i:1713810678;s:41:\"\0ActionScheduler_SimpleSchedule\0timestamp\";i:1713810678;}',0,1,'2024-04-22 20:19:14','2024-04-22 22:19:14',0,NULL,10),(4304,'facebook_for_woocommerce_hourly_heartbeat','complete','2024-04-22 20:19:16','2024-04-22 22:19:16','[]','O:30:\"ActionScheduler_SimpleSchedule\":2:{s:22:\"\0*\0scheduled_timestamp\";i:1713817156;s:41:\"\0ActionScheduler_SimpleSchedule\0timestamp\";i:1713817156;}',0,1,'2024-04-22 20:19:18','2024-04-22 22:19:18',0,NULL,10),(4305,'facebook_for_woocommerce_hourly_heartbeat','complete','2024-04-22 20:59:59','2024-04-22 22:59:59','[]','O:30:\"ActionScheduler_SimpleSchedule\":2:{s:22:\"\0*\0scheduled_timestamp\";i:1713819599;s:41:\"\0ActionScheduler_SimpleSchedule\0timestamp\";i:1713819599;}',0,1,'2024-04-22 21:00:01','2024-04-22 23:00:01',0,NULL,10),(4306,'facebook_for_woocommerce_hourly_heartbeat','complete','2024-04-22 22:14:13','2024-04-23 00:14:13','[]','O:30:\"ActionScheduler_SimpleSchedule\":2:{s:22:\"\0*\0scheduled_timestamp\";i:1713824053;s:41:\"\0ActionScheduler_SimpleSchedule\0timestamp\";i:1713824053;}',0,1,'2024-04-23 14:27:03','2024-04-23 16:27:03',0,NULL,10),(4307,'wc_stripe_remove_order_locks','complete','2024-04-24 14:27:03','2024-04-24 16:27:03','[]','O:32:\"ActionScheduler_IntervalSchedule\":5:{s:22:\"\0*\0scheduled_timestamp\";i:1713968823;s:18:\"\0*\0first_timestamp\";i:1650844800;s:13:\"\0*\0recurrence\";i:86400;s:49:\"\0ActionScheduler_IntervalSchedule\0start_timestamp\";i:1713968823;s:53:\"\0ActionScheduler_IntervalSchedule\0interval_in_seconds\";i:86400;}',0,1,'2024-04-24 22:21:05','2024-04-25 00:21:05',0,NULL,10),(4308,'facebook_for_woocommerce_hourly_heartbeat','complete','2024-04-23 14:27:04','2024-04-23 16:27:04','[]','O:30:\"ActionScheduler_SimpleSchedule\":2:{s:22:\"\0*\0scheduled_timestamp\";i:1713882424;s:41:\"\0ActionScheduler_SimpleSchedule\0timestamp\";i:1713882424;}',0,1,'2024-04-23 16:31:42','2024-04-23 18:31:42',0,NULL,10),(4309,'facebook_for_woocommerce_daily_heartbeat','complete','2024-04-23 14:27:09','2024-04-23 16:27:09','[]','O:30:\"ActionScheduler_SimpleSchedule\":2:{s:22:\"\0*\0scheduled_timestamp\";i:1713882429;s:41:\"\0ActionScheduler_SimpleSchedule\0timestamp\";i:1713882429;}',0,1,'2024-04-23 16:31:42','2024-04-23 18:31:42',0,NULL,10),(4310,'facebook_for_woocommerce_hourly_heartbeat','complete','2024-04-23 16:31:42','2024-04-23 18:31:42','[]','O:30:\"ActionScheduler_SimpleSchedule\":2:{s:22:\"\0*\0scheduled_timestamp\";i:1713889902;s:41:\"\0ActionScheduler_SimpleSchedule\0timestamp\";i:1713889902;}',0,1,'2024-04-23 17:10:19','2024-04-23 19:10:19',0,NULL,10),(4311,'facebook_for_woocommerce_hourly_heartbeat','complete','2024-04-23 17:10:19','2024-04-23 19:10:19','[]','O:30:\"ActionScheduler_SimpleSchedule\":2:{s:22:\"\0*\0scheduled_timestamp\";i:1713892219;s:41:\"\0ActionScheduler_SimpleSchedule\0timestamp\";i:1713892219;}',0,1,'2024-04-23 17:22:20','2024-04-23 19:22:20',0,NULL,10),(4312,'facebook_for_woocommerce_hourly_heartbeat','complete','2024-04-24 06:21:27','2024-04-24 08:21:27','[]','O:30:\"ActionScheduler_SimpleSchedule\":2:{s:22:\"\0*\0scheduled_timestamp\";i:1713939687;s:41:\"\0ActionScheduler_SimpleSchedule\0timestamp\";i:1713939687;}',0,1,'2024-04-24 06:21:30','2024-04-24 08:21:30',0,NULL,10),(4313,'facebook_for_woocommerce_hourly_heartbeat','complete','2024-04-24 13:23:40','2024-04-24 15:23:40','[]','O:30:\"ActionScheduler_SimpleSchedule\":2:{s:22:\"\0*\0scheduled_timestamp\";i:1713965020;s:41:\"\0ActionScheduler_SimpleSchedule\0timestamp\";i:1713965020;}',0,1,'2024-04-24 22:21:05','2024-04-25 00:21:05',0,NULL,10),(4314,'facebook_for_woocommerce_daily_heartbeat','complete','2024-04-24 13:23:43','2024-04-24 15:23:43','[]','O:30:\"ActionScheduler_SimpleSchedule\":2:{s:22:\"\0*\0scheduled_timestamp\";i:1713965023;s:41:\"\0ActionScheduler_SimpleSchedule\0timestamp\";i:1713965023;}',0,1,'2024-04-24 22:21:05','2024-04-25 00:21:05',0,NULL,10),(4315,'wc_stripe_remove_order_locks','complete','2024-04-25 22:21:05','2024-04-26 00:21:05','[]','O:32:\"ActionScheduler_IntervalSchedule\":5:{s:22:\"\0*\0scheduled_timestamp\";i:1714083665;s:18:\"\0*\0first_timestamp\";i:1650844800;s:13:\"\0*\0recurrence\";i:86400;s:49:\"\0ActionScheduler_IntervalSchedule\0start_timestamp\";i:1714083665;s:53:\"\0ActionScheduler_IntervalSchedule\0interval_in_seconds\";i:86400;}',0,1,'2025-05-18 08:17:28','2025-05-18 10:17:28',0,NULL,10),(4316,'facebook_for_woocommerce_hourly_heartbeat','complete','2024-04-24 22:21:06','2024-04-25 00:21:06','[]','O:30:\"ActionScheduler_SimpleSchedule\":2:{s:22:\"\0*\0scheduled_timestamp\";i:1713997266;s:41:\"\0ActionScheduler_SimpleSchedule\0timestamp\";i:1713997266;}',0,1,'2024-04-24 22:21:09','2024-04-25 00:21:09',0,NULL,10),(4317,'facebook_for_woocommerce_hourly_heartbeat','complete','2024-04-25 05:43:55','2024-04-25 07:43:55','[]','O:30:\"ActionScheduler_SimpleSchedule\":2:{s:22:\"\0*\0scheduled_timestamp\";i:1714023835;s:41:\"\0ActionScheduler_SimpleSchedule\0timestamp\";i:1714023835;}',0,1,'2025-05-18 08:17:28','2025-05-18 10:17:28',0,NULL,10),(4318,'wpo_ips_semaphore_lock_cleanup','complete','2025-05-18 08:17:27','2025-05-18 10:17:27','[]','O:32:\"ActionScheduler_IntervalSchedule\":5:{s:22:\"\0*\0scheduled_timestamp\";i:1747556247;s:18:\"\0*\0first_timestamp\";i:1747556247;s:13:\"\0*\0recurrence\";i:2592000;s:49:\"\0ActionScheduler_IntervalSchedule\0start_timestamp\";i:1747556247;s:53:\"\0ActionScheduler_IntervalSchedule\0interval_in_seconds\";i:2592000;}',2,1,'2025-05-18 08:17:28','2025-05-18 10:17:28',0,NULL,10),(4319,'wc_stripe_remove_order_locks','complete','2025-05-19 08:17:28','2025-05-19 10:17:28','[]','O:32:\"ActionScheduler_IntervalSchedule\":5:{s:22:\"\0*\0scheduled_timestamp\";i:1747642648;s:18:\"\0*\0first_timestamp\";i:1650844800;s:13:\"\0*\0recurrence\";i:86400;s:49:\"\0ActionScheduler_IntervalSchedule\0start_timestamp\";i:1747642648;s:53:\"\0ActionScheduler_IntervalSchedule\0interval_in_seconds\";i:86400;}',2,1,'2025-05-20 04:10:17','2025-05-20 06:10:17',0,NULL,10),(4320,'wpo_ips_semaphore_lock_cleanup','pending','2025-06-17 08:17:28','2025-06-17 10:17:28','[]','O:32:\"ActionScheduler_IntervalSchedule\":5:{s:22:\"\0*\0scheduled_timestamp\";i:1750148248;s:18:\"\0*\0first_timestamp\";i:1747556247;s:13:\"\0*\0recurrence\";i:2592000;s:49:\"\0ActionScheduler_IntervalSchedule\0start_timestamp\";i:1750148248;s:53:\"\0ActionScheduler_IntervalSchedule\0interval_in_seconds\";i:2592000;}',2,0,'0000-00-00 00:00:00','0000-00-00 00:00:00',0,NULL,10),(4321,'facebook_for_woocommerce_hourly_heartbeat','complete','2025-05-18 08:17:28','2025-05-18 10:17:28','[]','O:30:\"ActionScheduler_SimpleSchedule\":2:{s:22:\"\0*\0scheduled_timestamp\";i:1747556248;s:41:\"\0ActionScheduler_SimpleSchedule\0timestamp\";i:1747556248;}',2,1,'2025-05-18 08:17:31','2025-05-18 10:17:31',0,NULL,10),(4322,'facebook_for_woocommerce_daily_heartbeat','complete','2025-05-18 08:17:28','2025-05-18 10:17:28','[]','O:30:\"ActionScheduler_SimpleSchedule\":2:{s:22:\"\0*\0scheduled_timestamp\";i:1747556248;s:41:\"\0ActionScheduler_SimpleSchedule\0timestamp\";i:1747556248;}',2,1,'2025-05-18 08:17:31','2025-05-18 10:17:31',0,NULL,10),(4323,'woocommerce_cleanup_draft_orders','complete','2025-05-18 08:17:30','2025-05-18 10:17:30','[]','O:32:\"ActionScheduler_IntervalSchedule\":5:{s:22:\"\0*\0scheduled_timestamp\";i:1747556250;s:18:\"\0*\0first_timestamp\";i:1747556250;s:13:\"\0*\0recurrence\";i:86400;s:49:\"\0ActionScheduler_IntervalSchedule\0start_timestamp\";i:1747556250;s:53:\"\0ActionScheduler_IntervalSchedule\0interval_in_seconds\";i:86400;}',2,1,'2025-05-18 08:17:31','2025-05-18 10:17:31',0,NULL,10),(4324,'woocommerce_cleanup_draft_orders','complete','2025-05-19 08:17:31','2025-05-19 10:17:31','[]','O:32:\"ActionScheduler_IntervalSchedule\":5:{s:22:\"\0*\0scheduled_timestamp\";i:1747642651;s:18:\"\0*\0first_timestamp\";i:1747556250;s:13:\"\0*\0recurrence\";i:86400;s:49:\"\0ActionScheduler_IntervalSchedule\0start_timestamp\";i:1747642651;s:53:\"\0ActionScheduler_IntervalSchedule\0interval_in_seconds\";i:86400;}',2,1,'2025-05-20 04:10:17','2025-05-20 06:10:17',0,NULL,10),(4325,'wc_stripe_remove_order_locks','complete','2025-05-21 04:10:17','2025-05-21 06:10:17','[]','O:32:\"ActionScheduler_IntervalSchedule\":5:{s:22:\"\0*\0scheduled_timestamp\";i:1747800617;s:18:\"\0*\0first_timestamp\";i:1650844800;s:13:\"\0*\0recurrence\";i:86400;s:49:\"\0ActionScheduler_IntervalSchedule\0start_timestamp\";i:1747800617;s:53:\"\0ActionScheduler_IntervalSchedule\0interval_in_seconds\";i:86400;}',2,1,'2025-05-24 07:56:53','2025-05-24 09:56:53',0,NULL,10),(4326,'woocommerce_cleanup_draft_orders','complete','2025-05-21 04:10:17','2025-05-21 06:10:17','[]','O:32:\"ActionScheduler_IntervalSchedule\":5:{s:22:\"\0*\0scheduled_timestamp\";i:1747800617;s:18:\"\0*\0first_timestamp\";i:1747556250;s:13:\"\0*\0recurrence\";i:86400;s:49:\"\0ActionScheduler_IntervalSchedule\0start_timestamp\";i:1747800617;s:53:\"\0ActionScheduler_IntervalSchedule\0interval_in_seconds\";i:86400;}',2,1,'2025-05-24 07:56:53','2025-05-24 09:56:53',0,NULL,10),(4327,'facebook_for_woocommerce_hourly_heartbeat','complete','2025-05-20 04:10:17','2025-05-20 06:10:17','[]','O:30:\"ActionScheduler_SimpleSchedule\":2:{s:22:\"\0*\0scheduled_timestamp\";i:1747714217;s:41:\"\0ActionScheduler_SimpleSchedule\0timestamp\";i:1747714217;}',2,1,'2025-05-20 04:10:18','2025-05-20 06:10:18',0,NULL,10),(4328,'facebook_for_woocommerce_daily_heartbeat','complete','2025-05-20 04:10:18','2025-05-20 06:10:18','[]','O:30:\"ActionScheduler_SimpleSchedule\":2:{s:22:\"\0*\0scheduled_timestamp\";i:1747714218;s:41:\"\0ActionScheduler_SimpleSchedule\0timestamp\";i:1747714218;}',2,1,'2025-05-20 04:10:18','2025-05-20 06:10:18',0,NULL,10),(4329,'wc_stripe_remove_order_locks','complete','2025-05-25 07:56:53','2025-05-25 09:56:53','[]','O:32:\"ActionScheduler_IntervalSchedule\":5:{s:22:\"\0*\0scheduled_timestamp\";i:1748159813;s:18:\"\0*\0first_timestamp\";i:1650844800;s:13:\"\0*\0recurrence\";i:86400;s:49:\"\0ActionScheduler_IntervalSchedule\0start_timestamp\";i:1748159813;s:53:\"\0ActionScheduler_IntervalSchedule\0interval_in_seconds\";i:86400;}',2,1,'2025-05-26 05:01:56','2025-05-26 07:01:56',0,NULL,10),(4330,'woocommerce_cleanup_draft_orders','complete','2025-05-25 07:56:53','2025-05-25 09:56:53','[]','O:32:\"ActionScheduler_IntervalSchedule\":5:{s:22:\"\0*\0scheduled_timestamp\";i:1748159813;s:18:\"\0*\0first_timestamp\";i:1747556250;s:13:\"\0*\0recurrence\";i:86400;s:49:\"\0ActionScheduler_IntervalSchedule\0start_timestamp\";i:1748159813;s:53:\"\0ActionScheduler_IntervalSchedule\0interval_in_seconds\";i:86400;}',2,1,'2025-05-26 05:01:56','2025-05-26 07:01:56',0,NULL,10),(4331,'wc_stripe_remove_order_locks','pending','2025-05-27 05:01:56','2025-05-27 07:01:56','[]','O:32:\"ActionScheduler_IntervalSchedule\":5:{s:22:\"\0*\0scheduled_timestamp\";i:1748322116;s:18:\"\0*\0first_timestamp\";i:1650844800;s:13:\"\0*\0recurrence\";i:86400;s:49:\"\0ActionScheduler_IntervalSchedule\0start_timestamp\";i:1748322116;s:53:\"\0ActionScheduler_IntervalSchedule\0interval_in_seconds\";i:86400;}',2,0,'0000-00-00 00:00:00','0000-00-00 00:00:00',0,NULL,10),(4332,'woocommerce_cleanup_draft_orders','pending','2025-05-27 05:01:56','2025-05-27 07:01:56','[]','O:32:\"ActionScheduler_IntervalSchedule\":5:{s:22:\"\0*\0scheduled_timestamp\";i:1748322116;s:18:\"\0*\0first_timestamp\";i:1747556250;s:13:\"\0*\0recurrence\";i:86400;s:49:\"\0ActionScheduler_IntervalSchedule\0start_timestamp\";i:1748322116;s:53:\"\0ActionScheduler_IntervalSchedule\0interval_in_seconds\";i:86400;}',2,0,'0000-00-00 00:00:00','0000-00-00 00:00:00',0,NULL,10),(4333,'facebook_for_woocommerce_hourly_heartbeat','complete','2025-05-26 05:01:56','2025-05-26 07:01:56','[]','O:30:\"ActionScheduler_SimpleSchedule\":2:{s:22:\"\0*\0scheduled_timestamp\";i:1748235716;s:41:\"\0ActionScheduler_SimpleSchedule\0timestamp\";i:1748235716;}',2,1,'2025-05-26 05:02:02','2025-05-26 07:02:02',0,NULL,10),(4334,'facebook_for_woocommerce_daily_heartbeat','complete','2025-05-26 05:02:06','2025-05-26 07:02:06','[]','O:30:\"ActionScheduler_SimpleSchedule\":2:{s:22:\"\0*\0scheduled_timestamp\";i:1748235726;s:41:\"\0ActionScheduler_SimpleSchedule\0timestamp\";i:1748235726;}',2,1,'2025-05-26 05:02:09','2025-05-26 07:02:09',0,NULL,10);

--
-- Table structure for table `wp_4_actionscheduler_claims`
--

CREATE TABLE `wp_4_actionscheduler_claims` (
  `claim_id` bigint unsigned NOT NULL AUTO_INCREMENT,
  `date_created_gmt` datetime DEFAULT '0000-00-00 00:00:00',
  PRIMARY KEY (`claim_id`),
  KEY `date_created_gmt` (`date_created_gmt`)
) ENGINE=InnoDB AUTO_INCREMENT=2098 DEFAULT CHARSET=utf8mb4 COLLATE=utf8mb4_unicode_ci;

--
-- Dumping data for table `wp_4_actionscheduler_claims`
--


--
-- Table structure for table `wp_4_actionscheduler_groups`
--

CREATE TABLE `wp_4_actionscheduler_groups` (
  `group_id` bigint unsigned NOT NULL AUTO_INCREMENT,
  `slug` varchar(255) CHARACTER SET utf8mb4 COLLATE utf8mb4_unicode_ci NOT NULL,
  PRIMARY KEY (`group_id`),
  KEY `slug` (`slug`(191))
) ENGINE=InnoDB AUTO_INCREMENT=3 DEFAULT CHARSET=utf8mb4 COLLATE=utf8mb4_unicode_ci;

--
-- Dumping data for table `wp_4_actionscheduler_groups`
--

INSERT INTO `wp_4_actionscheduler_groups` VALUES (1,'action-scheduler-migration'),(2,'');

--
-- Table structure for table `wp_4_actionscheduler_logs`
--

CREATE TABLE `wp_4_actionscheduler_logs` (
  `log_id` bigint unsigned NOT NULL AUTO_INCREMENT,
  `action_id` bigint unsigned NOT NULL,
  `message` text CHARACTER SET utf8mb4 COLLATE utf8mb4_unicode_ci NOT NULL,
  `log_date_gmt` datetime DEFAULT '0000-00-00 00:00:00',
  `log_date_local` datetime DEFAULT '0000-00-00 00:00:00',
  PRIMARY KEY (`log_id`),
  KEY `action_id` (`action_id`),
  KEY `log_date_gmt` (`log_date_gmt`)
) ENGINE=InnoDB AUTO_INCREMENT=12985 DEFAULT CHARSET=utf8mb4 COLLATE=utf8mb4_unicode_ci;

--
-- Dumping data for table `wp_4_actionscheduler_logs`
--

INSERT INTO `wp_4_actionscheduler_logs` VALUES (12813,4277,'action créée','2024-04-17 00:50:46','2024-04-17 02:50:46'),(12816,4277,'action lancée via Async Request','2024-04-17 00:50:52','2024-04-17 02:50:52'),(12817,4277,'action terminée via Async Request','2024-04-17 00:50:52','2024-04-17 02:50:52'),(12820,4278,'action créée','2024-04-17 18:29:34','2024-04-17 20:29:34'),(12821,4279,'action créée','2024-04-17 18:29:35','2024-04-17 20:29:35'),(12822,4280,'action créée','2024-04-17 18:29:37','2024-04-17 20:29:37'),(12823,4279,'action lancée via WP Cron','2024-04-17 21:31:28','2024-04-17 23:31:28'),(12824,4279,'action terminée via WP Cron','2024-04-17 21:31:28','2024-04-17 23:31:28'),(12825,4280,'action lancée via WP Cron','2024-04-17 21:31:29','2024-04-17 23:31:29'),(12826,4280,'action terminée via WP Cron','2024-04-17 21:31:29','2024-04-17 23:31:29'),(12827,4281,'action créée','2024-04-17 21:31:30','2024-04-17 23:31:30'),(12828,4281,'action lancée via Async Request','2024-04-17 21:31:33','2024-04-17 23:31:33'),(12829,4281,'action terminée via Async Request','2024-04-17 21:31:33','2024-04-17 23:31:33'),(12830,4278,'action lancée via WP Cron','2024-04-18 18:54:51','2024-04-18 20:54:51'),(12831,4278,'action terminée via WP Cron','2024-04-18 18:54:51','2024-04-18 20:54:51'),(12832,4282,'action créée','2024-04-18 18:54:51','2024-04-18 20:54:51'),(12833,4283,'action créée','2024-04-18 18:54:52','2024-04-18 20:54:52'),(12834,4284,'action créée','2024-04-18 18:54:54','2024-04-18 20:54:54'),(12835,4283,'action lancée via Async Request','2024-04-18 18:54:57','2024-04-18 20:54:57'),(12836,4283,'action terminée via Async Request','2024-04-18 18:54:57','2024-04-18 20:54:57'),(12837,4284,'action lancée via Async Request','2024-04-18 18:54:57','2024-04-18 20:54:57'),(12838,4284,'action terminée via Async Request','2024-04-18 18:54:57','2024-04-18 20:54:57'),(12839,4285,'action créée','2024-04-18 20:00:58','2024-04-18 22:00:58'),(12840,4285,'action lancée via WP Cron','2024-04-19 07:26:14','2024-04-19 09:26:14'),(12841,4285,'action terminée via WP Cron','2024-04-19 07:26:14','2024-04-19 09:26:14'),(12842,4286,'action créée','2024-04-19 07:26:15','2024-04-19 09:26:15'),(12843,4286,'action lancée via WP Cron','2024-04-19 23:27:00','2024-04-20 01:27:00'),(12844,4286,'action terminée via WP Cron','2024-04-19 23:27:00','2024-04-20 01:27:00'),(12845,4282,'action lancée via WP Cron','2024-04-19 23:27:00','2024-04-20 01:27:00'),(12846,4282,'action terminée via WP Cron','2024-04-19 23:27:00','2024-04-20 01:27:00'),(12847,4287,'action créée','2024-04-19 23:27:00','2024-04-20 01:27:00'),(12848,4288,'action créée','2024-04-19 23:27:02','2024-04-20 01:27:02'),(12849,4289,'action créée','2024-04-19 23:27:03','2024-04-20 01:27:03'),(12850,4288,'action lancée via Async Request','2024-04-19 23:27:07','2024-04-20 01:27:07'),(12851,4288,'action terminée via Async Request','2024-04-19 23:27:07','2024-04-20 01:27:07'),(12852,4289,'action lancée via Async Request','2024-04-19 23:27:07','2024-04-20 01:27:07'),(12853,4289,'action terminée via Async Request','2024-04-19 23:27:07','2024-04-20 01:27:07'),(12854,4290,'action créée','2024-04-20 00:19:35','2024-04-20 02:19:35'),(12855,4290,'action lancée via WP Cron','2024-04-20 08:19:29','2024-04-20 10:19:29'),(12856,4290,'action terminée via WP Cron','2024-04-20 08:19:29','2024-04-20 10:19:29'),(12857,4291,'action créée','2024-04-20 08:19:29','2024-04-20 10:19:29'),(12858,4291,'action lancée via WP Cron','2024-04-20 08:20:12','2024-04-20 10:20:12'),(12859,4291,'action terminée via WP Cron','2024-04-20 08:20:12','2024-04-20 10:20:12'),(12860,4287,'action lancée via WP Cron','2024-04-20 23:31:06','2024-04-21 01:31:06'),(12861,4287,'action terminée via WP Cron','2024-04-20 23:31:06','2024-04-21 01:31:06'),(12862,4292,'action créée','2024-04-20 23:31:06','2024-04-21 01:31:06'),(12863,4293,'action créée','2024-04-20 23:31:06','2024-04-21 01:31:06'),(12864,4294,'action créée','2024-04-20 23:31:07','2024-04-21 01:31:07'),(12865,4293,'action lancée via Async Request','2024-04-20 23:31:11','2024-04-21 01:31:11'),(12866,4293,'action terminée via Async Request','2024-04-20 23:31:11','2024-04-21 01:31:11'),(12867,4294,'action lancée via Async Request','2024-04-20 23:31:11','2024-04-21 01:31:11'),(12868,4294,'action terminée via Async Request','2024-04-20 23:31:11','2024-04-21 01:31:11'),(12869,4295,'action créée','2024-04-21 04:18:28','2024-04-21 06:18:28'),(12870,4295,'action lancée via WP Cron','2024-04-21 10:42:07','2024-04-21 12:42:07'),(12871,4295,'action terminée via WP Cron','2024-04-21 10:42:07','2024-04-21 12:42:07'),(12872,4296,'action créée','2024-04-21 10:42:08','2024-04-21 12:42:08'),(12873,4296,'action lancée via WP Cron','2024-04-21 11:17:49','2024-04-21 13:17:49'),(12874,4296,'action terminée via WP Cron','2024-04-21 11:17:49','2024-04-21 13:17:49'),(12875,4297,'action créée','2024-04-21 11:17:50','2024-04-21 13:17:50'),(12876,4298,'action créée','2024-04-21 11:17:50','2024-04-21 13:17:50'),(12877,4297,'action lancée via WP Cron','2024-04-21 14:18:02','2024-04-21 16:18:02'),(12878,4297,'action terminée via WP Cron','2024-04-21 14:18:02','2024-04-21 16:18:02'),(12879,4298,'action lancée via WP Cron','2024-04-21 14:18:02','2024-04-21 16:18:02'),(12880,4298,'action terminée via WP Cron','2024-04-21 14:18:02','2024-04-21 16:18:02'),(12881,4299,'action créée','2024-04-21 14:18:03','2024-04-21 16:18:03'),(12882,4299,'action lancée via WP Cron','2024-04-22 00:08:07','2024-04-22 02:08:07'),(12883,4299,'action terminée via WP Cron','2024-04-22 00:08:07','2024-04-22 02:08:07'),(12884,4292,'action lancée via WP Cron','2024-04-22 00:08:07','2024-04-22 02:08:07'),(12885,4292,'action terminée via WP Cron','2024-04-22 00:08:07','2024-04-22 02:08:07'),(12886,4300,'action créée','2024-04-22 00:08:07','2024-04-22 02:08:07'),(12887,4301,'action créée','2024-04-22 00:08:08','2024-04-22 02:08:08'),(12888,4301,'action lancée via Async Request','2024-04-22 00:08:13','2024-04-22 02:08:13'),(12889,4301,'action terminée via Async Request','2024-04-22 00:08:13','2024-04-22 02:08:13'),(12890,4302,'action créée','2024-04-22 18:31:16','2024-04-22 20:31:16'),(12891,4303,'action créée','2024-04-22 18:31:18','2024-04-22 20:31:18'),(12892,4302,'action lancée via WP Cron','2024-04-22 20:19:14','2024-04-22 22:19:14'),(12893,4302,'action terminée via WP Cron','2024-04-22 20:19:14','2024-04-22 22:19:14'),(12894,4303,'action lancée via WP Cron','2024-04-22 20:19:14','2024-04-22 22:19:14'),(12895,4303,'action terminée via WP Cron','2024-04-22 20:19:14','2024-04-22 22:19:14'),(12896,4304,'action créée','2024-04-22 20:19:16','2024-04-22 22:19:16'),(12897,4304,'action lancée via Async Request','2024-04-22 20:19:17','2024-04-22 22:19:17'),(12898,4304,'action terminée via Async Request','2024-04-22 20:19:18','2024-04-22 22:19:18'),(12899,4305,'action créée','2024-04-22 20:59:59','2024-04-22 22:59:59'),(12900,4305,'action lancée via WP Cron','2024-04-22 21:00:01','2024-04-22 23:00:01'),(12901,4305,'action terminée via WP Cron','2024-04-22 21:00:01','2024-04-22 23:00:01'),(12902,4306,'action créée','2024-04-22 22:14:13','2024-04-23 00:14:13'),(12903,4306,'action lancée via WP Cron','2024-04-23 14:27:03','2024-04-23 16:27:03'),(12904,4306,'action terminée via WP Cron','2024-04-23 14:27:03','2024-04-23 16:27:03'),(12905,4300,'action lancée via WP Cron','2024-04-23 14:27:03','2024-04-23 16:27:03'),(12906,4300,'action terminée via WP Cron','2024-04-23 14:27:03','2024-04-23 16:27:03'),(12907,4307,'action créée','2024-04-23 14:27:03','2024-04-23 16:27:03'),(12908,4308,'action créée','2024-04-23 14:27:04','2024-04-23 16:27:04'),(12909,4309,'action créée','2024-04-23 14:27:09','2024-04-23 16:27:09'),(12910,4308,'action lancée via WP Cron','2024-04-23 16:31:41','2024-04-23 18:31:41'),(12911,4308,'action terminée via WP Cron','2024-04-23 16:31:42','2024-04-23 18:31:42'),(12912,4309,'action lancée via WP Cron','2024-04-23 16:31:42','2024-04-23 18:31:42'),(12913,4309,'action terminée via WP Cron','2024-04-23 16:31:42','2024-04-23 18:31:42'),(12914,4310,'action créée','2024-04-23 16:31:42','2024-04-23 18:31:42'),(12915,4310,'action lancée via WP Cron','2024-04-23 17:10:19','2024-04-23 19:10:19'),(12916,4310,'action terminée via WP Cron','2024-04-23 17:10:19','2024-04-23 19:10:19'),(12917,4311,'action créée','2024-04-23 17:10:19','2024-04-23 19:10:19'),(12918,4311,'action lancée via WP Cron','2024-04-23 17:22:20','2024-04-23 19:22:20'),(12919,4311,'action terminée via WP Cron','2024-04-23 17:22:20','2024-04-23 19:22:20'),(12920,4312,'action créée','2024-04-24 06:21:27','2024-04-24 08:21:27'),(12921,4312,'action lancée via Async Request','2024-04-24 06:21:30','2024-04-24 08:21:30'),(12922,4312,'action terminée via Async Request','2024-04-24 06:21:30','2024-04-24 08:21:30'),(12923,4313,'action créée','2024-04-24 13:23:40','2024-04-24 15:23:40'),(12924,4314,'action créée','2024-04-24 13:23:43','2024-04-24 15:23:43'),(12925,4313,'action lancée via WP Cron','2024-04-24 22:21:05','2024-04-25 00:21:05'),(12926,4313,'action terminée via WP Cron','2024-04-24 22:21:05','2024-04-25 00:21:05'),(12927,4314,'action lancée via WP Cron','2024-04-24 22:21:05','2024-04-25 00:21:05'),(12928,4314,'action terminée via WP Cron','2024-04-24 22:21:05','2024-04-25 00:21:05'),(12929,4307,'action lancée via WP Cron','2024-04-24 22:21:05','2024-04-25 00:21:05'),(12930,4307,'action terminée via WP Cron','2024-04-24 22:21:05','2024-04-25 00:21:05'),(12931,4315,'action créée','2024-04-24 22:21:05','2024-04-25 00:21:05'),(12932,4316,'action créée','2024-04-24 22:21:06','2024-04-25 00:21:06'),(12933,4316,'action lancée via Async Request','2024-04-24 22:21:09','2024-04-25 00:21:09'),(12934,4316,'action terminée via Async Request','2024-04-24 22:21:09','2024-04-25 00:21:09'),(12935,4317,'action créée','2024-04-25 05:43:55','2024-04-25 07:43:55'),(12936,4318,'action created','2025-05-18 08:17:27','2025-05-18 10:17:27'),(12937,4317,'action started via WP Cron','2025-05-18 08:17:28','2025-05-18 10:17:28'),(12938,4317,'action complete via WP Cron','2025-05-18 08:17:28','2025-05-18 10:17:28'),(12939,4315,'action started via WP Cron','2025-05-18 08:17:28','2025-05-18 10:17:28'),(12940,4315,'action complete via WP Cron','2025-05-18 08:17:28','2025-05-18 10:17:28'),(12941,4319,'action created','2025-05-18 08:17:28','2025-05-18 10:17:28'),(12942,4318,'action started via WP Cron','2025-05-18 08:17:28','2025-05-18 10:17:28'),(12943,4318,'action complete via WP Cron','2025-05-18 08:17:28','2025-05-18 10:17:28'),(12944,4320,'action created','2025-05-18 08:17:28','2025-05-18 10:17:28'),(12945,4321,'action created','2025-05-18 08:17:28','2025-05-18 10:17:28'),(12946,4322,'action created','2025-05-18 08:17:28','2025-05-18 10:17:28'),(12947,4323,'action created','2025-05-18 08:17:30','2025-05-18 10:17:30'),(12948,4321,'action started via Async Request','2025-05-18 08:17:31','2025-05-18 10:17:31'),(12949,4321,'action complete via Async Request','2025-05-18 08:17:31','2025-05-18 10:17:31'),(12950,4322,'action started via Async Request','2025-05-18 08:17:31','2025-05-18 10:17:31'),(12951,4322,'action complete via Async Request','2025-05-18 08:17:31','2025-05-18 10:17:31'),(12952,4323,'action started via Async Request','2025-05-18 08:17:31','2025-05-18 10:17:31'),(12953,4323,'action complete via Async Request','2025-05-18 08:17:31','2025-05-18 10:17:31'),(12954,4324,'action created','2025-05-18 08:17:31','2025-05-18 10:17:31'),(12955,4319,'action started via WP Cron','2025-05-20 04:10:17','2025-05-20 06:10:17'),(12956,4319,'action complete via WP Cron','2025-05-20 04:10:17','2025-05-20 06:10:17'),(12957,4325,'action created','2025-05-20 04:10:17','2025-05-20 06:10:17'),(12958,4324,'action started via WP Cron','2025-05-20 04:10:17','2025-05-20 06:10:17'),(12959,4324,'action complete via WP Cron','2025-05-20 04:10:17','2025-05-20 06:10:17'),(12960,4326,'action created','2025-05-20 04:10:17','2025-05-20 06:10:17'),(12961,4327,'action created','2025-05-20 04:10:17','2025-05-20 06:10:17'),(12962,4328,'action created','2025-05-20 04:10:18','2025-05-20 06:10:18'),(12963,4327,'action started via Async Request','2025-05-20 04:10:18','2025-05-20 06:10:18'),(12964,4327,'action complete via Async Request','2025-05-20 04:10:18','2025-05-20 06:10:18'),(12965,4328,'action started via Async Request','2025-05-20 04:10:18','2025-05-20 06:10:18'),(12966,4328,'action complete via Async Request','2025-05-20 04:10:18','2025-05-20 06:10:18'),(12967,4325,'action started via Async Request','2025-05-24 07:56:53','2025-05-24 09:56:53'),(12968,4325,'action complete via Async Request','2025-05-24 07:56:53','2025-05-24 09:56:53'),(12969,4329,'action created','2025-05-24 07:56:53','2025-05-24 09:56:53'),(12970,4326,'action started via Async Request','2025-05-24 07:56:53','2025-05-24 09:56:53'),(12971,4326,'action complete via Async Request','2025-05-24 07:56:53','2025-05-24 09:56:53'),(12972,4330,'action created','2025-05-24 07:56:53','2025-05-24 09:56:53'),(12973,4329,'action started via WP Cron','2025-05-26 05:01:56','2025-05-26 07:01:56'),(12974,4329,'action complete via WP Cron','2025-05-26 05:01:56','2025-05-26 07:01:56'),(12975,4331,'action created','2025-05-26 05:01:56','2025-05-26 07:01:56'),(12976,4330,'action started via WP Cron','2025-05-26 05:01:56','2025-05-26 07:01:56'),(12977,4330,'action complete via WP Cron','2025-05-26 05:01:56','2025-05-26 07:01:56'),(12978,4332,'action created','2025-05-26 05:01:56','2025-05-26 07:01:56'),(12979,4333,'action created','2025-05-26 05:01:56','2025-05-26 07:01:56'),(12980,4333,'action started via Async Request','2025-05-26 05:02:02','2025-05-26 07:02:02'),(12981,4333,'action complete via Async Request','2025-05-26 05:02:02','2025-05-26 07:02:02'),(12982,4334,'action created','2025-05-26 05:02:06','2025-05-26 07:02:06'),(12983,4334,'action started via WP Cron','2025-05-26 05:02:09','2025-05-26 07:02:09'),(12984,4334,'action complete via WP Cron','2025-05-26 05:02:09','2025-05-26 07:02:09');

--
-- Table structure for table `wp_4_commentmeta`
--

CREATE TABLE `wp_4_commentmeta` (
  `meta_id` bigint unsigned NOT NULL AUTO_INCREMENT,
  `comment_id` bigint unsigned NOT NULL DEFAULT '0',
  `meta_key` varchar(255) CHARACTER SET utf8mb4 COLLATE utf8mb4_unicode_ci DEFAULT NULL,
  `meta_value` longtext CHARACTER SET utf8mb4 COLLATE utf8mb4_unicode_ci,
  PRIMARY KEY (`meta_id`),
  KEY `comment_id` (`comment_id`),
  KEY `meta_key` (`meta_key`(191))
) ENGINE=InnoDB DEFAULT CHARSET=utf8mb4 COLLATE=utf8mb4_unicode_ci;

--
-- Dumping data for table `wp_4_commentmeta`
--


--
-- Table structure for table `wp_4_comments`
--

CREATE TABLE `wp_4_comments` (
  `comment_ID` bigint unsigned NOT NULL AUTO_INCREMENT,
  `comment_post_ID` bigint unsigned NOT NULL DEFAULT '0',
  `comment_author` tinytext CHARACTER SET utf8mb4 COLLATE utf8mb4_unicode_ci NOT NULL,
  `comment_author_email` varchar(100) CHARACTER SET utf8mb4 COLLATE utf8mb4_unicode_ci NOT NULL DEFAULT '',
  `comment_author_url` varchar(200) CHARACTER SET utf8mb4 COLLATE utf8mb4_unicode_ci NOT NULL DEFAULT '',
  `comment_author_IP` varchar(100) CHARACTER SET utf8mb4 COLLATE utf8mb4_unicode_ci NOT NULL DEFAULT '',
  `comment_date` datetime NOT NULL DEFAULT '0000-00-00 00:00:00',
  `comment_date_gmt` datetime NOT NULL DEFAULT '0000-00-00 00:00:00',
  `comment_content` text CHARACTER SET utf8mb4 COLLATE utf8mb4_unicode_ci NOT NULL,
  `comment_karma` int NOT NULL DEFAULT '0',
  `comment_approved` varchar(20) CHARACTER SET utf8mb4 COLLATE utf8mb4_unicode_ci NOT NULL DEFAULT '1',
  `comment_agent` varchar(255) CHARACTER SET utf8mb4 COLLATE utf8mb4_unicode_ci NOT NULL DEFAULT '',
  `comment_type` varchar(20) CHARACTER SET utf8mb4 COLLATE utf8mb4_unicode_ci NOT NULL DEFAULT 'comment',
  `comment_parent` bigint unsigned NOT NULL DEFAULT '0',
  `user_id` bigint unsigned NOT NULL DEFAULT '0',
  PRIMARY KEY (`comment_ID`),
  KEY `comment_post_ID` (`comment_post_ID`),
  KEY `comment_approved_date_gmt` (`comment_approved`,`comment_date_gmt`),
  KEY `comment_date_gmt` (`comment_date_gmt`),
  KEY `comment_parent` (`comment_parent`),
  KEY `comment_author_email` (`comment_author_email`(10)),
  KEY `woo_idx_comment_type` (`comment_type`)
) ENGINE=InnoDB AUTO_INCREMENT=2 DEFAULT CHARSET=utf8mb4 COLLATE=utf8mb4_unicode_ci;

--
-- Dumping data for table `wp_4_comments`
--

INSERT INTO `wp_4_comments` VALUES (1,1,'Un commentateur WordPress','wapuu@wordpress.example','https://pro.biolystes.com/','','2022-04-24 16:45:31','2022-04-24 14:45:31','Bonjour, ceci est un commentaire.\nPour débuter avec la modération, la modification et la suppression de commentaires, veuillez visiter l’écran des Commentaires dans le Tableau de bord.\nLes avatars des personnes qui commentent arrivent depuis <a href=\"https://gravatar.com\">Gravatar</a>.',0,'1','','comment',0,0);

--
-- Table structure for table `wp_4_gf_draft_submissions`
--

CREATE TABLE `wp_4_gf_draft_submissions` (
  `uuid` char(32) CHARACTER SET utf8mb4 COLLATE utf8mb4_unicode_ci NOT NULL,
  `email` varchar(255) CHARACTER SET utf8mb4 COLLATE utf8mb4_unicode_ci DEFAULT NULL,
  `form_id` mediumint unsigned NOT NULL,
  `date_created` datetime NOT NULL,
  `ip` varchar(45) CHARACTER SET utf8mb4 COLLATE utf8mb4_unicode_ci NOT NULL,
  `source_url` longtext CHARACTER SET utf8mb4 COLLATE utf8mb4_unicode_ci NOT NULL,
  `submission` longtext CHARACTER SET utf8mb4 COLLATE utf8mb4_unicode_ci NOT NULL,
  PRIMARY KEY (`uuid`),
  KEY `form_id` (`form_id`)
) ENGINE=InnoDB DEFAULT CHARSET=utf8mb4 COLLATE=utf8mb4_unicode_ci;

--
-- Dumping data for table `wp_4_gf_draft_submissions`
--


--
-- Table structure for table `wp_4_gf_entry`
--

CREATE TABLE `wp_4_gf_entry` (
  `id` int unsigned NOT NULL AUTO_INCREMENT,
  `form_id` mediumint unsigned NOT NULL,
  `post_id` bigint unsigned DEFAULT NULL,
  `date_created` datetime NOT NULL,
  `date_updated` datetime DEFAULT NULL,
  `is_starred` tinyint NOT NULL DEFAULT '0',
  `is_read` tinyint NOT NULL DEFAULT '0',
  `ip` varchar(45) CHARACTER SET utf8mb4 COLLATE utf8mb4_unicode_ci NOT NULL,
  `source_url` varchar(200) CHARACTER SET utf8mb4 COLLATE utf8mb4_unicode_ci NOT NULL DEFAULT '',
  `user_agent` varchar(250) CHARACTER SET utf8mb4 COLLATE utf8mb4_unicode_ci NOT NULL DEFAULT '',
  `currency` varchar(5) CHARACTER SET utf8mb4 COLLATE utf8mb4_unicode_ci DEFAULT NULL,
  `payment_status` varchar(15) CHARACTER SET utf8mb4 COLLATE utf8mb4_unicode_ci DEFAULT NULL,
  `payment_date` datetime DEFAULT NULL,
  `payment_amount` decimal(19,2) DEFAULT NULL,
  `payment_method` varchar(30) CHARACTER SET utf8mb4 COLLATE utf8mb4_unicode_ci DEFAULT NULL,
  `transaction_id` varchar(50) CHARACTER SET utf8mb4 COLLATE utf8mb4_unicode_ci DEFAULT NULL,
  `is_fulfilled` tinyint DEFAULT NULL,
  `created_by` bigint unsigned DEFAULT NULL,
  `transaction_type` tinyint DEFAULT NULL,
  `status` varchar(20) CHARACTER SET utf8mb4 COLLATE utf8mb4_unicode_ci NOT NULL DEFAULT 'active',
  PRIMARY KEY (`id`),
  KEY `form_id` (`form_id`),
  KEY `form_id_status` (`form_id`,`status`)
) ENGINE=InnoDB DEFAULT CHARSET=utf8mb4 COLLATE=utf8mb4_unicode_ci;

--
-- Dumping data for table `wp_4_gf_entry`
--


--
-- Table structure for table `wp_4_gf_entry_meta`
--

CREATE TABLE `wp_4_gf_entry_meta` (
  `id` bigint unsigned NOT NULL AUTO_INCREMENT,
  `form_id` mediumint unsigned NOT NULL DEFAULT '0',
  `entry_id` bigint unsigned NOT NULL,
  `meta_key` varchar(255) CHARACTER SET utf8mb4 COLLATE utf8mb4_unicode_ci DEFAULT NULL,
  `meta_value` longtext CHARACTER SET utf8mb4 COLLATE utf8mb4_unicode_ci,
  `item_index` varchar(60) CHARACTER SET utf8mb4 COLLATE utf8mb4_unicode_ci DEFAULT NULL,
  PRIMARY KEY (`id`),
  KEY `meta_key` (`meta_key`(191)),
  KEY `entry_id` (`entry_id`),
  KEY `meta_value` (`meta_value`(191))
) ENGINE=InnoDB DEFAULT CHARSET=utf8mb4 COLLATE=utf8mb4_unicode_ci;

--
-- Dumping data for table `wp_4_gf_entry_meta`
--


--
-- Table structure for table `wp_4_gf_entry_notes`
--

CREATE TABLE `wp_4_gf_entry_notes` (
  `id` int unsigned NOT NULL AUTO_INCREMENT,
  `entry_id` int unsigned NOT NULL,
  `user_name` varchar(250) CHARACTER SET utf8mb4 COLLATE utf8mb4_unicode_ci DEFAULT NULL,
  `user_id` bigint DEFAULT NULL,
  `date_created` datetime NOT NULL,
  `value` longtext CHARACTER SET utf8mb4 COLLATE utf8mb4_unicode_ci,
  `note_type` varchar(50) CHARACTER SET utf8mb4 COLLATE utf8mb4_unicode_ci DEFAULT NULL,
  `sub_type` varchar(50) CHARACTER SET utf8mb4 COLLATE utf8mb4_unicode_ci DEFAULT NULL,
  PRIMARY KEY (`id`),
  KEY `entry_id` (`entry_id`),
  KEY `entry_user_key` (`entry_id`,`user_id`)
) ENGINE=InnoDB DEFAULT CHARSET=utf8mb4 COLLATE=utf8mb4_unicode_ci;

--
-- Dumping data for table `wp_4_gf_entry_notes`
--


--
-- Table structure for table `wp_4_gf_form`
--

CREATE TABLE `wp_4_gf_form` (
  `id` mediumint unsigned NOT NULL AUTO_INCREMENT,
  `title` varchar(150) CHARACTER SET utf8mb4 COLLATE utf8mb4_unicode_ci NOT NULL,
  `date_created` datetime NOT NULL,
  `date_updated` datetime DEFAULT NULL,
  `is_active` tinyint NOT NULL DEFAULT '1',
  `is_trash` tinyint NOT NULL DEFAULT '0',
  PRIMARY KEY (`id`)
) ENGINE=InnoDB DEFAULT CHARSET=utf8mb4 COLLATE=utf8mb4_unicode_ci;

--
-- Dumping data for table `wp_4_gf_form`
--


--
-- Table structure for table `wp_4_gf_form_meta`
--

CREATE TABLE `wp_4_gf_form_meta` (
  `form_id` mediumint unsigned NOT NULL,
  `display_meta` longtext CHARACTER SET utf8mb4 COLLATE utf8mb4_unicode_ci,
  `entries_grid_meta` longtext CHARACTER SET utf8mb4 COLLATE utf8mb4_unicode_ci,
  `confirmations` longtext CHARACTER SET utf8mb4 COLLATE utf8mb4_unicode_ci,
  `notifications` longtext CHARACTER SET utf8mb4 COLLATE utf8mb4_unicode_ci,
  PRIMARY KEY (`form_id`)
) ENGINE=InnoDB DEFAULT CHARSET=utf8mb4 COLLATE=utf8mb4_unicode_ci;

--
-- Dumping data for table `wp_4_gf_form_meta`
--


--
-- Table structure for table `wp_4_gf_form_revisions`
--

CREATE TABLE `wp_4_gf_form_revisions` (
  `id` bigint unsigned NOT NULL AUTO_INCREMENT,
  `form_id` mediumint unsigned NOT NULL,
  `display_meta` longtext CHARACTER SET utf8mb4 COLLATE utf8mb4_unicode_ci,
  `date_created` datetime NOT NULL,
  PRIMARY KEY (`id`),
  KEY `date_created` (`date_created`),
  KEY `form_id` (`form_id`)
) ENGINE=InnoDB DEFAULT CHARSET=utf8mb4 COLLATE=utf8mb4_unicode_ci;

--
-- Dumping data for table `wp_4_gf_form_revisions`
--


--
-- Table structure for table `wp_4_gf_form_view`
--

CREATE TABLE `wp_4_gf_form_view` (
  `id` bigint unsigned NOT NULL AUTO_INCREMENT,
  `form_id` mediumint unsigned NOT NULL,
  `date_created` datetime NOT NULL,
  `ip` char(15) CHARACTER SET utf8mb4 COLLATE utf8mb4_unicode_ci DEFAULT NULL,
  `count` mediumint unsigned NOT NULL DEFAULT '1',
  PRIMARY KEY (`id`),
  KEY `date_created` (`date_created`),
  KEY `form_id` (`form_id`)
) ENGINE=InnoDB DEFAULT CHARSET=utf8mb4 COLLATE=utf8mb4_unicode_ci;

--
-- Dumping data for table `wp_4_gf_form_view`
--


--
-- Table structure for table `wp_4_learnpress_courses`
--

CREATE TABLE `wp_4_learnpress_courses` (
  `ID` bigint unsigned NOT NULL,
  `json` longtext COLLATE utf8mb4_unicode_520_ci NOT NULL,
  `price_to_sort` float DEFAULT NULL,
  `is_sale` int DEFAULT '0',
  `post_author` bigint unsigned DEFAULT NULL,
  `post_date_gmt` datetime DEFAULT NULL,
  `post_content` longtext COLLATE utf8mb4_unicode_520_ci,
  `post_title` text COLLATE utf8mb4_unicode_520_ci NOT NULL,
  `post_status` varchar(20) COLLATE utf8mb4_unicode_520_ci NOT NULL DEFAULT 'publish',
  `post_name` varchar(200) COLLATE utf8mb4_unicode_520_ci DEFAULT '',
  `menu_order` int DEFAULT '0',
  `lang` varchar(20) COLLATE utf8mb4_unicode_520_ci DEFAULT NULL,
  PRIMARY KEY (`ID`),
  KEY `post_title` (`post_title`(191)),
  KEY `post_status` (`post_status`),
  KEY `post_name` (`post_name`),
  KEY `id_status` (`ID`,`post_status`)
) ENGINE=InnoDB DEFAULT CHARSET=utf8mb4 COLLATE=utf8mb4_unicode_520_ci;

--
-- Dumping data for table `wp_4_learnpress_courses`
--


--
-- Table structure for table `wp_4_learnpress_files`
--

CREATE TABLE `wp_4_learnpress_files` (
  `file_id` bigint unsigned NOT NULL AUTO_INCREMENT,
  `file_name` varchar(191) COLLATE utf8mb4_unicode_520_ci NOT NULL DEFAULT '',
  `file_type` varchar(100) COLLATE utf8mb4_unicode_520_ci NOT NULL DEFAULT '',
  `item_id` bigint unsigned NOT NULL DEFAULT '0',
  `item_type` varchar(100) COLLATE utf8mb4_unicode_520_ci NOT NULL DEFAULT '',
  `method` varchar(10) COLLATE utf8mb4_unicode_520_ci NOT NULL DEFAULT 'upload',
  `file_path` varchar(255) COLLATE utf8mb4_unicode_520_ci NOT NULL DEFAULT '',
  `orders` int NOT NULL DEFAULT '0',
  `created_at` datetime DEFAULT NULL,
  PRIMARY KEY (`file_id`),
  KEY `file_name` (`file_name`),
  KEY `item_id` (`item_id`),
  KEY `item_type` (`item_type`),
  CONSTRAINT `wp_4_learnpress_files_chk_1` CHECK ((`method` in (_utf8mb4'upload',_utf8mb4'external')))
) ENGINE=InnoDB DEFAULT CHARSET=utf8mb4 COLLATE=utf8mb4_unicode_520_ci;

--
-- Dumping data for table `wp_4_learnpress_files`
--


--
-- Table structure for table `wp_4_learnpress_order_itemmeta`
--

CREATE TABLE `wp_4_learnpress_order_itemmeta` (
  `meta_id` bigint unsigned NOT NULL AUTO_INCREMENT,
  `learnpress_order_item_id` bigint unsigned NOT NULL DEFAULT '0',
  `meta_key` varchar(255) CHARACTER SET utf8mb4 COLLATE utf8mb4_unicode_ci NOT NULL DEFAULT '',
  `meta_value` varchar(255) CHARACTER SET utf8mb4 COLLATE utf8mb4_unicode_ci DEFAULT NULL,
  `extra_value` longtext CHARACTER SET utf8mb4 COLLATE utf8mb4_unicode_ci,
  PRIMARY KEY (`meta_id`),
  KEY `learnpress_order_item_id` (`learnpress_order_item_id`),
  KEY `meta_key` (`meta_key`(190)),
  KEY `meta_value` (`meta_value`(190))
) ENGINE=InnoDB AUTO_INCREMENT=5 DEFAULT CHARSET=utf8mb4 COLLATE=utf8mb4_unicode_ci;

--
-- Dumping data for table `wp_4_learnpress_order_itemmeta`
--

INSERT INTO `wp_4_learnpress_order_itemmeta` VALUES (1,1,'_course_id','350',NULL),(2,1,'_quantity','1',NULL),(3,1,'_subtotal','0',NULL),(4,1,'_total','0',NULL);

--
-- Table structure for table `wp_4_learnpress_order_items`
--

CREATE TABLE `wp_4_learnpress_order_items` (
  `order_item_id` bigint unsigned NOT NULL AUTO_INCREMENT,
  `order_item_name` longtext CHARACTER SET utf8mb4 COLLATE utf8mb4_unicode_ci NOT NULL,
  `order_id` bigint unsigned NOT NULL DEFAULT '0',
  `item_id` bigint unsigned NOT NULL DEFAULT '0',
  `item_type` varchar(45) CHARACTER SET utf8mb4 COLLATE utf8mb4_unicode_ci NOT NULL DEFAULT '',
  PRIMARY KEY (`order_item_id`),
  KEY `order_id` (`order_id`),
  KEY `item_id` (`item_id`),
  KEY `item_type` (`item_type`)
) ENGINE=InnoDB AUTO_INCREMENT=2 DEFAULT CHARSET=utf8mb4 COLLATE=utf8mb4_unicode_ci;

--
-- Dumping data for table `wp_4_learnpress_order_items`
--

INSERT INTO `wp_4_learnpress_order_items` VALUES (1,'Cours modèle',527,350,'lp_course');

--
-- Table structure for table `wp_4_learnpress_question_answermeta`
--

CREATE TABLE `wp_4_learnpress_question_answermeta` (
  `meta_id` bigint unsigned NOT NULL AUTO_INCREMENT,
  `learnpress_question_answer_id` bigint unsigned NOT NULL,
  `meta_key` varchar(255) CHARACTER SET utf8mb4 COLLATE utf8mb4_unicode_ci NOT NULL DEFAULT '',
  `meta_value` longtext CHARACTER SET utf8mb4 COLLATE utf8mb4_unicode_ci,
  PRIMARY KEY (`meta_id`),
  KEY `question_answer_meta` (`learnpress_question_answer_id`,`meta_key`(150))
) ENGINE=InnoDB DEFAULT CHARSET=utf8mb4 COLLATE=utf8mb4_unicode_ci;

--
-- Dumping data for table `wp_4_learnpress_question_answermeta`
--


--
-- Table structure for table `wp_4_learnpress_question_answers`
--

CREATE TABLE `wp_4_learnpress_question_answers` (
  `question_answer_id` bigint unsigned NOT NULL AUTO_INCREMENT,
  `question_id` bigint unsigned NOT NULL DEFAULT '0',
  `title` text CHARACTER SET utf8mb4 COLLATE utf8mb4_unicode_ci NOT NULL,
  `value` varchar(32) CHARACTER SET utf8mb4 COLLATE utf8mb4_unicode_ci NOT NULL,
  `order` bigint unsigned NOT NULL DEFAULT '1',
  `is_true` varchar(3) CHARACTER SET utf8mb4 COLLATE utf8mb4_unicode_ci DEFAULT NULL,
  PRIMARY KEY (`question_answer_id`),
  KEY `question_id` (`question_id`)
) ENGINE=InnoDB AUTO_INCREMENT=612 DEFAULT CHARSET=utf8mb4 COLLATE=utf8mb4_unicode_ci;

--
-- Dumping data for table `wp_4_learnpress_question_answers`
--

INSERT INTO `wp_4_learnpress_question_answers` VALUES (1,114,'[VRAI]Hactenus gaudeant sequebatur sola libidini avaritias deferret oderit rursus sin illustrare hominum tubulus primis physicis','6ce84b1b',1,'yes'),(2,114,'[VRAI]Remittunt disseramus inpune suavitatem dixti officia materiam pluribus stante restatis fit apertissimis murenam','c8194a4a',2,'yes'),(3,114,'Nostris die magno inquit necne descensio quodam metrodori secrevit defendunt quemquam deprimet similitudines contempsisse','90b344f9',3,'no'),(4,114,'[VRAI]Conati aeternum belle falsone sanabat sapienter cuiusquam vitabis commutare aliquod istorum zenonis decreta divitias verum','3d4b09f6',4,'yes'),(5,115,'[VRAI] -Pergrata rectumne acciderat nobisne vidisse rhetoribus videantur audax vacua ardentem ambarum quot ego constituta tractatos','6aad1b6b',1,'yes'),(6,115,'Elici plane filio ardentiore igitur enam incrementum sin quidam libenter','0729e41a',2,'no'),(7,116,'[VRAI]Aequas reges iniurasque haesitaret tale morbos essentne sextilio levamentum deprehensus occurrent naturae','bbf800a0',1,'yes'),(8,116,'Reperire es istuc diodorus dissimilis dixi mene redderet beato eo aditus poterunt','571800ad',2,'no'),(9,116,'[VRAI]Stultorum dicemus tecum nostro consequatur audax asoti iacent sentit audacius sin phaedro tollitur populari','4a2ba0ac',3,'yes'),(10,116,'[VRAI]Nosmet convenit usus habitare tantum effectum lyco totam quattuor intellegimus cupit efficiuntur cogit ducitur','734ecd4a',4,'yes'),(11,117,'Potestne restincta motum deserit scis reiectus habet testimonium graeco pythagoras dicentibus dissentiunt miserrimus causamque aristippi','a7141933',1,'no'),(12,117,'[VRAI] -Memoriam ponere socrates volueramus optimum sapientes conveniat venio voles prima','0520710b',2,'yes'),(13,117,'Huius etenim motum apta valeat restinguet finite pisonem dolor igitur','5fea2edc',3,'no'),(14,117,'Investigatio potestne dicit utinam diuturnitas facere facilis verum ait sollicito auribus','29688082',4,'no'),(15,118,'Plurimis neglegebat illud bonorum officia triarius quaero modi arcana moriens','99df326f',1,'no'),(16,118,'Constituta uterque anteponebas brute audiunt vivendi sanctos cognosci nocent laudat','43dea257',2,'no'),(17,118,'[VRAI] -Perspicuis nosti arte vocant corpusne labores accepimus tecum notam distinguitur aristo numerare ut cavere','6de02440',3,'yes'),(18,118,'Luxuriam pravae loqueretur dividit enam dicere utebare ostentatio erillus quisque inponebat isto ridens incessum','c2719e3a',4,'no'),(19,118,'Ferendum ratione tuae virtutis venit proverbia sollicito eas esse belle exclusis dico obruebantur processerat','f82cf673',5,'no'),(20,119,'[VRAI]Laelius ingenii summa facilius eorumve extra exilium visa actus similiora vix','dba2519a',1,'yes'),(21,119,'[VRAI]Praestat statu atque vitiosum ausus filias polemoni germen pravae probabilia','567ed7b5',2,'yes'),(22,119,'[VRAI]Fiant pudori semovenda strato perturbationes imperitos aristidem divisit meo libenter caducum','7aa1c341',3,'yes'),(23,119,'Malitiam disceptari legem praeponunt amici duxisse ceteris vilissimis fidibus illum quali apti habetur nostra','5977d8c4',4,'no'),(24,120,'Relictae concedere repellant quas meministi vestigium adduceret callida simus aristoxeni ornatu sensitque prioris conferam cognoscenda','e976fcf0',1,'no'),(25,120,'Parens adhuc abeunti nos l familiarem caius habebit appellabant miser voluptas e ages sempiternam','03392855',2,'no'),(26,120,'Egregius profectus quando cave vacua simus moriendum sequatur debilis tenent historia','bb1d4457',3,'no'),(27,120,'[VRAI] -Inconstantiae consolando postulat ponis probarem medicinam requiras incommoda deprehensus villa dividere doceant','1ad31c4d',4,'yes'),(28,121,'[VRAI]Usum explet alius dignos loqueretur hebes vetere niteat verba possitne innumerabilia','ff92854c',1,'yes'),(29,121,'Decimano alium pressius mala aliqua dicerem gloria indoctum inquit comparandis inchoavit sensim','7294add7',2,'no'),(30,121,'Obiit contempsisse minime potius grata denique hominem visa sentiat dicimus mordicus coletur amicorum vartutis processerat','65c8ba20',3,'no'),(31,122,'Cernitur disserendo minime illustrare nonne aetatulis theophrastus ab cognoscenda speculis','53f960c1',1,'no'),(32,122,'Conveniunt nepas fortuna fidibus abiecti gaudio gubernando scias ludus barbarorum tollitur fidibus','27921a41',2,'no'),(33,122,'Adhibita anaticulas populari oblectationem sic tuetur pervertere conspectus summus corroborati miser traduceret facilius videtur laetamur','ee6dd7c0',3,'no'),(34,122,'Sentiret egone bonane graecorum censore maneant ageremus nascitur satisne venio','a9dd528d',4,'no'),(35,122,'[VRAI]Contraque opponitur venio ipsius tubulus vitae expetitur haberem bonis rapior attende cyrenaici eorum censet','33ed81a3',5,'yes'),(36,123,'Uteretur vacua maior audistine concinant duo refellatur intellegerem minime commode ancillae mala periculo pollicentur comparandam','43f2e15d',1,'no'),(37,123,'Et cotidie diligit deserunt natos rectumne lyco aliud magnitudinis illustrior agimus male duarum iudicium videbimus','8bd6b0c7',2,'no'),(38,123,'Dicimus persequi luci dici paulo falli infantes tributa venio lyco','f2b257b9',3,'no'),(39,123,'[VRAI]Abundaret interesse quodam theophrastus illo idemque illud vitae arcesilas asoti populum perdiscere scrupulum certe','64755205',4,'yes'),(40,137,'[VRAI]Consolando amotio posuisti loquantur maximam neglegebat eaque latina dissentiens suavitatem appellavit pyrrho quamvis','f9d88671',1,'yes'),(41,137,'[VRAI]Putes ornatu degendae polemoni optatius fore porro dicimus dissimiles evolare acupensere','4c0f5698',2,'yes'),(42,137,'[VRAI]Discipulos sitne latine patientiae gerendus videro squalidius magnitudine huc aristidem','98a18a86',3,'yes'),(43,137,'[VRAI]Cavere cognitionem adolescentulus democrito praeposatum dicitur agi polemonis longinquum conare mirum grandioribus fuerat plebis','bec6ff79',4,'yes'),(44,138,'Expressa alienum meministi cupidus utebare pleraque luxuriam doleas a salvum aderit meministi tantae','249a4f3e',1,'no'),(45,138,'Doctissimi tot danda sui liberius septem faciet ciceronem deprimet fere ornatu coletur beatam','f91ee496',2,'no'),(46,138,'Solemus ludimur et affectiones reiecta quaerebam negabat tale discordia meliusque notam','e8295c7f',3,'no'),(47,138,'[VRAI] -Quisque vacua egens quod finem mirum maioribus abducas conquiescere dolore vim everti vitarum cupit celebrari','b4ee9a12',4,'yes'),(48,139,'[VRAI] -Codrum partes reliquisti ultimo cor quoniam magos perspicuum disciplinas desiderat cenent petendam','917f03e4',1,'yes'),(49,139,'Laudat longe accius perspici atqui prudenter inpure eum mortes vacuitatem complectarsunt explicari reprehenderem venit delectari','2179e665',2,'no'),(50,139,'Inprudens malumus ille maneant sublatis respondissent debeatis epicureum iste insipientium timiditas crimen ferendum amicorum','caafd1a6',3,'no'),(51,139,'Humano siti opprimenda deesse separantur dolorem exemplis deserit digna intellegi','9e26bab5',4,'no'),(52,140,'Disciplina valet pyrrhonem estad diligi processerat vitarum polemonis nollet dolor prohiberet','094ac062',1,'no'),(53,140,'Dum haerebitis rotundum squilla conservatorem epicuri censes se anteponam sextus assignatum tuique deteriora','bfefc621',2,'no'),(54,140,'Nimium istius rogavi sentit curem stirpis sitne sentias adridens potuit','64c62602',3,'no'),(55,140,'[VRAI] -Maria an breve mortes villae antiochum victoria sciant tantam fortasse inquit profecto mnesarchum','0bc1dca3',4,'yes'),(56,141,'Videres contemnit valitudo alienos et spelunca beatior finite contempsisse tecum ullo','2d92efff',1,'no'),(57,141,'[VRAI] -Uratur deteriora testata expectare obiit rectumne esto mutat utilitatem periculum eademne quemquam porro','5891fb65',2,'yes'),(58,142,'Acupenserem caeleste aberramus longam rapiunt tenebris iucundum quovis latine voluptate','a4753022',1,'no'),(59,142,'Habemus ortu diligimus populorum etiamne bonorum multa intervenire expetitur octavio','23fc2d0e',2,'no'),(60,142,'Vobis gerendarum omnibusque magister probabis genera vigeant pollicentur contemnendam casu accepit ignorat dolere','0b6b082d',3,'no'),(61,142,'[VRAI] -Torqueatur incendi vesperum maiora principia quidem sapientis eandem faceres optabiliorem contra torquatus continuo ordine assentior','ab277584',4,'yes'),(62,142,'Enam modestiam erillus petendam scissem praeceptum adesse assignatum firmum sciant','aa7aec79',5,'no'),(63,143,'[VRAI] -Gaudio rectumne praecordiis amicitiis adhibebat intellegis eiuro mea effeminari interest praetermissum nihil aestimabat pars auctis','aa8cffd4',1,'yes'),(64,143,'Cenasti habebat utamur sapientia civis illos uti disputationem expetuntur tollenda institisset ciceronem','0fffa49d',2,'no'),(65,143,'Clariora recordatione tu vincitur crede videri lucullo vestris leonidas amentem iisque contritum omniaque postulo metellum','a46e82ca',3,'no'),(66,144,'Praepositum rogavi patefactio consulat cupiditates possit leves solet moribus uno videris prave alienos disputari','6fd722c5',1,'no'),(67,144,'[VRAI] -Extrerno videatur neglegebat auribus quaerimus animalibus retinere sapientia eodem captum tamquam facere cupiditates','566363dc',2,'yes'),(68,145,'[VRAI] -Istis socratica perspecta miseriarum aristotele vident deo regem idem sequatur latino clamores anxio philosophis','62ec2461',1,'yes'),(69,145,'Urgent consectetur gerendus expectare moribus cupiditates levis anguiculos discedere terram semovenda habebat aculeis callipho tuum','ad21a274',2,'no'),(70,146,'[VRAI] -Severe destitero nullum vacuitas paulum tributa querela vir habeat longus discordia suavius ecce addidisti necopinato','0beaa959',1,'yes'),(71,146,'Diceretur multus optimos mallet despiciendis ducas filias oportebit impedit laudabile lapathi','bfade029',2,'no'),(72,146,'Suae appellatum infima puto torqueatur omnisque socratica emolumento honesto iustitiae ingredimur faciliorem sola sanabat','14a440f5',3,'no'),(73,147,'[VRAI] -Brevis defendebant ponis potest delectet vacabit illa putamus ingenio cari moveatur libenter exilem undique habemus','d586f1f5',1,'yes'),(74,147,'Iocans opertarum magnam hae immo umquam dicerentur communiter divitiarum avaritias conveniant','debc4c71',2,'no'),(75,148,'[VRAI] -Dicerent abducas diligi defendere neglegi interitum conantur horum partibus consuetudo inquam continuo placuit pertectam expectare','07d81042',1,'yes'),(76,148,'Cupiditate huc supremum modestiam antipatrum  salvam vincla afflueret esset quanta siti discipulos sententiis','31126adc',2,'no'),(77,163,'Dicta consulatum consuli sapientia vite signa adhibuit torquatus ambobus omnes denique moriendum isdem intellegatur','39afad84',1,'no'),(78,163,'[VRAI]Inventus vocas abiecerat sequens acies satis expetenda inscite caperet lenius','271eeb45',2,'yes'),(79,163,'[VRAI]Puto commoventur sequebatur augendae iniurasque comparatur verba restincta possumus sua','1cb8144a',3,'yes'),(80,164,'[VRAI] -Aliter libris spectare adesse puerum vivi cenasti aliqua esset deterreantur tribuunt congruentis omne defensa sitis','7307108f',1,'yes'),(81,164,'Effectum nulla praetermissum honestatis cor vobis aequas a pareat inchoatum stoici','567a193b',2,'no'),(82,165,'Harum portenta callipho lucullo sequamur gratia sapientia admonitionis gestiant omittamus bibendo iudicari','3c9441ce',1,'no'),(83,165,'[VRAI] -Divisit eademne dividendo quaeram afflueret imperes vel reprehendit legimus pollicentur actione torquatus videri magnum','abbe6c2d',2,'yes'),(84,165,'Latine levis dicerentur defecerit nihil philosophiam induxit paucis vivunt neque vero descensio praetermissa','0dec485d',3,'no'),(85,165,'Quemquam populari discipulum seseque mene anteponere addidisti meum sis institutis','8f277e51',4,'no'),(86,165,'Excelsiores gubernando piso neutrum neglegendi magnam reperies bonum deducimur prorsus qualis corroborati','b1c18294',5,'no'),(87,166,'[VRAI] -Vicimus duabus dices omnia eiciendum nominare longus amotio molestus quas','e921dc37',1,'yes'),(88,166,'Reliquo huc sanguine numerare poterat pius adridens quoniam scriptis dixissent sui quot valitudo illud maenae','1f535fe1',2,'no'),(89,167,'Opprimenda obsecro polemoni diu idem cavere amicitiis nullam doctissimi sapientes facta relinqueret','423f691f',1,'no'),(90,167,'[VRAI] -Communiter concessis laudabile relaxat sapienti unum mortuus artibus bonorum ponunt','861accc0',2,'yes'),(91,168,'[VRAI] -Aristoteli vacuitas donan amplius vacabit inveniri scribimus populum institutis possitne sentire docui vixerit elegantiam','2ecb4eec',1,'yes'),(92,168,'Actus primae adversum multus coronam sequimur dissentiunt collige crimen expetuntur','f2cad46a',2,'no'),(93,168,'Malitiam recte oculorum horum excelsiores admonitionis consequentia saepiusque pareat facta puerum verum extremum posset','08715e44',3,'no'),(94,168,'Praeterea antiochum obscurari conventu videris multa secundum paucis simile consentit sextilius','a321ce90',4,'no'),(95,169,'[VRAI] -Ex graece disputatum gumias paupertas agi sponte assignatum p aliter','ac9fca97',1,'yes'),(96,169,'Testimonium exquirere dolore futuri dulce effeminari esto hereditate optatius gaudeo recurrant','95b01afa',2,'no'),(97,170,'Haec confuse doctrina maximarum singulis appellamus invidiam videt quoquo dividere fuisse dissensione','eaf12f10',1,'no'),(98,170,'Versuta chryippo contineo contemnunt consequatur turpius amantissimus libros philosophorum resisto adolescentulus vere dubitamus ecquaenam sapientia','86e7dec5',2,'no'),(99,170,'[VRAI] -Opifices aequo aequabilesque eriperes pressius perversius consulatum spe instructus parabiles sustinebit hos putas estad','f4a23de2',3,'yes'),(100,170,'Quaerimus putes gumias dixissent viri semel omnes vidisse in defendere oratione apertis de','756244e4',4,'no'),(101,171,'[VRAI] -Dixit fatebuntur discedere officia dixisti ielunior uti dare sequuntur divitias particulas anteponam obiit faciendi','6aace0c7',1,'yes'),(102,171,'Macello sullae suum verecundius consentaneum confusio oblita ante quodam dico confuse isdem ponatur requirere usitata','2f4dfb3f',2,'no'),(103,172,'[VRAI] -Verecunde sim quodcumque necesse vester repugnat democriteum pravae vartutis solemus nihilo dixisses quaeret erat','1ac88d00',1,'yes'),(104,172,'Praecepta officia honestatem acies appellant divitiarum odium illinc quicquid debilitates lucretia etiam existimoad acute','c76037ad',2,'no'),(105,173,'[VRAI] -Etsi audiunt erigimur quonam dixisti quis curiosorum tuum gravitasque turpis ageremus sofaw velle','fcaaaaf1',1,'yes'),(106,173,'Genera praecordiis ennius perveniant molestus perfici haerebitis fortior amicitiis veniendi fructu usum iocabor secusne','bb4395ed',2,'no'),(107,174,'Scaevola stabile dictum zenonis pyrrho disserendum profectae comminiscebatur malitias pueris','cad666fd',1,'no'),(108,174,'Paucis magnifice venissem reguli caducum maximus longius summus virtutes ecquaenam probo dubium quaerere opinor discimus','6abcf0fb',2,'no'),(109,174,'Uratur erat labor quaeram erant philosophis singulis notam anteponere dignum malitiam scio molliorque percipitur chrysippo','88dee4f0',3,'no'),(110,174,'[VRAI] -Privasse ardentiore darei perdidiceriti libenter c indicant disputari libidini viderere lyco more acerrimus','6e73730e',4,'yes'),(111,174,'Pisone licentiam originem eamque mari extrahenda saneque ipsis civitas praeteritorum lex','ca0c3b14',5,'no'),(112,175,'[VRAI]Disserendi pugnem appellet dicitur commoda infame persecuti descensio decimum necopinato tribuunt subtilius gignit manliana','a484faa9',1,'yes'),(113,175,'[VRAI]Possum facile formosum appellat vivatur testamento roga praetermissa repugno stabilitatem progressionis praeterea perturbationes','5e3b3043',2,'yes'),(114,175,'Semper exquirere ordiamur arcesilas serpere chryippo inpune maximus acute appellavit','ff8b8958',3,'no'),(115,191,'[VRAI]Audiunt quaque sese alius dicet tueretur iacet liber maxime vel nostris cupiditatem','0deb0218',1,'yes'),(116,191,'Congruentis videbis naturales extrema iam faciendi deesse torquentur sententiam sciat amicos ielunior curta','69bdeea2',2,'no'),(117,191,'[VRAI]Tiberina scientiam censeo levis eiuro dives perversius facilior aequo comparandis intervenire','11bf604a',3,'yes'),(118,191,'[VRAI]Ordine volunt inveniri despiciendis nominati praestare facias quos don ratione attinet dices istic','526f2280',4,'yes'),(119,192,'Abiecti genera istic disputatum dixissent mendicus redargueret vincla diligentissime opera','26a5d575',1,'no'),(120,192,'[VRAI] -Referebat recte discessimus soles conati dic quiddam arbitrantur laboramus amet publicarum','c80b872e',2,'yes'),(121,192,'Defenditur sint nostris persequi dissentiens indicia respondeas ortu consulat appellas splendidior coarguere cave stadia apti','8dfebc9d',3,'no'),(122,192,'Persarum fingeres effectum perpetuam probas conveniat possunt istius vitio appellatum complectitur','97e6b44a',4,'no'),(123,192,'Ducem quaerebam perfectio compensabatur ille inconstantiae magni nosmet praetore praeteritorum recordatione ipsos fingas expetunt nollet','bebc7ad4',5,'no'),(124,193,'[VRAI]Vellentne torquatus radicitus disciplinae nollet utilitatem samium loquitur clariora drusum copiose eaque more malitiae','5b26eb53',1,'yes'),(125,193,'Inde tantae leve vix penitus pravitatis verbi oblectationem polemonis liberalis mallet plebem','79e90202',2,'no'),(126,193,'[VRAI]Tueri denique videndum displicuit putamus discipulos nomen totas malitiae cotidie redeamus explicandum','7d2fd402',3,'yes'),(127,194,'[VRAI] -Sentiret veniunt tamquam maiores sanguine traduceret corporis insipientium gravis exposuit vulnera oblectationem latina dilucide animum','a4634671',1,'yes'),(128,194,'Vestra ecce praeeunte abundaret strato vellem illud vere grata contemnet longum','9f9062ed',2,'no'),(129,195,'[VRAI]Doloribus gravius extra officia negaret times duabus plus egregio similitudo','44faadde',1,'yes'),(130,195,'Finis iisque expectata rufo ludus facilis philosophus metrodori concedimus relaxat nostrum causam','5af171b3',2,'no'),(131,195,'Vexat duas apertis caecus paradoca octavio ingenio earum quodcumque malis saneque nesciebat vero','58055518',3,'no'),(132,196,'Licentiam dicuntur regem optabiliorem vim cupiditates essentne fruitur maiorem alienum flagitiosa','63cced54',1,'no'),(133,196,'[VRAI] -M nostrae consulat tria anteponam praetermissum aequas renovata utebare intellegam subtilius persarum incontentae','1d147f18',2,'yes'),(134,196,'Dubitet usque ortu cyrenaicos stoicis stante admirationis explicandum maximam beatam','f34b95c4',3,'no'),(135,196,'Essentne censore hoc estad respondissent loqueretur dis ut ecce tarentum controversia','a826837d',4,'no'),(136,197,'[VRAI] -Negotii amicitiam molestus vult atque simonides teste comitetur amicitiis easque genere commoventur naturam stoicis suis','a14c4469',1,'yes'),(137,197,'Complectitur proverbia voluptatum beatos singula dolore duxisse debeatis facias responsum dolorem manliana pylades pecuniam tractandos','ee861470',2,'no'),(138,197,'Coronae improbo demptis cupit dat amantissimus docuit praestantia iudicant dilucide possim piscis animal iniquus','71dde9d4',3,'no'),(139,198,'Scissem semovenda plerumque eris natura referas pisone quaedam dividere squalidius anteponere finxerit asoti','cdcf0429',1,'no'),(140,198,'[VRAI] -Ususque prioris amores vitarum scrupulum possit origo acciderat caret incideret tantas','37a3287b',2,'yes'),(141,199,'[VRAI] -Gumias fatebuntur succumbere pertinacem aristonem loquitur tota perspici quovis stultost secundae nihili quaestio quavis','7aff2ece',1,'yes'),(142,199,'Ostentatio inpune vacuitatem spectare accesseris est similem concessis instituendarum vacuitate beata infame aequius quodam vivere','62993342',2,'no'),(143,200,'Placuit indoctum duabus maius flagitiosa puerorum felicem existimabit gratia venio utilitatis illustris exemplis','3e29e298',1,'no'),(144,200,'[VRAI]Potes satisne genere diogenem extrahenda separantur lenius vilissimis commovere reliquam','5e5c2944',2,'yes'),(145,200,'[VRAI]Aequum perspici cupiditatum prave volumus cornibus dignitati quiddam compensabatur ita docilitas iustitiae stulti','d19f3c6a',3,'yes'),(146,200,'Facias adiungo congressu quo venissemus vel disputatum singula conati dolor caeleste istuc','bad34197',4,'no'),(147,200,'[VRAI]Aristophanem idem orata perspici oderit perfici moveatur volumus reprehenderim plurimum','440d9591',5,'yes'),(148,216,'Comprehensum sententiae octavio ioca videri terra numerare hoc origo phaedro laboret declinavi affectus hinc magister','dd6d5eb9',1,'no'),(149,216,'[VRAI] -Consuetudinem proclivi plebiscito audiebant dederis stoici praetermittentium innumerabilia effectum alius transmisit prudenter ipsis','cd115677',2,'yes'),(150,217,'[VRAI]Dolorem pro optime idcirco iustus dederis integritas suus permitto aculeis metuetur','193e8604',1,'yes'),(151,217,'[VRAI]Libentius tenueris magnus probat redderet concurrent vero maria translatum dubitabit postulet torquatus hoc','fb3103a4',2,'yes'),(152,217,'Apta non sumo deteriora quaeri sis eriperes maioribus honesto extremum','83c9fbdb',3,'no'),(153,218,'[VRAI] -Superabat exorsus cenasti debilitari venissemus interesse finite quaestio generis elegantiam pietatem praesidii certe','d5113b45',1,'yes'),(154,218,'Irridebat quali latino uberrimam media quali quidque putabit diu agendum amarum videbis sese mortem','21f273f6',2,'no'),(155,218,'Eaque verba deinde postulat aetatem rursus perpetuam loquor piscis vocas cupiditates','a3112f9c',3,'no'),(156,219,'Faciant adesse unum commissis quivere sis eiusdem animoque adhibita dicam liquidius censore','1a19b8bc',1,'no'),(157,219,'[VRAI]Urbis pleraque at dignum codrum filio confestim congressu lanx controversiam','b8a5a193',2,'yes'),(158,219,'Mercedem tibi constantius longum multos sollicito virtutis idemne oratores expetendam defendunt inponebat m deprehensus','e90f7b39',3,'no'),(159,219,'[VRAI]Dubium confestim vir videtur atque illa capienda iuppiter caecus natos coniunctio maximus','444bcc3f',4,'yes'),(160,220,'Cornibus angustiarum meminerimus videbimus contemplandis quid nummus veniunt omnium scaevola quaeritur nomine color manilium insipientium','16d63e4c',1,'no'),(161,220,'Fugere requirere fructu arripere huic abiecerat maior neminem anxio contraria irridebat eandem praecepta perpauca','2bd049a2',2,'no'),(162,220,'Aliquando reliquisti deferret imperitos iustam leves iudicium iacet beatae nesciebat vocant ipsum','30a2cc83',3,'no'),(163,220,'[VRAI]Satisfacit bono fallare accius sensim divinius theophrastus abducas putabit praeteritorum plurimis innumerabilia asotorum ames','b71e1cb8',4,'yes'),(164,220,'Intellegetur stoicus intellegi caperet locuples acerrimus vita secusne et incrementum odio protervam','769ea1e8',5,'no'),(165,221,'[VRAI] -Ipsam omnes animoque dies comprehensionem verso posthac praecordiis actum disputatum obrui scientiam praeclarae sitne quando','53d48304',1,'yes'),(166,221,'Dicuntur suadeas plures confirmandus auribus splendidior dixerit noli praeclare degendae everti imperio praetervolavit','eaf18496',2,'no'),(167,222,'[VRAI] -Dexteram occurreret volo aberramus excitaret erunt ne villae optimos eriperes absurdum','f07a901c',1,'yes'),(168,222,'Peteret suave labefactare commentatus positam anteponebat tam desperationem plebiscito venissem theophrasti debilitari ponat','ec41bc40',2,'no'),(169,223,'Solet convincunturque et dici euripidesconcludam perceptfum conamini dicit haerebitis sex peti barbarorum','5fafa839',1,'no'),(170,223,'Ego debet beatiorem dictata sis amicitiis quic hortandus genere retinere','ddeee9fe',2,'no'),(171,223,'[VRAI] -Sensuum maria ipsi pertinere statuam varietate sentias nostrum cn agere vestrum tenueris affectum','b2fcbe86',3,'yes'),(172,223,'Redeamus vocant nullam malitiam adoptionem optimo refellatur ratione panaetium veriusque maximum repellant','f2475217',4,'no'),(173,223,'Laudari vacuitas cognoscimus alius istarum themistocles occurrentia videamus caperet nummus difficultate apertissimis amentem ista','9543fa87',5,'no'),(174,224,'Instituendarum persequi vult disseramus oculis vincitur chryippo nihil conantur eae elegantius peccata industriae repugnat interrete','1bf4bdcb',1,'no'),(175,224,'[VRAI] -Reliquit valeat virtutes tuum ardentem debeant suus potestne videlicet mali coronam relinquunt duas','35d8fe54',2,'yes'),(176,224,'Dialectice respondissent praetermittentium statueris lingua aliqua macello conantur dexteram videntes erillus','2b2bd208',3,'no'),(177,224,'Dubia scientiam iucunditatem dici negas reliquam salebra enim digna magna soles pius pedes','a129d652',4,'no'),(178,224,'Publicarum elegantiam facto contenta dicere sibi digna vestra est oculorum','653034e8',5,'no'),(179,225,'Posui commovere faceret habendus facillimum panaetium repudiandum emolumento tenueris sextilius','2ba7ab78',1,'no'),(180,225,'Deterritum academia multimodis probat intellegere multimodis copulationesque gratia respondent voluntates','974a9475',2,'no'),(181,225,'Dic opertarum pauca debeatis oblita soletis existimas bibendo aristo omittam sententias intellegere so subito','df4f9477',3,'no'),(182,225,'[VRAI]Collige vanos artibus indicant suum igitur quicquam magni offendit torquatus beatus ille malum','34887128',4,'yes'),(183,226,'Selectio samium imperio corpus turpius thorius agimus evolare remittunt agendum disputari nolo fugiam orationis','b89a1e2c',1,'no'),(184,226,'Deterritum reprehenderem zenonis extremum cave fruitur anteponam respondere inventoribus metellum haec iudicare probitate','9b1283b4',2,'no'),(185,226,'[VRAI] -Munus memini nummus accusante duas sese didicerim commovere geometria finitas poteris hae quaerimus veniunt varietate','3ae69726',3,'yes'),(186,226,'Illis didicerim extrerno regulum posuisti eandem dacere posset dolore vanos frater manilium horum reprehensione perge','3bbae295',4,'no'),(187,227,'Auribus ingenuas refert divitiarum mendicus dixisses condemnatus vocantur sentire aetatibus disceptari habentur licere quasi platoni','9c4c4446',1,'no'),(188,227,'Quavis corporis varietate avaritias quonam alios narrare frugaliter cupidus habes explanatum praestantissimum tanta rogavit','18f2e3d0',2,'no'),(189,227,'[VRAI] -Tyrannus cupiditatem perspicua restincta enitar capiamus amicitiis propter magnarum idemque acti cognitum fortis spem consuetudinem','eeec17c2',3,'yes'),(190,227,'Parum restinguet quieta satisfacit cupidus labet similia tute publicarum aliquo amores deceat istuc vita uti','53581925',4,'no'),(191,228,'[VRAI] -Summa regis putamus disputare anulus videntes accessio quaero omnem iudicem usitata molliorque dissimile','a9c87504',1,'yes'),(192,228,'Possum amotio vero theophrastus domina reliquisti interest gloriosa commota fratre','1b26e04b',2,'no'),(193,241,'Videat beatiorem insanos sublatis magnitudine absit residamus eum eae pleniorem restinctionis qua vim theophrastus pudebit','13682f1e',1,'no'),(194,241,'Panaetium ponatur dividere auditor desiderat pollicentur sis amentem reperies nostrum anquam suffragio opifices','bfb83a29',2,'no'),(195,241,'[VRAI] -Dolor auditor turpitudinis depingere attende erigimur coniungi aristotele vite duce pius antiocho','cc3bedc3',3,'yes'),(196,241,'Macello assentior philosopho sin suavis dicunt cum iudicia assentior tantae aculeis accessit','3cd591a6',4,'no'),(197,241,'Consulat affectum percipiendas reliquam fortior admonitionis moribus assentior moveor dabit factum beatiorem quis videtur parvis','289b001e',5,'no'),(198,242,'Agere delectant sine mirum illam metus omnibus is auctore teste','1fd2fc17',1,'no'),(199,242,'[VRAI]Philodemum vobis quattuor donan consequatur semper illustrare venissem ususque sapienter sanguine sit stare quibusnam ludus','32f7b291',2,'yes'),(200,242,'[VRAI]Loquitur degendae omne tamquam videatur periculum  aristoxeni loqui erit consumptum sane','661019d6',3,'yes'),(201,243,'[VRAI] -Imperatoriae signum facilior consuetudo crede rhetoribus posterius praeposita auctoritatem paginas videremus tantam','f080045d',1,'yes'),(202,243,'Officia aufert uteretur nec pertinere requirere expectare tubulum divisione noluerunt ponatur alumni rectumne','dce77074',2,'no'),(203,243,'Existimoad reprehendi satietate praetore maria inscite quosdam illustris democriteum tenere sentiat rerum','30139e69',3,'no'),(204,243,'Ostentatio m complectarsunt nesciam ipsius intellegis stultost intellegimus duas aequum dicunt partes praestat sim probabantur','c0e29f73',4,'no'),(205,243,'Quaerebam oppidum sententia memini quaeri numquam partes vir adhibita timore agendum ruinas ibi dicerentur','4a2eac64',5,'no'),(206,244,'[VRAI] -Philosophi accipio nec perveniant dividit dividit serpere tanto uterque maxime ac omnibusque fingas','17c72361',1,'yes'),(207,244,'Perspexerit illius animum zenonis commendationes vident humano callipho legerint obscurari','33c5b72f',2,'no'),(208,244,'Atque velut meum minuis aristidem reperiemus quin videntes vulgo incessum similiora perversius signum','9bf47d5e',3,'no'),(209,245,'[VRAI]Videamus acerrimus libidinosam visus levares postulat cavere nostrum efficiuntur ecce tubulus codrum amitti sempiternam','62c79ff1',1,'yes'),(210,245,'[VRAI]Propensus inchoatum clariora academiae efficitur pisone videatur eorum duarum inscite oportebit laetitia videretur','a7b8ca61',2,'yes'),(211,245,'Gaudeant instituto consequatur flumine magnus affers nostrane conferam conantur nesciebat luxuriosus falsone reprehensum efficitur','1144f8bb',3,'no'),(212,245,'[VRAI]Consulatum tabulae sese citius venio altera instructus quod conare sequuntur nam oratio e','c5e96e1b',4,'yes'),(213,245,'[VRAI]Easque peducaeus neglegendi poenam explanatum vident frater nostrae honestatis doceant','c34a932f',5,'yes'),(214,246,'[VRAI]Est deprehensus facillimum extrema commoda locis simplicia quavis mordicus dissimillimas','ebc4f453',1,'yes'),(215,246,'Ego torquatum convenienter unde publicarum quieta vartutis contendimus debeas rerum voluit falli commendationes obsequor drusum','747ef4a7',2,'no'),(216,246,'Mox faciamus turpius possunt quorum erat comitetur nostis aetatem longam erechthei concedamus villam conveniunt eligant','d8d05d92',3,'no'),(217,246,'[VRAI]Pylades verberibus coercendi imperio cognitione cyrenaici vos quarum diuturnitas efficiuntur inscite','c6c596da',4,'yes'),(218,247,'Tria maenae anulum ludus pugnat obrui brute habebat institutionis effectrix pectus dissentiunt','bc0b38fb',1,'no'),(219,247,'[VRAI]Vacua putet philosophiam quaerimus potestis conveniat barbarorum te aperiendum valitudo suam oderit','85f3d118',2,'yes'),(220,247,'[VRAI]Actionemque socrates sanguine nollet praestat institutionis quaeritur breve anulum peripateticis avum interest tertium expetuntur','d7d8b3a7',3,'yes'),(221,247,'Aliquando nullam fallaciloquae fingas depravatae portenta plura emolumenta institisset fellx perceptfum cognitum democrito copulationesque','be5a14bf',4,'no'),(222,247,'Explicari laudata adiit parvi dexteram statim igitur dividendo praeterea illustrare opinor vivendi obscurentur homini','d93e0844',5,'no'),(223,248,'Beata perfectio prosunt vulnera laudarem affers veri salebra mortem aberramus summa sane accessio expectare','656cbbd7',1,'no'),(224,248,'[VRAI]Nullus summo admonitionis indoctum videri archytam vivi pythagoras erillus fortepossumus videretur vocatur primis drusum','d9ad39ad',2,'yes'),(225,248,'Tollitur ex adhibebat dividendo callida absolutam valitudo dustmata valitudo discedere','ce356a94',3,'no'),(226,249,'[VRAI] -Plebem corporis praetore possim sitne tamquam laudat curem illustrior praetore earum defendunt conatum argumenta tacet','d3ce62e9',1,'yes'),(227,249,'Adiit praetermissum hunc proclivi apud velit tanto partus possumus exilem explet fidesic sanctos vellet','2a62db78',2,'no'),(228,249,'Attuleris sequatur excitaret aliqua nepas putat vehementer dixerim dat ptolomaeum','361d95fc',3,'no'),(229,249,'Gravitasque necne intuens respondent iniurasque legimus dignos quas concurrent concurrent impudens fortepossumus vendibiliora soles','a15fbc17',4,'no'),(230,249,'Honesta postulo ambulet coluit adoptionem penitus ductus essent longi gravius utilitatem obscuris curiosorum gerendarum','178fcdeb',5,'no'),(231,250,'[VRAI] -Extremum meo chryippo difficultate habeatur audis opertarum tot diligentissime quaeritur turpiter confidit quaeso avaritias cernimus','3abfaf17',1,'yes'),(232,250,'Sentiat disciplinae erechthei quis secusne cuius potuerit alter graeci quidque quaereremus aestimaretis optimis traditur','58bd28df',2,'no'),(233,263,'[VRAI]Conati diligens dicerentur quidque urbe chrysippo amores primis videres veriora dedocendi pretiosissimis','e65d116c',1,'yes'),(234,263,'[VRAI]Debeant ducamus quampiam negotii eodem consentit idemque sensitque aliena fallare','78c7ffdc',2,'yes'),(235,263,'[VRAI]Sentiret nova aristoteli possint dissensione filio aetatem ex vetere praeteritis fruitur recte dissensione diu melius','976665a8',3,'yes'),(236,263,'Erunt improbos philosophorum proposito labores vocatur polemoni dubitant disciplinae magno hominum','32872651',4,'no'),(237,263,'Iustitia constantius omne vi agemusque leges vario imperatoriae laudat sequamini signa effecit propensus commode','96d1931d',5,'no'),(238,264,'[VRAI] -Instrumento gubernationis tum maiorem integritas oppidum possint sextilio ante aetatulis concinant levitatis quo','ede50b2a',1,'yes'),(239,264,'Inquieta nominare propensus duarum dicta cuiusquam quisque eorumve comparandarum pietatem a curiosorum doceant commotus invidiam','8236f9a4',2,'no'),(240,265,'[VRAI]Confecimus suavius meminerimus illud reiectus responsum nova mitigari seseque habet','dedcac1b',1,'yes'),(241,265,'Quacumque attinet omnem extra ex parens dederis quaerere dilucide moderati','8f4858a2',2,'no'),(242,265,'[VRAI]Quonam exilium dissentiens abiecerat illorum intellegam inpure suavitatem vis libentius seseque commissis quonam dicuntur iudicia','ffcc5e95',3,'yes'),(243,265,'[VRAI]Offendit reliquo tantas nihilo confecta sempiternam consequentibus sapientem rotundum civem plurimum fingunt dolore','6a25946f',4,'yes'),(244,266,'Aliquem dices iacent initiis dicit divinius processerat paucis frater interemit neglegebat','b3a20a3f',1,'no'),(245,266,'[VRAI] -Omniaque voluptas praeposita permansurum hoc caecitas festinanter facias deserunt existimare videlicet tribuunt sequor laborum ordiamur','dca18b87',2,'yes'),(246,267,'[VRAI] -Stabilem don regiones vicimus tanto subtilius insipiensquo voluptatem contemnunt croesi mentio','e13906f2',1,'yes'),(247,267,'Dignissimum illo officii venissemus fusi sit celebrari statuam lucius eiusdem praeteritis','25f4d942',2,'no'),(248,267,'Sensim intervalla historia dustmata maximas simus defendebant actus gubernationis nominati virtutum sui tueri delectet anteponam','88fa4f92',3,'no'),(249,268,'Enitar praecipue oris quibusdam tenet secusne iracundia dividit iacent educatio voluerunt rogatione','50372642',1,'no'),(250,268,'[VRAI] -Mitigari vincla destiterit mnesarchum dialectice iis hominibus effectum cato subtilius ille beatos maiorem tractandos','c43df32b',2,'yes'),(251,268,'Ciceronem statueris cenasti graecorum civis asperum cur que vario pretiosissimis mori contemnendam easdem divitiarum insipientium','2d2ca06e',3,'no'),(252,269,'[VRAI] -Flagitiosa graecorum turpitudinis pudoris aliquando veteres regulum concedamus videntes contendimus disiuncta decreta mercedem ostentatio','640db16d',1,'yes'),(253,269,'Multis stabile addo doloris transmisit tenere num illam persarum estquod emolumento aperiendum tantae','73f227f2',2,'no'),(254,269,'Divitiarum omnibus verborumne haec levem ardentiore danda bonorum velut melius quibus odio heredem','55b3147d',3,'no'),(255,270,'Tres dictum maximam anaticulas quandam scire cave altera stare pertinacia perpetuam musicis','d83449cb',1,'no'),(256,270,'[VRAI] -Moriendum libidini omnis hominem publicae laetamur venissemus danda lanx communia loquar praeponatur littera','59069aee',2,'yes'),(257,271,'[VRAI] -Molestus voluptatem dicet cernitur motu familiarem iudicabis vir deserunt sapientia','849ddece',1,'yes'),(258,271,'Prodest scaevola omnis metuere hilare dederetur habuit captum nosti insipiensquo praestat poteris victoria','17410700',2,'no'),(259,271,'Posui et don vetere dici totas habeo quibusnam solere voles','4a3c4617',3,'no'),(260,271,'Refert heredem voluptatem antiquis malo ipsi verius terram facies gubernando pectus','34c385ae',4,'no'),(261,271,'Vivatur explicari si ordiamur propterea timore boves convincunturque ferret hoc utrisque amicitiis','52b45371',5,'no'),(262,272,'[VRAI]Polliceretur probarentur crimen dubium opifices dixisset duarum placuit perdidiceriti lucius populari primisque revertendum scio concedis','896da181',1,'yes'),(263,272,'Verborum nostrum pertinacia praeposita alienum etiam insanos veriora exposuit aperiendum aequo pleniorem don testamento faciat','d575d5dc',2,'no'),(264,272,'Contendimus redargueret teneo diligenter bono essent vident tibi tenet scire','102f53bd',3,'no'),(265,287,'Philosophiam vulnera agemusque molliorque vultis miser defenditur omittamus vetere contingit magos','046a65f2',1,'no'),(266,287,'[VRAI] -Desperationem sciret industriae torquatus sapientiae plebiscito nesciam studebat perquirendisque disserendo conservatorem dixi callidus','cabcf6ab',2,'yes'),(267,287,'Siti pressius iocari hilare nihil tuique quibus concedis auribus actio vario pars disputatione adhuc','d8a446ac',3,'no'),(268,287,'Vera eam malitias stare probat ingenii appellabant interrete doleas vigeant','12be6590',4,'no'),(269,288,'Videamus semper quodam fecisset redarguitur quas liberum flentes affectiones multos','84bd003e',1,'no'),(270,288,'Iudicem polycratem dubitant quic accusante pergrata dicat fidesic dempta orestem d leve potero','7897c527',2,'no'),(271,288,'[VRAI] -Parvis enam protervam dissimillimas parvis negotium vincla disciplinas magnum sententias discimus gaudeo sapientem tecum','19cafe27',3,'yes'),(272,288,'Persequi demptis lucius opertarum fortior quem negotium illo explicavisset perveniant pravae','4f78d68e',4,'no'),(273,289,'Nostram scaevola polemonis voluptate intuens discimus modum cernitur tandem intellegunt cor praeposita','944435a9',1,'no'),(274,289,'[VRAI] -Incrementum confecimus superiori mercedem iracundia concurrent constituta arbitrantur memoria peducaeus dedocendi illam ampulla iudicare molestus','f49bb2a4',2,'yes'),(275,290,'[VRAI] -Inponebat laudat liberos arcesilas certe praesertim maenae fortior habes aetatem satisfacit','1c0e0a21',1,'yes'),(276,290,'Adhibuit invidiosum theophrasto probitate proferebas mari malorum philosophiam omnes beatam plurimis accusante habendus','34c25b82',2,'no'),(277,291,'[VRAI] -Suffragio beato nesciam debeant aequabilesque clamores conclusum deesse destitero praetore agemusque velint illud','b1b1102f',1,'yes'),(278,291,'Incidant oppressum incidunt iuvat hereditate diem pectus dicere evolare secrevit compellans','dc708609',2,'no'),(279,292,'[VRAI] -Positam sumus aditus transfer archytam pravitatis tot tenebris cenent intellegam seiuncta flagitiosa utuntur declaret quonam','569534df',1,'yes'),(280,292,'Disserendum iure ostendit reiecta modestiam principes noris habent poneret piso','e0259900',2,'no'),(281,293,'[VRAI] -Dulce curta victoria fortasse volumus manilium utrum scaevola infamia alienos','184532cd',1,'yes'),(282,293,'Erunt interficit felicem exiguam laus levis haesitaret tollitur datum perspicua proclivi iocans','44e22110',2,'no'),(283,294,'Insipientium materiam omnium dividendo nobis accederem adversum omnia requirere pueris isto','1132e199',1,'no'),(284,294,'[VRAI] -In hoc praetermissum suum docet motum simile currit fragile fidesic prioris porro','17ede176',2,'yes'),(285,294,'Putaverunt proferebas exigit duas civitas litteris magos eam videntur omittamus disputare multum anxio fugiam inchoatum','13bc3594',3,'no'),(286,295,'Aristoxeni illuc mutare dixissent graecis velle consequentibus tanto verberibus nihilne poterimus propter elementa contrario','3a5241a5',1,'no'),(287,295,'Debeatis turpe faceres putet peripateticorum commovebat idcirco alium moriendum percipiendas animal alia alia poterit','363a6893',2,'no'),(288,295,'[VRAI] -Doctorum dicere nostrum habuit pugnat videremus mentio finite causam moriendum','9952b700',3,'yes'),(289,296,'Suam educatio utrisque amicitiam multoque rhetoribus esses fore mutat cognitioque essent magos','11efb18c',1,'no'),(290,296,'[VRAI]Paginas libenter laudata edere prope philosopho explicandum heri ingredimur necopinato erit malorum dictata','875f22f6',2,'yes'),(291,296,'[VRAI]Fidenter iniquus exemplis perge nescio summum videat homini aliena quaerebam ipsam cernere bene motus','70196780',3,'yes'),(292,296,'Ludus cariorem oblectationem quicquid me immo utrum carum cur remittunt nominare','123a1096',4,'no'),(293,297,'Dices natae omittam propter quacumque dictum aequo contrariis saneque potissimum dempta','40866bea',1,'no'),(294,297,'Iniquum lapathi scilicet praestare perpetuam fortis magno reprehensum narrare sin affectum','0f65e925',2,'no'),(295,297,'[VRAI] -Praeterea vellem summus easque vesperum primo inquit veteres potuit permulcet utilitates partibus ita quanto avaritias','ad7af4f2',3,'yes'),(296,298,'[VRAI] -Vocatur odio adridens eaedem fieri debilitates cenare quantum confecta disserendi divisit persecuti peripateticus','bcd9a437',1,'yes'),(297,298,'Philosopho reperire beatissimum siti retexueris grandioribus actus parvi aequabilesque interesse formam difficilius interest contenta adversum','eb4ff6a9',2,'no'),(298,299,'Ante laelius nondum metuetur constantius neglegatur inflammat dixi exercebantur praeposita lebat quisque aeternum aristoteli responderi','76d195ab',1,'no'),(299,299,'[VRAI] -Affectiones fugiunt aeternitate dicturam intellegunt natos permitto temperantiam tu hanc testata pertinere turpiter invectio','cdc65ab6',2,'yes'),(300,300,'Motum tuique displicuit moriendum stare anulus quavis delectat requirere traditur particulas volo inquit commoventur fructu','0b09d570',1,'no'),(301,300,'[VRAI] -Redarguitur carum architectari exilium tecum adolescentiam stulti poteris disputat institutis odium stirpis confitentem refert victu','147793bb',2,'yes'),(302,300,'Quaestio perspexerit repugnat institisset pythagora iucundius aperiendum dimicabit antiochum abducam','8f82c436',3,'no'),(303,300,'Consulatum difficilius malumus suavius nolo istud videri amicitiis opportune nostrum quintus emolumento','09957856',4,'no'),(304,300,'Anaticulas quin sustinebit villae contemnere eos accius profecti summas obscurari repugnat conferemus rhetorice explicavisset tollere','45d3fc55',5,'no'),(305,311,'Posthac apti dis iudicant mordicus sepulcrum simile effeminari cenabat cognoscimus niteat lapathi fratre pridem','352fa5b2',1,'no'),(306,311,'Loquantur est praeteritis verius citius etiamsi officii reliquique levatio tuo acute esses a dicit scrupulum','de24a994',2,'no'),(307,311,'[VRAI]Sensus pertinere civis relinqueret recta negat collatio acupenseri consectetur facilius','c81492fe',3,'yes'),(308,311,'[VRAI]Versutum natalis quin laboret semper ordine eodem quo admirabilia gaudeo absit','f3dcb011',4,'yes'),(309,311,'[VRAI]Philosophia eo maximam perspicuum multus pertectam tueretur minime esset motus laetitia','f8689a4b',5,'yes'),(310,312,'[VRAI] -Constructio claudii uberiora ingenuas quaerunt apparet inquies maius capiamus additis volueramus adversum','e3974867',1,'yes'),(311,312,'Virtuti ambobus iacere statui tollere rotundum edere appellat vidisse interesset ambiguo','d036617d',2,'no'),(312,313,'Constanter dare iucundum omnis bestiarum paulo quia parum detractis incessum indoctum existimas','c9648e0c',1,'no'),(313,313,'Utrisque nesciebat enim faciam musicis istarum turpius ponatur originem vocant posidonium','e1213329',2,'no'),(314,313,'Memoriae defendunt inquies opertarum concessis erillus ardentem ordiendum dare docilitas vacuitate dividit cotidie factum','71c0d7d8',3,'no'),(315,313,'[VRAI] -Villae negotium mediocriterne subicias intellegere abeunti motum vix gloriose rerum efficiens confusio sentire iocari laetus','10702c59',4,'yes'),(316,313,'Quibusdam sensim dixerunt vitiosa triarium instituta estquod debuerunt dipylo mortuum praeeunte illum','060870fe',5,'no'),(317,314,'[VRAI] -Septem subito habent ortu turpiter ergo ponatur hinc corpusne villam','f8046d9e',1,'yes'),(318,314,'Contemnunt nollet dico maximus captum profecto exquisita dimicabit antipatrum cur possumus dicemus','123ac17e',2,'no'),(319,314,'Vocabulis amici flagitiosum existimabit falsone rationi everti aderit conantur cupit fugiunt','a47a7039',3,'no'),(320,314,'Tardeve doleas idemne illae eaedem pendere voluptatum eam estad dixit placuit manilium valeat opera splendidior','21244496',4,'no'),(321,314,'Evolare quaeri pectus aetatem pervenit singulis beatissimum leges sanguine copiose incidant infinita severe ludis rotundum','b0c955a8',5,'no'),(322,315,'[VRAI]Terram cupiditate anteponam scissem doceant primum cuipiam pertinacia cognitionem istuc moriendum moderati essent nostrae','8a89aff0',1,'yes'),(323,315,'[VRAI]Velut simul modo penitus perspicis vis iustitiae dicam probarentur extrerno poterit','a11b8f4c',2,'yes'),(324,315,'Agas videbimus erigimur instructus agendum videris ponere praeclarae pylades scientia iudicabis','97854a1e',3,'no'),(325,315,'[VRAI]Quaestio firmum cantibus solebam sapiente dolores affectiones facile tubulum adipiscing accesseris libris contemnet coletur negaret','e93e492f',4,'yes'),(326,315,'Fortis theophrasti status quia confusio dicitur male mali aegyptum hebes amotio retineat turpiter iudicabis','730447f2',5,'no'),(327,316,'Nec spem sequamur moriendum parva illum explicavisset dissimilis uratur fortepossumus flagitiose quicquid capite','3fcea4a0',1,'no'),(328,316,'[VRAI] -Ausus verbis odio alio democritus mortes villae istic omnes pulchritudo','74250005',2,'yes'),(329,317,'Adduceret mene consumptum abundaret contineo reliquit arbitratu arcana alumni vocabulis dederis vult dicentibus','0941ef48',1,'no'),(330,317,'Cur maximus fomentis deteriora moriuntur kakaw cognitionem prope meliusque qualis ostendit','ce85b8c6',2,'no'),(331,317,'Sanctos quintus indicant doceant consumis siti gloriose magister callida infamia quisquam iustitia','db258500',3,'no'),(332,317,'[VRAI]Dulce indicia inventoribus dici liceat perfectio moribus peripateticus chrysippo nobis dubitant','fc9cfccc',4,'yes'),(333,318,'[VRAI] -Docuit oblectationem versutum dixisse impudens suffragio cognitum ergo aperitur dolores','2c7b204c',1,'yes'),(334,318,'Tute igitur concinant sapientiam sed ennius corpore ambulet consequentibus invidiosum','f73df4cc',2,'no'),(335,319,'[VRAI]Hactenus quieta et digna videamus cognitionem contineo inventoribus ferendum efficitur','2760d084',1,'yes'),(336,319,'Isto rem redeamus rem disciplina iniquus processerat callido ptolomaeum indicant maenae dicemus quieta praecordiis disceptari','b8bdadf0',2,'no'),(337,319,'[VRAI]Aufert maximum contemnit nominati honestatem dat fecit dicantur terras necopinato censent','9821507e',3,'yes'),(338,319,'Equidem torqueatur anteponam discere vide democriteum pericli iisque iisque dicuntur neglegebat','cdc00340',4,'no'),(339,320,'Persarum nocent actiones et septem vetustate summoque adiungit ciceronem corporis torquatum movere satietate tollenda imperatores','7f857ba0',1,'no'),(340,320,'[VRAI] -Paene optimum debilitates expectamus philosopho atqui solemus te reprehensione cuique expectare aufert itaque oculis','d2085016',2,'yes'),(341,321,'Quisque reliquorum posuisti ultimum fingeres musicis libris strato parva reiecta responsum reddes','4bdc22d2',1,'no'),(342,321,'[VRAI] -Verborum occultum innumerabilia praeteritorum patrocinium de longus manere exilium selectio decimum beatos q incessum meo','597d7b3b',2,'yes'),(343,322,'[VRAI] -Expressa musicis dederetur fructu verum quo fabulas homines diceret vivere dialectice deserit','6856fcfc',1,'yes'),(344,322,'Confidit dolori tantum volueramus platonis virtutem aiat dicerentur magnum quisque iudicium longius et','72e213c7',2,'no'),(345,336,'Respondere iisque spelunca immo oritur laetitia omnibus vivi inquieta est malum eorumve dicet','d5b080e8',1,'no'),(346,336,'Potissimum dissimillimas peripateticus putabam concordiae poterat probitate confirmandus videres menses disputationibus perspici academia doleas dulce','c4a9a44a',2,'no'),(347,336,'[VRAI]Vobis vexat peripatetici verberibus laboro inquis prima habent ponunt inest everti','7719fedb',3,'yes'),(348,336,'Risu cognoscimus possunt vocant beatiorem antipatrum consequentia brevem avaritiamne conventu corroborati parva democritus depravatae','0c06904e',4,'no'),(349,336,'[VRAI]Tres minor verum id ingredimur desperationem vis probabis anquam incessum sententias discipulum optimi mari ponimus','38a619cd',5,'yes'),(350,337,'[VRAI] -Vesperum legimus imperes mutandi quicquid audax mene severitatem magis diceretur sordidos videsne coarguere brevis','839f1309',1,'yes'),(351,337,'Solum vivatur expetunt videbimus digna loco augeri delectabatur intellegatur sapientiae liquidius diligenter statueris dederis','aba1e175',2,'no'),(352,338,'[VRAI] -Amicitias zeno uberrimam timide summa sententiam enam explet cognoscimus rectissime nunc animalis constantius','237c668d',1,'yes'),(353,338,'Ingenio periculum viderentur perspicuis praepositum postumius maximum quas definitio cogit lyco insipientium ibi referas','6146c713',2,'no'),(354,339,'[VRAI] -Intuens illud maneant requirere praeeunte gloriosum tua persequi ielunior avaritiamne splendida post agendum contemnunt citius','840554d7',1,'yes'),(355,339,'Lex nomine litteram artis catone locos liberum solebat tandem nullum dicas mediocriterne quintus levem retexueris','9c3b531d',2,'no'),(356,339,'Reliquarum consumis disserendum sentire beate inconstantissime is sapiente disserendum amet','0c6e7485',3,'no'),(357,339,'Capienda vita vite aliquantum optimi loquor dulce polliceretur repugnet manere tantas bibendo','ec4334dc',4,'no'),(358,340,'Elaboratum ingenium ferret explanatum diuturnitas locis intellegatur adiungit tale pedibus','bce012c5',1,'no'),(359,340,'[VRAI] -Videndum accipio sensuum sapiente chrysippum omnem stirpis alienae verborumne dicitur nimium ista democritus vix','800dfee4',2,'yes'),(360,341,'[VRAI]Quibusnam ratione fugiunt perfectio patefactio desperationem exposuit defendebant egens divitem qualem anquam inponebat','01d454ee',1,'yes'),(361,341,'[VRAI]Revocat vero voluptatum fortuna omnis conati philosophiam eris avaritiamne divinum','624ee970',2,'yes'),(362,341,'Vivendi artem mali arte magnificentia indignum zenoni maximis salvam delectat','3bc39a6c',3,'no'),(363,342,'[VRAI] -Dubium interitum fictas contemnendam modum duxisse dicerentur audacius natalis eius ponere libros ferret philosophus prorsus','5af78da4',1,'yes'),(364,342,'Disserendi peccetur amemus quodsi ususque sentire senescit declaret graeco levitatis explet mihi','5272f6cc',2,'no'),(365,343,'[VRAI]Doloris similitudines nec tueretur comprehensionem depravata sermone mutat aetatulis explicandum maxime morbo interesse satisne tributa','bcbd1dea',1,'yes'),(366,343,'[VRAI]Odio eorum ciceronem autem cenabat secusne illuc explicari levis consulatum videlicet est democrito copiam','1febce68',2,'yes'),(367,343,'Commovebat peccetur fruentem pecudis difficultate adhuc metellum arcana villae easdem eligant','eeee1c38',3,'no'),(368,343,'[VRAI]Recordamur fortunae tres facilior desperationem commota destiterit idcirco praeter isti contendimus meministi commode','46fead7e',4,'yes'),(369,343,'[VRAI]Scire necessariae disiuncta satietate comitetur pedes disceptari modi dacere moderatio indicia isto peripateticis nullo','efaacb83',5,'yes'),(370,344,'Appellat negaret dictata aliquantum confirmatae accius quidem praeter cupido manere delectatus','408da211',1,'no'),(371,344,'Istorum potestate m maximam numquam anteponebas repudiandum nomen alios vis hostes appellabant','b714bdc9',2,'no'),(372,344,'Popularia disputationibus videris secusne magnopere quantum videbimus praesidii dicam his','ff53541c',3,'no'),(373,344,'[VRAI] -Omnibus themistocles negas remittunt negas inventoribus suavitatem pertinacia dedocendi citius permulcet inchoavit','273c50b3',4,'yes'),(374,345,'[VRAI]Petitur summo vestra cari peripatetici oboediens suus quorum exilium adipiscing pertinacia laetus estmata ubi corroborati','287594b8',1,'yes'),(375,345,'[VRAI]Tubulum piso continuo adhibebat scientiam meum mutare utamur physicum dicamus placet sanctos','215444b8',2,'yes'),(376,345,'[VRAI]Educatio videt delectat certe beata exquisita afferre epuletur principia pulchritudinem deducimur laelius plebis','818f0197',3,'yes'),(377,345,'Inscite propter reliquarum negotii mali habebat pertinere lectulis veterum improbo platoni tanti cernitur vestro vitabis','f42ae732',4,'no'),(378,346,'Gaudeant serpere tuus ea flagitiose videatur civem dolori nostris vehementer retineat scire multis piso','0359e59e',1,'no'),(379,346,'Asotos ultimum pecuniae naturam similitudo perturbatio educatio quieta dicat artis refers petendam heredem','be464970',2,'no'),(380,346,'[VRAI] -Sequimur spectare capiamus arcesilas investigatio via tolluntur traduceret putas prudenter praecordiis statui nobiscum incidant vultum','57021563',3,'yes'),(381,346,'Faciat vilissimis anquam dividit commoda ruinas similiora haberem discere homini','953ce79a',4,'no'),(382,347,'Velit erit necopinato conati perpetuam delectatus estad molestia eaque scaevolam magni aequius habent','9f183a98',1,'no'),(383,347,'Pecuniam sentiret doloris usitata laelius nimium ponis pudebit ambobus honestius tollitur potestate satietate vetant','6a7749b7',2,'no'),(384,347,'Resisto contra vocatur persem sequens eadem meo eadem divitiarum dicere','0f532334',3,'no'),(385,347,'[VRAI]Stare lyco possunt iniquum claudii etenim praestantia cupidus anteponebat falli neutrum diceres','033212d8',4,'yes'),(386,347,'[VRAI]Idemne ruinas instituendarum sensibus cuius dissentiens incommoda mediocribus primae dic rhetorice dederis','89b77e51',5,'yes'),(387,348,'[VRAI]Villa agitur vitiosa vivatur dominorum usum poterat assentior comparandam voluptatem aequabilesque contra dominorum nolo rationi','5f4ea4e2',1,'yes'),(388,348,'[VRAI]Minime delicatior physicis adversum se invidiam male oblectationem omnes consuetudinem peragratas','87e95fc9',2,'yes'),(389,348,'Accessit alumni relicta leonidas nemo senescit terram amarum timore cuiusque doctorum ponere','2ea4d943',3,'no'),(390,348,'[VRAI]Licentiam possit summi zenone irridebat festo acupenseri dicitur pisonem neque utilitas oratio sententiam','e8a8577b',4,'yes'),(391,348,'Vitiosum diligunt diem usque beatos inventus contrariae industriae vacua fallaciloquae volemus tantae posidonium quod patrocinium','78aef449',5,'no'),(392,349,'[VRAI] -Iustam dictum denique quaedam vera ruinas platonis morbos anteponam coercendi dubia utamur interitum iustitiae','3b874ca5',1,'yes'),(393,349,'Terras est democrito mentem modi utroque aliena infima beatum victoria responsuros assentior interitum intellegerem','d5f654d4',2,'no'),(394,366,'[VRAI]Obscurari magnarum repugnat pugnant expetitur longam loquor quaesivit commotus heredem tueri ratio nostrane amaverunt','e915f08f',1,'yes'),(395,366,'[VRAI]Afferat viderentur tantas omnes primos latina delectant concurrent contrariis neglegi gratiam','c4fca726',2,'yes'),(396,366,'Maiores distinctio intellegimus illam finite audiunt timide perfecit diligit vero summoque maxima voluptatibus pertinacia dignum','9ce5b7f0',3,'no'),(397,366,'[VRAI]Ratio faciant incommoda voluptatem humanissimum voluerunt propter faciet expetendam philosopho sensibus','0116dc03',4,'yes'),(398,366,'[VRAI]Sententia declarat ludimur modestiam pauca avaritias gloriosa remittunt vestra locupletat argumenta consequentibus','1d9deab0',5,'yes'),(399,367,'Variari negotii constructio alias nova concedis summo inquit animoque licebit magnopere cari','f5f84ec6',1,'no'),(400,367,'[VRAI] -Privasse conventu pedibus unde tanto responsum tabulae causamque deserunt fingeres alienae dictum abiecerat','6540795a',2,'yes'),(401,368,'Debeas unde cohaerere sequetur turpe praetermissum paucis amicitia veterum sirenum duas sit desiderat','9b82c354',1,'no'),(402,368,'Falsone hieronymus etenim suum vel prope vivendum statim habetur dicantur indicia','d181485a',2,'no'),(403,368,'Quam videretur recurrant cyrenaicos doctissimos delectabatur fellx existimas illae perfectio nulla medicinae pareat afferre est','39138e53',3,'no'),(404,368,'[VRAI] -Contrario oris mallet ducitur stabilem cognitum immo proficiscitur cetera gerendus expetendum','b757cd4b',4,'yes'),(405,368,'Turpe posterius loqueretur recusant appellabant laboret anulum amicum ob debuit sensus beate philosophiam uratur dicentibus','6f7e79ab',5,'no'),(406,369,'[VRAI]Praeponunt efficitur menses alio oboediens vivebat dubitabit posthac summa collatio voluptates horum litigiosam rursus','50dabdae',1,'yes'),(407,369,'Finxerit liberalis vidit oculis laudatum similia actiones tantas sententias oritur requirere','a8814de8',2,'no'),(408,369,'[VRAI]Philodemum avaritiamne putamus nulla theophrasto superabat tota terra turpi ceteris consulat tubulum','3ec8c818',3,'yes'),(409,369,'[VRAI]Callido absolvere heri fomentis usitate polliceretur satietate opportune censes praesertim','505cea9e',4,'yes'),(410,370,'Pluribus regulum simplicia congressus velit graeci sublatis nihili verborumne mene inveniri virtute negotii bonorum omne','35a6191a',1,'no'),(411,370,'Poterit videamus modicum primo cohaerere fortis probat nobiscum consideret perspicis nesciam sequantur','e01e315f',2,'no'),(412,370,'Architectari clariora dolorem quivere quovis themistocles intervenire dubitamus videor longe','de279e35',3,'no'),(413,370,'[VRAI]Vivendum dixerit antipatrum insanos ludus plane iisque peripateticorum socrates piso','86a36f0d',4,'yes'),(414,371,'Desiderat summa mercedem statueris vis origo contraque corporis flagitiosum carneade apparet quaerere poteris gaudeant','bdf45734',1,'no'),(415,371,'[VRAI]Galloni istud adhibita censent amotio ipsum polemonis volumus verecundius defendere maioribus','b8acced1',2,'yes'),(416,371,'[VRAI]Dixisset distinguitur erigimur decimano nostris zenonis ducas et alumni probabis cupido oblivionis','05f2acdc',3,'yes'),(417,372,'Audiamus deferret  plebiscito facto iustam longissimus reprehendo pudoris principes stultorum','c8b1383a',1,'no'),(418,372,'[VRAI] -Avaritias caret similis boni tuo opponitur maria labor contemni nostrae dicet','81b5251a',2,'yes'),(419,373,'Frugaliter genera cupiditate iucundi posui est pulchritudo affectiones parum illum angustiarum haesitaret ambobus vexat obsecro','8f452232',1,'no'),(420,373,'[VRAI] -Locupletat aetatulis ingenium faciant egregio praesidii statuat propensus uno metellum ultima','cf74d1b6',2,'yes'),(421,374,'[VRAI]Ortu praeceptis sic destiterit extrerno aeternum inflammat callidus stoici responsum reiectus paradoca meo peccata veniendi','86c1605d',1,'yes'),(422,374,'[VRAI]Gloriosum conamini cognosci potuit potuit inesse veterum asoti putabit inflammat','a0b6dc6d',2,'yes'),(423,374,'Modo dissensione vidisse fingas proximum animum agendum eos necessariae peti repugnet cogit relinquo confirmatae oportere','0dc43dc9',3,'no'),(424,374,'Consuli officio luxuriosus hanc doctissimos perspicuum mala debeat comparatio nihilne secusne villae intellego','491e5c1b',4,'no'),(425,375,'Euripidesconcludam cenent aut dirigentes quonam optimum philosophus quidque flentes beatiorem meministi paucis eas pecudis similiter','599be4ea',1,'no'),(426,375,'[VRAI]Quavis quicumque stultost equidem caecus satietate conquiescere tuetur pluribus hebes adhuc','9e357a7d',2,'yes'),(427,375,'[VRAI]Dic rebus metuit morbo perpauca ita discipulum habeo laudabile quaesivit alterum abducam scribebamus hanc laboret','868bf769',3,'yes'),(428,375,'[VRAI]Crucem transmisit expetendam nascitur petendam intellegerem deterritum pellit dominante tale cernimus lucretia','0a8b50bb',4,'yes'),(429,376,'Dixerimus exercebantur ampulla omnino humanissimum istarum anulum beatissimum laetamur nostrum ab','eda9f78c',1,'no'),(430,376,'Longum aristippus pertectam philosopho didicerim pertinacem disiuncta concedis dabit bene cuiusquam optimis honesto meliusque','b9d09185',2,'no'),(431,376,'Potius liberum inquieta perveniant quidem ultima iisque conclusum celebrari cenabat probarem','ccae278b',3,'no'),(432,376,'[VRAI] -Quaerere familiaris moriendum quidem mortuus perfecit luxuriosus vitia sententias modicum et elici nihil videt causa','eaf235d9',4,'yes'),(433,376,'Probabis vivere torquentur docet coarguere habebat graecis pertinere sumus constare perturbatio simus','ee515c01',5,'no'),(434,377,'Concurrent vobis ardentis confecimus honesto praesidium dixissent cupiditate galloni sis aristidem','82ec2061',1,'no'),(435,377,'[VRAI] -Solet ponunt ab etiamne etiam redarguitur nesciebat probavit habent dolore samium vetustate','7de5322b',2,'yes'),(436,378,'[VRAI]Maiores quodcumque hilare reperire dicturam inesse gravissimo consulatum variari faciat habere','e055613a',1,'yes'),(437,378,'[VRAI]Uti prudenter revocat alter disceptari pluribus sequens dolorem augendae hunc cenent contemnit divinum','2d4415b7',2,'yes'),(438,378,'[VRAI]Subito constructio erunt tenebris difficultate motum medicinae tubulo cuius anquam istius odio nunc amicum','736a79c2',3,'yes'),(439,393,'[VRAI]Quantum irridebat officio estmata amitti duabus omnibusque iucundum laudatur libentius quin loquar','83430cea',1,'yes'),(440,393,'[VRAI]Confitentem duas officia diem simul opponitur se detractis corpus pro tollerem nequiter verborum valitudo','4c184278',2,'yes'),(441,393,'[VRAI]Morbos coniunctio stabilem efficit vi deducimur absit idem sanguine intellegi sofaw','3a17a5b5',3,'yes'),(442,393,'Partes complectarsunt separantur aetatulis liceat cernitur instituto naturam faciliorem clamores exemplis linguam cantibus desperationem chryippo','32f04ebd',4,'no'),(443,394,'[VRAI]Humanis summas expetuntur potest locos selectio offensione servire populorum salebra poneret nimis iudicia opportune','2544196e',1,'yes'),(444,394,'[VRAI]Sirenum cenabat acceperit mihi haerebitis orata disputationem videsne sic nihilne profectus clariora ordiamur laudat','ac8bc954',2,'yes'),(445,394,'[VRAI]Magnarum defecerit concessis mercedem erat medicinae turpi quaerimus esse accederem opus vitabis flagitiose vetant','c6587228',3,'yes'),(446,394,'Appellocommunia vestra facias metellum ita aut paupertas facere quoque torquate commovebat','10bfdf55',4,'no'),(447,394,'[VRAI]Narrare secutus magos vestigium exigit turpius oportet servire reiciendam addidisti restinguet turpe torqueatur veri','54a75f8c',5,'yes'),(448,395,'[VRAI] -Dexteram victoria democrito zeno illuc longe mediocri totas fabulas summam','dcae19ca',1,'yes'),(449,395,'Pecuniae epicurum iudicari fortem zenone gloriose homini kakaw  cupiditate','8100f66d',2,'no'),(450,396,'Persecuti vi l dulce tuique pueris dicerem iudicabis eo iustus easdem valde','305ee48f',1,'no'),(451,396,'Labet gaudeo contineo condemnatus laudi praestantissimum sint laudatum dis agas lustravit cupidus maximam evolare medicinam','befdf076',2,'no'),(452,396,'[VRAI] -Apparere intellegatur leonidas ingenuas strato lucullo darei rerum subtilius age praeteritis stulti dubia','f2842dd0',3,'yes'),(453,396,'Digna scias prosunt pedes solemus ambiguo miser heredem stante laboro conantur nummus quos','c038f710',4,'no'),(454,397,'[VRAI] -Lucullo celebrari expectata conantur extrema confirmatae vocatur quoad coarguere huc fugiunt stoicis comminiscebatur affectum','890eea05',1,'yes'),(455,397,'Opinor auctore nescius praetermissum hominum gestiret extremum corpore putabit oculis anteponere at accepit','46c76c0a',2,'no'),(456,398,'Nihilo nesciam reiecta donan patrocinium audiebant aliquantum sequamini eas contrario extiterunt zenone discendi','0bd76f62',1,'no'),(457,398,'[VRAI] -Enam ponunt unum adiungo pudori spe habent sentit rufo oblectationem vellet usitate','be5192c6',2,'yes'),(458,398,'Aristippi luci philosophus habeo depingere tuo constructio nullam perspicua lucius congressus debeatis necopinato','8bb283cd',3,'no'),(459,398,'Suave de amentem c dulce intrandum perdiscere minor dissimiles miser','0af2c268',4,'no'),(460,398,'Autem ridens negotii consideret irrideatur viri arbitratu aequo levis offensione ducas aderit pleraque materiam decimum','d642ab2d',5,'no'),(461,399,'Aut lebat iudicare incontentae eum geometria confuse occurrent uti esto futuri primo delectabatur quodsi recta','2fe63cfe',1,'no'),(462,399,'[VRAI] -Verecunde puto delectant hic tubulus loquare huc l morbo euripidesconcludam vesperum percipiendas ei','68ec850b',2,'yes'),(463,400,'Utilitatis revocat existimare cognitum dictata dividit amicorum absolvi restinguet vitiose','37cf35ba',1,'no'),(464,400,'[VRAI] -Infame cantibus iniquus supremum condemnatus istic atqui degendae declinavi congressu statuam signa intellegerem cenabat','6b111680',2,'yes'),(465,401,'Simile diceret sumus dixissent divinum more erit fidesic quale voluit hominibus meo vestigium post adoptionem','9bd7d86d',1,'no'),(466,401,'Pressius existeret verberibus quorum dignitati dicendi comitetur recordamur perturbationes fortem tui sermone','d9a35076',2,'no'),(467,401,'Copiose torquatum iucundissime consequens molestus invidiosum haberem valde loco commutare vide','eb482880',3,'no'),(468,401,'Piso miseriarum caducum sempiternam hinc finem alienos rei dat habitus','515d714e',4,'no'),(469,401,'[VRAI] -Reliquis probitate totum probarentur hominem vivi tam persequi sed hic posuisti interemit quoad istarum','f7f40add',5,'yes'),(470,402,'[VRAI]Dignitati facio redargueret crede videri virtutum possunt alium sapientia inponebat pollicentur asotorum gestiret praeclarae','ef1533cb',1,'yes'),(471,402,'[VRAI]Dabit singula sironem parte cicuta mediocritate suavis investigatio mutat hactenus sequamur odit','20579b6a',2,'yes'),(472,402,'[VRAI]Converte multarum beatus saneque dicendi attende torquatus confuse abducat prope acies minus consulatum pleniorem','d715bb63',3,'yes'),(473,402,'Citius inconstantiae utrumque familiarem iudicia quandam vocantur magno negare ultimo auctoritas advesperascit publicarum tollitur permulcet','b2df42b6',4,'no'),(474,402,'[VRAI]Gymnasio proclivi praeceptis atque pleniorem intellegi incidunt coronae repellant falsone','8d6a36ea',5,'yes'),(475,403,'Maxima indoctum ostendit discere scaevola probat iucunda vivatur divinius affers','e315aaab',1,'no'),(476,403,'[VRAI] -Perturbationes nonne inter so sumo obsequor quidam neglegendi verbi secrevit desiderat expetuntur audacius','719b1922',2,'yes'),(477,403,'Nostro generis visus honestatem proferebas vacabit fusi vacuitate cenabat tenebris sermone','359865c2',3,'no'),(478,403,'Pauca modicum statuam collige neglegatur caecitas faciendi videamus tribuunt vide divisione imperitos','6a1d136d',4,'no'),(479,403,'Catone penitus simul alterum bonane acies cupit vellentne flentes popularia caperet desperationem integra apertissimis nam','f758d615',5,'no'),(480,404,'Dignos versuta utrum isto septem multitudinis quaerebam attinet tolluntur manilium','49286b4d',1,'no'),(481,404,'Negare roges summus ultima expectare laudari animalis alio cenasti metuit quibusdam vetant totas similia sustinebit','15a431a4',2,'no'),(482,404,'[VRAI] -Negat divitiarum ille illius perturbatio siti isti intellegi fallaciloquae profecti kakaw oppressum dicitur litteris','8e7d5d26',3,'yes'),(483,404,'Vivere theophrasti optimi comparatur erat callidus caperet vocabulis rotundum hunc sequens recte contemnet graviter','f8969a4b',4,'no'),(484,405,'[VRAI] -Proverbia par incredibile peti errat eademne existimabit fugiam intellegatur intellegit contemnere coniunctio','8a2af009',1,'yes'),(485,405,'Admonitionis converte accidisset exordium estad parvo dissentiens illuc processerat vitium democrito','07c2a8c9',2,'no'),(486,406,'[VRAI]Festinanter amicum nosti tria praeposita memoriae fidibus gratia sullae auditor beato','4d6e837f',1,'yes'),(487,406,'[VRAI]Vitio soletis iniquus perquirendisque epicurus familiares honestum prohiberet intellegit audis amentem huc','5c344385',2,'yes'),(488,406,'Summas contempsisse dipylo spatia ferendum vera orestem animum haec iucunde quidque et dices etenim voluit','94d46191',3,'no'),(489,406,'Reiectus sustinebit potuit confitentem consumptum exquisita longi loquare mnesarchum nesciebam','38b3ff74',4,'no'),(490,407,'Redeamus vestigium commode exquisita pisone audire malitiam pro diceret altera faciamus','cc8b3872',1,'no'),(491,407,'[VRAI]Subicias aculeis illi studebat consentit acceperit tot ratione ceperit aliud quintus dicendi','61623160',2,'yes'),(492,407,'[VRAI]Civis dabit quaerunt petitur praestare placuit croesi summa crede impedit locuples statuat negotii ','e060e602',3,'yes'),(493,407,'[VRAI]Constare iste fidesic deprimet conare curatione urbis capiamus nam hieronymi tota facinus ages audiamus','bbac555e',4,'yes'),(494,407,'[VRAI]Incrementum gerendus nonne forte aetatibus varietates liberius solitum voluptas sentire praetermissum amicos avaritias moveor','f2535f37',5,'yes'),(495,420,'Iudicia hortandus socratica dempta praeponunt portenta magnifice times aequabilesque pectus sapientem','48777d7b',1,'no'),(496,420,'[VRAI] -Conferam audire praeposatum regem virtute extrema ferret alienum maior carum expetendam','9359550f',2,'yes'),(497,421,'Pertinacior idem longinquum d disciplinas sapienti eiuro suffragio hebes sententiam peteret verbis coniunxisset voluptates institisset','ae4e7c31',1,'no'),(498,421,'[VRAI] -Vetant geometria voles vexat mendicus sensum meo graecis ultima voluptate deserit latine','9c5c1ed7',2,'yes'),(499,421,'Scaevola t oratores idemne comitetur alter beatissimum institutionis datum appellamus digna comparandarum','60477732',3,'no'),(500,421,'Miserum reprehendo principium videris formosum intellegis praecordiis peccata convenienter chrysippo lebat probare ostentatio sermone lucius','4da8dd2c',4,'no'),(501,422,'Videri principes confusio orata omnino lectulis percipiendas censeo ultimum converte multos efficit iudicia vide','ad9ac2c5',1,'no'),(502,422,'Adoptionem divisione fore quaeso simul ipsi mundum caducum minor tolluntur bibendo parvo accidisset','c1324b94',2,'no'),(503,422,'Moveor habebat satis iudicabis concedis incommoda incontentae facillimum quieta illo eodem','659879b6',3,'no'),(504,422,'Lapathi comparatio hanc adipiscing poterat occurrentia percipitur honestum esto animantium vere vendibiliora patria','ca0d2627',4,'no'),(505,422,'[VRAI]Perpetua annum vera augendae memoria efficiuntur dissimillimas gignit perturbatio memini apparet coniunxisset','228f4f5d',5,'yes'),(506,423,'[VRAI] -Ardentem quando similiter dilucide lapathi viderere bonis revocat malorum laboret moveor sextilius','82a65b20',1,'yes'),(507,423,'Confidit sensibus futtiles haerebitis adhibendam essentne praeclarae docui statu selectio','e45c2094',2,'no'),(508,423,'Expectare consulat intellegam videsne quattuor comparatio liberalis possunt omnes animadverti','b36e1238',3,'no'),(509,423,'Existeret molliorque amentem eorum motu idemque vexat faciliorem boni stulti uno multarum mari','977dab92',4,'no'),(510,424,'Reiecta afflueret reliquam tu pervertere ea teste laudari magno avaritias secundae','d646eb6a',1,'no'),(511,424,'Ardentem vulnera altera cenasti maximum mortem voluptatibus omnia hos numquam congruentis solebam utilitatis','f82b9fe7',2,'no'),(512,424,'[VRAI] -Tubulum usitata cupiditatem studio intrandum minus si quicumque curatione adipiscing stabile motu obscuratur cogitari','161f99e3',3,'yes'),(513,424,'Dilucide veriora fugimus iudicabis manere moveor cognoscimus kakaw quo ponunt malo effecit te tueretur','562969ef',4,'no'),(514,424,'Putandum miserrimus honesto discedere solebam aequo intellegimus homine ex horum laudarem debeatis','36edee8b',5,'no'),(515,425,'[VRAI]Fere auctoritatem aliis relicta exemplis darei sum singulos debilitates utrum','13c8c3a8',1,'yes'),(516,425,'Lectulis deterritum melius intellegis perpetiuntur magis commode dicturum immo voluptatem tollerem pedes dixit amicorum prope','63f36e89',2,'no'),(517,425,'Affectus latina familiares claudii cupiditate exposuit absolutam complectitur imperatores oderit clamores intellegi','6db05f4a',3,'no'),(518,426,'[VRAI] -Ducem videntur ingeniosi futtiles posterius secundum populum diligi res facio','e0e7bf49',1,'yes'),(519,426,'Plane nonne considerata erunt dividit hominum hieronymus inquis duxisse levis croesi luci','659f012d',2,'no'),(520,426,'Antipatrum ab pergrata gravis dicat omnibus cariorem denique studio contineo bonorum theophrasti sponte parum','470cb9fc',3,'no'),(521,426,'Difficilius reprehenderem inchoatum vulgo turpiter idemque sin primum dubitant confirmandus ratione','d11fdde0',4,'no'),(522,427,'Facilius aliquod eaedem commissis cogitari innumerabilia voluntates diceretur pulchritudo optimum dicere iudicabis contenti volumus','113003f8',1,'no'),(523,427,'[VRAI] -Simonides interesset coniunctio lingua maioribus spelunca intervenire similis amantissimus irridebat','4fb1c5ad',2,'yes'),(524,428,'[VRAI] -Lucullo maximam inprudens exquirere delectatus utilitas aeternitate adolescentulus iniquus dicendi spem cernitur iudicari','f4a28218',1,'yes'),(525,428,'Facias discedere ostentatio lectulis aristophanem potero proferebas parabiles pertinacem mea exponere mediocriterne','636082cd',2,'no'),(526,429,'Referebat dixerunt cupidus disputat videt antipatrum nescio publicae physicis coletur obsequor appellatum platonis','dbd6d78e',1,'no'),(527,429,'[VRAI] -Promerem epulis obrui docuit amicorum sola sumo hortandus dissentit sitienti peripatetici animi','025ffc07',2,'yes'),(528,429,'Locus brevem assentior fructus hominis sedeat recurrant seria negare maneant graece luxuriae officia','90ba6fae',3,'no'),(529,429,'Hominem corporis paulum oris agas particulas similes memoriam praecepta orestem verborumne','95080e34',4,'no'),(530,429,'Sis advesperascit estne versutum vicimus venio pulchritudo lorem crede usum permulcet commovebat profuso ille legerint','cd741787',5,'no'),(531,430,'[VRAI] -Disciplina declinavi epicureum labet improbos veniendi multus turpis sententia perspicua pudori vita comprehenditur velle','37b46306',1,'yes'),(532,430,'Platonis ipsos tertium vacuitate respondeas principes honeste dici praeclarae verborumne retineat mari metellum maneant','aa0a4d51',2,'no'),(533,446,'[VRAI]Videor aequo intellegunt alio evolare putet reperies omnibusque tractatos utilitatis sic naturae','4fc93e93',1,'yes'),(534,446,'Triarium vocant quosdam ipsam obscuratur exposuit ipsi appellantur igitur effectum agitur vivi inesse congressu','ffdd2b1e',2,'no'),(535,446,'[VRAI]Defendebant arripuit institutum pomponius verba vario admonitionis divitias vacua nobiscum miserum descensio exquisita','0e275844',3,'yes'),(536,447,'[VRAI] -Respondere querela sullae audientis suavitatem cogit dicunt aditus quisquam praeponunt consuetudo','e86af58a',1,'yes'),(537,447,'Acerrimus oroete aristippi interitum numerare suavitatem levamentum egone congressu callidus poni affectiones facta','0baf6a9d',2,'no'),(538,448,'Quiddam sua accius dissimiles sitis severitatem tyrannus ioca adesse tenent rationis carneade beata','63cba84f',1,'no'),(539,448,'[VRAI]Ambarum doleas incontentae haerebitis oculis residamus epuletur semper alio laudatum docilitas causa','249cd892',2,'yes'),(540,448,'Magnificentia videtis at aliqui fratre de abducam fatebuntur fac expedita don','6c63b05f',3,'no'),(541,448,'Multa inprudens causam ames absolutam voluptas tractandos consumptum quosdam veriusque','8719a103',4,'no'),(542,448,'[VRAI]Inconstantiae dicet frugaliter extrerno est existimare corpore insanos tolluntur sapientis utrisque graeco adolescentulus','131963cb',5,'yes'),(543,449,'[VRAI] -Quare constantius diximus liberum concinant omittam ambobus corrigere es incrementum iudicabis quaedam aristo confitentem ad','142a119f',1,'yes'),(544,449,'Aliter innumerabilia consentit proficiscitur horum diviserunt urbe mos volemus urbe oratione annum caecitas instructus','79eda4e4',2,'no'),(545,449,'Sui labet ratione democrito strato spatia quaestio collatio intellegis sponte potero quaeri praeponatur causam volunt','7300a60d',3,'no'),(546,449,'Solebam timide rei praeposatum dicta theophrasti video amicitiam vixerit quaesivit','d9576842',4,'no'),(547,449,'Disserendum posse quieta capienda regem privasse quicquid cohaerere habendus dogmata','b1e77e16',5,'no'),(548,450,'[VRAI]Litteris additis congressu dictata ultimum munus alterum istius referebat tu sequetur officii infamia agere','37bb7bad',1,'yes'),(549,450,'Acies eligant via perturbatio modestiam auctoritatem animalis utilitates miser veriora vestro tota etiamne tractatos','5fdf508c',2,'no'),(550,450,'[VRAI]Similiter intellegetur pertinacem cognosci obrui latina praeposatum utilitates illae tenebris saepius compellans vobis','502c1666',3,'yes'),(551,450,'Laudata callipho congressu sequetur mercedem concedatur adipiscing praesidii facta expressa vitarum','a9b48ae5',4,'no'),(552,450,'Disputare venit nostra erechthei solet affectus voluptatis reliquique multo aristophanem alienae integra contemnet elici','d394a39a',5,'no'),(553,451,'Artem agere consequentia motus genere ageretur plures concinant anxio plane','67549329',1,'no'),(554,451,'Multoque reddes utram facies scripta accepit amaverunt horum dissimiles ducitur perspici legimus paucis anulus','41a7a4e9',2,'no'),(555,451,'Summo perpauca opprimenda callidus barbarorum prima sequantur ante suo posuisse dialectice extra rursus quic capite','1f56aab2',3,'no'),(556,451,'[VRAI]Contemnet magnam littera dicitur terra molestus definitio possum memoria neque nullus','7883595f',4,'yes'),(557,452,'Odium manliana rogavit commentatus democriteum boni confecimus times illustris quin nobilitata lorem','392b4968',1,'no'),(558,452,'[VRAI]Ac retinere quin vigeant errat innumerabilia minus graeco mavis vestri mendicus infinita inprudens fuisse paulum','e8ff1017',2,'yes'),(559,452,'Auctoritas latina huic ratio filio pedibus per dicerem agemusque fugimus magnus expetendam parvis','e8b7a50b',3,'no'),(560,452,'[VRAI]Valeat proclivi seseque consumis explanatum voluptatem extremum versuta protervam accederem delectamur permansurum dolor','159a2718',4,'yes'),(561,453,'[VRAI]Oderit occultum expetendam sequetur exorsus disseretur vellem avum graeci tute','95064e1d',1,'yes'),(562,453,'Animoque dederis varietatem profectus efficiens quod victu quiddam vitabis quae','55ade36b',2,'no'),(563,453,'[VRAI]Fiant subtilius iustus formam mendicus simplicia contraria summas nominati vel latina nostis comprobatione animo','80740d00',3,'yes'),(564,453,'Deducimur convincunturque ennius maenae erillus apti rhetorum prima dissensione posui habemus secusne','6bce9aa7',4,'no'),(565,453,'[VRAI]Torquatum via tanti voles oderit interesse virtus habendus conquiescere conati dum assignatum acciderat','60d76ff4',5,'yes'),(566,454,'Perspexerit tria suadeas usus deesse studebat dicente difficilius perge moveatur sequetur laboramus iustitiae scio spe','2bf7dffc',1,'no'),(567,454,'[VRAI]Hactenus poterit quaedam actione aequas contraria infamia quiddam videmusne diuturnitas sequamur delectantur tollitur vellet lucius','d5080ef2',2,'yes'),(568,454,'Exquirere istuc ostentatio auribus aristophanem macello mavis metuere summi addo dissentiunt everti percipiet dicta repellant','4bd9fdbf',3,'no'),(569,454,'A convenit istam dialectice retinere plurimum proficiscitur duabus memoriam licere edere saepius absolvi dant','b09b5819',4,'no'),(570,455,'Conantur ames refert fortitudinis utebare copulationesque libidini metellum hilaretur totam postulat fallaciloquae','8c52a9bf',1,'no'),(571,455,'[VRAI] -Comprehenditur iustitia de putamus vincunt ingenuas expetunt oboediens magos absolvere abundaret interficit concessis privatio disiuncta','08b912f8',2,'yes'),(572,469,'Multoque multo disseramus nascitur vitiosum nullus nescius estmata inchoatum sequi','b84c7682',1,'no'),(573,469,'Ista consequentia malitiam dixissent divitias facies egregius ait virtutibus respondeas scaevola instituto age graeci incessum','49bfbf4b',2,'no'),(574,469,'Variari tum quicquid humanis valitudo negotium doleas negas donan modo salvam eiuro pythagora solebat theophrastus','561a81f4',3,'no'),(575,469,'Parva tot possum temperantiam negotium duo odit mediocri timide eodem progredientibus iuvat','877a04ac',4,'no'),(576,469,'[VRAI] -Mordicus qua vere auctoritatem luci vixerit utram democritus estad concessis despiciendis curta illam','2401adb3',5,'yes'),(577,470,'[VRAI]Male primisque eiusdem deesse tenet kakaw totas hominem sanctos hac estne vehementer historia uno venit','4596c4c1',1,'yes'),(578,470,'[VRAI]Secusne quamquam flagitiose rogavi nostros deducimur solere moriare disserendi ductus nare concedimus expetenda complectarsunt nepas','f499aae2',2,'yes'),(579,470,'Ielunior summis suffragio hos attende quacumque stultost ancillae iustitiae ait','69580ee8',3,'no'),(580,470,'Sequantur probitate habeat licentiam verba probabis lapathi recta molestia contraque','06ec3330',4,'no'),(581,470,'Illud obscurari totum vanos acies ceteri viderere dixissent iniquus alios dixisses meminerimus curatione crimen peccata','7a56ee2e',5,'no'),(582,471,'Censeo putaverunt amor profectae disputari metuit me theophrasti fructus acupensere doloribus elegantius coarguere','17166ff1',1,'no'),(583,471,'[VRAI] -Honestatem necesse video forte similem est inest pars tum et oboediens gignit dubitabit eculeo','84bbdf4d',2,'yes'),(584,472,'[VRAI]Motus eiuro aliis relinquunt pomponius stadia architectari divinius estmata levares vultus cariorem littera praeteritorum','f3026e07',1,'yes'),(585,472,'[VRAI]Debemus vellem tres confecta iudicant dignos gaudebit pisone rapiunt contenta estquod gravius','b8bb790a',2,'yes'),(586,472,'[VRAI]Defenderem quattuor quibusdam dolor traduceret veniunt dixerim accepimus uterque videmusne','e9d2d21c',3,'yes'),(587,473,'[VRAI] -Acerrimus stultost audis expedita liberalis defenditur cenabat noris constanter futtiles optimo','df12d93e',1,'yes'),(588,473,'Contra falli splendidior fratre o adolescentiam veterum originem merulas se praeclare potius pudebit modo videt','d40cee4d',2,'no'),(589,474,'Verius admonitionis afferat solum similitudines extrema disciplinas potius inchoatum commotus cupiditatum','11f21885',1,'no'),(590,474,'[VRAI]Tute utrum liceat acceperit sumo nobis praetermittentium flagitiosum sciat haberent id','ad6839ac',2,'yes'),(591,474,'Philosophiae stabile democrito auditor male volueramus publicae quoniam quare easdem acupenserem inquis ducitur possit','9d81c2ff',3,'no'),(592,474,'[VRAI]Est malitiam peteret affectiones flagitiosum virum testata reprehenderem tarentum relinquo posidonium lanx sim antiquis festinanter','1b319124',4,'yes'),(593,474,'[VRAI]Virtute pendere severitatem veni moriare afflueret ponunt antiochum quasi hoc odio auctoritas sanguine videbis','bcacaba3',5,'yes'),(594,475,'Longus occulta iucundissime nihilne labor officio constare totas abducas victoria inest ferret animal arcesilas','d99ae897',1,'no'),(595,475,'[VRAI] -Utebare quoquo debilitari lyco etiamne congruentis malumus negas cyrenaici aiebat ei','d6106c1d',2,'yes'),(596,476,'Ponunt deprehensus habeo fortis veniendi iucunda afflueret quia defensa graece educatio confuse nosse graecorum plebiscito','488f79dd',1,'no'),(597,476,'[VRAI] -Diuturnitas loquar hortandus virtutes timide scientia res parvi renovata sapientium diceres depravatae amicorum','b478ed1a',2,'yes'),(598,477,'Ageremus studebat brevem audistine incontentae pridem actio satisfacit uti sentire menses hereditate beneficium depingere','5301d0e0',1,'no'),(599,477,'Dubiis movere haberent pertectam diligi magnum nostrae liquidius esses nepas bono putes','bc8cd100',2,'no'),(600,477,'[VRAI] -Fingeres euripidesconcludam reliquis efficiuntur idcirco hieronymus ab prope fiant sensus','f3628313',3,'yes'),(601,477,'Vim auctore quanto scire neglegebat callidus lucius summam accepimus debuerunt habentur explanetur','e96154a1',4,'no'),(602,477,'More turpiter sequi dicamus peripatetici acti converte tria potestis nomen nimium quaerimus iustitiae flentes loquar','a7da3708',5,'no'),(603,478,'Constituto emolumento vestri destitero tale equidem dicendi inde concedamus valitudo itaque collatio absit peccata','1c454822',1,'no'),(604,478,'[VRAI] -Usque valet habebit multimodis eodem cenabat necessariae compensabatur sollicito accessit','2c9b4864',2,'yes'),(605,479,'[VRAI]Orata pugnem occurrent perdiscere consumptum similis putamus divitiis magna res putamus','db7a3803',1,'yes'),(606,479,'Quodsi opportune nec inquieta vi perversius habent putabam illa populari maximum inesse parens','e6a76c4a',2,'no'),(607,479,'[VRAI]Locupletat splendida hi aristonem doceant eorum pervidendum liberos habitare constantius rebus videtis secrevit','908bb7ea',3,'yes'),(608,480,'Formam maxime inscite beatus illam invidiam enitar spem iudicium delectant placuit dolorem vix divisit civem','e484eeed',1,'no'),(609,480,'[VRAI] -Versuta adiunxit caecitas ei quivere depravatae labores labet vultus videmusne dominante','42ab8b1f',2,'yes'),(610,480,'Vitam similiora voles pisonem amico saepiusque antiquis agitur siti simile luxuriosus','ebc99d64',3,'no'),(611,480,'Affectus partibus verbis gravior vehementer estquod tabulae dimicabit gravior videtur quod','a7d1b311',4,'no');

--
-- Table structure for table `wp_4_learnpress_quiz_questions`
--

CREATE TABLE `wp_4_learnpress_quiz_questions` (
  `quiz_question_id` bigint unsigned NOT NULL AUTO_INCREMENT,
  `quiz_id` bigint unsigned NOT NULL DEFAULT '0',
  `question_id` bigint unsigned NOT NULL DEFAULT '0',
  `question_order` bigint unsigned NOT NULL DEFAULT '1',
  PRIMARY KEY (`quiz_question_id`),
  KEY `quiz_id` (`quiz_id`),
  KEY `question_id` (`question_id`)
) ENGINE=InnoDB AUTO_INCREMENT=180 DEFAULT CHARSET=utf8mb4 COLLATE=utf8mb4_unicode_ci;

--
-- Dumping data for table `wp_4_learnpress_quiz_questions`
--

INSERT INTO `wp_4_learnpress_quiz_questions` VALUES (1,113,114,1),(2,113,115,1),(3,113,116,1),(4,113,117,1),(5,113,118,1),(6,113,119,1),(7,113,120,1),(8,113,121,1),(9,113,122,1),(10,113,123,1),(11,136,137,1),(12,136,138,1),(13,136,139,1),(14,136,140,1),(15,136,141,1),(16,136,142,1),(17,136,143,1),(18,136,144,1),(19,136,145,1),(20,136,146,1),(21,136,147,1),(22,136,148,1),(23,162,163,1),(24,162,164,1),(25,162,165,1),(26,162,166,1),(27,162,167,1),(28,162,168,1),(29,162,169,1),(30,162,170,1),(31,162,171,1),(32,162,172,1),(33,162,173,1),(34,162,174,1),(35,162,175,1),(36,190,191,1),(37,190,192,1),(38,190,193,1),(39,190,194,1),(40,190,195,1),(41,190,196,1),(42,190,197,1),(43,190,198,1),(44,190,199,1),(45,190,200,1),(46,215,216,1),(47,215,217,1),(48,215,218,1),(49,215,219,1),(50,215,220,1),(51,215,221,1),(52,215,222,1),(53,215,223,1),(54,215,224,1),(55,215,225,1),(56,215,226,1),(57,215,227,1),(58,215,228,1),(59,240,241,1),(60,240,242,1),(61,240,243,1),(62,240,244,1),(63,240,245,1),(64,240,246,1),(65,240,247,1),(66,240,248,1),(67,240,249,1),(68,240,250,1),(69,262,263,1),(70,262,264,1),(71,262,265,1),(72,262,266,1),(73,262,267,1),(74,262,268,1),(75,262,269,1),(76,262,270,1),(77,262,271,1),(78,262,272,1),(79,286,287,1),(80,286,288,1),(81,286,289,1),(82,286,290,1),(83,286,291,1),(84,286,292,1),(85,286,293,1),(86,286,294,1),(87,286,295,1),(88,286,296,1),(89,286,297,1),(90,286,298,1),(91,286,299,1),(92,286,300,1),(93,310,311,1),(94,310,312,1),(95,310,313,1),(96,310,314,1),(97,310,315,1),(98,310,316,1),(99,310,317,1),(100,310,318,1),(101,310,319,1),(102,310,320,1),(103,310,321,1),(104,310,322,1),(105,335,336,1),(106,335,337,1),(107,335,338,1),(108,335,339,1),(109,335,340,1),(110,335,341,1),(111,335,342,1),(112,335,343,1),(113,335,344,1),(114,335,345,1),(115,335,346,1),(116,335,347,1),(117,335,348,1),(118,335,349,1),(119,365,366,1),(120,365,367,1),(121,365,368,1),(122,365,369,1),(123,365,370,1),(124,365,371,1),(125,365,372,1),(126,365,373,1),(127,365,374,1),(128,365,375,1),(129,365,376,1),(130,365,377,1),(131,365,378,1),(132,392,393,1),(133,392,394,1),(134,392,395,1),(135,392,396,1),(136,392,397,1),(137,392,398,1),(138,392,399,1),(139,392,400,1),(140,392,401,1),(141,392,402,1),(142,392,403,1),(143,392,404,1),(144,392,405,1),(145,392,406,1),(146,392,407,1),(147,419,420,1),(148,419,421,1),(149,419,422,1),(150,419,423,1),(151,419,424,1),(152,419,425,1),(153,419,426,1),(154,419,427,1),(155,419,428,1),(156,419,429,1),(157,419,430,1),(158,445,446,1),(159,445,447,1),(160,445,448,1),(161,445,449,1),(162,445,450,1),(163,445,451,1),(164,445,452,1),(165,445,453,1),(166,445,454,1),(167,445,455,1),(168,468,469,1),(169,468,470,1),(170,468,471,1),(171,468,472,1),(172,468,473,1),(173,468,474,1),(174,468,475,1),(175,468,476,1),(176,468,477,1),(177,468,478,1),(178,468,479,1),(179,468,480,1);

--
-- Table structure for table `wp_4_learnpress_review_logs`
--

CREATE TABLE `wp_4_learnpress_review_logs` (
  `review_log_id` bigint unsigned NOT NULL AUTO_INCREMENT,
  `course_id` bigint unsigned NOT NULL DEFAULT '0',
  `user_id` bigint unsigned NOT NULL DEFAULT '0',
  `message` text CHARACTER SET utf8mb4 COLLATE utf8mb4_unicode_ci NOT NULL,
  `date` datetime DEFAULT NULL,
  `status` varchar(45) CHARACTER SET utf8mb4 COLLATE utf8mb4_unicode_ci NOT NULL DEFAULT '',
  `user_type` varchar(45) CHARACTER SET utf8mb4 COLLATE utf8mb4_unicode_ci NOT NULL DEFAULT '',
  PRIMARY KEY (`review_log_id`),
  KEY `course_id` (`course_id`),
  KEY `user_id` (`user_id`)
) ENGINE=InnoDB DEFAULT CHARSET=utf8mb4 COLLATE=utf8mb4_unicode_ci;

--
-- Dumping data for table `wp_4_learnpress_review_logs`
--


--
-- Table structure for table `wp_4_learnpress_section_items`
--

CREATE TABLE `wp_4_learnpress_section_items` (
  `section_item_id` bigint unsigned NOT NULL AUTO_INCREMENT,
  `section_id` bigint unsigned NOT NULL DEFAULT '0',
  `item_id` bigint unsigned NOT NULL DEFAULT '0',
  `item_order` bigint unsigned NOT NULL DEFAULT '0',
  `item_type` varchar(45) CHARACTER SET utf8mb4 COLLATE utf8mb4_unicode_ci DEFAULT NULL,
  PRIMARY KEY (`section_item_id`),
  KEY `section_item` (`section_id`,`item_id`)
) ENGINE=InnoDB AUTO_INCREMENT=202 DEFAULT CHARSET=utf8mb4 COLLATE=utf8mb4_unicode_ci;

--
-- Dumping data for table `wp_4_learnpress_section_items`
--

INSERT INTO `wp_4_learnpress_section_items` VALUES (1,1,100,0,'lp_lesson'),(2,1,101,1,'lp_lesson'),(3,1,102,2,'lp_lesson'),(4,1,103,3,'lp_lesson'),(5,1,104,4,'lp_lesson'),(6,1,105,5,'lp_lesson'),(7,1,106,6,'lp_lesson'),(8,1,107,7,'lp_lesson'),(9,1,108,8,'lp_lesson'),(10,1,109,9,'lp_lesson'),(11,1,110,10,'lp_lesson'),(12,1,111,11,'lp_lesson'),(13,1,112,12,'lp_lesson'),(14,1,113,13,'lp_quiz'),(15,2,124,0,'lp_lesson'),(16,2,125,1,'lp_lesson'),(17,2,126,2,'lp_lesson'),(18,2,127,3,'lp_lesson'),(19,2,128,4,'lp_lesson'),(20,2,129,5,'lp_lesson'),(21,2,130,6,'lp_lesson'),(22,2,131,7,'lp_lesson'),(23,2,132,8,'lp_lesson'),(24,2,133,9,'lp_lesson'),(25,2,134,10,'lp_lesson'),(26,2,135,11,'lp_lesson'),(27,2,136,12,'lp_quiz'),(28,3,149,0,'lp_lesson'),(29,3,150,1,'lp_lesson'),(30,3,151,2,'lp_lesson'),(31,3,152,3,'lp_lesson'),(32,3,153,4,'lp_lesson'),(33,3,154,5,'lp_lesson'),(34,3,155,6,'lp_lesson'),(35,3,156,7,'lp_lesson'),(36,3,157,8,'lp_lesson'),(37,3,158,9,'lp_lesson'),(38,3,159,10,'lp_lesson'),(39,3,160,11,'lp_lesson'),(40,3,161,12,'lp_lesson'),(41,3,162,13,'lp_quiz'),(42,4,176,0,'lp_lesson'),(43,4,177,1,'lp_lesson'),(44,4,178,2,'lp_lesson'),(45,4,179,3,'lp_lesson'),(46,4,180,4,'lp_lesson'),(47,4,181,5,'lp_lesson'),(48,4,182,6,'lp_lesson'),(49,4,183,7,'lp_lesson'),(50,4,184,8,'lp_lesson'),(51,4,185,9,'lp_lesson'),(52,4,186,10,'lp_lesson'),(53,4,187,11,'lp_lesson'),(54,4,188,12,'lp_lesson'),(55,4,189,13,'lp_lesson'),(56,4,190,14,'lp_quiz'),(57,5,201,0,'lp_lesson'),(58,5,202,1,'lp_lesson'),(59,5,203,2,'lp_lesson'),(60,5,204,3,'lp_lesson'),(61,5,205,4,'lp_lesson'),(62,5,206,5,'lp_lesson'),(63,5,207,6,'lp_lesson'),(64,5,208,7,'lp_lesson'),(65,5,209,8,'lp_lesson'),(66,5,210,9,'lp_lesson'),(67,5,211,10,'lp_lesson'),(68,5,212,11,'lp_lesson'),(69,5,213,12,'lp_lesson'),(70,5,214,13,'lp_lesson'),(71,5,215,14,'lp_quiz'),(72,6,229,0,'lp_lesson'),(73,6,230,1,'lp_lesson'),(74,6,231,2,'lp_lesson'),(75,6,232,3,'lp_lesson'),(76,6,233,4,'lp_lesson'),(77,6,234,5,'lp_lesson'),(78,6,235,6,'lp_lesson'),(79,6,236,7,'lp_lesson'),(80,6,237,8,'lp_lesson'),(81,6,238,9,'lp_lesson'),(82,6,239,10,'lp_lesson'),(83,6,240,11,'lp_quiz'),(84,7,251,0,'lp_lesson'),(85,7,252,1,'lp_lesson'),(86,7,253,2,'lp_lesson'),(87,7,254,3,'lp_lesson'),(88,7,255,4,'lp_lesson'),(89,7,256,5,'lp_lesson'),(90,7,257,6,'lp_lesson'),(91,7,258,7,'lp_lesson'),(92,7,259,8,'lp_lesson'),(93,7,260,9,'lp_lesson'),(94,7,261,10,'lp_lesson'),(95,7,262,11,'lp_quiz'),(96,8,273,0,'lp_lesson'),(97,8,274,1,'lp_lesson'),(98,8,275,2,'lp_lesson'),(99,8,276,3,'lp_lesson'),(100,8,277,4,'lp_lesson'),(101,8,278,5,'lp_lesson'),(102,8,279,6,'lp_lesson'),(103,8,280,7,'lp_lesson'),(104,8,281,8,'lp_lesson'),(105,8,282,9,'lp_lesson'),(106,8,283,10,'lp_lesson'),(107,8,284,11,'lp_lesson'),(108,8,285,12,'lp_lesson'),(109,8,286,13,'lp_quiz'),(110,9,301,0,'lp_lesson'),(111,9,302,1,'lp_lesson'),(112,9,303,2,'lp_lesson'),(113,9,304,3,'lp_lesson'),(114,9,305,4,'lp_lesson'),(115,9,306,5,'lp_lesson'),(116,9,307,6,'lp_lesson'),(117,9,308,7,'lp_lesson'),(118,9,309,8,'lp_lesson'),(119,9,310,9,'lp_quiz'),(120,10,323,0,'lp_lesson'),(121,10,324,1,'lp_lesson'),(122,10,325,2,'lp_lesson'),(123,10,326,3,'lp_lesson'),(124,10,327,4,'lp_lesson'),(125,10,328,5,'lp_lesson'),(126,10,329,6,'lp_lesson'),(127,10,330,7,'lp_lesson'),(128,10,331,8,'lp_lesson'),(129,10,332,9,'lp_lesson'),(130,10,333,10,'lp_lesson'),(131,10,334,11,'lp_lesson'),(132,10,335,12,'lp_quiz'),(133,11,351,0,'lp_lesson'),(134,11,352,1,'lp_lesson'),(135,11,353,2,'lp_lesson'),(136,11,354,3,'lp_lesson'),(137,11,355,4,'lp_lesson'),(138,11,356,5,'lp_lesson'),(139,11,357,6,'lp_lesson'),(140,11,358,7,'lp_lesson'),(141,11,359,8,'lp_lesson'),(142,11,360,9,'lp_lesson'),(143,11,361,10,'lp_lesson'),(144,11,362,11,'lp_lesson'),(145,11,363,12,'lp_lesson'),(146,11,364,13,'lp_lesson'),(147,11,365,14,'lp_quiz'),(148,12,379,0,'lp_lesson'),(149,12,380,1,'lp_lesson'),(150,12,381,2,'lp_lesson'),(151,12,382,3,'lp_lesson'),(152,12,383,4,'lp_lesson'),(153,12,384,5,'lp_lesson'),(154,12,385,6,'lp_lesson'),(155,12,386,7,'lp_lesson'),(156,12,387,8,'lp_lesson'),(157,12,388,9,'lp_lesson'),(158,12,389,10,'lp_lesson'),(159,12,390,11,'lp_lesson'),(160,12,391,12,'lp_lesson'),(161,12,392,13,'lp_quiz'),(162,13,408,0,'lp_lesson'),(163,13,409,1,'lp_lesson'),(164,13,410,2,'lp_lesson'),(165,13,411,3,'lp_lesson'),(166,13,412,4,'lp_lesson'),(167,13,413,5,'lp_lesson'),(168,13,414,6,'lp_lesson'),(169,13,415,7,'lp_lesson'),(170,13,416,8,'lp_lesson'),(171,13,417,9,'lp_lesson'),(172,13,418,10,'lp_lesson'),(173,13,419,11,'lp_quiz'),(174,14,431,0,'lp_lesson'),(175,14,432,1,'lp_lesson'),(176,14,433,2,'lp_lesson'),(177,14,434,3,'lp_lesson'),(178,14,435,4,'lp_lesson'),(179,14,436,5,'lp_lesson'),(180,14,437,6,'lp_lesson'),(181,14,438,7,'lp_lesson'),(182,14,439,8,'lp_lesson'),(183,14,440,9,'lp_lesson'),(184,14,441,10,'lp_lesson'),(185,14,442,11,'lp_lesson'),(186,14,443,12,'lp_lesson'),(187,14,444,13,'lp_lesson'),(188,14,445,14,'lp_quiz'),(189,15,456,0,'lp_lesson'),(190,15,457,1,'lp_lesson'),(191,15,458,2,'lp_lesson'),(192,15,459,3,'lp_lesson'),(193,15,460,4,'lp_lesson'),(194,15,461,5,'lp_lesson'),(195,15,462,6,'lp_lesson'),(196,15,463,7,'lp_lesson'),(197,15,464,8,'lp_lesson'),(198,15,465,9,'lp_lesson'),(199,15,466,10,'lp_lesson'),(200,15,467,11,'lp_lesson'),(201,15,468,12,'lp_quiz');

--
-- Table structure for table `wp_4_learnpress_sections`
--

CREATE TABLE `wp_4_learnpress_sections` (
  `section_id` bigint unsigned NOT NULL AUTO_INCREMENT,
  `section_name` varchar(255) CHARACTER SET utf8mb4 COLLATE utf8mb4_unicode_ci NOT NULL DEFAULT '',
  `section_course_id` bigint unsigned NOT NULL DEFAULT '0',
  `section_order` bigint unsigned NOT NULL DEFAULT '1',
  `section_description` longtext CHARACTER SET utf8mb4 COLLATE utf8mb4_unicode_ci NOT NULL,
  PRIMARY KEY (`section_id`),
  KEY `section_course_id` (`section_course_id`)
) ENGINE=InnoDB AUTO_INCREMENT=16 DEFAULT CHARSET=utf8mb4 COLLATE=utf8mb4_unicode_ci;

--
-- Dumping data for table `wp_4_learnpress_sections`
--

INSERT INTO `wp_4_learnpress_sections` VALUES (1,'Section 1',99,0,'Irridebat venit expletum roges opportune variari vite putabit experiamur ita gloria nostrane illuc dixit reliquique'),(2,'Section 2',99,1,'Illi erillus contemnet putabit ponis consentaneum solum laudat parte iacet mutat'),(3,'Section 3',99,2,'Democritus ille contempsisse locuples donan frangere infinita faciat comprehenditur quibusnam opinor nomen nobiscum gravius diceretur'),(4,'Section 4',99,3,'Persarum relicta etsi volunt nominare rem praesertim motus obruebantur desiderat ordine gravis mecum'),(5,'Section 5',99,4,'Nocent plebis dissentiunt disputatum perspecta tuae immo divinum voluptatem nisi exquisita risu coronam'),(6,'Section 6',99,5,'Defenderem quanta crucem minuis sententiis avaritias primo dico et expetunt'),(7,'Section 7',99,6,'Pressius honeste malane ei arbitrantur falsone isto delectabatur esses appellabant nostis callida incessum'),(8,'Section 8',99,7,'Istuc antiocho defenderem videatur etiamsi oris ingenium haec latina occurrentia poterit disseretur'),(9,'Section 9',99,8,'Audis lex praetermissa negas philosophi tecum tuis accipio diogenem laetamur ullo praestare'),(10,'Section 10',99,9,'Sequitur hominum potuit totas oppidum delectabatur cuipiam obsequor dubia accidisset cognitione iustus polycratem cognoscenda tui'),(11,'Section 1',350,0,'Absolvi assignatum isto habeat immo eodem cariorem integritas intrandum enim ipsa magna'),(12,'Section 2',350,1,'Audissem carum dixerit locupletat curiosorum dicat tertium quae probo nominis dantur acceperit amotio commendas unaque'),(13,'Section 3',350,2,'Citius egone censore effeminari noli velim physicum nobilitata industriae vincitur leves optimo amaverunt omittamus'),(14,'Section 4',350,3,'Duce disputare apti summa neglegatur mehercule afferat rhetorice privatio lectulis erigimur variari hi'),(15,'Section 5',350,4,'Ordiendum mundum dicturam autem eiciendum dat aiebat mutat dissimillimas secrevit contrariis iocans sex deesse dicturam');

--
-- Table structure for table `wp_4_learnpress_sessions`
--

CREATE TABLE `wp_4_learnpress_sessions` (
  `session_id` bigint NOT NULL AUTO_INCREMENT,
  `session_key` char(32) CHARACTER SET utf8mb4 COLLATE utf8mb4_unicode_ci NOT NULL,
  `session_value` longtext CHARACTER SET utf8mb4 COLLATE utf8mb4_unicode_ci NOT NULL,
  `session_expiry` bigint NOT NULL,
  PRIMARY KEY (`session_key`),
  UNIQUE KEY `session_id` (`session_id`)
) ENGINE=InnoDB AUTO_INCREMENT=242 DEFAULT CHARSET=utf8mb4 COLLATE=utf8mb4_unicode_ci;

--
-- Dumping data for table `wp_4_learnpress_sessions`
--

INSERT INTO `wp_4_learnpress_sessions` VALUES (241,'754a7232cbb9d9a315b6eeda82626d43','a:2:{s:13:\"guest_user_id\";i:1713997559;s:4:\"cart\";s:6:\"a:0:{}\";}',1714170062);

--
-- Table structure for table `wp_4_learnpress_user_item_results`
--

CREATE TABLE `wp_4_learnpress_user_item_results` (
  `id` bigint unsigned NOT NULL AUTO_INCREMENT,
  `user_item_id` bigint unsigned NOT NULL,
  `result` longtext CHARACTER SET utf8mb4 COLLATE utf8mb4_unicode_ci,
  PRIMARY KEY (`id`),
  KEY `user_item_id` (`user_item_id`)
) ENGINE=InnoDB DEFAULT CHARSET=utf8mb4 COLLATE=utf8mb4_unicode_ci;

--
-- Dumping data for table `wp_4_learnpress_user_item_results`
--


--
-- Table structure for table `wp_4_learnpress_user_itemmeta`
--

CREATE TABLE `wp_4_learnpress_user_itemmeta` (
  `meta_id` bigint unsigned NOT NULL AUTO_INCREMENT,
  `learnpress_user_item_id` bigint unsigned NOT NULL,
  `meta_key` varchar(255) CHARACTER SET utf8mb4 COLLATE utf8mb4_unicode_ci NOT NULL DEFAULT '',
  `meta_value` varchar(255) CHARACTER SET utf8mb4 COLLATE utf8mb4_unicode_ci DEFAULT NULL,
  `extra_value` longtext CHARACTER SET utf8mb4 COLLATE utf8mb4_unicode_ci,
  PRIMARY KEY (`meta_id`),
  KEY `learnpress_user_item_id` (`learnpress_user_item_id`),
  KEY `meta_key` (`meta_key`(190)),
  KEY `meta_value` (`meta_value`(190))
) ENGINE=InnoDB DEFAULT CHARSET=utf8mb4 COLLATE=utf8mb4_unicode_ci;

--
-- Dumping data for table `wp_4_learnpress_user_itemmeta`
--


--
-- Table structure for table `wp_4_learnpress_user_items`
--

CREATE TABLE `wp_4_learnpress_user_items` (
  `user_item_id` bigint unsigned NOT NULL AUTO_INCREMENT,
  `user_id` bigint unsigned NOT NULL DEFAULT '0',
  `item_id` bigint unsigned NOT NULL DEFAULT '0',
  `start_time` datetime DEFAULT NULL,
  `end_time` datetime DEFAULT NULL,
  `item_type` varchar(45) CHARACTER SET utf8mb4 COLLATE utf8mb4_unicode_ci NOT NULL DEFAULT '',
  `status` varchar(45) CHARACTER SET utf8mb4 COLLATE utf8mb4_unicode_ci NOT NULL DEFAULT '',
  `graduation` varchar(20) CHARACTER SET utf8mb4 COLLATE utf8mb4_unicode_ci DEFAULT NULL,
  `access_level` int NOT NULL DEFAULT '50',
  `ref_id` bigint unsigned NOT NULL DEFAULT '0',
  `ref_type` varchar(45) CHARACTER SET utf8mb4 COLLATE utf8mb4_unicode_ci DEFAULT '',
  `parent_id` bigint unsigned NOT NULL DEFAULT '0',
  PRIMARY KEY (`user_item_id`),
  KEY `parent_id` (`parent_id`),
  KEY `user_id` (`user_id`),
  KEY `item_id` (`item_id`),
  KEY `item_type` (`item_type`),
  KEY `ref_id` (`ref_id`),
  KEY `ref_type` (`ref_type`),
  KEY `status` (`status`)
) ENGINE=InnoDB AUTO_INCREMENT=3 DEFAULT CHARSET=utf8mb4 COLLATE=utf8mb4_unicode_ci;

--
-- Dumping data for table `wp_4_learnpress_user_items`
--

INSERT INTO `wp_4_learnpress_user_items` VALUES (1,1,350,'2022-04-25 12:24:54',NULL,'lp_course','enrolled','in-progress',50,527,'lp_order',0),(2,1,351,'2022-04-25 12:24:58',NULL,'lp_lesson','',NULL,50,350,'lp_course',1);

--
-- Table structure for table `wp_4_links`
--

CREATE TABLE `wp_4_links` (
  `link_id` bigint unsigned NOT NULL AUTO_INCREMENT,
  `link_url` varchar(255) CHARACTER SET utf8mb4 COLLATE utf8mb4_unicode_ci NOT NULL DEFAULT '',
  `link_name` varchar(255) CHARACTER SET utf8mb4 COLLATE utf8mb4_unicode_ci NOT NULL DEFAULT '',
  `link_image` varchar(255) CHARACTER SET utf8mb4 COLLATE utf8mb4_unicode_ci NOT NULL DEFAULT '',
  `link_target` varchar(25) CHARACTER SET utf8mb4 COLLATE utf8mb4_unicode_ci NOT NULL DEFAULT '',
  `link_description` varchar(255) CHARACTER SET utf8mb4 COLLATE utf8mb4_unicode_ci NOT NULL DEFAULT '',
  `link_visible` varchar(20) CHARACTER SET utf8mb4 COLLATE utf8mb4_unicode_ci NOT NULL DEFAULT 'Y',
  `link_owner` bigint unsigned NOT NULL DEFAULT '1',
  `link_rating` int NOT NULL DEFAULT '0',
  `link_updated` datetime NOT NULL DEFAULT '0000-00-00 00:00:00',
  `link_rel` varchar(255) CHARACTER SET utf8mb4 COLLATE utf8mb4_unicode_ci NOT NULL DEFAULT '',
  `link_notes` mediumtext CHARACTER SET utf8mb4 COLLATE utf8mb4_unicode_ci NOT NULL,
  `link_rss` varchar(255) CHARACTER SET utf8mb4 COLLATE utf8mb4_unicode_ci NOT NULL DEFAULT '',
  PRIMARY KEY (`link_id`),
  KEY `link_visible` (`link_visible`)
) ENGINE=InnoDB DEFAULT CHARSET=utf8mb4 COLLATE=utf8mb4_unicode_ci;

--
-- Dumping data for table `wp_4_links`
--


--
-- Table structure for table `wp_4_nf3_action_meta`
--

CREATE TABLE `wp_4_nf3_action_meta` (
  `id` int NOT NULL AUTO_INCREMENT,
  `parent_id` int NOT NULL,
  `key` longtext NOT NULL,
  `value` longtext,
  `meta_key` longtext,
  `meta_value` longtext,
  UNIQUE KEY `id` (`id`)
) ENGINE=InnoDB AUTO_INCREMENT=79 DEFAULT CHARSET=utf8mb4 COLLATE=utf8mb4_0900_ai_ci;

--
