-- Table structure for table `wp_6_revslider_css`
--

CREATE TABLE `wp_6_revslider_css` (
  `id` int NOT NULL AUTO_INCREMENT,
  `handle` text NOT NULL,
  `settings` longtext,
  `hover` longtext,
  `advanced` longtext,
  `params` longtext NOT NULL,
  PRIMARY KEY (`id`),
  KEY `handle_index` (`handle`(64))
) ENGINE=InnoDB AUTO_INCREMENT=110 DEFAULT CHARSET=latin1;

--
-- Dumping data for table `wp_6_revslider_css`
--

INSERT INTO `wp_6_revslider_css` VALUES (1,'.tp-caption.medium_grey','{\"translated\":5,\"type\":\"text\",\"version\":\"4\"}','null','{\"idle\":{\"position\":\"absolute\",\"text-shadow\":\"0px 2px 5px rgba(0, 0, 0, 0.5)\",\"white-space\":\"nowrap\"},\"hover\":\"\"}','{\"color\":\"#fff\",\"font-weight\":\"700\",\"font-size\":\"20px\",\"line-height\":\"20px\",\"font-family\":\"Arial\",\"padding\":\"2px 4px\",\"margin\":\"0px\",\"border-width\":\"0px\",\"border-style\":\"none\",\"background-color\":\"#888\"}'),(2,'.tp-caption.small_text','{\"translated\":5,\"type\":\"text\",\"version\":\"4\"}','null','{\"idle\":{\"position\":\"absolute\",\"text-shadow\":\"0px 2px 5px rgba(0, 0, 0, 0.5)\",\"white-space\":\"nowrap\"},\"hover\":\"\"}','{\"color\":\"#fff\",\"font-weight\":\"700\",\"font-size\":\"14px\",\"line-height\":\"20px\",\"font-family\":\"Arial\",\"margin\":\"0px\",\"border-width\":\"0px\",\"border-style\":\"none\"}'),(3,'.tp-caption.medium_text','{\"translated\":5,\"type\":\"text\",\"version\":\"4\"}','null','{\"idle\":{\"position\":\"absolute\",\"text-shadow\":\"0px 2px 5px rgba(0, 0, 0, 0.5)\",\"white-space\":\"nowrap\"},\"hover\":\"\"}','{\"color\":\"#fff\",\"font-weight\":\"700\",\"font-size\":\"20px\",\"line-height\":\"20px\",\"font-family\":\"Arial\",\"margin\":\"0px\",\"border-width\":\"0px\",\"border-style\":\"none\"}'),(4,'.tp-caption.large_text','{\"translated\":5,\"type\":\"text\",\"version\":\"4\"}','null','{\"idle\":{\"position\":\"absolute\",\"text-shadow\":\"0px 2px 5px rgba(0, 0, 0, 0.5)\",\"white-space\":\"nowrap\"},\"hover\":\"\"}','{\"color\":\"#fff\",\"font-weight\":\"700\",\"font-size\":\"40px\",\"line-height\":\"40px\",\"font-family\":\"Arial\",\"margin\":\"0px\",\"border-width\":\"0px\",\"border-style\":\"none\"}'),(5,'.tp-caption.very_large_text','{\"translated\":5,\"type\":\"text\",\"version\":\"4\"}','null','{\"idle\":{\"position\":\"absolute\",\"text-shadow\":\"0px 2px 5px rgba(0, 0, 0, 0.5)\",\"white-space\":\"nowrap\",\"letter-spacing\":\"-2px\"},\"hover\":\"\"}','{\"color\":\"#fff\",\"font-weight\":\"700\",\"font-size\":\"60px\",\"line-height\":\"60px\",\"font-family\":\"Arial\",\"margin\":\"0px\",\"border-width\":\"0px\",\"border-style\":\"none\"}'),(6,'.tp-caption.very_big_white','{\"translated\":5,\"type\":\"text\",\"version\":\"4\"}','null','{\"idle\":{\"position\":\"absolute\",\"text-shadow\":\"none\",\"white-space\":\"nowrap\",\"padding-top\":\"1px\"},\"hover\":\"\"}','{\"color\":\"#fff\",\"font-weight\":\"800\",\"font-size\":\"60px\",\"line-height\":\"60px\",\"font-family\":\"Arial\",\"margin\":\"0px\",\"border-width\":\"0px\",\"border-style\":\"none\",\"padding\":\"0px 4px\",\"background-color\":\"#000\"}'),(7,'.tp-caption.very_big_black','{\"translated\":5,\"type\":\"text\",\"version\":\"4\"}','null','{\"idle\":{\"position\":\"absolute\",\"text-shadow\":\"none\",\"white-space\":\"nowrap\",\"padding-top\":\"1px\"},\"hover\":\"\"}','{\"color\":\"#000\",\"font-weight\":\"700\",\"font-size\":\"60px\",\"line-height\":\"60px\",\"font-family\":\"Arial\",\"margin\":\"0px\",\"border-width\":\"0px\",\"border-style\":\"none\",\"padding\":\"0px 4px\",\"background-color\":\"#fff\"}'),(8,'.tp-caption.modern_medium_fat','{\"translated\":5,\"type\":\"text\",\"version\":\"4\"}','null','{\"idle\":{\"position\":\"absolute\",\"text-shadow\":\"none\",\"white-space\":\"nowrap\"},\"hover\":\"\"}','{\"color\":\"#000\",\"font-weight\":\"800\",\"font-size\":\"24px\",\"line-height\":\"20px\",\"font-family\":\"\\\"Open Sans\\\", sans-serif\",\"margin\":\"0px\",\"border-width\":\"0px\",\"border-style\":\"none\"}'),(9,'.tp-caption.modern_medium_fat_white','{\"translated\":5,\"type\":\"text\",\"version\":\"4\"}','null','{\"idle\":{\"position\":\"absolute\",\"text-shadow\":\"none\",\"white-space\":\"nowrap\"},\"hover\":\"\"}','{\"color\":\"#fff\",\"font-weight\":\"800\",\"font-size\":\"24px\",\"line-height\":\"20px\",\"font-family\":\"\\\"Open Sans\\\", sans-serif\",\"margin\":\"0px\",\"border-width\":\"0px\",\"border-style\":\"none\"}'),(10,'.tp-caption.modern_medium_light','{\"translated\":5,\"type\":\"text\",\"version\":\"4\"}','null','{\"idle\":{\"position\":\"absolute\",\"text-shadow\":\"none\",\"white-space\":\"nowrap\"},\"hover\":\"\"}','{\"color\":\"#000\",\"font-weight\":\"300\",\"font-size\":\"24px\",\"line-height\":\"20px\",\"font-family\":\"\\\"Open Sans\\\", sans-serif\",\"margin\":\"0px\",\"border-width\":\"0px\",\"border-style\":\"none\"}'),(11,'.tp-caption.modern_big_bluebg','{\"translated\":5,\"type\":\"text\",\"version\":\"4\"}','null','{\"idle\":{\"position\":\"absolute\",\"text-shadow\":\"none\",\"letter-spacing\":\"0\"},\"hover\":\"\"}','{\"color\":\"#fff\",\"font-weight\":\"800\",\"font-size\":\"30px\",\"line-height\":\"36px\",\"font-family\":\"\\\"Open Sans\\\", sans-serif\",\"padding\":\"3px 10px\",\"margin\":\"0px\",\"border-width\":\"0px\",\"border-style\":\"none\",\"background-color\":\"#4e5b6c\"}'),(12,'.tp-caption.modern_big_redbg','{\"translated\":5,\"type\":\"text\",\"version\":\"4\"}','null','{\"idle\":{\"position\":\"absolute\",\"text-shadow\":\"none\",\"padding-top\":\"1px\",\"letter-spacing\":\"0\"},\"hover\":\"\"}','{\"color\":\"#fff\",\"font-weight\":\"300\",\"font-size\":\"30px\",\"line-height\":\"36px\",\"font-family\":\"\\\"Open Sans\\\", sans-serif\",\"padding\":\"3px 10px\",\"margin\":\"0px\",\"border-width\":\"0px\",\"border-style\":\"none\",\"background-color\":\"#de543e\"}'),(13,'.tp-caption.modern_small_text_dark','{\"translated\":5,\"type\":\"text\",\"version\":\"4\"}','null','{\"idle\":{\"position\":\"absolute\",\"text-shadow\":\"none\",\"white-space\":\"nowrap\"},\"hover\":\"\"}','{\"color\":\"#555\",\"font-size\":\"14px\",\"line-height\":\"22px\",\"font-family\":\"Arial\",\"margin\":\"0px\",\"border-width\":\"0px\",\"border-style\":\"none\"}'),(14,'.tp-caption.boxshadow','{\"translated\":5,\"type\":\"text\",\"version\":\"4\"}','null','{\"idle\":{\"-moz-box-shadow\":\"0px 0px 20px rgba(0, 0, 0, 0.5)\",\"-webkit-box-shadow\":\"0px 0px 20px rgba(0, 0, 0, 0.5)\",\"box-shadow\":\"0px 0px 20px rgba(0, 0, 0, 0.5)\"},\"hover\":\"\"}','[]'),(15,'.tp-caption.black','{\"translated\":5,\"type\":\"text\",\"version\":\"4\"}','null','{\"idle\":{\"text-shadow\":\"none\"},\"hover\":\"\"}','{\"color\":\"#000\"}'),(16,'.tp-caption.noshadow','{\"translated\":5,\"type\":\"text\",\"version\":\"4\"}','null','{\"idle\":{\"text-shadow\":\"none\"},\"hover\":\"\"}','[]'),(17,'.tp-caption.thinheadline_dark','{\"translated\":5,\"type\":\"text\",\"version\":\"4\"}','null','{\"idle\":{\"position\":\"absolute\",\"text-shadow\":\"none\"},\"hover\":\"\"}','{\"color\":\"rgba(0,0,0,0.85)\",\"font-weight\":\"300\",\"font-size\":\"30px\",\"line-height\":\"30px\",\"font-family\":\"\\\"Open Sans\\\"\",\"background-color\":\"transparent\"}'),(18,'.tp-caption.thintext_dark','{\"translated\":5,\"type\":\"text\",\"version\":\"4\"}','null','{\"idle\":{\"position\":\"absolute\",\"text-shadow\":\"none\"},\"hover\":\"\"}','{\"color\":\"rgba(0,0,0,0.85)\",\"font-weight\":\"300\",\"font-size\":\"16px\",\"line-height\":\"26px\",\"font-family\":\"\\\"Open Sans\\\"\",\"background-color\":\"transparent\"}'),(19,'.tp-caption.largeblackbg','{\"translated\":5,\"type\":\"text\",\"version\":\"4\"}','null','{\"idle\":{\"position\":\"absolute\",\"text-shadow\":\"none\",\"-webkit-border-radius\":\"0px\",\"-moz-border-radius\":\"0px\"},\"hover\":\"\"}','{\"color\":\"#fff\",\"font-weight\":\"300\",\"font-size\":\"50px\",\"line-height\":\"70px\",\"font-family\":\"\\\"Open Sans\\\"\",\"background-color\":\"#000\",\"padding\":\"0px 20px\",\"border-radius\":\"0px\"}'),(20,'.tp-caption.largepinkbg','{\"translated\":5,\"type\":\"text\",\"version\":\"4\"}','null','{\"idle\":{\"position\":\"absolute\",\"text-shadow\":\"none\",\"-webkit-border-radius\":\"0px\",\"-moz-border-radius\":\"0px\"},\"hover\":\"\"}','{\"color\":\"#fff\",\"font-weight\":\"300\",\"font-size\":\"50px\",\"line-height\":\"70px\",\"font-family\":\"\\\"Open Sans\\\"\",\"background-color\":\"#db4360\",\"padding\":\"0px 20px\",\"border-radius\":\"0px\"}'),(21,'.tp-caption.largewhitebg','{\"translated\":5,\"type\":\"text\",\"version\":\"4\"}','null','{\"idle\":{\"position\":\"absolute\",\"text-shadow\":\"none\",\"-webkit-border-radius\":\"0px\",\"-moz-border-radius\":\"0px\"},\"hover\":\"\"}','{\"color\":\"#000\",\"font-weight\":\"300\",\"font-size\":\"50px\",\"line-height\":\"70px\",\"font-family\":\"\\\"Open Sans\\\"\",\"background-color\":\"#fff\",\"padding\":\"0px 20px\",\"border-radius\":\"0px\"}'),(22,'.tp-caption.largegreenbg','{\"translated\":5,\"type\":\"text\",\"version\":\"4\"}','null','{\"idle\":{\"position\":\"absolute\",\"text-shadow\":\"none\",\"-webkit-border-radius\":\"0px\",\"-moz-border-radius\":\"0px\"},\"hover\":\"\"}','{\"color\":\"#fff\",\"font-weight\":\"300\",\"font-size\":\"50px\",\"line-height\":\"70px\",\"font-family\":\"\\\"Open Sans\\\"\",\"background-color\":\"#67ae73\",\"padding\":\"0px 20px\",\"border-radius\":\"0px\"}'),(23,'.tp-caption.excerpt','{\"translated\":5,\"type\":\"text\",\"version\":\"4\"}','null','{\"idle\":{\"text-shadow\":\"none\",\"letter-spacing\":\"-1.5px\",\"width\":\"150px\",\"white-space\":\"normal !important\",\"height\":\"auto\"},\"hover\":\"\"}','{\"font-size\":\"36px\",\"line-height\":\"36px\",\"font-weight\":\"700\",\"font-family\":\"Arial\",\"color\":\"#ffffff\",\"text-decoration\":\"none\",\"background-color\":\"rgba(0, 0, 0, 1)\",\"margin\":\"0px\",\"padding\":\"1px 4px 0px 4px\",\"border-width\":\"0px\",\"border-color\":\"rgb(255, 255, 255)\",\"border-style\":\"none\"}'),(24,'.tp-caption.large_bold_grey','{\"translated\":5,\"type\":\"text\",\"version\":\"4\"}','null','{\"idle\":{\"text-shadow\":\"none\"},\"hover\":\"\"}','{\"font-size\":\"60px\",\"line-height\":\"60px\",\"font-weight\":\"800\",\"font-family\":\"\\\"Open Sans\\\"\",\"color\":\"rgb(102, 102, 102)\",\"text-decoration\":\"none\",\"background-color\":\"transparent\",\"margin\":\"0px\",\"padding\":\"1px 4px 0px\",\"border-width\":\"0px\",\"border-color\":\"rgb(255, 214, 88)\",\"border-style\":\"none\"}'),(25,'.tp-caption.medium_thin_grey','{\"translated\":5,\"type\":\"text\",\"version\":\"4\"}','null','{\"idle\":{\"text-shadow\":\"none\"},\"hover\":\"\"}','{\"font-size\":\"34px\",\"line-height\":\"30px\",\"font-weight\":\"300\",\"font-family\":\"\\\"Open Sans\\\"\",\"color\":\"rgb(102, 102, 102)\",\"text-decoration\":\"none\",\"background-color\":\"transparent\",\"padding\":\"1px 4px 0px\",\"margin\":\"0px\",\"border-width\":\"0px\",\"border-color\":\"rgb(255, 214, 88)\",\"border-style\":\"none\"}'),(26,'.tp-caption.small_thin_grey','{\"translated\":5,\"type\":\"text\",\"version\":\"4\"}','null','{\"idle\":{\"text-shadow\":\"none\"},\"hover\":\"\"}','{\"font-size\":\"18px\",\"line-height\":\"26px\",\"font-weight\":\"300\",\"font-family\":\"\\\"Open Sans\\\"\",\"color\":\"rgb(117, 117, 117)\",\"text-decoration\":\"none\",\"background-color\":\"transparent\",\"padding\":\"1px 4px 0px\",\"margin\":\"0px\",\"border-width\":\"0px\",\"border-color\":\"rgb(255, 214, 88)\",\"border-style\":\"none\"}'),(27,'.tp-caption.lightgrey_divider','{\"translated\":5,\"type\":\"text\",\"version\":\"4\"}','null','{\"idle\":{\"width\":\"370px\",\"height\":\"3px\",\"background-position\":\"initial initial\",\"background-repeat\":\"initial initial\"},\"hover\":\"\"}','{\"text-decoration\":\"none\",\"background-color\":\"rgba(235, 235, 235, 1)\",\"border-width\":\"0px\",\"border-color\":\"rgb(34, 34, 34)\",\"border-style\":\"none\"}'),(28,'.tp-caption.large_bold_darkblue','{\"translated\":5,\"type\":\"text\",\"version\":\"4\"}','null','{\"idle\":[],\"hover\":\"\"}','{\"font-size\":\"58px\",\"line-height\":\"60px\",\"font-weight\":\"800\",\"font-family\":\"\\\"Open Sans\\\"\",\"color\":\"rgb(52, 73, 94)\",\"text-decoration\":\"none\",\"background-color\":\"transparent\",\"border-width\":\"0px\",\"border-color\":\"rgb(255, 214, 88)\",\"border-style\":\"none\"}'),(29,'.tp-caption.medium_bg_darkblue','{\"translated\":5,\"type\":\"text\",\"version\":\"4\"}','null','{\"idle\":[],\"hover\":\"\"}','{\"font-size\":\"20px\",\"line-height\":\"20px\",\"font-weight\":\"800\",\"font-family\":\"\\\"Open Sans\\\"\",\"color\":\"rgb(255, 255, 255)\",\"text-decoration\":\"none\",\"background-color\":\"rgb(52, 73, 94)\",\"padding\":\"10px\",\"border-width\":\"0px\",\"border-color\":\"rgb(255, 214, 88)\",\"border-style\":\"none\"}'),(30,'.tp-caption.medium_bold_red','{\"translated\":5,\"type\":\"text\",\"version\":\"4\"}','null','{\"idle\":[],\"hover\":\"\"}','{\"font-size\":\"24px\",\"line-height\":\"30px\",\"font-weight\":\"800\",\"font-family\":\"\\\"Open Sans\\\"\",\"color\":\"rgb(227, 58, 12)\",\"text-decoration\":\"none\",\"background-color\":\"transparent\",\"padding\":\"0px\",\"border-width\":\"0px\",\"border-color\":\"rgb(255, 214, 88)\",\"border-style\":\"none\"}'),(31,'.tp-caption.medium_light_red','{\"translated\":5,\"type\":\"text\",\"version\":\"4\"}','null','{\"idle\":[],\"hover\":\"\"}','{\"font-size\":\"21px\",\"line-height\":\"26px\",\"font-weight\":\"300\",\"font-family\":\"\\\"Open Sans\\\"\",\"color\":\"rgb(227, 58, 12)\",\"text-decoration\":\"none\",\"background-color\":\"transparent\",\"padding\":\"0px\",\"border-width\":\"0px\",\"border-color\":\"rgb(255, 214, 88)\",\"border-style\":\"none\"}'),(32,'.tp-caption.medium_bg_red','{\"translated\":5,\"type\":\"text\",\"version\":\"4\"}','null','{\"idle\":[],\"hover\":\"\"}','{\"font-size\":\"20px\",\"line-height\":\"20px\",\"font-weight\":\"800\",\"font-family\":\"\\\"Open Sans\\\"\",\"color\":\"rgb(255, 255, 255)\",\"text-decoration\":\"none\",\"background-color\":\"rgb(227, 58, 12)\",\"padding\":\"10px\",\"border-width\":\"0px\",\"border-color\":\"rgb(255, 214, 88)\",\"border-style\":\"none\"}'),(33,'.tp-caption.medium_bold_orange','{\"translated\":5,\"type\":\"text\",\"version\":\"4\"}','null','{\"idle\":[],\"hover\":\"\"}','{\"font-size\":\"24px\",\"line-height\":\"30px\",\"font-weight\":\"800\",\"font-family\":\"\\\"Open Sans\\\"\",\"color\":\"rgb(243, 156, 18)\",\"text-decoration\":\"none\",\"background-color\":\"transparent\",\"border-width\":\"0px\",\"border-color\":\"rgb(255, 214, 88)\",\"border-style\":\"none\"}'),(34,'.tp-caption.medium_bg_orange','{\"translated\":5,\"type\":\"text\",\"version\":\"4\"}','null','{\"idle\":[],\"hover\":\"\"}','{\"font-size\":\"20px\",\"line-height\":\"20px\",\"font-weight\":\"800\",\"font-family\":\"\\\"Open Sans\\\"\",\"color\":\"rgb(255, 255, 255)\",\"text-decoration\":\"none\",\"background-color\":\"rgb(243, 156, 18)\",\"padding\":\"10px\",\"border-width\":\"0px\",\"border-color\":\"rgb(255, 214, 88)\",\"border-style\":\"none\"}'),(35,'.tp-caption.grassfloor','{\"translated\":5,\"type\":\"text\",\"version\":\"4\"}','null','{\"idle\":{\"width\":\"4000px\",\"height\":\"150px\"},\"hover\":\"\"}','{\"text-decoration\":\"none\",\"background-color\":\"rgba(160, 179, 151, 1)\",\"border-width\":\"0px\",\"border-color\":\"rgb(34, 34, 34)\",\"border-style\":\"none\"}'),(36,'.tp-caption.large_bold_white','{\"translated\":5,\"type\":\"text\",\"version\":\"4\"}','null','{\"idle\":[],\"hover\":\"\"}','{\"font-size\":\"58px\",\"line-height\":\"60px\",\"font-weight\":\"800\",\"font-family\":\"\\\"Open Sans\\\"\",\"color\":\"rgb(255, 255, 255)\",\"text-decoration\":\"none\",\"background-color\":\"transparent\",\"border-width\":\"0px\",\"border-color\":\"rgb(255, 214, 88)\",\"border-style\":\"none\"}'),(37,'.tp-caption.medium_light_white','{\"translated\":5,\"type\":\"text\",\"version\":\"4\"}','null','{\"idle\":[],\"hover\":\"\"}','{\"font-size\":\"30px\",\"line-height\":\"36px\",\"font-weight\":\"300\",\"font-family\":\"\\\"Open Sans\\\"\",\"color\":\"rgb(255, 255, 255)\",\"text-decoration\":\"none\",\"background-color\":\"transparent\",\"padding\":\"0px\",\"border-width\":\"0px\",\"border-color\":\"rgb(255, 214, 88)\",\"border-style\":\"none\"}'),(38,'.tp-caption.mediumlarge_light_white','{\"translated\":5,\"type\":\"text\",\"version\":\"4\"}','null','{\"idle\":[],\"hover\":\"\"}','{\"font-size\":\"34px\",\"line-height\":\"40px\",\"font-weight\":\"300\",\"font-family\":\"\\\"Open Sans\\\"\",\"color\":\"rgb(255, 255, 255)\",\"text-decoration\":\"none\",\"background-color\":\"transparent\",\"padding\":\"0px\",\"border-width\":\"0px\",\"border-color\":\"rgb(255, 214, 88)\",\"border-style\":\"none\"}'),(39,'.tp-caption.mediumlarge_light_white_center','{\"translated\":5,\"type\":\"text\",\"version\":\"4\"}','null','{\"idle\":[],\"hover\":\"\"}','{\"font-size\":\"34px\",\"line-height\":\"40px\",\"font-weight\":\"300\",\"font-family\":\"\\\"Open Sans\\\"\",\"color\":\"#ffffff\",\"text-decoration\":\"none\",\"background-color\":\"transparent\",\"padding\":\"0px 0px 0px 0px\",\"text-align\":\"center\",\"border-width\":\"0px\",\"border-color\":\"rgb(255, 214, 88)\",\"border-style\":\"none\"}'),(40,'.tp-caption.medium_bg_asbestos','{\"translated\":5,\"type\":\"text\",\"version\":\"4\"}','null','{\"idle\":[],\"hover\":\"\"}','{\"font-size\":\"20px\",\"line-height\":\"20px\",\"font-weight\":\"800\",\"font-family\":\"\\\"Open Sans\\\"\",\"color\":\"rgb(255, 255, 255)\",\"text-decoration\":\"none\",\"background-color\":\"rgb(127, 140, 141)\",\"padding\":\"10px\",\"border-width\":\"0px\",\"border-color\":\"rgb(255, 214, 88)\",\"border-style\":\"none\"}'),(41,'.tp-caption.medium_light_black','{\"translated\":5,\"type\":\"text\",\"version\":\"4\"}','null','{\"idle\":[],\"hover\":\"\"}','{\"font-size\":\"30px\",\"line-height\":\"36px\",\"font-weight\":\"300\",\"font-family\":\"\\\"Open Sans\\\"\",\"color\":\"rgb(0, 0, 0)\",\"text-decoration\":\"none\",\"background-color\":\"transparent\",\"padding\":\"0px\",\"border-width\":\"0px\",\"border-color\":\"rgb(255, 214, 88)\",\"border-style\":\"none\"}'),(42,'.tp-caption.large_bold_black','{\"translated\":5,\"type\":\"text\",\"version\":\"4\"}','null','{\"idle\":[],\"hover\":\"\"}','{\"font-size\":\"58px\",\"line-height\":\"60px\",\"font-weight\":\"800\",\"font-family\":\"\\\"Open Sans\\\"\",\"color\":\"rgb(0, 0, 0)\",\"text-decoration\":\"none\",\"background-color\":\"transparent\",\"border-width\":\"0px\",\"border-color\":\"rgb(255, 214, 88)\",\"border-style\":\"none\"}'),(43,'.tp-caption.mediumlarge_light_darkblue','{\"translated\":5,\"type\":\"text\",\"version\":\"4\"}','null','{\"idle\":[],\"hover\":\"\"}','{\"font-size\":\"34px\",\"line-height\":\"40px\",\"font-weight\":\"300\",\"font-family\":\"\\\"Open Sans\\\"\",\"color\":\"rgb(52, 73, 94)\",\"text-decoration\":\"none\",\"background-color\":\"transparent\",\"padding\":\"0px\",\"border-width\":\"0px\",\"border-color\":\"rgb(255, 214, 88)\",\"border-style\":\"none\"}'),(44,'.tp-caption.small_light_white','{\"translated\":5,\"type\":\"text\",\"version\":\"4\"}','null','{\"idle\":[],\"hover\":\"\"}','{\"font-size\":\"17px\",\"line-height\":\"28px\",\"font-weight\":\"300\",\"font-family\":\"\\\"Open Sans\\\"\",\"color\":\"rgb(255, 255, 255)\",\"text-decoration\":\"none\",\"background-color\":\"transparent\",\"padding\":\"0px\",\"border-width\":\"0px\",\"border-color\":\"rgb(255, 214, 88)\",\"border-style\":\"none\"}'),(45,'.tp-caption.roundedimage','{\"translated\":5,\"type\":\"text\",\"version\":\"4\"}','null','{\"idle\":[],\"hover\":\"\"}','{\"border-width\":\"0px\",\"border-color\":\"rgb(34, 34, 34)\",\"border-style\":\"none\"}'),(46,'.tp-caption.large_bg_black','{\"translated\":5,\"type\":\"text\",\"version\":\"4\"}','null','{\"idle\":[],\"hover\":\"\"}','{\"font-size\":\"40px\",\"line-height\":\"40px\",\"font-weight\":\"800\",\"font-family\":\"\\\"Open Sans\\\"\",\"color\":\"rgb(255, 255, 255)\",\"text-decoration\":\"none\",\"background-color\":\"rgb(0, 0, 0)\",\"padding\":\"10px 20px 15px\",\"border-width\":\"0px\",\"border-color\":\"rgb(255, 214, 88)\",\"border-style\":\"none\"}'),(47,'.tp-caption.mediumwhitebg','{\"translated\":5,\"type\":\"text\",\"version\":\"4\"}','null','{\"idle\":{\"text-shadow\":\"none\"},\"hover\":\"\"}','{\"font-size\":\"30px\",\"line-height\":\"30px\",\"font-weight\":\"300\",\"font-family\":\"\\\"Open Sans\\\"\",\"color\":\"rgb(0, 0, 0)\",\"text-decoration\":\"none\",\"background-color\":\"rgb(255, 255, 255)\",\"padding\":\"5px 15px 10px\",\"border-width\":\"0px\",\"border-color\":\"rgb(0, 0, 0)\",\"border-style\":\"none\"}'),(48,'.tp-caption.MarkerDisplay','{\"translated\":5,\"type\":\"text\",\"version\":\"5.0\"}','{\"color\":\"#ff0000\",\"text-decoration\":\"none\",\"background-color\":\"transparent\",\"background-transparency\":\"1\",\"border-color\":\"transparent\",\"border-style\":\"none\",\"border-width\":\"0\",\"border-radius\":[\"0px\",\"0px\",\"0px\",\"0px\"],\"skewx\":\"0\",\"skewy\":\"0\",\"scalex\":\"1\",\"scaley\":\"1\",\"opacity\":\"1\",\"xrotate\":\"0\",\"yrotate\":\"0\",\"2d_rotation\":\"0\"}','{\"idle\":{\"text-shadow\":\"none\"},\"hover\":\"\"}','{\"font-style\":\"normal\",\"font-family\":\"Permanent Marker\",\"padding\":\"0px 0px 0px 0px\",\"text-decoration\":\"none\",\"background-color\":\"transparent\",\"background-transparency\":\"1\",\"border-color\":\"#000000\",\"border-style\":\"none\",\"border-width\":\"0px\",\"border-radius\":\"0px 0px 0px 0px\",\"z\":\"0\",\"skewx\":\"0\",\"skewy\":\"0\",\"scalex\":\"1\",\"scaley\":\"1\",\"opacity\":\"1\",\"xrotate\":\"0\",\"yrotate\":\"0\",\"2d_rotation\":\"0\",\"2d_origin_x\":\"50\",\"2d_origin_y\":\"50\",\"pers\":\"600\"}'),(49,'.tp-caption.Restaurant-Display','{\"hover\":\"false\",\"version\":\"5.0\",\"translated\":\"5\"}','{\"color\":\"#ffffff\",\"text-decoration\":\"none\",\"background-color\":\"transparent\",\"background-transparency\":\"0\",\"border-color\":\"transparent\",\"border-style\":\"none\",\"border-width\":\"0\",\"border-radius\":[\"0\",\"0\",\"0\",\"0\"],\"skewx\":\"0\",\"skewy\":\"0\",\"scalex\":\"1\",\"scaley\":\"1\",\"opacity\":\"1\",\"xrotate\":\"0\",\"yrotate\":\"0\",\"2d_rotation\":\"0\"}','{\"idle\":\"\",\"hover\":\"\"}','{\"color\":\"#ffffff\",\"font-size\":\"120px\",\"line-height\":\"120px\",\"font-weight\":\"700\",\"font-style\":\"normal\",\"font-family\":\"Roboto\",\"padding\":[\"0\",\"0\",\"0\",\"0\"],\"text-decoration\":\"none\",\"background-color\":\"transparent\",\"background-transparency\":\"1\",\"border-color\":\"transparent\",\"border-style\":\"none\",\"border-width\":\"0\",\"border-radius\":[\"0\",\"0\",\"0\",\"0\"],\"z\":\"0\",\"skewx\":\"0\",\"skewy\":\"0\",\"scalex\":\"1\",\"scaley\":\"1\",\"opacity\":\"1\",\"xrotate\":\"0\",\"yrotate\":\"0\",\"2d_rotation\":\"0\",\"2d_origin_x\":\"50\",\"2d_origin_y\":\"50\",\"pers\":\"600\"}'),(50,'.tp-caption.Restaurant-Cursive','{\"hover\":\"false\",\"version\":\"5.0\",\"translated\":\"5\"}','{\"color\":\"#ffffff\",\"text-decoration\":\"none\",\"background-color\":\"transparent\",\"background-transparency\":\"0\",\"border-color\":\"transparent\",\"border-style\":\"none\",\"border-width\":\"0\",\"border-radius\":[\"0\",\"0\",\"0\",\"0\"],\"skewx\":\"0\",\"skewy\":\"0\",\"scalex\":\"1\",\"scaley\":\"1\",\"opacity\":\"1\",\"xrotate\":\"0\",\"yrotate\":\"0\",\"2d_rotation\":\"0\"}','{\"idle\":{\"letter-spacing\":\"2px\"},\"hover\":\"\"}','{\"color\":\"#ffffff\",\"font-size\":\"30px\",\"line-height\":\"30px\",\"font-weight\":\"400\",\"font-style\":\"normal\",\"font-family\":\"Nothing you could do\",\"padding\":[\"0\",\"0\",\"0\",\"0\"],\"text-decoration\":\"none\",\"background-color\":\"transparent\",\"background-transparency\":\"1\",\"border-color\":\"transparent\",\"border-style\":\"none\",\"border-width\":\"0\",\"border-radius\":[\"0\",\"0\",\"0\",\"0\"],\"z\":\"0\",\"skewx\":\"0\",\"skewy\":\"0\",\"scalex\":\"1\",\"scaley\":\"1\",\"opacity\":\"1\",\"xrotate\":\"0\",\"yrotate\":\"0\",\"2d_rotation\":\"0\",\"2d_origin_x\":\"50\",\"2d_origin_y\":\"50\",\"pers\":\"600\"}'),(51,'.tp-caption.Restaurant-ScrollDownText','{\"hover\":\"false\",\"version\":\"5.0\",\"translated\":\"5\"}','{\"color\":\"#ffffff\",\"text-decoration\":\"none\",\"background-color\":\"transparent\",\"background-transparency\":\"0\",\"border-color\":\"transparent\",\"border-style\":\"none\",\"border-width\":\"0\",\"border-radius\":[\"0\",\"0\",\"0\",\"0\"],\"skewx\":\"0\",\"skewy\":\"0\",\"scalex\":\"1\",\"scaley\":\"1\",\"opacity\":\"1\",\"xrotate\":\"0\",\"yrotate\":\"0\",\"2d_rotation\":\"0\"}','{\"idle\":{\"letter-spacing\":\"2px\"},\"hover\":\"\"}','{\"color\":\"#ffffff\",\"font-size\":\"17px\",\"line-height\":\"17px\",\"font-weight\":\"400\",\"font-style\":\"normal\",\"font-family\":\"Roboto\",\"padding\":[\"0\",\"0\",\"0\",\"0\"],\"text-decoration\":\"none\",\"background-color\":\"transparent\",\"background-transparency\":\"1\",\"border-color\":\"transparent\",\"border-style\":\"none\",\"border-width\":\"0\",\"border-radius\":[\"0\",\"0\",\"0\",\"0\"],\"z\":\"0\",\"skewx\":\"0\",\"skewy\":\"0\",\"scalex\":\"1\",\"scaley\":\"1\",\"opacity\":\"1\",\"xrotate\":\"0\",\"yrotate\":\"0\",\"2d_rotation\":\"0\",\"2d_origin_x\":\"50\",\"2d_origin_y\":\"50\",\"pers\":\"600\"}'),(52,'.tp-caption.Restaurant-Description','{\"hover\":\"false\",\"version\":\"5.0\",\"translated\":\"5\"}','{\"color\":\"#ffffff\",\"text-decoration\":\"none\",\"background-color\":\"transparent\",\"background-transparency\":\"0\",\"border-color\":\"transparent\",\"border-style\":\"none\",\"border-width\":\"0\",\"border-radius\":[\"0\",\"0\",\"0\",\"0\"],\"skewx\":\"0\",\"skewy\":\"0\",\"scalex\":\"1\",\"scaley\":\"1\",\"opacity\":\"1\",\"xrotate\":\"0\",\"yrotate\":\"0\",\"2d_rotation\":\"0\"}','{\"idle\":{\"letter-spacing\":\"3px\"},\"hover\":\"\"}','{\"color\":\"#ffffff\",\"font-size\":\"20px\",\"line-height\":\"30px\",\"font-weight\":\"300\",\"font-style\":\"normal\",\"font-family\":\"Roboto\",\"padding\":[\"0\",\"0\",\"0\",\"0\"],\"text-decoration\":\"none\",\"background-color\":\"transparent\",\"background-transparency\":\"1\",\"border-color\":\"transparent\",\"border-style\":\"none\",\"border-width\":\"0\",\"border-radius\":[\"0\",\"0\",\"0\",\"0\"],\"z\":\"0\",\"skewx\":\"0\",\"skewy\":\"0\",\"scalex\":\"1\",\"scaley\":\"1\",\"opacity\":\"1\",\"xrotate\":\"0\",\"yrotate\":\"0\",\"2d_rotation\":\"0\",\"2d_origin_x\":\"50\",\"2d_origin_y\":\"50\",\"pers\":\"600\"}'),(53,'.tp-caption.Restaurant-Price','{\"hover\":\"false\",\"version\":\"5.0\",\"translated\":\"5\"}','{\"color\":\"#ffffff\",\"text-decoration\":\"none\",\"background-color\":\"transparent\",\"background-transparency\":\"0\",\"border-color\":\"transparent\",\"border-style\":\"none\",\"border-width\":\"0\",\"border-radius\":[\"0\",\"0\",\"0\",\"0\"],\"skewx\":\"0\",\"skewy\":\"0\",\"scalex\":\"1\",\"scaley\":\"1\",\"opacity\":\"1\",\"xrotate\":\"0\",\"yrotate\":\"0\",\"2d_rotation\":\"0\"}','{\"idle\":{\"letter-spacing\":\"3px\"},\"hover\":\"\"}','{\"color\":\"#ffffff\",\"font-size\":\"30px\",\"line-height\":\"30px\",\"font-weight\":\"300\",\"font-style\":\"normal\",\"font-family\":\"Roboto\",\"padding\":[\"0\",\"0\",\"0\",\"0\"],\"text-decoration\":\"none\",\"background-color\":\"transparent\",\"background-transparency\":\"1\",\"border-color\":\"transparent\",\"border-style\":\"none\",\"border-width\":\"0\",\"border-radius\":[\"0\",\"0\",\"0\",\"0\"],\"z\":\"0\",\"skewx\":\"0\",\"skewy\":\"0\",\"scalex\":\"1\",\"scaley\":\"1\",\"opacity\":\"1\",\"xrotate\":\"0\",\"yrotate\":\"0\",\"2d_rotation\":\"0\",\"2d_origin_x\":\"50\",\"2d_origin_y\":\"50\",\"pers\":\"600\"}'),(54,'.tp-caption.Restaurant-Menuitem','{\"hover\":\"false\",\"type\":\"text\",\"version\":\"5.0\",\"translated\":\"5\"}','{\"color\":\"#000000\",\"color-transparency\":\"1\",\"text-decoration\":\"none\",\"background-color\":\"#ffffff\",\"background-transparency\":\"1\",\"border-color\":\"transparent\",\"border-transparency\":\"1\",\"border-style\":\"none\",\"border-width\":\"0\",\"border-radius\":[\"0\",\"0\",\"0\",\"0\"],\"opacity\":\"1\",\"scalex\":\"1\",\"scaley\":\"1\",\"skewx\":\"0\",\"skewy\":\"0\",\"xrotate\":\"0\",\"yrotate\":\"0\",\"2d_rotation\":\"0\",\"pointer_events\":\"auto\",\"css_cursor\":\"pointer\",\"speed\":\"500\",\"easing\":\"power2.inOut\"}','{\"idle\":{\"letter-spacing\":\"2px\"},\"hover\":\"\"}','{\"color\":\"#ffffff\",\"color-transparency\":\"1\",\"font-size\":\"17px\",\"line-height\":\"17px\",\"font-weight\":\"400\",\"font-style\":\"normal\",\"font-family\":\"Roboto\",\"padding\":[\"10px\",\"30px\",\"10px\",\"30px\"],\"text-decoration\":\"none\",\"text-align\":\"left\",\"background-color\":\"#000000\",\"background-transparency\":\"1\",\"border-color\":\"transparent\",\"border-transparency\":\"1\",\"border-style\":\"none\",\"border-width\":\"0\",\"border-radius\":[\"0\",\"0\",\"0\",\"0\"],\"z\":\"0\",\"skewx\":\"0\",\"skewy\":\"0\",\"scalex\":\"1\",\"scaley\":\"1\",\"opacity\":\"1\",\"xrotate\":\"0\",\"yrotate\":\"0\",\"2d_rotation\":\"0\",\"2d_origin_x\":\"50\",\"2d_origin_y\":\"50\",\"pers\":\"600\",\"corner_left\":\"nothing\",\"corner_right\":\"nothing\",\"parallax\":\"-\"}'),(55,'.tp-caption.Furniture-LogoText','{\"hover\":\"false\",\"version\":\"5.0\",\"translated\":\"5\"}','{\"color\":\"#ffffff\",\"color-transparency\":\"1\",\"text-decoration\":\"none\",\"background-color\":\"transparent\",\"background-transparency\":\"0\",\"border-color\":\"transparent\",\"border-transparency\":\"1\",\"border-style\":\"none\",\"border-width\":\"0\",\"border-radius\":[\"0\",\"0\",\"0\",\"0\"],\"opacity\":\"1\",\"scalex\":\"1\",\"scaley\":\"1\",\"skewx\":\"0\",\"skewy\":\"0\",\"xrotate\":\"0\",\"yrotate\":\"0\",\"2d_rotation\":\"0\",\"speed\":\"0\",\"easing\":\"none\"}','{\"idle\":{\"text-shadow\":\"none\"},\"hover\":\"\"}','{\"color\":\"#e6cfa3\",\"color-transparency\":\"1\",\"font-size\":\"160px\",\"line-height\":\"150px\",\"font-weight\":\"300\",\"font-style\":\"normal\",\"font-family\":\"\\\"Raleway\\\"\",\"padding\":[\"0\",\"0\",\"0\",\"0\"],\"text-decoration\":\"none\",\"background-color\":\"transparent\",\"background-transparency\":\"1\",\"border-color\":\"transparent\",\"border-transparency\":\"1\",\"border-style\":\"none\",\"border-width\":\"0\",\"border-radius\":[\"0\",\"0\",\"0\",\"0\"],\"z\":\"0\",\"skewx\":\"0\",\"skewy\":\"0\",\"scalex\":\"1\",\"scaley\":\"1\",\"opacity\":\"1\",\"xrotate\":\"0\",\"yrotate\":\"0\",\"2d_rotation\":\"0\",\"2d_origin_x\":\"50\",\"2d_origin_y\":\"50\",\"pers\":\"600\"}'),(56,'.tp-caption.Furniture-Plus','{\"hover\":\"false\",\"version\":\"5.0\",\"translated\":\"5\"}','{\"color\":\"#ffffff\",\"color-transparency\":\"1\",\"text-decoration\":\"none\",\"background-color\":\"#000000\",\"background-transparency\":\"1\",\"border-color\":\"transparent\",\"border-transparency\":\"1\",\"border-style\":\"none\",\"border-width\":\"0\",\"border-radius\":[\"30px\",\"30px\",\"30px\",\"30px\"],\"opacity\":\"1\",\"scalex\":\"1\",\"scaley\":\"1\",\"skewx\":\"0\",\"skewy\":\"0\",\"xrotate\":\"0\",\"yrotate\":\"0\",\"2d_rotation\":\"0\",\"speed\":\"0.5\",\"easing\":\"none\"}','{\"idle\":{\"text-shadow\":\"none\",\"box-shadow\":\"rgba(0,0,0,0.1) 0 1px 3px\"},\"hover\":\"\"}','{\"color\":\"#e6cfa3\",\"color-transparency\":\"1\",\"font-size\":\"20\",\"line-height\":\"20px\",\"font-weight\":\"400\",\"font-style\":\"normal\",\"font-family\":\"\\\"Raleway\\\"\",\"padding\":[\"6px\",\"7px\",\"4px\",\"7px\"],\"text-decoration\":\"none\",\"background-color\":\"#ffffff\",\"background-transparency\":\"1\",\"border-color\":\"transparent\",\"border-transparency\":\"1\",\"border-style\":\"none\",\"border-width\":\"0\",\"border-radius\":[\"30px\",\"30px\",\"30px\",\"30px\"],\"z\":\"0\",\"skewx\":\"0\",\"skewy\":\"0\",\"scalex\":\"1\",\"scaley\":\"1\",\"opacity\":\"1\",\"xrotate\":\"0\",\"yrotate\":\"0\",\"2d_rotation\":\"0\",\"2d_origin_x\":\"50\",\"2d_origin_y\":\"50\",\"pers\":\"600\"}'),(57,'.tp-caption.Furniture-Title','{\"hover\":\"false\",\"version\":\"5.0\",\"translated\":\"5\"}','{\"color\":\"#ffffff\",\"color-transparency\":\"1\",\"text-decoration\":\"none\",\"background-color\":\"transparent\",\"background-transparency\":\"0\",\"border-color\":\"transparent\",\"border-transparency\":\"1\",\"border-style\":\"none\",\"border-width\":\"0\",\"border-radius\":[\"0\",\"0\",\"0\",\"0\"],\"opacity\":\"1\",\"scalex\":\"1\",\"scaley\":\"1\",\"skewx\":\"0\",\"skewy\":\"0\",\"xrotate\":\"0\",\"yrotate\":\"0\",\"2d_rotation\":\"0\",\"speed\":\"0\",\"easing\":\"none\"}','{\"idle\":{\"text-shadow\":\"none\",\"letter-spacing\":\"3px\"},\"hover\":\"\"}','{\"color\":\"#000000\",\"color-transparency\":\"1\",\"font-size\":\"20px\",\"line-height\":\"20px\",\"font-weight\":\"700\",\"font-style\":\"normal\",\"font-family\":\"\\\"Raleway\\\"\",\"padding\":[\"0\",\"0\",\"0\",\"0\"],\"text-decoration\":\"none\",\"background-color\":\"transparent\",\"background-transparency\":\"1\",\"border-color\":\"transparent\",\"border-transparency\":\"1\",\"border-style\":\"none\",\"border-width\":\"0\",\"border-radius\":[\"0\",\"0\",\"0\",\"0\"],\"z\":\"0\",\"skewx\":\"0\",\"skewy\":\"0\",\"scalex\":\"1\",\"scaley\":\"1\",\"opacity\":\"1\",\"xrotate\":\"0\",\"yrotate\":\"0\",\"2d_rotation\":\"0\",\"2d_origin_x\":\"50\",\"2d_origin_y\":\"50\",\"pers\":\"600\"}'),(58,'.tp-caption.Furniture-Subtitle','{\"hover\":\"false\",\"version\":\"5.0\",\"translated\":\"5\"}','{\"color\":\"#ffffff\",\"color-transparency\":\"1\",\"text-decoration\":\"none\",\"background-color\":\"transparent\",\"background-transparency\":\"0\",\"border-color\":\"transparent\",\"border-transparency\":\"1\",\"border-style\":\"none\",\"border-width\":\"0\",\"border-radius\":[\"0\",\"0\",\"0\",\"0\"],\"opacity\":\"1\",\"scalex\":\"1\",\"scaley\":\"1\",\"skewx\":\"0\",\"skewy\":\"0\",\"xrotate\":\"0\",\"yrotate\":\"0\",\"2d_rotation\":\"0\",\"speed\":\"0\",\"easing\":\"none\"}','{\"idle\":{\"text-shadow\":\"none\"},\"hover\":\"\"}','{\"color\":\"#000000\",\"color-transparency\":\"1\",\"font-size\":\"17px\",\"line-height\":\"20px\",\"font-weight\":\"300\",\"font-style\":\"normal\",\"font-family\":\"\\\"Raleway\\\"\",\"padding\":[\"0\",\"0\",\"0\",\"0\"],\"text-decoration\":\"none\",\"background-color\":\"transparent\",\"background-transparency\":\"1\",\"border-color\":\"transparent\",\"border-transparency\":\"1\",\"border-style\":\"none\",\"border-width\":\"0\",\"border-radius\":[\"0\",\"0\",\"0\",\"0\"],\"z\":\"0\",\"skewx\":\"0\",\"skewy\":\"0\",\"scalex\":\"1\",\"scaley\":\"1\",\"opacity\":\"1\",\"xrotate\":\"0\",\"yrotate\":\"0\",\"2d_rotation\":\"0\",\"2d_origin_x\":\"50\",\"2d_origin_y\":\"50\",\"pers\":\"600\"}'),(59,'.tp-caption.Gym-Display','{\"hover\":\"false\",\"version\":\"5.0\",\"translated\":\"5\"}','{\"color\":\"#ffffff\",\"color-transparency\":\"1\",\"text-decoration\":\"none\",\"background-color\":\"transparent\",\"background-transparency\":\"0\",\"border-color\":\"transparent\",\"border-transparency\":\"1\",\"border-style\":\"none\",\"border-width\":\"0\",\"border-radius\":[\"0\",\"0\",\"0\",\"0\"],\"opacity\":\"1\",\"scalex\":\"1\",\"scaley\":\"1\",\"skewx\":\"0\",\"skewy\":\"0\",\"xrotate\":\"0\",\"yrotate\":\"0\",\"2d_rotation\":\"0\",\"speed\":\"0\",\"easing\":\"none\"}','{\"idle\":\"\",\"hover\":\"\"}','{\"color\":\"#ffffff\",\"color-transparency\":\"1\",\"font-size\":\"80px\",\"line-height\":\"70px\",\"font-weight\":\"900\",\"font-style\":\"normal\",\"font-family\":\"Raleway\",\"padding\":[\"0\",\"0\",\"0\",\"0\"],\"text-decoration\":\"none\",\"background-color\":\"transparent\",\"background-transparency\":\"1\",\"border-color\":\"transparent\",\"border-transparency\":\"1\",\"border-style\":\"none\",\"border-width\":\"0\",\"border-radius\":[\"0\",\"0\",\"0\",\"0\"],\"z\":\"0\",\"skewx\":\"0\",\"skewy\":\"0\",\"scalex\":\"1\",\"scaley\":\"1\",\"opacity\":\"1\",\"xrotate\":\"0\",\"yrotate\":\"0\",\"2d_rotation\":\"0\",\"2d_origin_x\":\"50\",\"2d_origin_y\":\"50\",\"pers\":\"600\"}'),(60,'.tp-caption.Gym-Subline','{\"hover\":\"false\",\"version\":\"5.0\",\"translated\":\"5\"}','{\"color\":\"#ffffff\",\"color-transparency\":\"1\",\"text-decoration\":\"none\",\"background-color\":\"transparent\",\"background-transparency\":\"0\",\"border-color\":\"transparent\",\"border-transparency\":\"1\",\"border-style\":\"none\",\"border-width\":\"0\",\"border-radius\":[\"0\",\"0\",\"0\",\"0\"],\"opacity\":\"1\",\"scalex\":\"1\",\"scaley\":\"1\",\"skewx\":\"0\",\"skewy\":\"0\",\"xrotate\":\"0\",\"yrotate\":\"0\",\"2d_rotation\":\"0\",\"speed\":\"0\",\"easing\":\"none\"}','{\"idle\":{\"letter-spacing\":\"5px\"},\"hover\":\"\"}','{\"color\":\"#ffffff\",\"color-transparency\":\"1\",\"font-size\":\"30px\",\"line-height\":\"30px\",\"font-weight\":\"100\",\"font-style\":\"normal\",\"font-family\":\"Raleway\",\"padding\":[\"0\",\"0\",\"0\",\"0\"],\"text-decoration\":\"none\",\"background-color\":\"transparent\",\"background-transparency\":\"1\",\"border-color\":\"transparent\",\"border-transparency\":\"1\",\"border-style\":\"none\",\"border-width\":\"0\",\"border-radius\":[\"0\",\"0\",\"0\",\"0\"],\"z\":\"0\",\"skewx\":\"0\",\"skewy\":\"0\",\"scalex\":\"1\",\"scaley\":\"1\",\"opacity\":\"1\",\"xrotate\":\"0\",\"yrotate\":\"0\",\"2d_rotation\":\"0\",\"2d_origin_x\":\"50\",\"2d_origin_y\":\"50\",\"pers\":\"600\"}'),(61,'.tp-caption.Gym-SmallText','{\"hover\":\"false\",\"version\":\"5.0\",\"translated\":\"5\"}','{\"color\":\"#ffffff\",\"color-transparency\":\"1\",\"text-decoration\":\"none\",\"background-color\":\"transparent\",\"background-transparency\":\"0\",\"border-color\":\"transparent\",\"border-transparency\":\"1\",\"border-style\":\"none\",\"border-width\":\"0\",\"border-radius\":[\"0\",\"0\",\"0\",\"0\"],\"opacity\":\"1\",\"scalex\":\"1\",\"scaley\":\"1\",\"skewx\":\"0\",\"skewy\":\"0\",\"xrotate\":\"0\",\"yrotate\":\"0\",\"2d_rotation\":\"0\",\"speed\":\"0\",\"easing\":\"none\"}','{\"idle\":{\"text-shadow\":\"none\"},\"hover\":\"\"}','{\"color\":\"#ffffff\",\"color-transparency\":\"1\",\"font-size\":\"17px\",\"line-height\":\"22\",\"font-weight\":\"300\",\"font-style\":\"normal\",\"font-family\":\"Raleway\",\"padding\":[\"0\",\"0\",\"0\",\"0\"],\"text-decoration\":\"none\",\"background-color\":\"transparent\",\"background-transparency\":\"1\",\"border-color\":\"transparent\",\"border-transparency\":\"1\",\"border-style\":\"none\",\"border-width\":\"0\",\"border-radius\":[\"0\",\"0\",\"0\",\"0\"],\"z\":\"0\",\"skewx\":\"0\",\"skewy\":\"0\",\"scalex\":\"1\",\"scaley\":\"1\",\"opacity\":\"1\",\"xrotate\":\"0\",\"yrotate\":\"0\",\"2d_rotation\":\"0\",\"2d_origin_x\":\"50\",\"2d_origin_y\":\"50\",\"pers\":\"600\"}'),(62,'.tp-caption.Fashion-SmallText','{\"hover\":\"false\",\"version\":\"5.0\",\"translated\":\"5\"}','{\"color\":\"#ffffff\",\"color-transparency\":\"1\",\"text-decoration\":\"none\",\"background-color\":\"transparent\",\"background-transparency\":\"0\",\"border-color\":\"transparent\",\"border-transparency\":\"1\",\"border-style\":\"none\",\"border-width\":\"0\",\"border-radius\":[\"0\",\"0\",\"0\",\"0\"],\"opacity\":\"1\",\"scalex\":\"1\",\"scaley\":\"1\",\"skewx\":\"0\",\"skewy\":\"0\",\"xrotate\":\"0\",\"yrotate\":\"0\",\"2d_rotation\":\"0\",\"speed\":\"0\",\"easing\":\"none\"}','{\"idle\":{\"letter-spacing\":\"2px\"},\"hover\":\"\"}','{\"color\":\"#ffffff\",\"color-transparency\":\"1\",\"font-size\":\"12px\",\"line-height\":\"20px\",\"font-weight\":\"600\",\"font-style\":\"normal\",\"font-family\":\"Raleway\",\"padding\":[\"0\",\"0\",\"0\",\"0\"],\"text-decoration\":\"none\",\"background-color\":\"transparent\",\"background-transparency\":\"1\",\"border-color\":\"transparent\",\"border-transparency\":\"1\",\"border-style\":\"none\",\"border-width\":\"0\",\"border-radius\":[\"0\",\"0\",\"0\",\"0\"],\"z\":\"0\",\"skewx\":\"0\",\"skewy\":\"0\",\"scalex\":\"1\",\"scaley\":\"1\",\"opacity\":\"1\",\"xrotate\":\"0\",\"yrotate\":\"0\",\"2d_rotation\":\"0\",\"2d_origin_x\":\"50\",\"2d_origin_y\":\"50\",\"pers\":\"600\"}'),(63,'.tp-caption.Fashion-BigDisplay','{\"hover\":\"false\",\"version\":\"5.0\",\"translated\":\"5\"}','{\"color\":\"#ffffff\",\"color-transparency\":\"1\",\"text-decoration\":\"none\",\"background-color\":\"transparent\",\"background-transparency\":\"0\",\"border-color\":\"transparent\",\"border-transparency\":\"1\",\"border-style\":\"none\",\"border-width\":\"0\",\"border-radius\":[\"0\",\"0\",\"0\",\"0\"],\"opacity\":\"1\",\"scalex\":\"1\",\"scaley\":\"1\",\"skewx\":\"0\",\"skewy\":\"0\",\"xrotate\":\"0\",\"yrotate\":\"0\",\"2d_rotation\":\"0\",\"speed\":\"0\",\"easing\":\"none\"}','{\"idle\":{\"letter-spacing\":\"2px\"},\"hover\":\"\"}','{\"color\":\"#000000\",\"color-transparency\":\"1\",\"font-size\":\"60px\",\"line-height\":\"60px\",\"font-weight\":\"900\",\"font-style\":\"normal\",\"font-family\":\"Raleway\",\"padding\":[\"0\",\"0\",\"0\",\"0\"],\"text-decoration\":\"none\",\"background-color\":\"transparent\",\"background-transparency\":\"1\",\"border-color\":\"transparent\",\"border-transparency\":\"1\",\"border-style\":\"none\",\"border-width\":\"0\",\"border-radius\":[\"0\",\"0\",\"0\",\"0\"],\"z\":\"0\",\"skewx\":\"0\",\"skewy\":\"0\",\"scalex\":\"1\",\"scaley\":\"1\",\"opacity\":\"1\",\"xrotate\":\"0\",\"yrotate\":\"0\",\"2d_rotation\":\"0\",\"2d_origin_x\":\"50\",\"2d_origin_y\":\"50\",\"pers\":\"600\"}'),(64,'.tp-caption.Fashion-TextBlock','{\"hover\":\"false\",\"version\":\"5.0\",\"translated\":\"5\"}','{\"color\":\"#ffffff\",\"color-transparency\":\"1\",\"text-decoration\":\"none\",\"background-color\":\"transparent\",\"background-transparency\":\"0\",\"border-color\":\"transparent\",\"border-transparency\":\"1\",\"border-style\":\"none\",\"border-width\":\"0\",\"border-radius\":[\"0\",\"0\",\"0\",\"0\"],\"opacity\":\"1\",\"scalex\":\"1\",\"scaley\":\"1\",\"skewx\":\"0\",\"skewy\":\"0\",\"xrotate\":\"0\",\"yrotate\":\"0\",\"2d_rotation\":\"0\",\"speed\":\"0\",\"easing\":\"none\"}','{\"idle\":{\"letter-spacing\":\"2px\"},\"hover\":\"\"}','{\"color\":\"#000000\",\"color-transparency\":\"1\",\"font-size\":\"20px\",\"line-height\":\"40px\",\"font-weight\":\"400\",\"font-style\":\"normal\",\"font-family\":\"Raleway\",\"padding\":[\"0\",\"0\",\"0\",\"0\"],\"text-decoration\":\"none\",\"background-color\":\"transparent\",\"background-transparency\":\"1\",\"border-color\":\"transparent\",\"border-transparency\":\"1\",\"border-style\":\"none\",\"border-width\":\"0\",\"border-radius\":[\"0\",\"0\",\"0\",\"0\"],\"z\":\"0\",\"skewx\":\"0\",\"skewy\":\"0\",\"scalex\":\"1\",\"scaley\":\"1\",\"opacity\":\"1\",\"xrotate\":\"0\",\"yrotate\":\"0\",\"2d_rotation\":\"0\",\"2d_origin_x\":\"50\",\"2d_origin_y\":\"50\",\"pers\":\"600\"}'),(65,'.tp-caption.Sports-Display','{\"translated\":5,\"type\":\"text\",\"version\":\"5.0\"}','{\"color\":\"#ffffff\",\"color-transparency\":\"1\",\"text-decoration\":\"none\",\"background-color\":\"transparent\",\"background-transparency\":\"0\",\"border-color\":\"transparent\",\"border-transparency\":\"1\",\"border-style\":\"none\",\"border-width\":\"0\",\"border-radius\":[\"0\",\"0\",\"0\",\"0\"],\"opacity\":\"1\",\"scalex\":\"1\",\"scaley\":\"1\",\"skewx\":\"0\",\"skewy\":\"0\",\"xrotate\":\"0\",\"yrotate\":\"0\",\"2d_rotation\":\"0\",\"speed\":\"0\",\"easing\":\"none\"}','{\"idle\":{\"letter-spacing\":\"13px\"},\"hover\":\"\"}','{\"color\":\"#ffffff\",\"color-transparency\":\"1\",\"font-size\":\"130px\",\"line-height\":\"130px\",\"font-weight\":\"100\",\"font-style\":\"normal\",\"font-family\":\"\\\"Raleway\\\"\",\"padding\":\"0 0 0 0\",\"text-decoration\":\"none\",\"background-color\":\"transparent\",\"background-transparency\":\"1\",\"border-color\":\"transparent\",\"border-transparency\":\"1\",\"border-style\":\"none\",\"border-width\":\"0\",\"border-radius\":\"0 0 0 0\",\"z\":\"0\",\"skewx\":\"0\",\"skewy\":\"0\",\"scalex\":\"1\",\"scaley\":\"1\",\"opacity\":\"1\",\"xrotate\":\"0\",\"yrotate\":\"0\",\"2d_rotation\":\"0\",\"2d_origin_x\":\"50\",\"2d_origin_y\":\"50\",\"pers\":\"600\"}'),(66,'.tp-caption.Sports-DisplayFat','{\"translated\":5,\"type\":\"text\",\"version\":\"5.0\"}','{\"color\":\"#ffffff\",\"color-transparency\":\"1\",\"text-decoration\":\"none\",\"background-color\":\"transparent\",\"background-transparency\":\"0\",\"border-color\":\"transparent\",\"border-transparency\":\"1\",\"border-style\":\"none\",\"border-width\":\"0\",\"border-radius\":[\"0\",\"0\",\"0\",\"0\"],\"opacity\":\"1\",\"scalex\":\"1\",\"scaley\":\"1\",\"skewx\":\"0\",\"skewy\":\"0\",\"xrotate\":\"0\",\"yrotate\":\"0\",\"2d_rotation\":\"0\",\"speed\":\"0\",\"easing\":\"none\"}','{\"idle\":[\"\"],\"hover\":\"\"}','{\"color\":\"#ffffff\",\"color-transparency\":\"1\",\"font-size\":\"130px\",\"line-height\":\"130px\",\"font-weight\":\"900\",\"font-style\":\"normal\",\"font-family\":\"\\\"Raleway\\\"\",\"padding\":\"0 0 0 0\",\"text-decoration\":\"none\",\"background-color\":\"transparent\",\"background-transparency\":\"1\",\"border-color\":\"transparent\",\"border-transparency\":\"1\",\"border-style\":\"none\",\"border-width\":\"0\",\"border-radius\":\"0 0 0 0\",\"z\":\"0\",\"skewx\":\"0\",\"skewy\":\"0\",\"scalex\":\"1\",\"scaley\":\"1\",\"opacity\":\"1\",\"xrotate\":\"0\",\"yrotate\":\"0\",\"2d_rotation\":\"0\",\"2d_origin_x\":\"50\",\"2d_origin_y\":\"50\",\"pers\":\"600\"}'),(67,'.tp-caption.Sports-Subline','{\"translated\":5,\"type\":\"text\",\"version\":\"5.0\"}','{\"color\":\"#ffffff\",\"color-transparency\":\"1\",\"text-decoration\":\"none\",\"background-color\":\"transparent\",\"background-transparency\":\"0\",\"border-color\":\"transparent\",\"border-transparency\":\"1\",\"border-style\":\"none\",\"border-width\":\"0\",\"border-radius\":[\"0\",\"0\",\"0\",\"0\"],\"opacity\":\"1\",\"scalex\":\"1\",\"scaley\":\"1\",\"skewx\":\"0\",\"skewy\":\"0\",\"xrotate\":\"0\",\"yrotate\":\"0\",\"2d_rotation\":\"0\",\"speed\":\"0\",\"easing\":\"none\"}','{\"idle\":{\"letter-spacing\":\"4px\"},\"hover\":\"\"}','{\"color\":\"#000000\",\"color-transparency\":\"1\",\"font-size\":\"32px\",\"line-height\":\"32px\",\"font-weight\":\"400\",\"font-style\":\"normal\",\"font-family\":\"\\\"Raleway\\\"\",\"padding\":\"0 0 0 0\",\"text-decoration\":\"none\",\"background-color\":\"transparent\",\"background-transparency\":\"1\",\"border-color\":\"transparent\",\"border-transparency\":\"1\",\"border-style\":\"none\",\"border-width\":\"0\",\"border-radius\":\"0 0 0 0\",\"z\":\"0\",\"skewx\":\"0\",\"skewy\":\"0\",\"scalex\":\"1\",\"scaley\":\"1\",\"opacity\":\"1\",\"xrotate\":\"0\",\"yrotate\":\"0\",\"2d_rotation\":\"0\",\"2d_origin_x\":\"50\",\"2d_origin_y\":\"50\",\"pers\":\"600\"}'),(68,'.tp-caption.Instagram-Caption','{\"hover\":\"false\",\"version\":\"5.0\",\"translated\":\"5\"}','{\"color\":\"#ffffff\",\"color-transparency\":\"1\",\"text-decoration\":\"none\",\"background-color\":\"transparent\",\"background-transparency\":\"0\",\"border-color\":\"transparent\",\"border-transparency\":\"1\",\"border-style\":\"none\",\"border-width\":\"0\",\"border-radius\":[\"0\",\"0\",\"0\",\"0\"],\"opacity\":\"1\",\"scalex\":\"1\",\"scaley\":\"1\",\"skewx\":\"0\",\"skewy\":\"0\",\"xrotate\":\"0\",\"yrotate\":\"0\",\"2d_rotation\":\"0\",\"speed\":\"0\",\"easing\":\"none\"}','{\"idle\":\"\",\"hover\":\"\"}','{\"color\":\"#ffffff\",\"color-transparency\":\"1\",\"font-size\":\"20px\",\"line-height\":\"20px\",\"font-weight\":\"900\",\"font-style\":\"normal\",\"font-family\":\"Roboto\",\"padding\":[\"0\",\"0\",\"0\",\"0\"],\"text-decoration\":\"none\",\"background-color\":\"transparent\",\"background-transparency\":\"1\",\"border-color\":\"transparent\",\"border-transparency\":\"1\",\"border-style\":\"none\",\"border-width\":\"0\",\"border-radius\":[\"0\",\"0\",\"0\",\"0\"],\"z\":\"0\",\"skewx\":\"0\",\"skewy\":\"0\",\"scalex\":\"1\",\"scaley\":\"1\",\"opacity\":\"1\",\"xrotate\":\"0\",\"yrotate\":\"0\",\"2d_rotation\":\"0\",\"2d_origin_x\":\"50\",\"2d_origin_y\":\"50\",\"pers\":\"600\"}'),(69,'.tp-caption.News-Title','{\"hover\":\"false\",\"version\":\"5.0\",\"translated\":\"5\"}','{\"color\":\"#ffffff\",\"color-transparency\":\"1\",\"text-decoration\":\"none\",\"background-color\":\"transparent\",\"background-transparency\":\"0\",\"border-color\":\"transparent\",\"border-transparency\":\"1\",\"border-style\":\"none\",\"border-width\":\"0\",\"border-radius\":[\"0\",\"0\",\"0\",\"0\"],\"opacity\":\"1\",\"scalex\":\"1\",\"scaley\":\"1\",\"skewx\":\"0\",\"skewy\":\"0\",\"xrotate\":\"0\",\"yrotate\":\"0\",\"2d_rotation\":\"0\",\"speed\":\"0\",\"easing\":\"none\"}','{\"idle\":\"\",\"hover\":\"\"}','{\"color\":\"#ffffff\",\"color-transparency\":\"1\",\"font-size\":\"70px\",\"line-height\":\"60px\",\"font-weight\":\"400\",\"font-style\":\"normal\",\"font-family\":\"Roboto Slab\",\"padding\":[\"0\",\"0\",\"0\",\"0\"],\"text-decoration\":\"none\",\"background-color\":\"transparent\",\"background-transparency\":\"1\",\"border-color\":\"transparent\",\"border-transparency\":\"1\",\"border-style\":\"none\",\"border-width\":\"0\",\"border-radius\":[\"0\",\"0\",\"0\",\"0\"],\"z\":\"0\",\"skewx\":\"0\",\"skewy\":\"0\",\"scalex\":\"1\",\"scaley\":\"1\",\"opacity\":\"1\",\"xrotate\":\"0\",\"yrotate\":\"0\",\"2d_rotation\":\"0\",\"2d_origin_x\":\"50\",\"2d_origin_y\":\"50\",\"pers\":\"600\"}'),(70,'.tp-caption.News-Subtitle','{\"hover\":\"true\",\"version\":\"5.0\",\"translated\":\"5\"}','{\"color\":\"#ffffff\",\"color-transparency\":\"0.65\",\"text-decoration\":\"none\",\"background-color\":\"#ffffff\",\"background-transparency\":\"0\",\"border-color\":\"transparent\",\"border-transparency\":\"1\",\"border-style\":\"solid\",\"border-width\":\"0px\",\"border-radius\":[\"0\",\"0\",\"0px\",\"0\"],\"opacity\":\"1\",\"scalex\":\"1\",\"scaley\":\"1\",\"skewx\":\"0\",\"skewy\":\"0\",\"xrotate\":\"0\",\"yrotate\":\"0\",\"2d_rotation\":\"0\",\"speed\":\"300\",\"easing\":\"power3.inOut\"}','{\"idle\":\"\",\"hover\":\"\"}','{\"color\":\"#ffffff\",\"color-transparency\":\"1\",\"font-size\":\"15px\",\"line-height\":\"24px\",\"font-weight\":\"300\",\"font-style\":\"normal\",\"font-family\":\"Roboto Slab\",\"padding\":[\"0\",\"0\",\"0\",\"0\"],\"text-decoration\":\"none\",\"background-color\":\"#ffffff\",\"background-transparency\":\"0\",\"border-color\":\"transparent\",\"border-transparency\":\"1\",\"border-style\":\"none\",\"border-width\":\"0\",\"border-radius\":[\"0\",\"0\",\"0\",\"0\"],\"z\":\"0\",\"skewx\":\"0\",\"skewy\":\"0\",\"scalex\":\"1\",\"scaley\":\"1\",\"opacity\":\"1\",\"xrotate\":\"0\",\"yrotate\":\"0\",\"2d_rotation\":\"0\",\"2d_origin_x\":\"50\",\"2d_origin_y\":\"50\",\"pers\":\"600\"}'),(71,'.tp-caption.Photography-Display','{\"hover\":\"false\",\"version\":\"5.0\",\"translated\":\"5\"}','{\"color\":\"#ffffff\",\"color-transparency\":\"1\",\"text-decoration\":\"none\",\"background-color\":\"transparent\",\"background-transparency\":\"0\",\"border-color\":\"transparent\",\"border-transparency\":\"1\",\"border-style\":\"none\",\"border-width\":\"0\",\"border-radius\":[\"0\",\"0\",\"0\",\"0\"],\"opacity\":\"1\",\"scalex\":\"1\",\"scaley\":\"1\",\"skewx\":\"0\",\"skewy\":\"0\",\"xrotate\":\"0\",\"yrotate\":\"0\",\"2d_rotation\":\"0\",\"speed\":\"0\",\"easing\":\"none\"}','{\"idle\":{\"letter-spacing\":\"5px\"},\"hover\":\"\"}','{\"color\":\"#ffffff\",\"color-transparency\":\"1\",\"font-size\":\"80px\",\"line-height\":\"70px\",\"font-weight\":\"100\",\"font-style\":\"normal\",\"font-family\":\"Raleway\",\"padding\":[\"0\",\"0\",\"0\",\"0\"],\"text-decoration\":\"none\",\"background-color\":\"transparent\",\"background-transparency\":\"1\",\"border-color\":\"transparent\",\"border-transparency\":\"1\",\"border-style\":\"none\",\"border-width\":\"0\",\"border-radius\":[\"0\",\"0\",\"0\",\"0\"],\"z\":\"0\",\"skewx\":\"0\",\"skewy\":\"0\",\"scalex\":\"1\",\"scaley\":\"1\",\"opacity\":\"1\",\"xrotate\":\"0\",\"yrotate\":\"0\",\"2d_rotation\":\"0\",\"2d_origin_x\":\"50\",\"2d_origin_y\":\"50\",\"pers\":\"600\"}'),(72,'.tp-caption.Photography-Subline','{\"hover\":\"false\",\"version\":\"5.0\",\"translated\":\"5\"}','{\"color\":\"#ffffff\",\"color-transparency\":\"1\",\"text-decoration\":\"none\",\"background-color\":\"transparent\",\"background-transparency\":\"0\",\"border-color\":\"transparent\",\"border-transparency\":\"1\",\"border-style\":\"none\",\"border-width\":\"0\",\"border-radius\":[\"0\",\"0\",\"0\",\"0\"],\"opacity\":\"1\",\"scalex\":\"1\",\"scaley\":\"1\",\"skewx\":\"0\",\"skewy\":\"0\",\"xrotate\":\"0\",\"yrotate\":\"0\",\"2d_rotation\":\"0\",\"speed\":\"0\",\"easing\":\"none\"}','{\"idle\":{\"letter-spacing\":\"3px\"},\"hover\":\"\"}','{\"color\":\"#777777\",\"color-transparency\":\"1\",\"font-size\":\"20px\",\"line-height\":\"30px\",\"font-weight\":\"300\",\"font-style\":\"normal\",\"font-family\":\"Raleway\",\"padding\":[\"0\",\"0\",\"0\",\"0\"],\"text-decoration\":\"none\",\"background-color\":\"transparent\",\"background-transparency\":\"1\",\"border-color\":\"transparent\",\"border-transparency\":\"1\",\"border-style\":\"none\",\"border-width\":\"0\",\"border-radius\":[\"0\",\"0\",\"0\",\"0\"],\"z\":\"0\",\"skewx\":\"0\",\"skewy\":\"0\",\"scalex\":\"1\",\"scaley\":\"1\",\"opacity\":\"1\",\"xrotate\":\"0\",\"yrotate\":\"0\",\"2d_rotation\":\"0\",\"2d_origin_x\":\"50\",\"2d_origin_y\":\"50\",\"pers\":\"600\"}'),(73,'.tp-caption.Photography-ImageHover','{\"hover\":\"true\",\"version\":\"5.0\",\"translated\":\"5\"}','{\"color\":\"#ffffff\",\"color-transparency\":\"1\",\"text-decoration\":\"none\",\"background-color\":\"transparent\",\"background-transparency\":\"0\",\"border-color\":\"transparent\",\"border-transparency\":\"1\",\"border-style\":\"none\",\"border-width\":\"0\",\"border-radius\":[\"0\",\"0\",\"0\",\"0\"],\"opacity\":\"0.5\",\"scalex\":\"0.8\",\"scaley\":\"0.8\",\"skewx\":\"0\",\"skewy\":\"0\",\"xrotate\":\"0\",\"yrotate\":\"0\",\"2d_rotation\":\"0\",\"speed\":\"1000\",\"easing\":\"power3.inOut\"}','{\"idle\":\"\",\"hover\":\"\"}','{\"color\":\"#ffffff\",\"color-transparency\":\"1\",\"font-size\":\"20\",\"line-height\":\"22\",\"font-weight\":\"400\",\"font-style\":\"normal\",\"font-family\":\"\",\"padding\":[\"0\",\"0\",\"0\",\"0\"],\"text-decoration\":\"none\",\"background-color\":\"transparent\",\"background-transparency\":\"1\",\"border-color\":\"#ffffff\",\"border-transparency\":\"0\",\"border-style\":\"none\",\"border-width\":\"0px\",\"border-radius\":[\"0\",\"0\",\"0\",\"0\"],\"z\":\"0\",\"skewx\":\"0\",\"skewy\":\"0\",\"scalex\":\"1\",\"scaley\":\"1\",\"opacity\":\"1\",\"xrotate\":\"0\",\"yrotate\":\"0\",\"2d_rotation\":\"0\",\"2d_origin_x\":\"50\",\"2d_origin_y\":\"50\",\"pers\":\"600\"}'),(74,'.tp-caption.Photography-Menuitem','{\"hover\":\"true\",\"version\":\"5.0\",\"translated\":\"5\"}','{\"color\":\"#ffffff\",\"color-transparency\":\"1\",\"text-decoration\":\"none\",\"background-color\":\"#00ffde\",\"background-transparency\":\"0.65\",\"border-color\":\"transparent\",\"border-transparency\":\"1\",\"border-style\":\"none\",\"border-width\":\"0\",\"border-radius\":[\"0\",\"0\",\"0\",\"0\"],\"opacity\":\"1\",\"scalex\":\"1\",\"scaley\":\"1\",\"skewx\":\"0\",\"skewy\":\"0\",\"xrotate\":\"0\",\"yrotate\":\"0\",\"2d_rotation\":\"0\",\"pointer_events\":\"auto\",\"css_cursor\":\"pointer\",\"speed\":\"200\",\"easing\":\"none\"}','{\"idle\":{\"letter-spacing\":\"2px\"},\"hover\":\"\"}','{\"color\":\"#ffffff\",\"color-transparency\":\"1\",\"font-size\":\"20px\",\"line-height\":\"20px\",\"font-weight\":\"300\",\"font-style\":\"normal\",\"font-family\":\"Raleway\",\"padding\":[\"3px\",\"5px\",\"3px\",\"8px\"],\"text-decoration\":\"none\",\"background-color\":\"#000000\",\"background-transparency\":\"0.65\",\"border-color\":\"transparent\",\"border-transparency\":\"1\",\"border-style\":\"none\",\"border-width\":\"0\",\"border-radius\":[\"0\",\"0\",\"0\",\"0\"],\"z\":\"0\",\"skewx\":\"0\",\"skewy\":\"0\",\"scalex\":\"1\",\"scaley\":\"1\",\"opacity\":\"1\",\"xrotate\":\"0\",\"yrotate\":\"0\",\"2d_rotation\":\"0\",\"2d_origin_x\":\"50\",\"2d_origin_y\":\"50\",\"pers\":\"600\"}'),(75,'.tp-caption.Photography-Textblock','{\"hover\":\"false\",\"version\":\"5.0\",\"translated\":\"5\"}','{\"color\":\"#ffffff\",\"color-transparency\":\"1\",\"text-decoration\":\"none\",\"background-color\":\"transparent\",\"background-transparency\":\"0\",\"border-color\":\"transparent\",\"border-transparency\":\"1\",\"border-style\":\"none\",\"border-width\":\"0\",\"border-radius\":[\"0\",\"0\",\"0\",\"0\"],\"opacity\":\"1\",\"scalex\":\"1\",\"scaley\":\"1\",\"skewx\":\"0\",\"skewy\":\"0\",\"xrotate\":\"0\",\"yrotate\":\"0\",\"2d_rotation\":\"0\",\"speed\":\"0\",\"easing\":\"none\"}','{\"idle\":{\"letter-spacing\":\"2px\"},\"hover\":\"\"}','{\"color\":\"#fff\",\"color-transparency\":\"1\",\"font-size\":\"17px\",\"line-height\":\"30px\",\"font-weight\":\"300\",\"font-style\":\"normal\",\"font-family\":\"Raleway\",\"padding\":[\"0\",\"0\",\"0\",\"0\"],\"text-decoration\":\"none\",\"background-color\":\"transparent\",\"background-transparency\":\"1\",\"border-color\":\"transparent\",\"border-transparency\":\"1\",\"border-style\":\"none\",\"border-width\":\"0\",\"border-radius\":[\"0\",\"0\",\"0\",\"0\"],\"z\":\"0\",\"skewx\":\"0\",\"skewy\":\"0\",\"scalex\":\"1\",\"scaley\":\"1\",\"opacity\":\"1\",\"xrotate\":\"0\",\"yrotate\":\"0\",\"2d_rotation\":\"0\",\"2d_origin_x\":\"50\",\"2d_origin_y\":\"50\",\"pers\":\"600\"}'),(76,'.tp-caption.Photography-Subline-2','{\"hover\":\"false\",\"version\":\"5.0\",\"translated\":\"5\"}','{\"color\":\"#ffffff\",\"color-transparency\":\"1\",\"text-decoration\":\"none\",\"background-color\":\"transparent\",\"background-transparency\":\"0\",\"border-color\":\"transparent\",\"border-transparency\":\"1\",\"border-style\":\"none\",\"border-width\":\"0\",\"border-radius\":[\"0\",\"0\",\"0\",\"0\"],\"opacity\":\"1\",\"scalex\":\"1\",\"scaley\":\"1\",\"skewx\":\"0\",\"skewy\":\"0\",\"xrotate\":\"0\",\"yrotate\":\"0\",\"2d_rotation\":\"0\",\"pointer_events\":\"auto\",\"css_cursor\":\"auto\",\"speed\":\"0\",\"easing\":\"none\"}','{\"idle\":{\"letter-spacing\":\"3px\"},\"hover\":\"\"}','{\"color\":\"#ffffff\",\"color-transparency\":\"0.35\",\"font-size\":\"20px\",\"line-height\":\"30px\",\"font-weight\":\"300\",\"font-style\":\"normal\",\"font-family\":\"Raleway\",\"padding\":[\"0\",\"0\",\"0\",\"0\"],\"text-decoration\":\"none\",\"background-color\":\"transparent\",\"background-transparency\":\"1\",\"border-color\":\"transparent\",\"border-transparency\":\"1\",\"border-style\":\"none\",\"border-width\":\"0\",\"border-radius\":[\"0\",\"0\",\"0\",\"0\"],\"z\":\"0\",\"skewx\":\"0\",\"skewy\":\"0\",\"scalex\":\"1\",\"scaley\":\"1\",\"opacity\":\"1\",\"xrotate\":\"0\",\"yrotate\":\"0\",\"2d_rotation\":\"0\",\"2d_origin_x\":\"50\",\"2d_origin_y\":\"50\",\"pers\":\"600\"}'),(77,'.tp-caption.Photography-ImageHover2','{\"hover\":\"true\",\"version\":\"5.0\",\"translated\":\"5\"}','{\"color\":\"#ffffff\",\"color-transparency\":\"1\",\"text-decoration\":\"none\",\"background-color\":\"transparent\",\"background-transparency\":\"0\",\"border-color\":\"transparent\",\"border-transparency\":\"1\",\"border-style\":\"none\",\"border-width\":\"0\",\"border-radius\":[\"0\",\"0\",\"0\",\"0\"],\"opacity\":\"0.5\",\"scalex\":\"0.8\",\"scaley\":\"0.8\",\"skewx\":\"0\",\"skewy\":\"0\",\"xrotate\":\"0\",\"yrotate\":\"0\",\"2d_rotation\":\"0\",\"pointer_events\":\"auto\",\"css_cursor\":\"pointer\",\"speed\":\"500\",\"easing\":\"back.out\"}','{\"idle\":\"\",\"hover\":\"\"}','{\"color\":\"#ffffff\",\"color-transparency\":\"1\",\"font-size\":\"20\",\"line-height\":\"22\",\"font-weight\":\"400\",\"font-style\":\"normal\",\"font-family\":\"Arial\",\"padding\":[\"0\",\"0\",\"0\",\"0\"],\"text-decoration\":\"none\",\"background-color\":\"transparent\",\"background-transparency\":\"1\",\"border-color\":\"#ffffff\",\"border-transparency\":\"0\",\"border-style\":\"none\",\"border-width\":\"0px\",\"border-radius\":[\"0\",\"0\",\"0\",\"0\"],\"z\":\"0\",\"skewx\":\"0\",\"skewy\":\"0\",\"scalex\":\"1\",\"scaley\":\"1\",\"opacity\":\"1\",\"xrotate\":\"0\",\"yrotate\":\"0\",\"2d_rotation\":\"0\",\"2d_origin_x\":\"50\",\"2d_origin_y\":\"50\",\"pers\":\"600\"}'),(78,'.tp-caption.WebProduct-Title','{\"hover\":\"false\",\"version\":\"5.0\",\"translated\":\"5\"}','{\"color\":\"#ffffff\",\"color-transparency\":\"1\",\"text-decoration\":\"none\",\"background-color\":\"transparent\",\"background-transparency\":\"0\",\"border-color\":\"transparent\",\"border-transparency\":\"1\",\"border-style\":\"none\",\"border-width\":\"0\",\"border-radius\":[\"0\",\"0\",\"0\",\"0\"],\"opacity\":\"1\",\"scalex\":\"1\",\"scaley\":\"1\",\"skewx\":\"0\",\"skewy\":\"0\",\"xrotate\":\"0\",\"yrotate\":\"0\",\"2d_rotation\":\"0\",\"pointer_events\":\"auto\",\"css_cursor\":\"auto\",\"speed\":\"0\",\"easing\":\"none\"}','{\"idle\":\"\",\"hover\":\"\"}','{\"color\":\"#333333\",\"color-transparency\":\"1\",\"font-size\":\"90px\",\"line-height\":\"90px\",\"font-weight\":\"100\",\"font-style\":\"normal\",\"font-family\":\"Raleway\",\"padding\":[\"0\",\"0\",\"0\",\"0\"],\"text-decoration\":\"none\",\"background-color\":\"transparent\",\"background-transparency\":\"0\",\"border-color\":\"transparent\",\"border-transparency\":\"1\",\"border-style\":\"none\",\"border-width\":\"0\",\"border-radius\":[\"0\",\"0\",\"0\",\"0\"],\"z\":\"0\",\"skewx\":\"0\",\"skewy\":\"0\",\"scalex\":\"1\",\"scaley\":\"1\",\"opacity\":\"1\",\"xrotate\":\"0\",\"yrotate\":\"0\",\"2d_rotation\":\"0\",\"2d_origin_x\":\"50\",\"2d_origin_y\":\"50\",\"pers\":\"600\"}'),(79,'.tp-caption.WebProduct-SubTitle','{\"hover\":\"false\",\"version\":\"5.0\",\"translated\":\"5\"}','{\"color\":\"#ffffff\",\"color-transparency\":\"1\",\"text-decoration\":\"none\",\"background-color\":\"transparent\",\"background-transparency\":\"0\",\"border-color\":\"transparent\",\"border-transparency\":\"1\",\"border-style\":\"none\",\"border-width\":\"0\",\"border-radius\":[\"0\",\"0\",\"0\",\"0\"],\"opacity\":\"1\",\"scalex\":\"1\",\"scaley\":\"1\",\"skewx\":\"0\",\"skewy\":\"0\",\"xrotate\":\"0\",\"yrotate\":\"0\",\"2d_rotation\":\"0\",\"pointer_events\":\"auto\",\"css_cursor\":\"auto\",\"speed\":\"0\",\"easing\":\"none\"}','{\"idle\":\"\",\"hover\":\"\"}','{\"color\":\"#999999\",\"color-transparency\":\"1\",\"font-size\":\"15px\",\"line-height\":\"20px\",\"font-weight\":\"400\",\"font-style\":\"normal\",\"font-family\":\"Raleway\",\"padding\":[\"0\",\"0\",\"0\",\"0\"],\"text-decoration\":\"none\",\"background-color\":\"transparent\",\"background-transparency\":\"0\",\"border-color\":\"transparent\",\"border-transparency\":\"1\",\"border-style\":\"none\",\"border-width\":\"0\",\"border-radius\":[\"0\",\"0\",\"0\",\"0\"],\"z\":\"0\",\"skewx\":\"0\",\"skewy\":\"0\",\"scalex\":\"1\",\"scaley\":\"1\",\"opacity\":\"1\",\"xrotate\":\"0\",\"yrotate\":\"0\",\"2d_rotation\":\"0\",\"2d_origin_x\":\"50\",\"2d_origin_y\":\"50\",\"pers\":\"600\"}'),(80,'.tp-caption.WebProduct-Content','{\"hover\":\"false\",\"version\":\"5.0\",\"translated\":\"5\"}','{\"color\":\"#ffffff\",\"color-transparency\":\"1\",\"text-decoration\":\"none\",\"background-color\":\"transparent\",\"background-transparency\":\"0\",\"border-color\":\"transparent\",\"border-transparency\":\"1\",\"border-style\":\"none\",\"border-width\":\"0\",\"border-radius\":[\"0\",\"0\",\"0\",\"0\"],\"opacity\":\"1\",\"scalex\":\"1\",\"scaley\":\"1\",\"skewx\":\"0\",\"skewy\":\"0\",\"xrotate\":\"0\",\"yrotate\":\"0\",\"2d_rotation\":\"0\",\"pointer_events\":\"auto\",\"css_cursor\":\"auto\",\"speed\":\"0\",\"easing\":\"none\"}','{\"idle\":\"\",\"hover\":\"\"}','{\"color\":\"#999999\",\"color-transparency\":\"1\",\"font-size\":\"16px\",\"line-height\":\"24px\",\"font-weight\":\"600\",\"font-style\":\"normal\",\"font-family\":\"Raleway\",\"padding\":[\"0\",\"0\",\"0\",\"0\"],\"text-decoration\":\"none\",\"background-color\":\"transparent\",\"background-transparency\":\"0\",\"border-color\":\"transparent\",\"border-transparency\":\"1\",\"border-style\":\"none\",\"border-width\":\"0\",\"border-radius\":[\"0\",\"0\",\"0\",\"0\"],\"z\":\"0\",\"skewx\":\"0\",\"skewy\":\"0\",\"scalex\":\"1\",\"scaley\":\"1\",\"opacity\":\"1\",\"xrotate\":\"0\",\"yrotate\":\"0\",\"2d_rotation\":\"0\",\"2d_origin_x\":\"50\",\"2d_origin_y\":\"50\",\"pers\":\"600\"}'),(81,'.tp-caption.WebProduct-Menuitem','{\"hover\":\"true\",\"version\":\"5.0\",\"translated\":\"5\"}','{\"color\":\"#999999\",\"color-transparency\":\"1\",\"text-decoration\":\"none\",\"background-color\":\"#ffffff\",\"background-transparency\":\"1\",\"border-color\":\"transparent\",\"border-transparency\":\"1\",\"border-style\":\"none\",\"border-width\":\"0\",\"border-radius\":[\"0\",\"0\",\"0\",\"0\"],\"opacity\":\"1\",\"scalex\":\"1\",\"scaley\":\"1\",\"skewx\":\"0\",\"skewy\":\"0\",\"xrotate\":\"0\",\"yrotate\":\"0\",\"2d_rotation\":\"0\",\"pointer_events\":\"auto\",\"css_cursor\":\"pointer\",\"speed\":\"200\",\"easing\":\"none\"}','{\"idle\":{\"letter-spacing\":\"2px\"},\"hover\":\"\"}','{\"color\":\"#ffffff\",\"color-transparency\":\"1\",\"font-size\":\"15px\",\"line-height\":\"20px\",\"font-weight\":\"500\",\"font-style\":\"normal\",\"font-family\":\"Raleway\",\"padding\":[\"3px\",\"5px\",\"3px\",\"8px\"],\"text-decoration\":\"none\",\"text-align\":\"left\",\"background-color\":\"#333333\",\"background-transparency\":\"1\",\"border-color\":\"transparent\",\"border-transparency\":\"1\",\"border-style\":\"none\",\"border-width\":\"0\",\"border-radius\":[\"0\",\"0\",\"0\",\"0\"],\"z\":\"0\",\"skewx\":\"0\",\"skewy\":\"0\",\"scalex\":\"1\",\"scaley\":\"1\",\"opacity\":\"1\",\"xrotate\":\"0\",\"yrotate\":\"0\",\"2d_rotation\":\"0\",\"2d_origin_x\":\"50\",\"2d_origin_y\":\"50\",\"pers\":\"600\",\"corner_left\":\"nothing\",\"corner_right\":\"nothing\",\"parallax\":\"-\"}'),(82,'.tp-caption.WebProduct-Title-Light','{\"hover\":\"false\",\"version\":\"5.0\",\"translated\":\"5\"}','{\"color\":\"#ffffff\",\"color-transparency\":\"1\",\"text-decoration\":\"none\",\"background-color\":\"transparent\",\"background-transparency\":\"0\",\"border-color\":\"transparent\",\"border-transparency\":\"1\",\"border-style\":\"none\",\"border-width\":\"0\",\"border-radius\":[\"0\",\"0\",\"0\",\"0\"],\"opacity\":\"1\",\"scalex\":\"1\",\"scaley\":\"1\",\"skewx\":\"0\",\"skewy\":\"0\",\"xrotate\":\"0\",\"yrotate\":\"0\",\"2d_rotation\":\"0\",\"pointer_events\":\"auto\",\"css_cursor\":\"auto\",\"speed\":\"0\",\"easing\":\"none\"}','{\"idle\":\"\",\"hover\":\"\"}','{\"color\":\"#fff\",\"color-transparency\":\"1\",\"font-size\":\"90px\",\"line-height\":\"90px\",\"font-weight\":\"100\",\"font-style\":\"normal\",\"font-family\":\"Raleway\",\"padding\":[\"0\",\"0\",\"0\",\"0\"],\"text-decoration\":\"none\",\"text-align\":\"left\",\"background-color\":\"transparent\",\"background-transparency\":\"1\",\"border-color\":\"transparent\",\"border-transparency\":\"1\",\"border-style\":\"none\",\"border-width\":\"0\",\"border-radius\":[\"0\",\"0\",\"0\",\"0\"],\"z\":\"0\",\"skewx\":\"0\",\"skewy\":\"0\",\"scalex\":\"1\",\"scaley\":\"1\",\"opacity\":\"1\",\"xrotate\":\"0\",\"yrotate\":\"0\",\"2d_rotation\":\"0\",\"2d_origin_x\":\"50\",\"2d_origin_y\":\"50\",\"pers\":\"600\",\"corner_left\":\"nothing\",\"corner_right\":\"nothing\",\"parallax\":\"-\"}'),(83,'.tp-caption.WebProduct-SubTitle-Light','{\"hover\":\"false\",\"version\":\"5.0\",\"translated\":\"5\"}','{\"color\":\"#ffffff\",\"color-transparency\":\"1\",\"text-decoration\":\"none\",\"background-color\":\"transparent\",\"background-transparency\":\"0\",\"border-color\":\"transparent\",\"border-transparency\":\"1\",\"border-style\":\"none\",\"border-width\":\"0\",\"border-radius\":[\"0\",\"0\",\"0\",\"0\"],\"opacity\":\"1\",\"scalex\":\"1\",\"scaley\":\"1\",\"skewx\":\"0\",\"skewy\":\"0\",\"xrotate\":\"0\",\"yrotate\":\"0\",\"2d_rotation\":\"0\",\"pointer_events\":\"auto\",\"css_cursor\":\"auto\",\"speed\":\"0\",\"easing\":\"none\"}','{\"idle\":\"\",\"hover\":\"\"}','{\"color\":\"#ffffff\",\"color-transparency\":\"0.35\",\"font-size\":\"15px\",\"line-height\":\"20px\",\"font-weight\":\"400\",\"font-style\":\"normal\",\"font-family\":\"Raleway\",\"padding\":[\"0\",\"0\",\"0\",\"0\"],\"text-decoration\":\"none\",\"text-align\":\"left\",\"background-color\":\"transparent\",\"background-transparency\":\"1\",\"border-color\":\"transparent\",\"border-transparency\":\"1\",\"border-style\":\"none\",\"border-width\":\"0\",\"border-radius\":[\"0\",\"0\",\"0\",\"0\"],\"z\":\"0\",\"skewx\":\"0\",\"skewy\":\"0\",\"scalex\":\"1\",\"scaley\":\"1\",\"opacity\":\"1\",\"xrotate\":\"0\",\"yrotate\":\"0\",\"2d_rotation\":\"0\",\"2d_origin_x\":\"50\",\"2d_origin_y\":\"50\",\"pers\":\"600\",\"corner_left\":\"nothing\",\"parallax\":\"-\"}'),(84,'.tp-caption.WebProduct-Content-Light','{\"hover\":\"false\",\"version\":\"5.0\",\"translated\":\"5\"}','{\"color\":\"#ffffff\",\"color-transparency\":\"1\",\"text-decoration\":\"none\",\"background-color\":\"transparent\",\"background-transparency\":\"0\",\"border-color\":\"transparent\",\"border-transparency\":\"1\",\"border-style\":\"none\",\"border-width\":\"0\",\"border-radius\":[\"0\",\"0\",\"0\",\"0\"],\"opacity\":\"1\",\"scalex\":\"1\",\"scaley\":\"1\",\"skewx\":\"0\",\"skewy\":\"0\",\"xrotate\":\"0\",\"yrotate\":\"0\",\"2d_rotation\":\"0\",\"pointer_events\":\"auto\",\"css_cursor\":\"auto\",\"speed\":\"0\",\"easing\":\"none\"}','{\"idle\":\"\",\"hover\":\"\"}','{\"color\":\"#ffffff\",\"color-transparency\":\"0.65\",\"font-size\":\"16px\",\"line-height\":\"24px\",\"font-weight\":\"600\",\"font-style\":\"normal\",\"font-family\":\"Raleway\",\"padding\":[\"0\",\"0\",\"0\",\"0\"],\"text-decoration\":\"none\",\"text-align\":\"left\",\"background-color\":\"transparent\",\"background-transparency\":\"1\",\"border-color\":\"transparent\",\"border-transparency\":\"1\",\"border-style\":\"none\",\"border-width\":\"0\",\"border-radius\":[\"0\",\"0\",\"0\",\"0\"],\"z\":\"0\",\"skewx\":\"0\",\"skewy\":\"0\",\"scalex\":\"1\",\"scaley\":\"1\",\"opacity\":\"1\",\"xrotate\":\"0\",\"yrotate\":\"0\",\"2d_rotation\":\"0\",\"2d_origin_x\":\"50\",\"2d_origin_y\":\"50\",\"pers\":\"600\",\"corner_left\":\"nothing\",\"parallax\":\"-\"}'),(85,'.tp-caption.FatRounded','{\"hover\":\"true\",\"type\":\"text\",\"version\":\"5.0\",\"translated\":\"5\"}','{\"color\":\"#fff\",\"color-transparency\":\"1\",\"text-decoration\":\"none\",\"background-color\":\"#000000\",\"background-transparency\":\"1\",\"border-color\":\"#d3d3d3\",\"border-transparency\":\"1\",\"border-style\":\"none\",\"border-width\":\"0px\",\"border-radius\":[\"50px\",\"50px\",\"50px\",\"50px\"],\"opacity\":\"1\",\"scalex\":\"1\",\"scaley\":\"1\",\"skewx\":\"0\",\"skewy\":\"0\",\"xrotate\":\"0\",\"yrotate\":\"0\",\"2d_rotation\":\"0\",\"pointer_events\":\"auto\",\"css_cursor\":\"pointer\",\"speed\":\"300\",\"easing\":\"none\"}','{\"idle\":{\"text-shadow\":\"none\"},\"hover\":\"\"}','{\"color\":\"#fff\",\"color-transparency\":\"1\",\"font-size\":\"30px\",\"line-height\":\"30px\",\"font-weight\":\"900\",\"font-style\":\"normal\",\"font-family\":\"Raleway\",\"padding\":[\"20px\",\"22px\",\"20px\",\"25px\"],\"text-decoration\":\"none\",\"text-align\":\"left\",\"background-color\":\"#000000\",\"background-transparency\":\"0.5\",\"border-color\":\"#d3d3d3\",\"border-transparency\":\"1\",\"border-style\":\"none\",\"border-width\":\"0px\",\"border-radius\":[\"50px\",\"50px\",\"50px\",\"50px\"],\"z\":\"0\",\"skewx\":\"0\",\"skewy\":\"0\",\"scalex\":\"1\",\"scaley\":\"1\",\"opacity\":\"1\",\"xrotate\":\"0\",\"yrotate\":\"0\",\"2d_rotation\":\"0\",\"2d_origin_x\":\"50\",\"2d_origin_y\":\"50\",\"pers\":\"600\",\"corner_left\":\"nothing\",\"corner_right\":\"nothing\",\"parallax\":\"-\"}'),(86,'.tp-caption.NotGeneric-Title','{\"translated\":5,\"type\":\"text\",\"version\":\"5.0\"}','{\"color\":\"#ffffff\",\"color-transparency\":\"1\",\"text-decoration\":\"none\",\"background-color\":\"transparent\",\"background-transparency\":\"0\",\"border-color\":\"transparent\",\"border-transparency\":\"1\",\"border-style\":\"none\",\"border-width\":\"0\",\"border-radius\":[\"0\",\"0\",\"0\",\"0\"],\"opacity\":\"1\",\"scalex\":\"1\",\"scaley\":\"1\",\"skewx\":\"0\",\"skewy\":\"0\",\"xrotate\":\"0\",\"yrotate\":\"0\",\"2d_rotation\":\"0\",\"pointer_events\":\"auto\",\"css_cursor\":\"auto\",\"speed\":\"0\",\"easing\":\"none\"}','{\"idle\":\"[object Object]\",\"hover\":\"\"}','{\"color\":\"#ffffff\",\"color-transparency\":\"1\",\"font-size\":\"70px\",\"line-height\":\"70px\",\"font-weight\":\"800\",\"font-style\":\"normal\",\"font-family\":\"Raleway\",\"padding\":\"10px 0px 10px 0\",\"text-decoration\":\"none\",\"background-color\":\"transparent\",\"background-transparency\":\"1\",\"border-color\":\"transparent\",\"border-transparency\":\"1\",\"border-style\":\"none\",\"border-width\":\"0\",\"border-radius\":\"0 0 0 0\",\"z\":\"0\",\"skewx\":\"0\",\"skewy\":\"0\",\"scalex\":\"1\",\"scaley\":\"1\",\"opacity\":\"1\",\"xrotate\":\"0\",\"yrotate\":\"0\",\"2d_rotation\":\"0\",\"2d_origin_x\":\"50\",\"2d_origin_y\":\"50\",\"pers\":\"600\",\"corner_left\":\"nothing\",\"corner_right\":\"nothing\",\"parallax\":\"-\"}'),(87,'.tp-caption.NotGeneric-SubTitle','{\"translated\":5,\"type\":\"text\",\"version\":\"5.0\"}','{\"color\":\"#ffffff\",\"color-transparency\":\"1\",\"text-decoration\":\"none\",\"background-color\":\"transparent\",\"background-transparency\":\"0\",\"border-color\":\"transparent\",\"border-transparency\":\"1\",\"border-style\":\"none\",\"border-width\":\"0\",\"border-radius\":[\"0\",\"0\",\"0\",\"0\"],\"opacity\":\"1\",\"scalex\":\"1\",\"scaley\":\"1\",\"skewx\":\"0\",\"skewy\":\"0\",\"xrotate\":\"0\",\"yrotate\":\"0\",\"2d_rotation\":\"0\",\"pointer_events\":\"auto\",\"css_cursor\":\"auto\",\"speed\":\"0\",\"easing\":\"none\"}','{\"idle\":{\"letter-spacing\":\"4px\",\"text-align\":\"left\"},\"hover\":\"\"}','{\"color\":\"#ffffff\",\"color-transparency\":\"1\",\"font-size\":\"13px\",\"line-height\":\"20px\",\"font-weight\":\"500\",\"font-style\":\"normal\",\"font-family\":\"Raleway\",\"padding\":\"0 0 0 0\",\"text-decoration\":\"none\",\"background-color\":\"transparent\",\"background-transparency\":\"1\",\"border-color\":\"transparent\",\"border-transparency\":\"1\",\"border-style\":\"none\",\"border-width\":\"0\",\"border-radius\":\"0 0 0 0\",\"z\":\"0\",\"skewx\":\"0\",\"skewy\":\"0\",\"scalex\":\"1\",\"scaley\":\"1\",\"opacity\":\"1\",\"xrotate\":\"0\",\"yrotate\":\"0\",\"2d_rotation\":\"0\",\"2d_origin_x\":\"50\",\"2d_origin_y\":\"50\",\"pers\":\"600\",\"corner_left\":\"nothing\",\"corner_right\":\"nothing\",\"parallax\":\"-\"}'),(88,'.tp-caption.NotGeneric-CallToAction','{\"hover\":\"true\",\"translated\":5,\"type\":\"text\",\"version\":\"5.0\"}','{\"color\":\"#ffffff\",\"color-transparency\":\"1\",\"text-decoration\":\"none\",\"background-color\":\"transparent\",\"background-transparency\":\"0\",\"border-color\":\"#ffffff\",\"border-transparency\":\"1\",\"border-style\":\"solid\",\"border-width\":\"1\",\"border-radius\":\"0px 0px 0px 0px\",\"opacity\":\"1\",\"scalex\":\"1\",\"scaley\":\"1\",\"skewx\":\"0\",\"skewy\":\"0\",\"xrotate\":\"0\",\"yrotate\":\"0\",\"2d_rotation\":\"0\",\"pointer_events\":\"auto\",\"css_cursor\":\"pointer\",\"speed\":\"300\",\"easing\":\"power3.out\"}','{\"idle\":{\"letter-spacing\":\"3px\",\"text-align\":\"left\"},\"hover\":\"\"}','{\"color\":\"#ffffff\",\"color-transparency\":\"1\",\"font-size\":\"14px\",\"line-height\":\"14px\",\"font-weight\":\"500\",\"font-style\":\"normal\",\"font-family\":\"Raleway\",\"padding\":\"10px 30px 10px 30px\",\"text-decoration\":\"none\",\"background-color\":\"#000000\",\"background-transparency\":\"0\",\"border-color\":\"#ffffff\",\"border-transparency\":\"0.5\",\"border-style\":\"solid\",\"border-width\":\"1\",\"border-radius\":\"0px 0px 0px 0px\",\"z\":\"0\",\"skewx\":\"0\",\"skewy\":\"0\",\"scalex\":\"1\",\"scaley\":\"1\",\"opacity\":\"1\",\"xrotate\":\"0\",\"yrotate\":\"0\",\"2d_rotation\":\"0\",\"2d_origin_x\":\"50\",\"2d_origin_y\":\"50\",\"pers\":\"600\",\"corner_left\":\"nothing\",\"corner_right\":\"nothing\",\"parallax\":\"-\"}'),(89,'.tp-caption.NotGeneric-Icon','{\"translated\":5,\"type\":\"text\",\"version\":\"5.0\"}','{\"color\":\"#ffffff\",\"color-transparency\":\"1\",\"text-decoration\":\"none\",\"background-color\":\"transparent\",\"background-transparency\":\"0\",\"border-color\":\"#ffffff\",\"border-transparency\":\"1\",\"border-style\":\"solid\",\"border-width\":\"1\",\"border-radius\":[\"0px\",\"0px\",\"0px\",\"0px\"],\"opacity\":\"1\",\"scalex\":\"1\",\"scaley\":\"1\",\"skewx\":\"0\",\"skewy\":\"0\",\"xrotate\":\"0\",\"yrotate\":\"0\",\"2d_rotation\":\"0\",\"pointer_events\":\"auto\",\"css_cursor\":\"default\",\"speed\":\"300\",\"easing\":\"power3.out\"}','{\"idle\":{\"letter-spacing\":\"3px\",\"text-align\":\"left\"},\"hover\":\"\"}','{\"color\":\"#ffffff\",\"color-transparency\":\"1\",\"font-size\":\"30px\",\"line-height\":\"30px\",\"font-weight\":\"400\",\"font-style\":\"normal\",\"font-family\":\"Raleway\",\"padding\":\"0px 0px 0px 0px\",\"text-decoration\":\"none\",\"background-color\":\"#000000\",\"background-transparency\":\"0\",\"border-color\":\"#ffffff\",\"border-transparency\":\"0\",\"border-style\":\"solid\",\"border-width\":\"0px\",\"border-radius\":\"0px 0px 0px 0px\",\"z\":\"0\",\"skewx\":\"0\",\"skewy\":\"0\",\"scalex\":\"1\",\"scaley\":\"1\",\"opacity\":\"1\",\"xrotate\":\"0\",\"yrotate\":\"0\",\"2d_rotation\":\"0\",\"2d_origin_x\":\"50\",\"2d_origin_y\":\"50\",\"pers\":\"600\",\"corner_left\":\"nothing\",\"corner_right\":\"nothing\",\"parallax\":\"-\"}'),(90,'.tp-caption.NotGeneric-Menuitem','{\"hover\":\"true\",\"translated\":5,\"type\":\"text\",\"version\":\"5.0\"}','{\"color\":\"#ffffff\",\"color-transparency\":\"1\",\"text-decoration\":\"none\",\"background-color\":\"#000000\",\"background-transparency\":\"0\",\"border-color\":\"#ffffff\",\"border-transparency\":\"1\",\"border-style\":\"solid\",\"border-width\":\"1px\",\"border-radius\":\"0px 0px 0px 0px\",\"opacity\":\"1\",\"scalex\":\"1\",\"scaley\":\"1\",\"skewx\":\"0\",\"skewy\":\"0\",\"xrotate\":\"0\",\"yrotate\":\"0\",\"2d_rotation\":\"0\",\"pointer_events\":\"auto\",\"css_cursor\":\"pointer\",\"speed\":\"300\",\"easing\":\"power1.inOut\"}','{\"idle\":{\"letter-spacing\":\"3px\",\"text-align\":\"left\"},\"hover\":\"\"}','{\"color\":\"#ffffff\",\"color-transparency\":\"1\",\"font-size\":\"14px\",\"line-height\":\"14px\",\"font-weight\":\"500\",\"font-style\":\"normal\",\"font-family\":\"Raleway\",\"padding\":\"27px 30px 27px 30px\",\"text-decoration\":\"none\",\"background-color\":\"#000000\",\"background-transparency\":\"0\",\"border-color\":\"#ffffff\",\"border-transparency\":\"0.15\",\"border-style\":\"solid\",\"border-width\":\"1px\",\"border-radius\":\"0px 0px 0px 0px\",\"z\":\"0\",\"skewx\":\"0\",\"skewy\":\"0\",\"scalex\":\"1\",\"scaley\":\"1\",\"opacity\":\"1\",\"xrotate\":\"0\",\"yrotate\":\"0\",\"2d_rotation\":\"0\",\"2d_origin_x\":\"50\",\"2d_origin_y\":\"50\",\"pers\":\"600\",\"corner_left\":\"nothing\",\"corner_right\":\"nothing\",\"parallax\":\"-\"}'),(91,'.tp-caption.MarkerStyle','{\"translated\":5,\"type\":\"text\",\"version\":\"5.0\"}','{\"color\":\"#ffffff\",\"color-transparency\":\"1\",\"text-decoration\":\"none\",\"background-color\":\"transparent\",\"background-transparency\":\"0\",\"border-color\":\"transparent\",\"border-transparency\":\"1\",\"border-style\":\"none\",\"border-width\":\"0\",\"border-radius\":[\"0\",\"0\",\"0\",\"0\"],\"opacity\":\"1\",\"scalex\":\"1\",\"scaley\":\"1\",\"skewx\":\"0\",\"skewy\":\"0\",\"xrotate\":\"0\",\"yrotate\":\"0\",\"2d_rotation\":\"0\",\"pointer_events\":\"auto\",\"css_cursor\":\"auto\",\"speed\":\"0\",\"easing\":\"none\"}','{\"idle\":{\"text-align\":\"left\",\"0\":\"\"},\"hover\":\"\"}','{\"color\":\"#ffffff\",\"color-transparency\":\"1\",\"font-size\":\"17px\",\"line-height\":\"30px\",\"font-weight\":\"100\",\"font-style\":\"normal\",\"font-family\":\"\\\"Permanent Marker\\\"\",\"padding\":\"0 0 0 0\",\"text-decoration\":\"none\",\"background-color\":\"transparent\",\"background-transparency\":\"1\",\"border-color\":\"transparent\",\"border-transparency\":\"1\",\"border-style\":\"none\",\"border-width\":\"0\",\"border-radius\":\"0 0 0 0\",\"z\":\"0\",\"skewx\":\"0\",\"skewy\":\"0\",\"scalex\":\"1\",\"scaley\":\"1\",\"opacity\":\"1\",\"xrotate\":\"0\",\"yrotate\":\"0\",\"2d_rotation\":\"0\",\"2d_origin_x\":\"50\",\"2d_origin_y\":\"50\",\"pers\":\"600\",\"corner_left\":\"nothing\",\"corner_right\":\"nothing\",\"parallax\":\"-\"}'),(92,'.tp-caption.Gym-Menuitem','{\"hover\":\"true\",\"type\":\"text\",\"version\":\"5.0\",\"translated\":\"5\"}','{\"color\":\"#ffffff\",\"color-transparency\":\"1\",\"text-decoration\":\"none\",\"background-color\":\"#000000\",\"background-transparency\":\"1\",\"border-color\":\"#ffffff\",\"border-transparency\":\"0.25\",\"border-style\":\"solid\",\"border-width\":\"2px\",\"border-radius\":[\"3px\",\"3px\",\"3px\",\"3px\"],\"opacity\":\"1\",\"scalex\":\"1\",\"scaley\":\"1\",\"skewx\":\"0\",\"skewy\":\"0\",\"xrotate\":\"0\",\"yrotate\":\"0\",\"2d_rotation\":\"0\",\"pointer_events\":\"auto\",\"css_cursor\":\"pointer\",\"speed\":\"200\",\"easing\":\"none\"}','{\"idle\":{\"letter-spacing\":\"2px\"},\"hover\":\"\"}','{\"color\":\"#ffffff\",\"color-transparency\":\"1\",\"font-size\":\"20px\",\"line-height\":\"20px\",\"font-weight\":\"300\",\"font-style\":\"normal\",\"font-family\":\"Raleway\",\"padding\":[\"3px\",\"5px\",\"3px\",\"8px\"],\"text-decoration\":\"none\",\"text-align\":\"left\",\"background-color\":\"#000000\",\"background-transparency\":\"1\",\"border-color\":\"#ffffff\",\"border-transparency\":\"0\",\"border-style\":\"solid\",\"border-width\":\"2px\",\"border-radius\":[\"3px\",\"3px\",\"3px\",\"3px\"],\"z\":\"0\",\"skewx\":\"0\",\"skewy\":\"0\",\"scalex\":\"1\",\"scaley\":\"1\",\"opacity\":\"1\",\"xrotate\":\"0\",\"yrotate\":\"0\",\"2d_rotation\":\"0\",\"2d_origin_x\":\"50\",\"2d_origin_y\":\"50\",\"pers\":\"600\",\"corner_left\":\"nothing\",\"corner_right\":\"nothing\",\"parallax\":\"-\"}'),(93,'.tp-caption.Newspaper-Button','{\"hover\":\"true\",\"type\":\"button\",\"version\":\"5.0\",\"translated\":\"5\"}','{\"color\":\"#000000\",\"color-transparency\":\"1\",\"text-decoration\":\"none\",\"background-color\":\"#FFFFFF\",\"background-transparency\":\"1\",\"border-color\":\"#ffffff\",\"border-transparency\":\"1\",\"border-style\":\"solid\",\"border-width\":\"1px\",\"border-radius\":[\"0px\",\"0px\",\"0px\",\"0px\"],\"opacity\":\"1\",\"scalex\":\"1\",\"scaley\":\"1\",\"skewx\":\"0\",\"skewy\":\"0\",\"xrotate\":\"0\",\"yrotate\":\"0\",\"2d_rotation\":\"0\",\"pointer_events\":\"auto\",\"css_cursor\":\"pointer\",\"speed\":\"300\",\"easing\":\"power1.inOut\"}','{\"idle\":{\"letter-spacing\":\"2px\"},\"hover\":\"\"}','{\"color\":\"#ffffff\",\"color-transparency\":\"1\",\"font-size\":\"13px\",\"line-height\":\"17px\",\"font-weight\":\"700\",\"font-style\":\"normal\",\"font-family\":\"Roboto\",\"padding\":[\"12px\",\"35px\",\"12px\",\"35px\"],\"text-decoration\":\"none\",\"text-align\":\"left\",\"background-color\":\"#ffffff\",\"background-transparency\":\"0\",\"border-color\":\"#ffffff\",\"border-transparency\":\"0.25\",\"border-style\":\"solid\",\"border-width\":\"1px\",\"border-radius\":[\"0px\",\"0px\",\"0px\",\"0px\"],\"z\":\"0\",\"skewx\":\"0\",\"skewy\":\"0\",\"scalex\":\"1\",\"scaley\":\"1\",\"opacity\":\"1\",\"xrotate\":\"0\",\"yrotate\":\"0\",\"2d_rotation\":\"0\",\"2d_origin_x\":\"50\",\"2d_origin_y\":\"50\",\"pers\":\"600\",\"corner_left\":\"nothing\",\"corner_right\":\"nothing\",\"parallax\":\"-\"}'),(94,'.tp-caption.Newspaper-Subtitle','{\"hover\":\"false\",\"type\":\"text\",\"version\":\"5.0\",\"translated\":\"5\"}','{\"color\":\"#ffffff\",\"color-transparency\":\"1\",\"text-decoration\":\"none\",\"background-color\":\"transparent\",\"background-transparency\":\"0\",\"border-color\":\"transparent\",\"border-transparency\":\"1\",\"border-style\":\"none\",\"border-width\":\"0\",\"border-radius\":[\"0\",\"0\",\"0\",\"0\"],\"opacity\":\"1\",\"scalex\":\"1\",\"scaley\":\"1\",\"skewx\":\"0\",\"skewy\":\"0\",\"xrotate\":\"0\",\"yrotate\":\"0\",\"2d_rotation\":\"0\",\"pointer_events\":\"auto\",\"css_cursor\":\"auto\",\"speed\":\"0\",\"easing\":\"none\"}','{\"idle\":\"\",\"hover\":\"\"}','{\"color\":\"#a8d8ee\",\"color-transparency\":\"1\",\"font-size\":\"15px\",\"line-height\":\"20px\",\"font-weight\":\"900\",\"font-style\":\"normal\",\"font-family\":\"Roboto\",\"padding\":[\"0\",\"0\",\"0\",\"0\"],\"text-decoration\":\"none\",\"text-align\":\"left\",\"background-color\":\"transparent\",\"background-transparency\":\"1\",\"border-color\":\"transparent\",\"border-transparency\":\"1\",\"border-style\":\"none\",\"border-width\":\"0\",\"border-radius\":[\"0\",\"0\",\"0\",\"0\"],\"z\":\"0\",\"skewx\":\"0\",\"skewy\":\"0\",\"scalex\":\"1\",\"scaley\":\"1\",\"opacity\":\"1\",\"xrotate\":\"0\",\"yrotate\":\"0\",\"2d_rotation\":\"0\",\"2d_origin_x\":\"50\",\"2d_origin_y\":\"50\",\"pers\":\"600\",\"corner_left\":\"nothing\",\"corner_right\":\"nothing\",\"parallax\":\"-\"}'),(95,'.tp-caption.Newspaper-Title','{\"hover\":\"false\",\"type\":\"text\",\"version\":\"5.0\",\"translated\":\"5\"}','{\"color\":\"#ffffff\",\"color-transparency\":\"1\",\"text-decoration\":\"none\",\"background-color\":\"transparent\",\"background-transparency\":\"0\",\"border-color\":\"transparent\",\"border-transparency\":\"1\",\"border-style\":\"none\",\"border-width\":\"0\",\"border-radius\":[\"0\",\"0\",\"0\",\"0\"],\"opacity\":\"1\",\"scalex\":\"1\",\"scaley\":\"1\",\"skewx\":\"0\",\"skewy\":\"0\",\"xrotate\":\"0\",\"yrotate\":\"0\",\"2d_rotation\":\"0\",\"pointer_events\":\"auto\",\"css_cursor\":\"auto\",\"speed\":\"0\",\"easing\":\"none\"}','{\"idle\":\"\",\"hover\":\"\"}','{\"color\":\"#fff\",\"color-transparency\":\"1\",\"font-size\":\"50px\",\"line-height\":\"55px\",\"font-weight\":\"400\",\"font-style\":\"normal\",\"font-family\":\"\\\"Roboto Slab\\\"\",\"padding\":[\"0\",\"0\",\"10px\",\"0\"],\"text-decoration\":\"none\",\"text-align\":\"left\",\"background-color\":\"transparent\",\"background-transparency\":\"1\",\"border-color\":\"transparent\",\"border-transparency\":\"1\",\"border-style\":\"none\",\"border-width\":\"0\",\"border-radius\":[\"0\",\"0\",\"0\",\"0\"],\"z\":\"0\",\"skewx\":\"0\",\"skewy\":\"0\",\"scalex\":\"1\",\"scaley\":\"1\",\"opacity\":\"1\",\"xrotate\":\"0\",\"yrotate\":\"0\",\"2d_rotation\":\"0\",\"2d_origin_x\":\"50\",\"2d_origin_y\":\"50\",\"pers\":\"600\",\"corner_left\":\"nothing\",\"corner_right\":\"nothing\",\"parallax\":\"-\"}'),(96,'.tp-caption.Newspaper-Title-Centered','{\"hover\":\"false\",\"type\":\"text\",\"version\":\"5.0\",\"translated\":\"5\"}','{\"color\":\"#ffffff\",\"color-transparency\":\"1\",\"text-decoration\":\"none\",\"background-color\":\"transparent\",\"background-transparency\":\"0\",\"border-color\":\"transparent\",\"border-transparency\":\"1\",\"border-style\":\"none\",\"border-width\":\"0\",\"border-radius\":[\"0\",\"0\",\"0\",\"0\"],\"opacity\":\"1\",\"scalex\":\"1\",\"scaley\":\"1\",\"skewx\":\"0\",\"skewy\":\"0\",\"xrotate\":\"0\",\"yrotate\":\"0\",\"2d_rotation\":\"0\",\"pointer_events\":\"auto\",\"css_cursor\":\"auto\",\"speed\":\"0\",\"easing\":\"none\"}','{\"idle\":\"\",\"hover\":\"\"}','{\"color\":\"#fff\",\"color-transparency\":\"1\",\"font-size\":\"50px\",\"line-height\":\"55px\",\"font-weight\":\"400\",\"font-style\":\"normal\",\"font-family\":\"\\\"Roboto Slab\\\"\",\"padding\":[\"0\",\"0\",\"10px\",\"0\"],\"text-decoration\":\"none\",\"text-align\":\"center\",\"background-color\":\"transparent\",\"background-transparency\":\"1\",\"border-color\":\"transparent\",\"border-transparency\":\"1\",\"border-style\":\"none\",\"border-width\":\"0\",\"border-radius\":[\"0\",\"0\",\"0\",\"0\"],\"z\":\"0\",\"skewx\":\"0\",\"skewy\":\"0\",\"scalex\":\"1\",\"scaley\":\"1\",\"opacity\":\"1\",\"xrotate\":\"0\",\"yrotate\":\"0\",\"2d_rotation\":\"0\",\"2d_origin_x\":\"50\",\"2d_origin_y\":\"50\",\"pers\":\"600\",\"corner_left\":\"nothing\",\"corner_right\":\"nothing\",\"parallax\":\"-\"}'),(97,'.tp-caption.Hero-Button','{\"hover\":\"true\",\"type\":\"button\",\"version\":\"5.0\",\"translated\":\"5\"}','{\"color\":\"#000000\",\"color-transparency\":\"1\",\"text-decoration\":\"none\",\"background-color\":\"#ffffff\",\"background-transparency\":\"1\",\"border-color\":\"#ffffff\",\"border-transparency\":\"1\",\"border-style\":\"solid\",\"border-width\":\"1\",\"border-radius\":[\"0px\",\"0px\",\"0px\",\"0px\"],\"opacity\":\"1\",\"scalex\":\"1\",\"scaley\":\"1\",\"skewx\":\"0\",\"skewy\":\"0\",\"xrotate\":\"0\",\"yrotate\":\"0\",\"2d_rotation\":\"0\",\"pointer_events\":\"auto\",\"css_cursor\":\"pointer\",\"speed\":\"300\",\"easing\":\"power1.inOut\"}','{\"idle\":{\"letter-spacing\":\"3px\"},\"hover\":\"\"}','{\"color\":\"#ffffff\",\"color-transparency\":\"1\",\"font-size\":\"14px\",\"line-height\":\"14px\",\"font-weight\":\"500\",\"font-style\":\"normal\",\"font-family\":\"Raleway\",\"padding\":[\"10px\",\"30px\",\"10px\",\"30px\"],\"text-decoration\":\"none\",\"text-align\":\"left\",\"background-color\":\"#000000\",\"background-transparency\":\"0\",\"border-color\":\"#ffffff\",\"border-transparency\":\"0.5\",\"border-style\":\"solid\",\"border-width\":\"1\",\"border-radius\":[\"0px\",\"0px\",\"0px\",\"0px\"],\"z\":\"0\",\"skewx\":\"0\",\"skewy\":\"0\",\"scalex\":\"1\",\"scaley\":\"1\",\"opacity\":\"1\",\"xrotate\":\"0\",\"yrotate\":\"0\",\"2d_rotation\":\"0\",\"2d_origin_x\":\"50\",\"2d_origin_y\":\"50\",\"pers\":\"600\",\"corner_left\":\"nothing\",\"corner_right\":\"nothing\",\"parallax\":\"-\"}'),(98,'.tp-caption.Video-Title','{\"hover\":\"false\",\"type\":\"text\",\"version\":\"5.0\",\"translated\":\"5\"}','{\"color\":\"#ffffff\",\"color-transparency\":\"1\",\"text-decoration\":\"none\",\"background-color\":\"transparent\",\"background-transparency\":\"0\",\"border-color\":\"transparent\",\"border-transparency\":\"1\",\"border-style\":\"none\",\"border-width\":\"0\",\"border-radius\":[\"0\",\"0\",\"0\",\"0\"],\"opacity\":\"1\",\"scalex\":\"1\",\"scaley\":\"1\",\"skewx\":\"0\",\"skewy\":\"0\",\"xrotate\":\"0\",\"yrotate\":\"0\",\"2d_rotation\":\"0\",\"pointer_events\":\"auto\",\"css_cursor\":\"auto\",\"speed\":\"0\",\"easing\":\"none\"}','{\"idle\":\"\",\"hover\":\"\"}','{\"color\":\"#fff\",\"color-transparency\":\"1\",\"font-size\":\"30px\",\"line-height\":\"30px\",\"font-weight\":\"900\",\"font-style\":\"normal\",\"font-family\":\"Raleway\",\"padding\":[\"5px\",\"5px\",\"5px\",\"5px\"],\"text-decoration\":\"none\",\"text-align\":\"left\",\"background-color\":\"#000000\",\"background-transparency\":\"1\",\"border-color\":\"transparent\",\"border-transparency\":\"1\",\"border-style\":\"none\",\"border-width\":\"0\",\"border-radius\":[\"0\",\"0\",\"0\",\"0\"],\"z\":\"0\",\"skewx\":\"0\",\"skewy\":\"0\",\"scalex\":\"1\",\"scaley\":\"1\",\"opacity\":\"1\",\"xrotate\":\"0\",\"yrotate\":\"0\",\"2d_rotation\":\"0\",\"2d_origin_x\":\"-20%\",\"2d_origin_y\":\"50\",\"pers\":\"600\",\"corner_left\":\"nothing\",\"corner_right\":\"nothing\",\"parallax\":\"-\"}'),(99,'.tp-caption.Video-SubTitle','{\"hover\":\"false\",\"type\":\"text\",\"version\":\"5.0\",\"translated\":\"5\"}','{\"color\":\"#ffffff\",\"color-transparency\":\"1\",\"text-decoration\":\"none\",\"background-color\":\"transparent\",\"background-transparency\":\"0\",\"border-color\":\"transparent\",\"border-transparency\":\"1\",\"border-style\":\"none\",\"border-width\":\"0\",\"border-radius\":[\"0\",\"0\",\"0\",\"0\"],\"opacity\":\"1\",\"scalex\":\"1\",\"scaley\":\"1\",\"skewx\":\"0\",\"skewy\":\"0\",\"xrotate\":\"0\",\"yrotate\":\"0\",\"2d_rotation\":\"0\",\"pointer_events\":\"auto\",\"css_cursor\":\"auto\",\"speed\":\"0\",\"easing\":\"none\"}','{\"idle\":{\"letter-spacing\":\"2px\"},\"hover\":\"\"}','{\"color\":\"#ffffff\",\"color-transparency\":\"1\",\"font-size\":\"12px\",\"line-height\":\"12px\",\"font-weight\":\"600\",\"font-style\":\"normal\",\"font-family\":\"Raleway\",\"padding\":[\"5px\",\"5px\",\"5px\",\"5px\"],\"text-decoration\":\"none\",\"text-align\":\"left\",\"background-color\":\"#000000\",\"background-transparency\":\"0.35\",\"border-color\":\"transparent\",\"border-transparency\":\"1\",\"border-style\":\"none\",\"border-width\":\"0\",\"border-radius\":[\"0\",\"0\",\"0\",\"0\"],\"z\":\"0\",\"skewx\":\"0\",\"skewy\":\"0\",\"scalex\":\"1\",\"scaley\":\"1\",\"opacity\":\"1\",\"xrotate\":\"0\",\"yrotate\":\"0\",\"2d_rotation\":\"0\",\"2d_origin_x\":\"-20%\",\"2d_origin_y\":\"50\",\"pers\":\"600\",\"corner_left\":\"nothing\",\"corner_right\":\"nothing\",\"parallax\":\"-\"}'),(100,'.tp-caption.NotGeneric-Button','{\"hover\":\"true\",\"type\":\"button\",\"version\":\"5.0\",\"translated\":\"5\"}','{\"color\":\"#ffffff\",\"color-transparency\":\"1\",\"text-decoration\":\"none\",\"background-color\":\"transparent\",\"background-transparency\":\"0\",\"border-color\":\"#ffffff\",\"border-transparency\":\"1\",\"border-style\":\"solid\",\"border-width\":\"1\",\"border-radius\":[\"0px\",\"0px\",\"0px\",\"0px\"],\"opacity\":\"1\",\"scalex\":\"1\",\"scaley\":\"1\",\"skewx\":\"0\",\"skewy\":\"0\",\"xrotate\":\"0\",\"yrotate\":\"0\",\"2d_rotation\":\"0\",\"pointer_events\":\"auto\",\"css_cursor\":\"pointer\",\"speed\":\"300\",\"easing\":\"power1.inOut\"}','{\"idle\":{\"letter-spacing\":\"3px\",\"text-align\":\"left\"},\"hover\":\"\"}','{\"color\":\"#ffffff\",\"color-transparency\":\"1\",\"font-size\":\"14px\",\"line-height\":\"14px\",\"font-weight\":\"500\",\"font-style\":\"normal\",\"font-family\":\"Raleway\",\"padding\":[\"10px\",\"30px\",\"10px\",\"30px\"],\"text-decoration\":\"none\",\"text-align\":\"left\",\"background-color\":\"#000000\",\"background-transparency\":\"0\",\"border-color\":\"#ffffff\",\"border-transparency\":\"0.5\",\"border-style\":\"solid\",\"border-width\":\"1\",\"border-radius\":[\"0px\",\"0px\",\"0px\",\"0px\"],\"z\":\"0\",\"skewx\":\"0\",\"skewy\":\"0\",\"scalex\":\"1\",\"scaley\":\"1\",\"opacity\":\"1\",\"xrotate\":\"0\",\"yrotate\":\"0\",\"2d_rotation\":\"0\",\"2d_origin_x\":\"50\",\"2d_origin_y\":\"50\",\"pers\":\"600\",\"corner_left\":\"nothing\",\"corner_right\":\"nothing\",\"parallax\":\"-\"}'),(101,'.tp-caption.NotGeneric-BigButton','{\"hover\":\"true\",\"type\":\"button\",\"version\":\"5.0\",\"translated\":\"5\"}','{\"color\":\"#ffffff\",\"color-transparency\":\"1\",\"text-decoration\":\"none\",\"background-color\":\"#000000\",\"background-transparency\":\"0\",\"border-color\":\"#ffffff\",\"border-transparency\":\"1\",\"border-style\":\"solid\",\"border-width\":\"1px\",\"border-radius\":[\"0px\",\"0px\",\"0px\",\"0px\"],\"opacity\":\"1\",\"scalex\":\"1\",\"scaley\":\"1\",\"skewx\":\"0\",\"skewy\":\"0\",\"xrotate\":\"0\",\"yrotate\":\"0\",\"2d_rotation\":\"0\",\"pointer_events\":\"auto\",\"css_cursor\":\"pointer\",\"speed\":\"300\",\"easing\":\"power1.inOut\"}','{\"idle\":{\"letter-spacing\":\"3px\"},\"hover\":\"\"}','{\"color\":\"#ffffff\",\"color-transparency\":\"1\",\"font-size\":\"14px\",\"line-height\":\"14px\",\"font-weight\":\"500\",\"font-style\":\"normal\",\"font-family\":\"Raleway\",\"padding\":[\"27px\",\"30px\",\"27px\",\"30px\"],\"text-decoration\":\"none\",\"text-align\":\"left\",\"background-color\":\"#000000\",\"background-transparency\":\"0\",\"border-color\":\"#ffffff\",\"border-transparency\":\"0.15\",\"border-style\":\"solid\",\"border-width\":\"1px\",\"border-radius\":[\"0px\",\"0px\",\"0px\",\"0px\"],\"z\":\"0\",\"skewx\":\"0\",\"skewy\":\"0\",\"scalex\":\"1\",\"scaley\":\"1\",\"opacity\":\"1\",\"xrotate\":\"0\",\"yrotate\":\"0\",\"2d_rotation\":\"0\",\"2d_origin_x\":\"50\",\"2d_origin_y\":\"50\",\"pers\":\"600\",\"corner_left\":\"nothing\",\"corner_right\":\"nothing\",\"parallax\":\"-\"}'),(102,'.tp-caption.WebProduct-Button','{\"hover\":\"true\",\"type\":\"button\",\"version\":\"5.0\",\"translated\":\"5\"}','{\"color\":\"#333333\",\"color-transparency\":\"1\",\"text-decoration\":\"none\",\"background-color\":\"#ffffff\",\"background-transparency\":\"1\",\"border-color\":\"#000000\",\"border-transparency\":\"1\",\"border-style\":\"none\",\"border-width\":\"2\",\"border-radius\":[\"0\",\"0\",\"0\",\"0\"],\"opacity\":\"1\",\"scalex\":\"1\",\"scaley\":\"1\",\"skewx\":\"0\",\"skewy\":\"0\",\"xrotate\":\"0\",\"yrotate\":\"0\",\"2d_rotation\":\"0\",\"pointer_events\":\"auto\",\"css_cursor\":\"auto\",\"speed\":\"300\",\"easing\":\"none\"}','{\"idle\":{\"letter-spacing\":\"1px\"},\"hover\":\"\"}','{\"color\":\"#ffffff\",\"color-transparency\":\"1\",\"font-size\":\"16px\",\"line-height\":\"48px\",\"font-weight\":\"600\",\"font-style\":\"normal\",\"font-family\":\"Raleway\",\"padding\":[\"0px\",\"40px\",\"0px\",\"40px\"],\"text-decoration\":\"none\",\"text-align\":\"left\",\"background-color\":\"#333333\",\"background-transparency\":\"1\",\"border-color\":\"#000000\",\"border-transparency\":\"1\",\"border-style\":\"none\",\"border-width\":\"2\",\"border-radius\":[\"0\",\"0\",\"0\",\"0\"],\"z\":\"0\",\"skewx\":\"0\",\"skewy\":\"0\",\"scalex\":\"1\",\"scaley\":\"1\",\"opacity\":\"1\",\"xrotate\":\"0\",\"yrotate\":\"0\",\"2d_rotation\":\"0\",\"2d_origin_x\":\"50\",\"2d_origin_y\":\"50\",\"pers\":\"600\",\"corner_left\":\"nothing\",\"corner_right\":\"nothing\",\"parallax\":\"-\"}'),(103,'.tp-caption.Restaurant-Button','{\"hover\":\"true\",\"type\":\"button\",\"version\":\"5.0\",\"translated\":\"5\"}','{\"color\":\"#ffffff\",\"color-transparency\":\"1\",\"text-decoration\":\"none\",\"background-color\":\"#000000\",\"background-transparency\":\"0\",\"border-color\":\"#ffe081\",\"border-transparency\":\"1\",\"border-style\":\"solid\",\"border-width\":\"2\",\"border-radius\":[\"0px\",\"0px\",\"0px\",\"0px\"],\"opacity\":\"1\",\"scalex\":\"1\",\"scaley\":\"1\",\"skewx\":\"0\",\"skewy\":\"0\",\"xrotate\":\"0\",\"yrotate\":\"0\",\"2d_rotation\":\"0\",\"pointer_events\":\"auto\",\"css_cursor\":\"auto\",\"speed\":\"300\",\"easing\":\"none\"}','{\"idle\":{\"letter-spacing\":\"3px\"},\"hover\":\"\"}','{\"color\":\"#ffffff\",\"color-transparency\":\"1\",\"font-size\":\"17px\",\"line-height\":\"17px\",\"font-weight\":\"500\",\"font-style\":\"normal\",\"font-family\":\"Roboto\",\"padding\":[\"12px\",\"35px\",\"12px\",\"35px\"],\"text-decoration\":\"none\",\"text-align\":\"left\",\"background-color\":\"#0a0a0a\",\"background-transparency\":\"0\",\"border-color\":\"#ffffff\",\"border-transparency\":\"0.5\",\"border-style\":\"solid\",\"border-width\":\"2\",\"border-radius\":[\"0px\",\"0px\",\"0px\",\"0px\"],\"z\":\"0\",\"skewx\":\"0\",\"skewy\":\"0\",\"scalex\":\"1\",\"scaley\":\"1\",\"opacity\":\"1\",\"xrotate\":\"0\",\"yrotate\":\"0\",\"2d_rotation\":\"0\",\"2d_origin_x\":\"50\",\"2d_origin_y\":\"50\",\"pers\":\"600\",\"corner_left\":\"nothing\",\"corner_right\":\"nothing\",\"parallax\":\"-\"}'),(104,'.tp-caption.Gym-Button','{\"hover\":\"true\",\"type\":\"button\",\"version\":\"5.0\",\"translated\":\"5\"}','{\"color\":\"#ffffff\",\"color-transparency\":\"1\",\"text-decoration\":\"none\",\"background-color\":\"#72a800\",\"background-transparency\":\"1\",\"border-color\":\"#000000\",\"border-transparency\":\"0\",\"border-style\":\"solid\",\"border-width\":\"0\",\"border-radius\":[\"30px\",\"30px\",\"30px\",\"30px\"],\"opacity\":\"1\",\"scalex\":\"1\",\"scaley\":\"1\",\"skewx\":\"0\",\"skewy\":\"0\",\"xrotate\":\"0\",\"yrotate\":\"0\",\"2d_rotation\":\"0\",\"pointer_events\":\"auto\",\"css_cursor\":\"pointer\",\"speed\":\"300\",\"easing\":\"power1.inOut\"}','{\"idle\":{\"letter-spacing\":\"1px\"},\"hover\":\"\"}','{\"color\":\"#ffffff\",\"color-transparency\":\"1\",\"font-size\":\"15px\",\"line-height\":\"15px\",\"font-weight\":\"600\",\"font-style\":\"normal\",\"font-family\":\"Raleway\",\"padding\":[\"13px\",\"35px\",\"13px\",\"35px\"],\"text-decoration\":\"none\",\"text-align\":\"left\",\"background-color\":\"#8bc027\",\"background-transparency\":\"1\",\"border-color\":\"#000000\",\"border-transparency\":\"0\",\"border-style\":\"solid\",\"border-width\":\"0\",\"border-radius\":[\"30px\",\"30px\",\"30px\",\"30px\"],\"z\":\"0\",\"skewx\":\"0\",\"skewy\":\"0\",\"scalex\":\"1\",\"scaley\":\"1\",\"opacity\":\"1\",\"xrotate\":\"0\",\"yrotate\":\"0\",\"2d_rotation\":\"0\",\"2d_origin_x\":\"50\",\"2d_origin_y\":\"50\",\"pers\":\"600\",\"corner_left\":\"nothing\",\"corner_right\":\"nothing\",\"parallax\":\"-\"}'),(105,'.tp-caption.Gym-Button-Light','{\"hover\":\"true\",\"type\":\"button\",\"version\":\"5.0\",\"translated\":\"5\"}','{\"color\":\"#ffffff\",\"color-transparency\":\"1\",\"text-decoration\":\"none\",\"background-color\":\"#72a800\",\"background-transparency\":\"0\",\"border-color\":\"#8bc027\",\"border-transparency\":\"1\",\"border-style\":\"solid\",\"border-width\":\"2px\",\"border-radius\":[\"30px\",\"30px\",\"30px\",\"30px\"],\"opacity\":\"1\",\"scalex\":\"1\",\"scaley\":\"1\",\"skewx\":\"0\",\"skewy\":\"0\",\"xrotate\":\"0\",\"yrotate\":\"0\",\"2d_rotation\":\"0\",\"pointer_events\":\"auto\",\"css_cursor\":\"pointer\",\"speed\":\"300\",\"easing\":\"power2.inOut\"}','{\"idle\":\"\",\"hover\":\"\"}','{\"color\":\"#ffffff\",\"color-transparency\":\"1\",\"font-size\":\"15px\",\"line-height\":\"15px\",\"font-weight\":\"600\",\"font-style\":\"normal\",\"font-family\":\"Raleway\",\"padding\":[\"12px\",\"35px\",\"12px\",\"35px\"],\"text-decoration\":\"none\",\"text-align\":\"left\",\"background-color\":\"transparent\",\"background-transparency\":\"0\",\"border-color\":\"#ffffff\",\"border-transparency\":\"0.25\",\"border-style\":\"solid\",\"border-width\":\"2px\",\"border-radius\":[\"30px\",\"30px\",\"30px\",\"30px\"],\"z\":\"0\",\"skewx\":\"0\",\"skewy\":\"0\",\"scalex\":\"1\",\"scaley\":\"1\",\"opacity\":\"1\",\"xrotate\":\"0\",\"yrotate\":\"0\",\"2d_rotation\":\"0\",\"2d_origin_x\":\"50\",\"2d_origin_y\":\"50\",\"pers\":\"600\",\"corner_left\":\"nothing\",\"corner_right\":\"nothing\",\"parallax\":\"-\"}'),(106,'.tp-caption.Sports-Button-Light','{\"hover\":\"true\",\"type\":\"button\",\"version\":\"5.0\",\"translated\":\"5\"}','{\"color\":\"#ffffff\",\"color-transparency\":\"1\",\"text-decoration\":\"none\",\"background-color\":\"#000000\",\"background-transparency\":\"0\",\"border-color\":\"#ffffff\",\"border-transparency\":\"1\",\"border-style\":\"solid\",\"border-width\":\"2\",\"border-radius\":[\"0px\",\"0px\",\"0px\",\"0px\"],\"opacity\":\"1\",\"scalex\":\"1\",\"scaley\":\"1\",\"skewx\":\"0\",\"skewy\":\"0\",\"xrotate\":\"0\",\"yrotate\":\"0\",\"2d_rotation\":\"0\",\"pointer_events\":\"auto\",\"css_cursor\":\"auto\",\"speed\":\"500\",\"easing\":\"none\"}','{\"idle\":{\"letter-spacing\":\"2px\"},\"hover\":\"\"}','{\"color\":\"#ffffff\",\"color-transparency\":\"1\",\"font-size\":\"17px\",\"line-height\":\"17px\",\"font-weight\":\"600\",\"font-style\":\"normal\",\"font-family\":\"Raleway\",\"padding\":[\"12px\",\"35px\",\"12px\",\"35px\"],\"text-decoration\":\"none\",\"text-align\":\"left\",\"background-color\":\"#000000\",\"background-transparency\":\"0\",\"border-color\":\"#ffffff\",\"border-transparency\":\"0.5\",\"border-style\":\"solid\",\"border-width\":\"2\",\"border-radius\":[\"0px\",\"0px\",\"0px\",\"0px\"],\"z\":\"0\",\"skewx\":\"0\",\"skewy\":\"0\",\"scalex\":\"1\",\"scaley\":\"1\",\"opacity\":\"1\",\"xrotate\":\"0\",\"yrotate\":\"0\",\"2d_rotation\":\"0\",\"2d_origin_x\":\"50\",\"2d_origin_y\":\"50\",\"pers\":\"600\",\"corner_left\":\"nothing\",\"corner_right\":\"nothing\",\"parallax\":\"-\"}'),(107,'.tp-caption.Sports-Button-Red','{\"hover\":\"true\",\"type\":\"button\",\"version\":\"5.0\",\"translated\":\"5\"}','{\"color\":\"#ffffff\",\"color-transparency\":\"1\",\"text-decoration\":\"none\",\"background-color\":\"#000000\",\"background-transparency\":\"1\",\"border-color\":\"#000000\",\"border-transparency\":\"1\",\"border-style\":\"solid\",\"border-width\":\"2\",\"border-radius\":[\"0px\",\"0px\",\"0px\",\"0px\"],\"opacity\":\"1\",\"scalex\":\"1\",\"scaley\":\"1\",\"skewx\":\"0\",\"skewy\":\"0\",\"xrotate\":\"0\",\"yrotate\":\"0\",\"2d_rotation\":\"0\",\"pointer_events\":\"auto\",\"css_cursor\":\"auto\",\"speed\":\"500\",\"easing\":\"none\"}','{\"idle\":{\"letter-spacing\":\"2px\"},\"hover\":\"\"}','{\"color\":\"#ffffff\",\"color-transparency\":\"1\",\"font-size\":\"17px\",\"line-height\":\"17px\",\"font-weight\":\"600\",\"font-style\":\"normal\",\"font-family\":\"Raleway\",\"padding\":[\"12px\",\"35px\",\"12px\",\"35px\"],\"text-decoration\":\"none\",\"text-align\":\"left\",\"background-color\":\"#db1c22\",\"background-transparency\":\"1\",\"border-color\":\"#db1c22\",\"border-transparency\":\"0\",\"border-style\":\"solid\",\"border-width\":\"2px\",\"border-radius\":[\"0px\",\"0px\",\"0px\",\"0px\"],\"z\":\"0\",\"skewx\":\"0\",\"skewy\":\"0\",\"scalex\":\"1\",\"scaley\":\"1\",\"opacity\":\"1\",\"xrotate\":\"0\",\"yrotate\":\"0\",\"2d_rotation\":\"0\",\"2d_origin_x\":\"50\",\"2d_origin_y\":\"50\",\"pers\":\"600\",\"corner_left\":\"nothing\",\"corner_right\":\"nothing\",\"parallax\":\"-\"}'),(108,'.tp-caption.Photography-Button','{\"hover\":\"true\",\"type\":\"button\",\"version\":\"5.0\",\"translated\":\"5\"}','{\"color\":\"#ffffff\",\"color-transparency\":\"1\",\"text-decoration\":\"none\",\"background-color\":\"#000000\",\"background-transparency\":\"0\",\"border-color\":\"#ffffff\",\"border-transparency\":\"1\",\"border-style\":\"solid\",\"border-width\":\"1px\",\"border-radius\":[\"30px\",\"30px\",\"30px\",\"30px\"],\"opacity\":\"1\",\"scalex\":\"1\",\"scaley\":\"1\",\"skewx\":\"0\",\"skewy\":\"0\",\"xrotate\":\"0\",\"yrotate\":\"0\",\"2d_rotation\":\"0\",\"pointer_events\":\"auto\",\"css_cursor\":\"auto\",\"speed\":\"300\",\"easing\":\"power3.out\"}','{\"idle\":{\"letter-spacing\":\"1px\"},\"hover\":\"\"}','{\"color\":\"#ffffff\",\"color-transparency\":\"1\",\"font-size\":\"15px\",\"line-height\":\"15px\",\"font-weight\":\"600\",\"font-style\":\"normal\",\"font-family\":\"Raleway\",\"padding\":[\"13px\",\"35px\",\"13px\",\"35px\"],\"text-decoration\":\"none\",\"text-align\":\"left\",\"background-color\":\"#000000\",\"background-transparency\":\"0\",\"border-color\":\"#ffffff\",\"border-transparency\":\"0.25\",\"border-style\":\"solid\",\"border-width\":\"1px\",\"border-radius\":[\"30px\",\"30px\",\"30px\",\"30px\"],\"z\":\"0\",\"skewx\":\"0\",\"skewy\":\"0\",\"scalex\":\"1\",\"scaley\":\"1\",\"opacity\":\"1\",\"xrotate\":\"0\",\"yrotate\":\"0\",\"2d_rotation\":\"0\",\"2d_origin_x\":\"50\",\"2d_origin_y\":\"50\",\"pers\":\"600\",\"corner_left\":\"nothing\",\"corner_right\":\"nothing\",\"parallax\":\"-\"}'),(109,'.tp-caption.Newspaper-Button-2','{\"hover\":\"true\",\"type\":\"button\",\"version\":\"5.0\",\"translated\":\"5\"}','{\"color\":\"#ffffff\",\"color-transparency\":\"1\",\"text-decoration\":\"none\",\"background-color\":\"#000000\",\"background-transparency\":\"0\",\"border-color\":\"#ffffff\",\"border-transparency\":\"1\",\"border-style\":\"solid\",\"border-width\":\"2\",\"border-radius\":[\"3px\",\"3px\",\"3px\",\"3px\"],\"opacity\":\"1\",\"scalex\":\"1\",\"scaley\":\"1\",\"skewx\":\"0\",\"skewy\":\"0\",\"xrotate\":\"0\",\"yrotate\":\"0\",\"2d_rotation\":\"0\",\"pointer_events\":\"auto\",\"css_cursor\":\"pointer\",\"speed\":\"300\",\"easing\":\"none\"}','{\"idle\":\"\",\"hover\":\"\"}','{\"color\":\"#ffffff\",\"color-transparency\":\"1\",\"font-size\":\"15px\",\"line-height\":\"15px\",\"font-weight\":\"900\",\"font-style\":\"normal\",\"font-family\":\"Roboto\",\"padding\":[\"10px\",\"30px\",\"10px\",\"30px\"],\"text-decoration\":\"none\",\"text-align\":\"left\",\"background-color\":\"#000000\",\"background-transparency\":\"0\",\"border-color\":\"#ffffff\",\"border-transparency\":\"0.5\",\"border-style\":\"solid\",\"border-width\":\"2\",\"border-radius\":[\"3px\",\"3px\",\"3px\",\"3px\"],\"z\":\"0\",\"skewx\":\"0\",\"skewy\":\"0\",\"scalex\":\"1\",\"scaley\":\"1\",\"opacity\":\"1\",\"xrotate\":\"0\",\"yrotate\":\"0\",\"2d_rotation\":\"0\",\"2d_origin_x\":\"50\",\"2d_origin_y\":\"50\",\"pers\":\"600\",\"corner_left\":\"nothing\",\"corner_right\":\"nothing\",\"parallax\":\"-\"}');

--
-- Table structure for table `wp_6_revslider_css_bkp`
--

CREATE TABLE `wp_6_revslider_css_bkp` (
  `id` int NOT NULL AUTO_INCREMENT,
  `handle` text NOT NULL,
  `settings` longtext,
  `hover` longtext,
  `advanced` longtext,
  `params` longtext NOT NULL,
  PRIMARY KEY (`id`),
  KEY `handle_index` (`handle`(64))
) ENGINE=InnoDB AUTO_INCREMENT=48 DEFAULT CHARSET=latin1;

--
-- Dumping data for table `wp_6_revslider_css_bkp`
--

INSERT INTO `wp_6_revslider_css_bkp` VALUES (1,'.tp-caption.medium_grey',NULL,NULL,NULL,'{\"position\":\"absolute\",\"color\":\"#fff\",\"text-shadow\":\"0px 2px 5px rgba(0, 0, 0, 0.5)\",\"font-weight\":\"700\",\"font-size\":\"20px\",\"line-height\":\"20px\",\"font-family\":\"Arial\",\"padding\":\"2px 4px\",\"margin\":\"0px\",\"border-width\":\"0px\",\"border-style\":\"none\",\"background-color\":\"#888\",\"white-space\":\"nowrap\"}'),(2,'.tp-caption.small_text',NULL,NULL,NULL,'{\"position\":\"absolute\",\"color\":\"#fff\",\"text-shadow\":\"0px 2px 5px rgba(0, 0, 0, 0.5)\",\"font-weight\":\"700\",\"font-size\":\"14px\",\"line-height\":\"20px\",\"font-family\":\"Arial\",\"margin\":\"0px\",\"border-width\":\"0px\",\"border-style\":\"none\",\"white-space\":\"nowrap\"}'),(3,'.tp-caption.medium_text',NULL,NULL,NULL,'{\"position\":\"absolute\",\"color\":\"#fff\",\"text-shadow\":\"0px 2px 5px rgba(0, 0, 0, 0.5)\",\"font-weight\":\"700\",\"font-size\":\"20px\",\"line-height\":\"20px\",\"font-family\":\"Arial\",\"margin\":\"0px\",\"border-width\":\"0px\",\"border-style\":\"none\",\"white-space\":\"nowrap\"}'),(4,'.tp-caption.large_text',NULL,NULL,NULL,'{\"position\":\"absolute\",\"color\":\"#fff\",\"text-shadow\":\"0px 2px 5px rgba(0, 0, 0, 0.5)\",\"font-weight\":\"700\",\"font-size\":\"40px\",\"line-height\":\"40px\",\"font-family\":\"Arial\",\"margin\":\"0px\",\"border-width\":\"0px\",\"border-style\":\"none\",\"white-space\":\"nowrap\"}'),(5,'.tp-caption.very_large_text',NULL,NULL,NULL,'{\"position\":\"absolute\",\"color\":\"#fff\",\"text-shadow\":\"0px 2px 5px rgba(0, 0, 0, 0.5)\",\"font-weight\":\"700\",\"font-size\":\"60px\",\"line-height\":\"60px\",\"font-family\":\"Arial\",\"margin\":\"0px\",\"border-width\":\"0px\",\"border-style\":\"none\",\"white-space\":\"nowrap\",\"letter-spacing\":\"-2px\"}'),(6,'.tp-caption.very_big_white',NULL,NULL,NULL,'{\"position\":\"absolute\",\"color\":\"#fff\",\"text-shadow\":\"none\",\"font-weight\":\"800\",\"font-size\":\"60px\",\"line-height\":\"60px\",\"font-family\":\"Arial\",\"margin\":\"0px\",\"border-width\":\"0px\",\"border-style\":\"none\",\"white-space\":\"nowrap\",\"padding\":\"0px 4px\",\"padding-top\":\"1px\",\"background-color\":\"#000\"}'),(7,'.tp-caption.very_big_black',NULL,NULL,NULL,'{\"position\":\"absolute\",\"color\":\"#000\",\"text-shadow\":\"none\",\"font-weight\":\"700\",\"font-size\":\"60px\",\"line-height\":\"60px\",\"font-family\":\"Arial\",\"margin\":\"0px\",\"border-width\":\"0px\",\"border-style\":\"none\",\"white-space\":\"nowrap\",\"padding\":\"0px 4px\",\"padding-top\":\"1px\",\"background-color\":\"#fff\"}'),(8,'.tp-caption.modern_medium_fat',NULL,NULL,NULL,'{\"position\":\"absolute\",\"color\":\"#000\",\"text-shadow\":\"none\",\"font-weight\":\"800\",\"font-size\":\"24px\",\"line-height\":\"20px\",\"font-family\":\"\\\"Open Sans\\\", sans-serif\",\"margin\":\"0px\",\"border-width\":\"0px\",\"border-style\":\"none\",\"white-space\":\"nowrap\"}'),(9,'.tp-caption.modern_medium_fat_white',NULL,NULL,NULL,'{\"position\":\"absolute\",\"color\":\"#fff\",\"text-shadow\":\"none\",\"font-weight\":\"800\",\"font-size\":\"24px\",\"line-height\":\"20px\",\"font-family\":\"\\\"Open Sans\\\", sans-serif\",\"margin\":\"0px\",\"border-width\":\"0px\",\"border-style\":\"none\",\"white-space\":\"nowrap\"}'),(10,'.tp-caption.modern_medium_light',NULL,NULL,NULL,'{\"position\":\"absolute\",\"color\":\"#000\",\"text-shadow\":\"none\",\"font-weight\":\"300\",\"font-size\":\"24px\",\"line-height\":\"20px\",\"font-family\":\"\\\"Open Sans\\\", sans-serif\",\"margin\":\"0px\",\"border-width\":\"0px\",\"border-style\":\"none\",\"white-space\":\"nowrap\"}'),(11,'.tp-caption.modern_big_bluebg',NULL,NULL,NULL,'{\"position\":\"absolute\",\"color\":\"#fff\",\"text-shadow\":\"none\",\"font-weight\":\"800\",\"font-size\":\"30px\",\"line-height\":\"36px\",\"font-family\":\"\\\"Open Sans\\\", sans-serif\",\"padding\":\"3px 10px\",\"margin\":\"0px\",\"border-width\":\"0px\",\"border-style\":\"none\",\"background-color\":\"#4e5b6c\",\"letter-spacing\":\"0\"}'),(12,'.tp-caption.modern_big_redbg',NULL,NULL,NULL,'{\"position\":\"absolute\",\"color\":\"#fff\",\"text-shadow\":\"none\",\"font-weight\":\"300\",\"font-size\":\"30px\",\"line-height\":\"36px\",\"font-family\":\"\\\"Open Sans\\\", sans-serif\",\"padding\":\"3px 10px\",\"padding-top\":\"1px\",\"margin\":\"0px\",\"border-width\":\"0px\",\"border-style\":\"none\",\"background-color\":\"#de543e\",\"letter-spacing\":\"0\"}'),(13,'.tp-caption.modern_small_text_dark',NULL,NULL,NULL,'{\"position\":\"absolute\",\"color\":\"#555\",\"text-shadow\":\"none\",\"font-size\":\"14px\",\"line-height\":\"22px\",\"font-family\":\"Arial\",\"margin\":\"0px\",\"border-width\":\"0px\",\"border-style\":\"none\",\"white-space\":\"nowrap\"}'),(14,'.tp-caption.boxshadow',NULL,NULL,NULL,'{\"-moz-box-shadow\":\"0px 0px 20px rgba(0, 0, 0, 0.5)\",\"-webkit-box-shadow\":\"0px 0px 20px rgba(0, 0, 0, 0.5)\",\"box-shadow\":\"0px 0px 20px rgba(0, 0, 0, 0.5)\"}'),(15,'.tp-caption.black',NULL,NULL,NULL,'{\"color\":\"#000\",\"text-shadow\":\"none\"}'),(16,'.tp-caption.noshadow',NULL,NULL,NULL,'{\"text-shadow\":\"none\"}'),(17,'.tp-caption.thinheadline_dark',NULL,NULL,NULL,'{\"position\":\"absolute\",\"color\":\"rgba(0,0,0,0.85)\",\"text-shadow\":\"none\",\"font-weight\":\"300\",\"font-size\":\"30px\",\"line-height\":\"30px\",\"font-family\":\"\\\"Open Sans\\\"\",\"background-color\":\"transparent\"}'),(18,'.tp-caption.thintext_dark',NULL,NULL,NULL,'{\"position\":\"absolute\",\"color\":\"rgba(0,0,0,0.85)\",\"text-shadow\":\"none\",\"font-weight\":\"300\",\"font-size\":\"16px\",\"line-height\":\"26px\",\"font-family\":\"\\\"Open Sans\\\"\",\"background-color\":\"transparent\"}'),(19,'.tp-caption.largeblackbg',NULL,NULL,NULL,'{\"position\":\"absolute\",\"color\":\"#fff\",\"text-shadow\":\"none\",\"font-weight\":\"300\",\"font-size\":\"50px\",\"line-height\":\"70px\",\"font-family\":\"\\\"Open Sans\\\"\",\"background-color\":\"#000\",\"padding\":\"0px 20px\",\"-webkit-border-radius\":\"0px\",\"-moz-border-radius\":\"0px\",\"border-radius\":\"0px\"}'),(20,'.tp-caption.largepinkbg',NULL,NULL,NULL,'{\"position\":\"absolute\",\"color\":\"#fff\",\"text-shadow\":\"none\",\"font-weight\":\"300\",\"font-size\":\"50px\",\"line-height\":\"70px\",\"font-family\":\"\\\"Open Sans\\\"\",\"background-color\":\"#db4360\",\"padding\":\"0px 20px\",\"-webkit-border-radius\":\"0px\",\"-moz-border-radius\":\"0px\",\"border-radius\":\"0px\"}'),(21,'.tp-caption.largewhitebg',NULL,NULL,NULL,'{\"position\":\"absolute\",\"color\":\"#000\",\"text-shadow\":\"none\",\"font-weight\":\"300\",\"font-size\":\"50px\",\"line-height\":\"70px\",\"font-family\":\"\\\"Open Sans\\\"\",\"background-color\":\"#fff\",\"padding\":\"0px 20px\",\"-webkit-border-radius\":\"0px\",\"-moz-border-radius\":\"0px\",\"border-radius\":\"0px\"}'),(22,'.tp-caption.largegreenbg',NULL,NULL,NULL,'{\"position\":\"absolute\",\"color\":\"#fff\",\"text-shadow\":\"none\",\"font-weight\":\"300\",\"font-size\":\"50px\",\"line-height\":\"70px\",\"font-family\":\"\\\"Open Sans\\\"\",\"background-color\":\"#67ae73\",\"padding\":\"0px 20px\",\"-webkit-border-radius\":\"0px\",\"-moz-border-radius\":\"0px\",\"border-radius\":\"0px\"}'),(23,'.tp-caption.excerpt',NULL,NULL,NULL,'{\"font-size\":\"36px\",\"line-height\":\"36px\",\"font-weight\":\"700\",\"font-family\":\"Arial\",\"color\":\"#ffffff\",\"text-decoration\":\"none\",\"background-color\":\"rgba(0, 0, 0, 1)\",\"text-shadow\":\"none\",\"margin\":\"0px\",\"letter-spacing\":\"-1.5px\",\"padding\":\"1px 4px 0px 4px\",\"width\":\"150px\",\"white-space\":\"normal !important\",\"height\":\"auto\",\"border-width\":\"0px\",\"border-color\":\"rgb(255, 255, 255)\",\"border-style\":\"none\"}'),(24,'.tp-caption.large_bold_grey',NULL,NULL,NULL,'{\"font-size\":\"60px\",\"line-height\":\"60px\",\"font-weight\":\"800\",\"font-family\":\"\\\"Open Sans\\\"\",\"color\":\"rgb(102, 102, 102)\",\"text-decoration\":\"none\",\"background-color\":\"transparent\",\"text-shadow\":\"none\",\"margin\":\"0px\",\"padding\":\"1px 4px 0px\",\"border-width\":\"0px\",\"border-color\":\"rgb(255, 214, 88)\",\"border-style\":\"none\"}'),(25,'.tp-caption.medium_thin_grey',NULL,NULL,NULL,'{\"font-size\":\"34px\",\"line-height\":\"30px\",\"font-weight\":\"300\",\"font-family\":\"\\\"Open Sans\\\"\",\"color\":\"rgb(102, 102, 102)\",\"text-decoration\":\"none\",\"background-color\":\"transparent\",\"padding\":\"1px 4px 0px\",\"text-shadow\":\"none\",\"margin\":\"0px\",\"border-width\":\"0px\",\"border-color\":\"rgb(255, 214, 88)\",\"border-style\":\"none\"}'),(26,'.tp-caption.small_thin_grey',NULL,NULL,NULL,'{\"font-size\":\"18px\",\"line-height\":\"26px\",\"font-weight\":\"300\",\"font-family\":\"\\\"Open Sans\\\"\",\"color\":\"rgb(117, 117, 117)\",\"text-decoration\":\"none\",\"background-color\":\"transparent\",\"padding\":\"1px 4px 0px\",\"text-shadow\":\"none\",\"margin\":\"0px\",\"border-width\":\"0px\",\"border-color\":\"rgb(255, 214, 88)\",\"border-style\":\"none\"}'),(27,'.tp-caption.lightgrey_divider',NULL,NULL,NULL,'{\"text-decoration\":\"none\",\"background-color\":\"rgba(235, 235, 235, 1)\",\"width\":\"370px\",\"height\":\"3px\",\"background-position\":\"initial initial\",\"background-repeat\":\"initial initial\",\"border-width\":\"0px\",\"border-color\":\"rgb(34, 34, 34)\",\"border-style\":\"none\"}'),(28,'.tp-caption.large_bold_darkblue',NULL,NULL,NULL,'{\"font-size\":\"58px\",\"line-height\":\"60px\",\"font-weight\":\"800\",\"font-family\":\"\\\"Open Sans\\\"\",\"color\":\"rgb(52, 73, 94)\",\"text-decoration\":\"none\",\"background-color\":\"transparent\",\"border-width\":\"0px\",\"border-color\":\"rgb(255, 214, 88)\",\"border-style\":\"none\"}'),(29,'.tp-caption.medium_bg_darkblue',NULL,NULL,NULL,'{\"font-size\":\"20px\",\"line-height\":\"20px\",\"font-weight\":\"800\",\"font-family\":\"\\\"Open Sans\\\"\",\"color\":\"rgb(255, 255, 255)\",\"text-decoration\":\"none\",\"background-color\":\"rgb(52, 73, 94)\",\"padding\":\"10px\",\"border-width\":\"0px\",\"border-color\":\"rgb(255, 214, 88)\",\"border-style\":\"none\"}'),(30,'.tp-caption.medium_bold_red',NULL,NULL,NULL,'{\"font-size\":\"24px\",\"line-height\":\"30px\",\"font-weight\":\"800\",\"font-family\":\"\\\"Open Sans\\\"\",\"color\":\"rgb(227, 58, 12)\",\"text-decoration\":\"none\",\"background-color\":\"transparent\",\"padding\":\"0px\",\"border-width\":\"0px\",\"border-color\":\"rgb(255, 214, 88)\",\"border-style\":\"none\"}'),(31,'.tp-caption.medium_light_red',NULL,NULL,NULL,'{\"font-size\":\"21px\",\"line-height\":\"26px\",\"font-weight\":\"300\",\"font-family\":\"\\\"Open Sans\\\"\",\"color\":\"rgb(227, 58, 12)\",\"text-decoration\":\"none\",\"background-color\":\"transparent\",\"padding\":\"0px\",\"border-width\":\"0px\",\"border-color\":\"rgb(255, 214, 88)\",\"border-style\":\"none\"}'),(32,'.tp-caption.medium_bg_red',NULL,NULL,NULL,'{\"font-size\":\"20px\",\"line-height\":\"20px\",\"font-weight\":\"800\",\"font-family\":\"\\\"Open Sans\\\"\",\"color\":\"rgb(255, 255, 255)\",\"text-decoration\":\"none\",\"background-color\":\"rgb(227, 58, 12)\",\"padding\":\"10px\",\"border-width\":\"0px\",\"border-color\":\"rgb(255, 214, 88)\",\"border-style\":\"none\"}'),(33,'.tp-caption.medium_bold_orange',NULL,NULL,NULL,'{\"font-size\":\"24px\",\"line-height\":\"30px\",\"font-weight\":\"800\",\"font-family\":\"\\\"Open Sans\\\"\",\"color\":\"rgb(243, 156, 18)\",\"text-decoration\":\"none\",\"background-color\":\"transparent\",\"border-width\":\"0px\",\"border-color\":\"rgb(255, 214, 88)\",\"border-style\":\"none\"}'),(34,'.tp-caption.medium_bg_orange',NULL,NULL,NULL,'{\"font-size\":\"20px\",\"line-height\":\"20px\",\"font-weight\":\"800\",\"font-family\":\"\\\"Open Sans\\\"\",\"color\":\"rgb(255, 255, 255)\",\"text-decoration\":\"none\",\"background-color\":\"rgb(243, 156, 18)\",\"padding\":\"10px\",\"border-width\":\"0px\",\"border-color\":\"rgb(255, 214, 88)\",\"border-style\":\"none\"}'),(35,'.tp-caption.grassfloor',NULL,NULL,NULL,'{\"text-decoration\":\"none\",\"background-color\":\"rgba(160, 179, 151, 1)\",\"width\":\"4000px\",\"height\":\"150px\",\"border-width\":\"0px\",\"border-color\":\"rgb(34, 34, 34)\",\"border-style\":\"none\"}'),(36,'.tp-caption.large_bold_white',NULL,NULL,NULL,'{\"font-size\":\"58px\",\"line-height\":\"60px\",\"font-weight\":\"800\",\"font-family\":\"\\\"Open Sans\\\"\",\"color\":\"rgb(255, 255, 255)\",\"text-decoration\":\"none\",\"background-color\":\"transparent\",\"border-width\":\"0px\",\"border-color\":\"rgb(255, 214, 88)\",\"border-style\":\"none\"}'),(37,'.tp-caption.medium_light_white',NULL,NULL,NULL,'{\"font-size\":\"30px\",\"line-height\":\"36px\",\"font-weight\":\"300\",\"font-family\":\"\\\"Open Sans\\\"\",\"color\":\"rgb(255, 255, 255)\",\"text-decoration\":\"none\",\"background-color\":\"transparent\",\"padding\":\"0px\",\"border-width\":\"0px\",\"border-color\":\"rgb(255, 214, 88)\",\"border-style\":\"none\"}'),(38,'.tp-caption.mediumlarge_light_white',NULL,NULL,NULL,'{\"font-size\":\"34px\",\"line-height\":\"40px\",\"font-weight\":\"300\",\"font-family\":\"\\\"Open Sans\\\"\",\"color\":\"rgb(255, 255, 255)\",\"text-decoration\":\"none\",\"background-color\":\"transparent\",\"padding\":\"0px\",\"border-width\":\"0px\",\"border-color\":\"rgb(255, 214, 88)\",\"border-style\":\"none\"}'),(39,'.tp-caption.mediumlarge_light_white_center',NULL,NULL,NULL,'{\"font-size\":\"34px\",\"line-height\":\"40px\",\"font-weight\":\"300\",\"font-family\":\"\\\"Open Sans\\\"\",\"color\":\"#ffffff\",\"text-decoration\":\"none\",\"background-color\":\"transparent\",\"padding\":\"0px 0px 0px 0px\",\"text-align\":\"center\",\"border-width\":\"0px\",\"border-color\":\"rgb(255, 214, 88)\",\"border-style\":\"none\"}'),(40,'.tp-caption.medium_bg_asbestos',NULL,NULL,NULL,'{\"font-size\":\"20px\",\"line-height\":\"20px\",\"font-weight\":\"800\",\"font-family\":\"\\\"Open Sans\\\"\",\"color\":\"rgb(255, 255, 255)\",\"text-decoration\":\"none\",\"background-color\":\"rgb(127, 140, 141)\",\"padding\":\"10px\",\"border-width\":\"0px\",\"border-color\":\"rgb(255, 214, 88)\",\"border-style\":\"none\"}'),(41,'.tp-caption.medium_light_black',NULL,NULL,NULL,'{\"font-size\":\"30px\",\"line-height\":\"36px\",\"font-weight\":\"300\",\"font-family\":\"\\\"Open Sans\\\"\",\"color\":\"rgb(0, 0, 0)\",\"text-decoration\":\"none\",\"background-color\":\"transparent\",\"padding\":\"0px\",\"border-width\":\"0px\",\"border-color\":\"rgb(255, 214, 88)\",\"border-style\":\"none\"}'),(42,'.tp-caption.large_bold_black',NULL,NULL,NULL,'{\"font-size\":\"58px\",\"line-height\":\"60px\",\"font-weight\":\"800\",\"font-family\":\"\\\"Open Sans\\\"\",\"color\":\"rgb(0, 0, 0)\",\"text-decoration\":\"none\",\"background-color\":\"transparent\",\"border-width\":\"0px\",\"border-color\":\"rgb(255, 214, 88)\",\"border-style\":\"none\"}'),(43,'.tp-caption.mediumlarge_light_darkblue',NULL,NULL,NULL,'{\"font-size\":\"34px\",\"line-height\":\"40px\",\"font-weight\":\"300\",\"font-family\":\"\\\"Open Sans\\\"\",\"color\":\"rgb(52, 73, 94)\",\"text-decoration\":\"none\",\"background-color\":\"transparent\",\"padding\":\"0px\",\"border-width\":\"0px\",\"border-color\":\"rgb(255, 214, 88)\",\"border-style\":\"none\"}'),(44,'.tp-caption.small_light_white',NULL,NULL,NULL,'{\"font-size\":\"17px\",\"line-height\":\"28px\",\"font-weight\":\"300\",\"font-family\":\"\\\"Open Sans\\\"\",\"color\":\"rgb(255, 255, 255)\",\"text-decoration\":\"none\",\"background-color\":\"transparent\",\"padding\":\"0px\",\"border-width\":\"0px\",\"border-color\":\"rgb(255, 214, 88)\",\"border-style\":\"none\"}'),(45,'.tp-caption.roundedimage',NULL,NULL,NULL,'{\"border-width\":\"0px\",\"border-color\":\"rgb(34, 34, 34)\",\"border-style\":\"none\"}'),(46,'.tp-caption.large_bg_black',NULL,NULL,NULL,'{\"font-size\":\"40px\",\"line-height\":\"40px\",\"font-weight\":\"800\",\"font-family\":\"\\\"Open Sans\\\"\",\"color\":\"rgb(255, 255, 255)\",\"text-decoration\":\"none\",\"background-color\":\"rgb(0, 0, 0)\",\"padding\":\"10px 20px 15px\",\"border-width\":\"0px\",\"border-color\":\"rgb(255, 214, 88)\",\"border-style\":\"none\"}'),(47,'.tp-caption.mediumwhitebg',NULL,NULL,NULL,'{\"font-size\":\"30px\",\"line-height\":\"30px\",\"font-weight\":\"300\",\"font-family\":\"\\\"Open Sans\\\"\",\"color\":\"rgb(0, 0, 0)\",\"text-decoration\":\"none\",\"background-color\":\"rgb(255, 255, 255)\",\"padding\":\"5px 15px 10px\",\"text-shadow\":\"none\",\"border-width\":\"0px\",\"border-color\":\"rgb(0, 0, 0)\",\"border-style\":\"none\"}');

--
-- Table structure for table `wp_6_revslider_layer_animations`
--

CREATE TABLE `wp_6_revslider_layer_animations` (
  `id` int NOT NULL AUTO_INCREMENT,
  `handle` text NOT NULL,
  `params` text NOT NULL,
  `settings` text,
  PRIMARY KEY (`id`)
) ENGINE=InnoDB DEFAULT CHARSET=latin1;

--
-- Dumping data for table `wp_6_revslider_layer_animations`
--


--
-- Table structure for table `wp_6_revslider_layer_animations_bkp`
--

CREATE TABLE `wp_6_revslider_layer_animations_bkp` (
  `id` int NOT NULL AUTO_INCREMENT,
  `handle` text NOT NULL,
  `params` text NOT NULL,
  `settings` text,
  PRIMARY KEY (`id`)
) ENGINE=InnoDB DEFAULT CHARSET=latin1;

--
-- Dumping data for table `wp_6_revslider_layer_animations_bkp`
--


--
-- Table structure for table `wp_6_revslider_navigations`
--

CREATE TABLE `wp_6_revslider_navigations` (
  `id` int NOT NULL AUTO_INCREMENT,
  `name` varchar(191) NOT NULL,
  `handle` varchar(191) NOT NULL,
  `type` varchar(191) NOT NULL,
  `css` longtext NOT NULL,
  `markup` longtext NOT NULL,
  `settings` longtext,
  PRIMARY KEY (`id`)
) ENGINE=InnoDB DEFAULT CHARSET=latin1;

--
-- Dumping data for table `wp_6_revslider_navigations`
--


--
-- Table structure for table `wp_6_revslider_navigations_bkp`
--

CREATE TABLE `wp_6_revslider_navigations_bkp` (
  `id` int NOT NULL AUTO_INCREMENT,
  `name` varchar(191) NOT NULL,
  `handle` varchar(191) NOT NULL,
  `type` varchar(191) NOT NULL,
  `css` longtext NOT NULL,
  `markup` longtext NOT NULL,
  `settings` longtext,
  PRIMARY KEY (`id`)
) ENGINE=InnoDB DEFAULT CHARSET=latin1;

--
-- Dumping data for table `wp_6_revslider_navigations_bkp`
--


--
-- Table structure for table `wp_6_revslider_sliders`
--

CREATE TABLE `wp_6_revslider_sliders` (
  `id` int NOT NULL AUTO_INCREMENT,
  `title` tinytext NOT NULL,
  `alias` tinytext,
  `params` longtext NOT NULL,
  `settings` text,
  `type` varchar(191) NOT NULL DEFAULT '',
  PRIMARY KEY (`id`),
  KEY `type_index` (`type`(8))
) ENGINE=InnoDB DEFAULT CHARSET=latin1;

--
-- Dumping data for table `wp_6_revslider_sliders`
--


--
-- Table structure for table `wp_6_revslider_sliders_bkp`
--

CREATE TABLE `wp_6_revslider_sliders_bkp` (
  `id` int NOT NULL AUTO_INCREMENT,
  `title` tinytext NOT NULL,
  `alias` tinytext,
  `params` longtext NOT NULL,
  `settings` text,
  `type` varchar(191) NOT NULL DEFAULT '',
  PRIMARY KEY (`id`),
  KEY `type_index` (`type`(8))
) ENGINE=InnoDB DEFAULT CHARSET=latin1;

--
-- Dumping data for table `wp_6_revslider_sliders_bkp`
--


--
-- Table structure for table `wp_6_revslider_slides`
--

CREATE TABLE `wp_6_revslider_slides` (
  `id` int NOT NULL AUTO_INCREMENT,
  `slider_id` int NOT NULL,
  `slide_order` int NOT NULL,
  `params` longtext NOT NULL,
  `layers` longtext NOT NULL,
  `settings` text NOT NULL,
  PRIMARY KEY (`id`),
  KEY `slider_id_index` (`slider_id`)
) ENGINE=InnoDB DEFAULT CHARSET=latin1;

--
-- Dumping data for table `wp_6_revslider_slides`
--


--
-- Table structure for table `wp_6_revslider_slides_bkp`
--

CREATE TABLE `wp_6_revslider_slides_bkp` (
  `id` int NOT NULL AUTO_INCREMENT,
  `slider_id` int NOT NULL,
  `slide_order` int NOT NULL,
  `params` longtext NOT NULL,
  `layers` longtext NOT NULL,
  `settings` text NOT NULL,
  PRIMARY KEY (`id`),
  KEY `slider_id_index` (`slider_id`)
) ENGINE=InnoDB DEFAULT CHARSET=latin1;

--
-- Dumping data for table `wp_6_revslider_slides_bkp`
--


--
-- Table structure for table `wp_6_revslider_static_slides`
--

CREATE TABLE `wp_6_revslider_static_slides` (
  `id` int NOT NULL AUTO_INCREMENT,
  `slider_id` int NOT NULL,
  `params` longtext NOT NULL,
  `layers` longtext NOT NULL,
  `settings` text NOT NULL,
  PRIMARY KEY (`id`),
  KEY `slider_id_index` (`slider_id`)
) ENGINE=InnoDB DEFAULT CHARSET=latin1;

--
-- Dumping data for table `wp_6_revslider_static_slides`
--


--
-- Table structure for table `wp_6_revslider_static_slides_bkp`
--

CREATE TABLE `wp_6_revslider_static_slides_bkp` (
  `id` int NOT NULL AUTO_INCREMENT,
  `slider_id` int NOT NULL,
  `params` longtext NOT NULL,
  `layers` longtext NOT NULL,
  `settings` text NOT NULL,
  PRIMARY KEY (`id`),
  KEY `slider_id_index` (`slider_id`)
) ENGINE=InnoDB DEFAULT CHARSET=latin1;

--
-- Dumping data for table `wp_6_revslider_static_slides_bkp`
--


--
-- Table structure for table `wp_6_term_relationships`
--

CREATE TABLE `wp_6_term_relationships` (
  `object_id` bigint unsigned NOT NULL DEFAULT '0',
  `term_taxonomy_id` bigint unsigned NOT NULL DEFAULT '0',
  `term_order` int NOT NULL DEFAULT '0',
  PRIMARY KEY (`object_id`,`term_taxonomy_id`),
  KEY `term_taxonomy_id` (`term_taxonomy_id`)
) ENGINE=InnoDB DEFAULT CHARSET=utf8mb4 COLLATE=utf8mb4_unicode_ci;

--
-- Dumping data for table `wp_6_term_relationships`
--

INSERT INTO `wp_6_term_relationships` VALUES (12,4,0),(12,16,0),(12,17,0),(12,18,0),(13,15,0),(14,4,0),(14,19,0),(15,15,0),(16,15,0),(17,15,0),(18,15,0),(19,4,0),(19,19,0),(19,20,0),(20,15,0),(21,15,0),(22,15,0),(23,15,0),(24,4,0),(24,16,0),(24,17,0),(24,21,0),(25,15,0),(26,4,0),(26,22,0),(26,23,0),(27,15,0),(28,15,0),(29,15,0),(30,15,0),(31,2,0),(31,24,0),(31,25,0),(32,4,0),(32,16,0),(32,17,0),(32,26,0),(33,15,0),(34,2,0),(34,24,0),(34,25,0),(34,27,0),(35,2,0),(35,27,0),(35,28,0),(36,2,0),(36,24,0),(36,26,0),(36,29,0),(36,30,0),(37,4,0),(37,16,0),(37,17,0),(37,31,0),(38,15,0),(39,4,0),(39,16,0),(39,20,0),(39,32,0),(39,33,0),(40,15,0),(41,2,0),(41,24,0),(41,25,0),(41,34,0),(45,4,0),(45,30,0),(45,33,0),(46,15,0),(47,4,0),(47,23,0),(47,33,0),(48,15,0),(49,4,0),(49,24,0),(49,29,0),(49,35,0),(49,36,0),(50,15,0),(51,4,0),(51,19,0),(51,37,0),(52,15,0),(56,4,0),(56,16,0),(56,23,0),(56,32,0),(57,15,0),(58,4,0),(58,19,0),(58,30,0),(59,15,0),(60,4,0),(60,19,0),(60,38,0),(61,15,0),(62,4,0),(62,16,0),(62,17,0),(62,19,0),(62,36,0),(63,15,0),(64,4,0),(64,19,0),(65,15,0),(67,15,0),(76,4,0),(76,19,0),(76,33,0),(76,35,0),(76,40,0),(77,15,0),(78,4,0),(78,16,0),(78,17,0),(78,32,0),(78,33,0),(78,35,0),(78,40,0),(79,15,0),(80,4,0),(80,19,0),(80,41,0),(87,15,0),(88,2,0),(88,28,0),(88,42,0),(90,15,0),(99,15,0),(100,4,0),(100,19,0),(100,45,0),(101,15,0),(102,4,0),(102,16,0),(102,17,0),(102,19,0),(102,46,0),(103,15,0),(112,15,0),(113,4,0),(113,19,0),(113,48,0),(114,15,0),(116,15,0),(118,15,0),(126,15,0),(128,15,0),(129,4,0),(129,16,0),(129,17,0),(129,19,0),(129,51,0),(130,15,0),(131,2,0),(131,19,0),(165,1,0),(181,1,0),(188,1,0),(204,1,0),(23162,52,0),(23163,52,0),(23164,52,0),(23165,52,0),(23166,52,0),(23167,53,0),(23168,53,0),(23169,53,0),(23171,53,0),(23172,54,0),(23173,54,0),(23174,54,0),(23175,54,0);

--
-- Table structure for table `wp_6_term_taxonomy`
--

CREATE TABLE `wp_6_term_taxonomy` (
  `term_taxonomy_id` bigint unsigned NOT NULL AUTO_INCREMENT,
  `term_id` bigint unsigned NOT NULL DEFAULT '0',
  `taxonomy` varchar(32) CHARACTER SET utf8mb4 COLLATE utf8mb4_unicode_ci NOT NULL DEFAULT '',
  `description` longtext CHARACTER SET utf8mb4 COLLATE utf8mb4_unicode_ci NOT NULL,
  `parent` bigint unsigned NOT NULL DEFAULT '0',
  `count` bigint NOT NULL DEFAULT '0',
  PRIMARY KEY (`term_taxonomy_id`),
  UNIQUE KEY `term_id_taxonomy` (`term_id`,`taxonomy`),
  KEY `taxonomy` (`taxonomy`)
) ENGINE=InnoDB AUTO_INCREMENT=55 DEFAULT CHARSET=utf8mb4 COLLATE=utf8mb4_unicode_ci;

--
-- Dumping data for table `wp_6_term_taxonomy`
--

INSERT INTO `wp_6_term_taxonomy` VALUES (1,1,'category','',0,0),(2,2,'product_type','',0,7),(3,3,'product_type','',0,0),(4,4,'product_type','',0,24),(5,5,'product_type','',0,0),(6,6,'product_visibility','',0,0),(7,7,'product_visibility','',0,0),(8,8,'product_visibility','',0,0),(9,9,'product_visibility','',0,0),(10,10,'product_visibility','',0,0),(11,11,'product_visibility','',0,0),(12,12,'product_visibility','',0,0),(13,13,'product_visibility','',0,0),(14,14,'product_visibility','',0,0),(15,15,'product_cat','',0,0),(16,16,'product_cat','',0,10),(17,17,'product_cat','',16,8),(18,18,'product_tag','',0,1),(19,19,'product_cat','',0,14),(20,20,'product_tag','',0,2),(21,21,'product_tag','',0,1),(22,22,'product_cat','',0,1),(23,23,'product_tag','',0,3),(24,24,'product_cat','',0,5),(25,25,'product_cat','',24,3),(26,26,'product_tag','',0,2),(27,27,'product_tag','',0,2),(28,28,'product_cat','',0,2),(29,29,'product_cat','',24,2),(30,30,'product_tag','',0,3),(31,31,'product_tag','',0,1),(32,32,'product_cat','',16,3),(33,33,'product_cat','',0,5),(34,34,'product_tag','',0,1),(35,35,'product_cat','',0,3),(36,36,'product_tag','',0,2),(37,37,'product_tag','',0,1),(38,38,'product_tag','',0,1),(39,39,'product_tag','',0,0),(40,40,'product_tag','',0,2),(41,41,'product_tag','',0,1),(42,42,'product_tag','',0,1),(43,43,'product_tag','',0,0),(44,44,'product_tag','',0,0),(45,45,'product_tag','',0,1),(46,46,'product_tag','',0,1),(47,47,'product_tag','',0,0),(48,48,'product_tag','',0,1),(49,49,'product_tag','',0,0),(50,50,'product_tag','',0,0),(51,51,'product_tag','',0,1),(52,52,'nav_menu','',0,5),(53,53,'nav_menu','',0,4),(54,54,'nav_menu','',0,4);

--
-- Table structure for table `wp_6_termmeta`
--

CREATE TABLE `wp_6_termmeta` (
  `meta_id` bigint unsigned NOT NULL AUTO_INCREMENT,
  `term_id` bigint unsigned NOT NULL DEFAULT '0',
  `meta_key` varchar(255) CHARACTER SET utf8mb4 COLLATE utf8mb4_unicode_ci DEFAULT NULL,
  `meta_value` longtext CHARACTER SET utf8mb4 COLLATE utf8mb4_unicode_ci,
  PRIMARY KEY (`meta_id`),
  KEY `term_id` (`term_id`),
  KEY `meta_key` (`meta_key`(191))
) ENGINE=InnoDB AUTO_INCREMENT=49 DEFAULT CHARSET=utf8mb4 COLLATE=utf8mb4_unicode_ci;

--
-- Dumping data for table `wp_6_termmeta`
--

INSERT INTO `wp_6_termmeta` VALUES (1,15,'product_count_product_cat','0'),(2,16,'order','0'),(3,17,'order','0'),(4,19,'order','0'),(5,22,'order','0'),(6,24,'order','0'),(7,25,'order','0'),(8,28,'order','0'),(9,29,'order','0'),(10,32,'order','0'),(11,33,'order','0'),(12,16,'product_count_product_cat','10'),(13,17,'product_count_product_cat','8'),(14,18,'product_count_product_tag','1'),(15,19,'product_count_product_cat','14'),(16,20,'product_count_product_tag','2'),(17,35,'order','0'),(18,21,'product_count_product_tag','1'),(19,22,'product_count_product_cat','1'),(20,23,'product_count_product_tag','3'),(21,24,'product_count_product_cat','5'),(22,25,'product_count_product_cat','3'),(23,26,'product_count_product_tag','2'),(24,27,'product_count_product_tag','2'),(25,28,'product_count_product_cat','2'),(26,29,'product_count_product_cat','2'),(27,30,'product_count_product_tag','3'),(28,31,'product_count_product_tag','1'),(29,32,'product_count_product_cat','3'),(30,33,'product_count_product_cat','5'),(31,34,'product_count_product_tag','1'),(32,35,'product_count_product_cat','3'),(33,36,'product_count_product_tag','2'),(34,37,'product_count_product_tag','1'),(35,38,'product_count_product_tag','1'),(36,39,'product_count_product_tag','0'),(37,40,'product_count_product_tag','2'),(38,41,'product_count_product_tag','1'),(39,42,'product_count_product_tag','1'),(40,43,'product_count_product_tag','0'),(41,44,'product_count_product_tag','0'),(42,45,'product_count_product_tag','1'),(43,46,'product_count_product_tag','1'),(44,47,'product_count_product_tag','0'),(45,48,'product_count_product_tag','1'),(46,49,'product_count_product_tag','0'),(47,50,'product_count_product_tag','0'),(48,51,'product_count_product_tag','1');

--
-- Table structure for table `wp_6_terms`
--

CREATE TABLE `wp_6_terms` (
  `term_id` bigint unsigned NOT NULL AUTO_INCREMENT,
  `name` varchar(200) CHARACTER SET utf8mb4 COLLATE utf8mb4_unicode_ci NOT NULL DEFAULT '',
  `slug` varchar(200) CHARACTER SET utf8mb4 COLLATE utf8mb4_unicode_ci NOT NULL DEFAULT '',
  `term_group` bigint NOT NULL DEFAULT '0',
  PRIMARY KEY (`term_id`),
  KEY `slug` (`slug`(191)),
  KEY `name` (`name`(191))
) ENGINE=InnoDB AUTO_INCREMENT=55 DEFAULT CHARSET=utf8mb4 COLLATE=utf8mb4_unicode_ci;

--
-- Dumping data for table `wp_6_terms`
--

INSERT INTO `wp_6_terms` VALUES (1,'Non classé','non-classe',0),(2,'simple','simple',0),(3,'grouped','grouped',0),(4,'variable','variable',0),(5,'external','external',0),(6,'exclude-from-search','exclude-from-search',0),(7,'exclude-from-catalog','exclude-from-catalog',0),(8,'featured','featured',0),(9,'outofstock','outofstock',0),(10,'rated-1','rated-1',0),(11,'rated-2','rated-2',0),(12,'rated-3','rated-3',0),(13,'rated-4','rated-4',0),(14,'rated-5','rated-5',0),(15,'Non classé','non-classe',0),(16,'Chaussures','chaussures',0),(17,'chaussures femmes','chaussures-femmes',0),(18,'BOTTEGA VENETA','bottega-veneta',0),(19,'Femme','femme',0),(20,'PRADA','prada',0),(21,'AMINA MUADDI','amina-muaddi',0),(22,'Maison et lifestyle','maison-et-lifestyle',0),(23,'DIOR','dior',0),(24,'Sacs','sacs',0),(25,'sacs femmes','sacs-femmes',0),(26,'BALENCIAGA','balenciaga',0),(27,'FENDI','fendi',0),(28,'Bijoux et montres','bijoux-et-montres',0),(29,'sacs hommes','sacs-hommes',0),(30,'GUCCI','gucci',0),(31,'MACH &amp; MACH','mach-mach',0),(32,'chaussures hommes','chaussures-hommes',0),(33,'Homme','homme',0),(34,'CHLOÉ','chloe',0),(35,'Mixte','mixte',0),(36,'SAINT LAURENT','saint-laurent',0),(37,'MAX MARA','max-mara',0),(38,'MARINE SERRE','marine-serre',0),(39,'LOEWE','loewe',0),(40,'CELINE','celine',0),(41,'ANINE BING','anine-bing',0),(42,'LOUIS VUITTON','louis-vuitton',0),(43,'ACNE STUDIOS','acne-studios',0),(44,'GOLDEN GOOSE','golden-goose',0),(45,'STELLA MCCARTNEY','stella-mccartney',0),(46,'OFF WHITE','off-white',0),(47,'JACQUEMUS','jacquemus',0),(48,'LEMAIRE','lemaire',0),(49,'DRIES VAN NOTEN','dries-van-noten',0),(50,'COMME DES GARÇONS PLAY','comme-des-garcons-play',0),(51,'NIKE','nike',0),(52,'À propos','a-propos',0),(53,'Boutique','boutique',0),(54,'Service clients','service-clients',0);

--
-- Table structure for table `wp_6_wc_admin_note_actions`
--

CREATE TABLE `wp_6_wc_admin_note_actions` (
  `action_id` bigint unsigned NOT NULL AUTO_INCREMENT,
  `note_id` bigint unsigned NOT NULL,
  `name` varchar(255) CHARACTER SET utf8mb4 COLLATE utf8mb4_unicode_ci NOT NULL,
  `label` varchar(255) CHARACTER SET utf8mb4 COLLATE utf8mb4_unicode_ci NOT NULL,
  `query` longtext CHARACTER SET utf8mb4 COLLATE utf8mb4_unicode_ci NOT NULL,
  `status` varchar(255) CHARACTER SET utf8mb4 COLLATE utf8mb4_unicode_ci NOT NULL,
  `is_primary` tinyint(1) NOT NULL DEFAULT '0',
  `actioned_text` varchar(255) CHARACTER SET utf8mb4 COLLATE utf8mb4_unicode_ci NOT NULL,
  `nonce_action` varchar(255) CHARACTER SET utf8mb4 COLLATE utf8mb4_unicode_ci DEFAULT NULL,
  `nonce_name` varchar(255) CHARACTER SET utf8mb4 COLLATE utf8mb4_unicode_ci DEFAULT NULL,
  PRIMARY KEY (`action_id`),
  KEY `note_id` (`note_id`)
) ENGINE=InnoDB AUTO_INCREMENT=14 DEFAULT CHARSET=utf8mb4 COLLATE=utf8mb4_unicode_ci;

--
-- Dumping data for table `wp_6_wc_admin_note_actions`
--

INSERT INTO `wp_6_wc_admin_note_actions` VALUES (1,1,'connect','Connecter','?page=wc-addons&section=helper','unactioned',0,'',NULL,NULL),(2,2,'enable-navigation','Activer dans les réglages','https://mentorlystes.com/affiliation/wp-admin/admin.php?page=wc-settings&tab=advanced&section=features','actioned',0,'',NULL,NULL),(3,3,'add-store-details','Ajouter les détails de la boutique','https://mentorlystes.com/affiliation/wp-admin/admin.php?page=wc-admin&path=/setup-wizard','actioned',0,'',NULL,NULL),(4,4,'learn-more','En savoir plus','https://woocommerce.com/posts/pre-launch-checklist-the-essentials/?utm_source=inbox&utm_medium=product','actioned',0,'',NULL,NULL),(5,5,'affirm-insight-first-product-and-payment','Oui','','actioned',0,'Merci pour vos retours',NULL,NULL),(6,5,'affirm-insight-first-product-and-payment','Non','','actioned',0,'Merci pour vos retours',NULL,NULL),(7,6,'learn-more','En savoir plus','https://woocommerce.com/mobile/?utm_medium=product','actioned',0,'',NULL,NULL),(8,7,'day-after-first-product','En savoir plus','https://woocommerce.com/document/woocommerce-customizer/?utm_source=inbox&utm_medium=product','actioned',0,'',NULL,NULL),(9,8,'update-store-details','Mettre à jour les informations sur la boutique','https://mentorlystes.com/affiliation/wp-admin/admin.php?page=wc-admin&path=/setup-wizard','actioned',0,'',NULL,NULL),(10,9,'learn-more','En savoir plus','https://woocommerce.com/mobile/?utm_source=inbox&utm_medium=product','actioned',0,'',NULL,NULL),(11,10,'learn-more','En savoir plus','https://woocommerce.com/mobile/?utm_source=inbox&utm_medium=product','actioned',0,'',NULL,NULL),(12,11,'learn-more','En savoir plus','https://woocommerce.com/mobile/?utm_source=inbox&utm_medium=product','actioned',0,'',NULL,NULL),(13,12,'learn-more','En savoir plus','https://woocommerce.com/mobile/?utm_source=inbox&utm_medium=product','actioned',0,'',NULL,NULL);

--
-- Table structure for table `wp_6_wc_admin_notes`
--

CREATE TABLE `wp_6_wc_admin_notes` (
  `note_id` bigint unsigned NOT NULL AUTO_INCREMENT,
  `name` varchar(255) CHARACTER SET utf8mb4 COLLATE utf8mb4_unicode_ci NOT NULL,
  `type` varchar(20) CHARACTER SET utf8mb4 COLLATE utf8mb4_unicode_ci NOT NULL,
  `locale` varchar(20) CHARACTER SET utf8mb4 COLLATE utf8mb4_unicode_ci NOT NULL,
  `title` longtext CHARACTER SET utf8mb4 COLLATE utf8mb4_unicode_ci NOT NULL,
  `content` longtext CHARACTER SET utf8mb4 COLLATE utf8mb4_unicode_ci NOT NULL,
  `content_data` longtext CHARACTER SET utf8mb4 COLLATE utf8mb4_unicode_ci,
  `status` varchar(200) CHARACTER SET utf8mb4 COLLATE utf8mb4_unicode_ci NOT NULL,
  `source` varchar(200) CHARACTER SET utf8mb4 COLLATE utf8mb4_unicode_ci NOT NULL,
  `date_created` datetime NOT NULL DEFAULT '0000-00-00 00:00:00',
  `date_reminder` datetime DEFAULT NULL,
  `is_snoozable` tinyint(1) NOT NULL DEFAULT '0',
  `layout` varchar(20) CHARACTER SET utf8mb4 COLLATE utf8mb4_unicode_ci NOT NULL DEFAULT '',
  `image` varchar(200) CHARACTER SET utf8mb4 COLLATE utf8mb4_unicode_ci DEFAULT NULL,
  `is_deleted` tinyint(1) NOT NULL DEFAULT '0',
  `is_read` tinyint(1) NOT NULL DEFAULT '0',
  `icon` varchar(200) CHARACTER SET utf8mb4 COLLATE utf8mb4_unicode_ci NOT NULL DEFAULT 'info',
  PRIMARY KEY (`note_id`)
) ENGINE=InnoDB AUTO_INCREMENT=13 DEFAULT CHARSET=utf8mb4 COLLATE=utf8mb4_unicode_ci;

--
-- Dumping data for table `wp_6_wc_admin_notes`
--

INSERT INTO `wp_6_wc_admin_notes` VALUES (1,'wc-admin-wc-helper-connection','info','en_US','Se connecter à WooCommerce.com','Connectez-vous pour obtenir des notifications et des mises à jour importantes sur les produits.','{}','unactioned','woocommerce-admin','2022-04-24 20:36:09',NULL,0,'plain','',0,0,'info'),(2,'wc-admin-navigation-nudge','info','en_US','Vous avez maintenant accès à la navigation WooCommerce','Nous introduisons une nouvelle navigation pour une expérience utilisateur plus intuitive et améliorée. Vous pouvez activer la version bêta de la nouvelle expérience dans les paramètres avancés. Activez-le maintenant pour votre boutique.','{}','unactioned','woocommerce-admin','2022-04-24 20:39:48',NULL,0,'plain','',0,0,'info'),(3,'wc-admin-complete-store-details','info','en_US','Ajoutez les informations sur votre boutique pour terminer sa configuration.','Ajoutez toutes les informations importantes pour configurer votre boutique, par exemple son adresse de base.','{}','unactioned','woocommerce-admin','2022-04-24 20:39:48',NULL,0,'plain','',0,0,'info'),(4,'wc-admin-launch-checklist','info','en_US','Prêt à lancer votre boutique ?','Pour ne jamais ressentir cette sensation d’avoir oublié quelque chose, nous avons conçu une liste de contrôle reprenant les points essentiels avant lancement.','{}','unactioned','woocommerce-admin','2022-04-25 20:39:56',NULL,0,'plain','',0,0,'info'),(5,'wc-admin-insight-first-product-and-payment','survey','en_US','Tendances','Plus de 80 % des nouveaux commerçants ajoutent leur premier produit et configurent au moins un moyen de paiement durant la première semaine.<br><br>Trouvez-vous ce type d’information utile ?','{}','unactioned','woocommerce-admin','2022-04-25 20:39:56',NULL,0,'plain','',0,0,'info'),(6,'wc-admin-mobile-app','info','en_US','Installer l’application mobile Woo','Installez l’application mobile WooCommerce pour gérer les commandes, recevoir des notifications de vente et afficher les statistiques principales où que vous soyez.','{}','unactioned','woocommerce-admin','2022-04-27 00:06:11',NULL,0,'plain','',0,0,'info'),(7,'wc-admin-customizing-product-catalog','info','en_US','Comment personnaliser votre catalogue de produits','Vous souhaitez soigner l’apparence de vos images et de votre catalogue de produits tout en vous conformant à votre marque. Ce guide contient tous les conseils dont vous avez besoin pour mettre en valeur vos produits dans votre boutique.','{}','unactioned','woocommerce-admin','2022-04-27 00:06:11',NULL,0,'plain','',0,0,'info'),(8,'wc-admin-update-store-details','info','en_US','En cas de besoin, modifiez les informations sur votre boutique.','Félicitations, vous avez terminé de créer le profil de votre boutique ! Au besoin, vous pouvez à tout moment revenir en arrière et modifier les informations partagées.','{}','unactioned','woocommerce-admin','2022-07-06 19:31:02',NULL,0,'plain','',0,0,'info'),(9,'wc-admin-real-time-order-alerts','info','en_US','Obtenir des alertes de commande en temps réel n’importe où','Obtenez des notifications sur l’activité de votre boutique, notamment des nouvelles commandes et des avis sur vos produits, directement sur vos appareils mobiles grâce à l’application Woo.','{}','unactioned','woocommerce-admin','2022-07-23 22:03:47',NULL,0,'plain','',0,0,'info'),(10,'wc-admin-manage-orders-on-the-go','info','en_US','Gérez vos commandes à la volée','Recherchez des commandes et des informations sur les clients, et effectuez des remboursements en un clic à l’aide de l’application Woo.','{}','unactioned','woocommerce-admin','2022-10-22 04:14:44',NULL,0,'plain','',0,0,'info'),(11,'wc-admin-performance-on-mobile','info','en_US','Suivre les performances de votre boutique sur mobile','Suivez vos ventes et performances de vos produits avec l’application Woo.','{}','unactioned','woocommerce-admin','2023-01-21 22:43:06',NULL,0,'plain','',0,0,'info'),(12,'wc-admin-edit-products-on-the-move','info','en_US','Modifier les produits en étant mobile','Modifier et créer des nouveaux produits depuis votre application mobile avec l’application WooCommerce','{}','unactioned','woocommerce-admin','2023-04-24 21:59:18',NULL,0,'plain','',0,0,'info');

--
-- Table structure for table `wp_6_wc_category_lookup`
--

CREATE TABLE `wp_6_wc_category_lookup` (
  `category_tree_id` bigint unsigned NOT NULL,
  `category_id` bigint unsigned NOT NULL,
  PRIMARY KEY (`category_tree_id`,`category_id`)
) ENGINE=InnoDB DEFAULT CHARSET=utf8mb4 COLLATE=utf8mb4_unicode_ci;

--
-- Dumping data for table `wp_6_wc_category_lookup`
--

INSERT INTO `wp_6_wc_category_lookup` VALUES (15,15),(16,16),(16,17),(16,32),(17,17),(19,19),(22,22),(24,24),(24,25),(24,29),(25,25),(28,28),(29,29),(32,32),(33,33),(35,35);

--
-- Table structure for table `wp_6_wc_customer_lookup`
--

CREATE TABLE `wp_6_wc_customer_lookup` (
  `customer_id` bigint unsigned NOT NULL AUTO_INCREMENT,
  `user_id` bigint unsigned DEFAULT NULL,
  `username` varchar(60) CHARACTER SET utf8mb4 COLLATE utf8mb4_unicode_ci NOT NULL DEFAULT '',
  `first_name` varchar(255) CHARACTER SET utf8mb4 COLLATE utf8mb4_unicode_ci NOT NULL,
  `last_name` varchar(255) CHARACTER SET utf8mb4 COLLATE utf8mb4_unicode_ci NOT NULL,
  `email` varchar(100) CHARACTER SET utf8mb4 COLLATE utf8mb4_unicode_ci DEFAULT NULL,
  `date_last_active` timestamp NULL DEFAULT NULL,
  `date_registered` timestamp NULL DEFAULT NULL,
  `country` char(2) CHARACTER SET utf8mb4 COLLATE utf8mb4_unicode_ci NOT NULL DEFAULT '',
  `postcode` varchar(20) CHARACTER SET utf8mb4 COLLATE utf8mb4_unicode_ci NOT NULL DEFAULT '',
  `city` varchar(100) CHARACTER SET utf8mb4 COLLATE utf8mb4_unicode_ci NOT NULL DEFAULT '',
  `state` varchar(100) CHARACTER SET utf8mb4 COLLATE utf8mb4_unicode_ci NOT NULL DEFAULT '',
  PRIMARY KEY (`customer_id`),
  UNIQUE KEY `user_id` (`user_id`),
  KEY `email` (`email`)
) ENGINE=InnoDB DEFAULT CHARSET=utf8mb4 COLLATE=utf8mb4_unicode_ci;

--
-- Dumping data for table `wp_6_wc_customer_lookup`
--


--
-- Table structure for table `wp_6_wc_download_log`
--

CREATE TABLE `wp_6_wc_download_log` (
  `download_log_id` bigint unsigned NOT NULL AUTO_INCREMENT,
  `timestamp` datetime NOT NULL,
  `permission_id` bigint unsigned NOT NULL,
  `user_id` bigint unsigned DEFAULT NULL,
  `user_ip_address` varchar(100) CHARACTER SET utf8mb4 COLLATE utf8mb4_unicode_ci DEFAULT '',
  PRIMARY KEY (`download_log_id`),
  KEY `permission_id` (`permission_id`),
  KEY `timestamp` (`timestamp`),
  CONSTRAINT `fk_wp_6_wc_download_log_permission_id` FOREIGN KEY (`permission_id`) REFERENCES `wp_6_woocommerce_downloadable_product_permissions` (`permission_id`) ON DELETE CASCADE
) ENGINE=InnoDB DEFAULT CHARSET=utf8mb4 COLLATE=utf8mb4_unicode_ci;

--
-- Dumping data for table `wp_6_wc_download_log`
--


--
-- Table structure for table `wp_6_wc_order_coupon_lookup`
--

CREATE TABLE `wp_6_wc_order_coupon_lookup` (
  `order_id` bigint unsigned NOT NULL,
  `coupon_id` bigint NOT NULL,
  `date_created` datetime NOT NULL DEFAULT '0000-00-00 00:00:00',
  `discount_amount` double NOT NULL DEFAULT '0',
  PRIMARY KEY (`order_id`,`coupon_id`),
  KEY `coupon_id` (`coupon_id`),
  KEY `date_created` (`date_created`)
) ENGINE=InnoDB DEFAULT CHARSET=utf8mb4 COLLATE=utf8mb4_unicode_ci;

--
-- Dumping data for table `wp_6_wc_order_coupon_lookup`
--


--
-- Table structure for table `wp_6_wc_order_product_lookup`
--

CREATE TABLE `wp_6_wc_order_product_lookup` (
  `order_item_id` bigint unsigned NOT NULL,
  `order_id` bigint unsigned NOT NULL,
  `product_id` bigint unsigned NOT NULL,
  `variation_id` bigint unsigned NOT NULL,
  `customer_id` bigint unsigned DEFAULT NULL,
  `date_created` datetime NOT NULL DEFAULT '0000-00-00 00:00:00',
  `product_qty` int NOT NULL,
  `product_net_revenue` double NOT NULL DEFAULT '0',
  `product_gross_revenue` double NOT NULL DEFAULT '0',
  `coupon_amount` double NOT NULL DEFAULT '0',
  `tax_amount` double NOT NULL DEFAULT '0',
  `shipping_amount` double NOT NULL DEFAULT '0',
  `shipping_tax_amount` double NOT NULL DEFAULT '0',
  PRIMARY KEY (`order_item_id`),
  KEY `order_id` (`order_id`),
  KEY `product_id` (`product_id`),
  KEY `customer_id` (`customer_id`),
  KEY `date_created` (`date_created`)
) ENGINE=InnoDB DEFAULT CHARSET=utf8mb4 COLLATE=utf8mb4_unicode_ci;

--
-- Dumping data for table `wp_6_wc_order_product_lookup`
--


--
-- Table structure for table `wp_6_wc_order_stats`
--

CREATE TABLE `wp_6_wc_order_stats` (
  `order_id` bigint unsigned NOT NULL,
  `parent_id` bigint unsigned NOT NULL DEFAULT '0',
  `date_created` datetime NOT NULL DEFAULT '0000-00-00 00:00:00',
  `date_created_gmt` datetime NOT NULL DEFAULT '0000-00-00 00:00:00',
  `num_items_sold` int NOT NULL DEFAULT '0',
  `total_sales` double NOT NULL DEFAULT '0',
  `tax_total` double NOT NULL DEFAULT '0',
  `shipping_total` double NOT NULL DEFAULT '0',
  `net_total` double NOT NULL DEFAULT '0',
  `returning_customer` tinyint(1) DEFAULT NULL,
  `status` varchar(200) CHARACTER SET utf8mb4 COLLATE utf8mb4_unicode_ci NOT NULL,
  `customer_id` bigint unsigned NOT NULL,
  PRIMARY KEY (`order_id`),
  KEY `date_created` (`date_created`),
  KEY `customer_id` (`customer_id`),
  KEY `status` (`status`(191))
) ENGINE=InnoDB DEFAULT CHARSET=utf8mb4 COLLATE=utf8mb4_unicode_ci;

--
-- Dumping data for table `wp_6_wc_order_stats`
--


--
-- Table structure for table `wp_6_wc_order_tax_lookup`
--

CREATE TABLE `wp_6_wc_order_tax_lookup` (
  `order_id` bigint unsigned NOT NULL,
  `tax_rate_id` bigint unsigned NOT NULL,
  `date_created` datetime NOT NULL DEFAULT '0000-00-00 00:00:00',
  `shipping_tax` double NOT NULL DEFAULT '0',
  `order_tax` double NOT NULL DEFAULT '0',
  `total_tax` double NOT NULL DEFAULT '0',
  PRIMARY KEY (`order_id`,`tax_rate_id`),
  KEY `tax_rate_id` (`tax_rate_id`),
  KEY `date_created` (`date_created`)
) ENGINE=InnoDB DEFAULT CHARSET=utf8mb4 COLLATE=utf8mb4_unicode_ci;

--
-- Dumping data for table `wp_6_wc_order_tax_lookup`
--


--
-- Table structure for table `wp_6_wc_product_attributes_lookup`
--

CREATE TABLE `wp_6_wc_product_attributes_lookup` (
  `product_id` bigint NOT NULL,
  `product_or_parent_id` bigint NOT NULL,
  `taxonomy` varchar(32) CHARACTER SET utf8mb4 COLLATE utf8mb4_unicode_ci NOT NULL,
  `term_id` bigint NOT NULL,
  `is_variation_attribute` tinyint(1) NOT NULL,
  `in_stock` tinyint(1) NOT NULL,
  PRIMARY KEY (`product_or_parent_id`,`term_id`,`product_id`,`taxonomy`),
  KEY `is_variation_attribute_term_id` (`is_variation_attribute`,`term_id`)
) ENGINE=InnoDB DEFAULT CHARSET=utf8mb4 COLLATE=utf8mb4_unicode_ci;

--
-- Dumping data for table `wp_6_wc_product_attributes_lookup`
--


--
-- Table structure for table `wp_6_wc_product_download_directories`
--

CREATE TABLE `wp_6_wc_product_download_directories` (
  `url_id` bigint unsigned NOT NULL AUTO_INCREMENT,
  `url` varchar(256) CHARACTER SET utf8mb4 COLLATE utf8mb4_unicode_ci NOT NULL,
  `enabled` tinyint(1) NOT NULL DEFAULT '0',
  PRIMARY KEY (`url_id`),
  KEY `url` (`url`(191))
) ENGINE=InnoDB DEFAULT CHARSET=utf8mb4 COLLATE=utf8mb4_unicode_ci;

--
-- Dumping data for table `wp_6_wc_product_download_directories`
--


--
-- Table structure for table `wp_6_wc_product_meta_lookup`
--

CREATE TABLE `wp_6_wc_product_meta_lookup` (
  `product_id` bigint NOT NULL,
  `sku` varchar(100) CHARACTER SET utf8mb4 COLLATE utf8mb4_unicode_ci DEFAULT '',
  `virtual` tinyint(1) DEFAULT '0',
  `downloadable` tinyint(1) DEFAULT '0',
  `min_price` decimal(19,4) DEFAULT NULL,
  `max_price` decimal(19,4) DEFAULT NULL,
  `onsale` tinyint(1) DEFAULT '0',
  `stock_quantity` double DEFAULT NULL,
  `stock_status` varchar(100) CHARACTER SET utf8mb4 COLLATE utf8mb4_unicode_ci DEFAULT 'instock',
  `rating_count` bigint DEFAULT '0',
  `average_rating` decimal(3,2) DEFAULT '0.00',
  `total_sales` bigint DEFAULT '0',
  `tax_status` varchar(100) CHARACTER SET utf8mb4 COLLATE utf8mb4_unicode_ci DEFAULT 'taxable',
  `tax_class` varchar(100) CHARACTER SET utf8mb4 COLLATE utf8mb4_unicode_ci DEFAULT '',
  PRIMARY KEY (`product_id`),
  KEY `virtual` (`virtual`),
  KEY `downloadable` (`downloadable`),
  KEY `stock_status` (`stock_status`),
  KEY `stock_quantity` (`stock_quantity`),
  KEY `onsale` (`onsale`),
  KEY `min_max_price` (`min_price`,`max_price`)
) ENGINE=InnoDB DEFAULT CHARSET=utf8mb4 COLLATE=utf8mb4_unicode_ci;

--
-- Dumping data for table `wp_6_wc_product_meta_lookup`
--

INSERT INTO `wp_6_wc_product_meta_lookup` VALUES (12,'',0,0,950.0000,950.0000,0,NULL,'instock',0,0.00,0,'taxable',''),(13,'',0,0,950.0000,950.0000,0,NULL,'instock',0,0.00,0,'taxable','parent'),(14,'',0,0,460.0000,460.0000,0,NULL,'instock',0,0.00,0,'taxable',''),(15,'',0,0,460.0000,460.0000,0,NULL,'instock',0,0.00,0,'taxable','parent'),(16,'',0,0,460.0000,460.0000,0,NULL,'instock',0,0.00,0,'taxable','parent'),(17,'',0,0,460.0000,460.0000,0,NULL,'instock',0,0.00,0,'taxable','parent'),(18,'',0,0,460.0000,460.0000,0,NULL,'instock',0,0.00,0,'taxable','parent'),(19,'',0,0,778.0000,778.0000,0,NULL,'instock',0,0.00,0,'taxable',''),(20,'',0,0,778.0000,778.0000,0,NULL,'instock',0,0.00,0,'taxable','parent'),(21,'',0,0,778.0000,778.0000,0,NULL,'instock',0,0.00,0,'taxable','parent'),(22,'',0,0,778.0000,778.0000,0,NULL,'instock',0,0.00,0,'taxable','parent'),(23,'',0,0,778.0000,778.0000,0,NULL,'instock',0,0.00,0,'taxable','parent'),(24,'',0,0,990.0000,990.0000,0,NULL,'instock',0,0.00,0,'taxable',''),(25,'',0,0,990.0000,990.0000,0,NULL,'instock',0,0.00,0,'taxable','parent'),(26,'',0,0,550.0000,550.0000,0,NULL,'instock',0,0.00,0,'taxable',''),(27,'',0,0,550.0000,550.0000,0,NULL,'instock',0,0.00,0,'taxable','parent'),(28,'',0,0,550.0000,550.0000,0,NULL,'instock',0,0.00,0,'taxable','parent'),(29,'',0,0,550.0000,550.0000,0,NULL,'instock',0,0.00,0,'taxable','parent'),(30,'',0,0,550.0000,550.0000,0,NULL,'instock',0,0.00,0,'taxable','parent'),(31,'',0,0,4000.0000,4000.0000,0,NULL,'instock',0,0.00,0,'taxable',''),(32,'',0,0,850.0000,850.0000,0,NULL,'instock',0,0.00,0,'taxable',''),(33,'',0,0,850.0000,850.0000,0,NULL,'instock',0,0.00,0,'taxable','parent'),(34,'',0,0,2600.0000,2600.0000,0,NULL,'instock',0,0.00,0,'taxable',''),(35,'',0,0,1100.0000,1100.0000,0,NULL,'instock',0,0.00,0,'taxable',''),(36,'',0,0,2500.0000,2500.0000,0,NULL,'instock',0,0.00,0,'taxable',''),(37,'',0,0,850.0000,850.0000,0,NULL,'instock',0,0.00,0,'taxable',''),(38,'',0,0,850.0000,850.0000,0,NULL,'instock',0,0.00,0,'taxable','parent'),(39,'',0,0,770.0000,770.0000,0,NULL,'instock',0,0.00,0,'taxable',''),(40,'',0,0,770.0000,770.0000,0,NULL,'instock',0,0.00,0,'taxable','parent'),(41,'',0,0,820.0000,820.0000,0,NULL,'instock',0,0.00,0,'taxable',''),(45,'',0,0,2500.0000,2500.0000,0,NULL,'instock',0,0.00,0,'taxable',''),(46,'',0,0,2500.0000,2500.0000,0,NULL,'instock',0,0.00,0,'taxable','parent'),(47,'',0,0,1600.0000,1600.0000,0,NULL,'instock',0,0.00,0,'taxable',''),(48,'',0,0,1600.0000,1600.0000,0,NULL,'instock',0,0.00,0,'taxable','parent'),(49,'',0,0,1150.0000,1150.0000,0,NULL,'instock',0,0.00,0,'taxable',''),(50,'',0,0,1150.0000,1150.0000,0,NULL,'instock',0,0.00,0,'taxable','parent'),(51,'',0,0,1979.0000,1979.0000,0,NULL,'instock',0,0.00,0,'taxable',''),(52,'',0,0,1979.0000,1979.0000,0,NULL,'instock',0,0.00,0,'taxable','parent'),(56,'',0,0,930.0000,930.0000,0,NULL,'instock',0,0.00,0,'taxable',''),(57,'',0,0,930.0000,930.0000,0,NULL,'instock',0,0.00,0,'taxable','parent'),(58,'',0,0,2200.0000,2200.0000,0,NULL,'instock',0,0.00,0,'taxable',''),(59,'',0,0,2200.0000,2200.0000,0,NULL,'instock',0,0.00,0,'taxable','parent'),(60,'',0,0,850.0000,850.0000,0,NULL,'instock',0,0.00,0,'taxable',''),(61,'',0,0,850.0000,850.0000,0,NULL,'instock',0,0.00,0,'taxable','parent'),(62,'',0,0,1395.0000,1395.0000,0,NULL,'instock',0,0.00,0,'taxable',''),(63,'',0,0,1395.0000,1395.0000,0,NULL,'instock',0,0.00,0,'taxable','parent'),(64,'',0,0,2217.0000,2217.0000,0,NULL,'instock',0,0.00,0,'taxable',''),(65,'',0,0,2217.0000,2217.0000,0,NULL,'instock',0,0.00,0,'taxable','parent'),(66,'',0,0,690.0000,690.0000,0,NULL,'instock',0,0.00,0,'taxable',''),(67,'',0,0,690.0000,690.0000,0,NULL,'instock',0,0.00,0,'taxable','parent'),(76,'',0,0,590.0000,590.0000,0,NULL,'instock',0,0.00,0,'taxable',''),(77,'',0,0,590.0000,590.0000,0,NULL,'instock',0,0.00,0,'taxable','parent'),(78,'',0,0,620.0000,620.0000,0,NULL,'instock',0,0.00,0,'taxable',''),(79,'',0,0,620.0000,620.0000,0,NULL,'instock',0,0.00,0,'taxable','parent'),(80,'',0,0,169.0000,169.0000,0,NULL,'instock',0,0.00,0,'taxable',''),(87,'',0,0,169.0000,169.0000,0,NULL,'instock',0,0.00,0,'taxable','parent'),(88,'',0,0,355.0000,355.0000,0,NULL,'instock',0,0.00,0,'taxable',''),(89,'',0,0,815.0000,815.0000,0,NULL,'instock',0,0.00,0,'taxable',''),(90,'',0,0,815.0000,815.0000,0,NULL,'instock',0,0.00,0,'taxable','parent'),(91,'',0,0,375.0000,375.0000,0,NULL,'instock',0,0.00,0,'taxable',''),(99,'',0,0,375.0000,375.0000,0,NULL,'instock',0,0.00,0,'taxable','parent'),(100,'',0,0,775.0000,775.0000,0,NULL,'instock',0,0.00,0,'taxable',''),(101,'',0,0,775.0000,775.0000,0,NULL,'instock',0,0.00,0,'taxable','parent'),(102,'',0,0,390.0000,390.0000,0,NULL,'instock',0,0.00,0,'taxable',''),(103,'',0,0,390.0000,390.0000,0,NULL,'instock',0,0.00,0,'taxable','parent'),(111,'',0,0,230.0000,230.0000,0,NULL,'instock',0,0.00,0,'taxable',''),(112,'',0,0,230.0000,230.0000,0,NULL,'instock',0,0.00,0,'taxable','parent'),(113,'',0,0,730.0000,730.0000,0,NULL,'instock',0,0.00,0,'taxable',''),(114,'',0,0,730.0000,730.0000,0,NULL,'instock',0,0.00,0,'taxable','parent'),(115,'',0,0,1996.0000,1996.0000,0,NULL,'instock',0,0.00,0,'taxable',''),(116,'',0,0,1996.0000,1996.0000,0,NULL,'instock',0,0.00,0,'taxable','parent'),(117,'',0,0,455.0000,455.0000,0,NULL,'instock',0,0.00,0,'taxable',''),(118,'',0,0,455.0000,455.0000,0,NULL,'instock',0,0.00,0,'taxable','parent'),(125,'',0,0,230.0000,230.0000,0,NULL,'instock',0,0.00,0,'taxable',''),(126,'',0,0,230.0000,230.0000,0,NULL,'instock',0,0.00,0,'taxable','parent'),(127,'',0,0,995.0000,995.0000,0,NULL,'instock',0,0.00,0,'taxable',''),(128,'',0,0,995.0000,995.0000,0,NULL,'instock',0,0.00,0,'taxable','parent'),(129,'',0,0,200.0000,200.0000,0,NULL,'instock',0,0.00,0,'taxable',''),(130,'',0,0,200.0000,200.0000,0,NULL,'instock',0,0.00,0,'taxable','parent'),(131,'',0,0,450.0000,450.0000,0,NULL,'instock',0,0.00,0,'taxable','');

--
-- Table structure for table `wp_6_wc_rate_limits`
--

CREATE TABLE `wp_6_wc_rate_limits` (
  `rate_limit_id` bigint unsigned NOT NULL AUTO_INCREMENT,
  `rate_limit_key` varchar(200) CHARACTER SET utf8mb4 COLLATE utf8mb4_unicode_ci NOT NULL,
  `rate_limit_expiry` bigint unsigned NOT NULL,
  `rate_limit_remaining` smallint NOT NULL DEFAULT '0',
  PRIMARY KEY (`rate_limit_id`),
  UNIQUE KEY `rate_limit_key` (`rate_limit_key`(191))
) ENGINE=InnoDB DEFAULT CHARSET=utf8mb4 COLLATE=utf8mb4_unicode_ci;

--
-- Dumping data for table `wp_6_wc_rate_limits`
--


--
-- Table structure for table `wp_6_wc_reserved_stock`
--

CREATE TABLE `wp_6_wc_reserved_stock` (
  `order_id` bigint NOT NULL,
  `product_id` bigint NOT NULL,
  `stock_quantity` double NOT NULL DEFAULT '0',
  `timestamp` datetime NOT NULL DEFAULT '0000-00-00 00:00:00',
  `expires` datetime NOT NULL DEFAULT '0000-00-00 00:00:00',
  PRIMARY KEY (`order_id`,`product_id`)
) ENGINE=InnoDB DEFAULT CHARSET=utf8mb4 COLLATE=utf8mb4_unicode_ci;

--
-- Dumping data for table `wp_6_wc_reserved_stock`
--


--
-- Table structure for table `wp_6_wc_tax_rate_classes`
--

CREATE TABLE `wp_6_wc_tax_rate_classes` (
  `tax_rate_class_id` bigint unsigned NOT NULL AUTO_INCREMENT,
  `name` varchar(200) CHARACTER SET utf8mb4 COLLATE utf8mb4_unicode_ci NOT NULL DEFAULT '',
  `slug` varchar(200) CHARACTER SET utf8mb4 COLLATE utf8mb4_unicode_ci NOT NULL DEFAULT '',
  PRIMARY KEY (`tax_rate_class_id`),
  UNIQUE KEY `slug` (`slug`(191))
) ENGINE=InnoDB AUTO_INCREMENT=3 DEFAULT CHARSET=utf8mb4 COLLATE=utf8mb4_unicode_ci;

--
-- Dumping data for table `wp_6_wc_tax_rate_classes`
--

INSERT INTO `wp_6_wc_tax_rate_classes` VALUES (1,'Taux réduit','taux-reduit'),(2,'Taux zéro','taux-zero');

--
-- Table structure for table `wp_6_wc_webhooks`
--

CREATE TABLE `wp_6_wc_webhooks` (
  `webhook_id` bigint unsigned NOT NULL AUTO_INCREMENT,
  `status` varchar(200) CHARACTER SET utf8mb4 COLLATE utf8mb4_unicode_ci NOT NULL,
  `name` text CHARACTER SET utf8mb4 COLLATE utf8mb4_unicode_ci NOT NULL,
  `user_id` bigint unsigned NOT NULL,
  `delivery_url` text CHARACTER SET utf8mb4 COLLATE utf8mb4_unicode_ci NOT NULL,
  `secret` text CHARACTER SET utf8mb4 COLLATE utf8mb4_unicode_ci NOT NULL,
  `topic` varchar(200) CHARACTER SET utf8mb4 COLLATE utf8mb4_unicode_ci NOT NULL,
  `date_created` datetime NOT NULL DEFAULT '0000-00-00 00:00:00',
  `date_created_gmt` datetime NOT NULL DEFAULT '0000-00-00 00:00:00',
  `date_modified` datetime NOT NULL DEFAULT '0000-00-00 00:00:00',
  `date_modified_gmt` datetime NOT NULL DEFAULT '0000-00-00 00:00:00',
  `api_version` smallint NOT NULL,
  `failure_count` smallint NOT NULL DEFAULT '0',
  `pending_delivery` tinyint(1) NOT NULL DEFAULT '0',
  PRIMARY KEY (`webhook_id`),
  KEY `user_id` (`user_id`)
) ENGINE=InnoDB DEFAULT CHARSET=utf8mb4 COLLATE=utf8mb4_unicode_ci;

--
-- Dumping data for table `wp_6_wc_webhooks`
--


--
-- Table structure for table `wp_6_woocommerce_api_keys`
--

CREATE TABLE `wp_6_woocommerce_api_keys` (
  `key_id` bigint unsigned NOT NULL AUTO_INCREMENT,
  `user_id` bigint unsigned NOT NULL,
  `description` varchar(200) CHARACTER SET utf8mb4 COLLATE utf8mb4_unicode_ci DEFAULT NULL,
  `permissions` varchar(10) CHARACTER SET utf8mb4 COLLATE utf8mb4_unicode_ci NOT NULL,
  `consumer_key` char(64) CHARACTER SET utf8mb4 COLLATE utf8mb4_unicode_ci NOT NULL,
  `consumer_secret` char(43) CHARACTER SET utf8mb4 COLLATE utf8mb4_unicode_ci NOT NULL,
  `nonces` longtext CHARACTER SET utf8mb4 COLLATE utf8mb4_unicode_ci,
  `truncated_key` char(7) CHARACTER SET utf8mb4 COLLATE utf8mb4_unicode_ci NOT NULL,
  `last_access` datetime DEFAULT NULL,
  PRIMARY KEY (`key_id`),
  KEY `consumer_key` (`consumer_key`),
  KEY `consumer_secret` (`consumer_secret`)
) ENGINE=InnoDB DEFAULT CHARSET=utf8mb4 COLLATE=utf8mb4_unicode_ci;

--
-- Dumping data for table `wp_6_woocommerce_api_keys`
--


--
-- Table structure for table `wp_6_woocommerce_attribute_taxonomies`
--

CREATE TABLE `wp_6_woocommerce_attribute_taxonomies` (
  `attribute_id` bigint unsigned NOT NULL AUTO_INCREMENT,
  `attribute_name` varchar(200) CHARACTER SET utf8mb4 COLLATE utf8mb4_unicode_ci NOT NULL,
  `attribute_label` varchar(200) CHARACTER SET utf8mb4 COLLATE utf8mb4_unicode_ci DEFAULT NULL,
  `attribute_type` varchar(20) CHARACTER SET utf8mb4 COLLATE utf8mb4_unicode_ci NOT NULL,
  `attribute_orderby` varchar(20) CHARACTER SET utf8mb4 COLLATE utf8mb4_unicode_ci NOT NULL,
  `attribute_public` int NOT NULL DEFAULT '1',
  PRIMARY KEY (`attribute_id`),
  KEY `attribute_name` (`attribute_name`(20))
) ENGINE=InnoDB AUTO_INCREMENT=4 DEFAULT CHARSET=utf8mb4 COLLATE=utf8mb4_unicode_ci;

--
-- Dumping data for table `wp_6_woocommerce_attribute_taxonomies`
--

INSERT INTO `wp_6_woocommerce_attribute_taxonomies` VALUES (1,'pointure','pa_pointure','select','menu_order',0),(2,'taille','pa_taille','select','menu_order',0),(3,'couleur','pa_couleur','select','menu_order',0);

--
-- Table structure for table `wp_6_woocommerce_downloadable_product_permissions`
--

CREATE TABLE `wp_6_woocommerce_downloadable_product_permissions` (
  `permission_id` bigint unsigned NOT NULL AUTO_INCREMENT,
  `download_id` varchar(36) CHARACTER SET utf8mb4 COLLATE utf8mb4_unicode_ci NOT NULL,
  `product_id` bigint unsigned NOT NULL,
  `order_id` bigint unsigned NOT NULL DEFAULT '0',
  `order_key` varchar(200) CHARACTER SET utf8mb4 COLLATE utf8mb4_unicode_ci NOT NULL,
  `user_email` varchar(200) CHARACTER SET utf8mb4 COLLATE utf8mb4_unicode_ci NOT NULL,
  `user_id` bigint unsigned DEFAULT NULL,
  `downloads_remaining` varchar(9) CHARACTER SET utf8mb4 COLLATE utf8mb4_unicode_ci DEFAULT NULL,
  `access_granted` datetime NOT NULL DEFAULT '0000-00-00 00:00:00',
  `access_expires` datetime DEFAULT NULL,
  `download_count` bigint unsigned NOT NULL DEFAULT '0',
  PRIMARY KEY (`permission_id`),
  KEY `download_order_key_product` (`product_id`,`order_id`,`order_key`(16),`download_id`),
  KEY `download_order_product` (`download_id`,`order_id`,`product_id`),
  KEY `order_id` (`order_id`),
  KEY `user_order_remaining_expires` (`user_id`,`order_id`,`downloads_remaining`,`access_expires`)
) ENGINE=InnoDB DEFAULT CHARSET=utf8mb4 COLLATE=utf8mb4_unicode_ci;

--
-- Dumping data for table `wp_6_woocommerce_downloadable_product_permissions`
--


--
-- Table structure for table `wp_6_woocommerce_log`
--

CREATE TABLE `wp_6_woocommerce_log` (
  `log_id` bigint unsigned NOT NULL AUTO_INCREMENT,
  `timestamp` datetime NOT NULL,
  `level` smallint NOT NULL,
  `source` varchar(200) CHARACTER SET utf8mb4 COLLATE utf8mb4_unicode_ci NOT NULL,
  `message` longtext CHARACTER SET utf8mb4 COLLATE utf8mb4_unicode_ci NOT NULL,
  `context` longtext CHARACTER SET utf8mb4 COLLATE utf8mb4_unicode_ci,
  PRIMARY KEY (`log_id`),
  KEY `level` (`level`)
) ENGINE=InnoDB DEFAULT CHARSET=utf8mb4 COLLATE=utf8mb4_unicode_ci;

--
-- Dumping data for table `wp_6_woocommerce_log`
--


--
-- Table structure for table `wp_6_woocommerce_order_itemmeta`
--

CREATE TABLE `wp_6_woocommerce_order_itemmeta` (
  `meta_id` bigint unsigned NOT NULL AUTO_INCREMENT,
  `order_item_id` bigint unsigned NOT NULL,
  `meta_key` varchar(255) CHARACTER SET utf8mb4 COLLATE utf8mb4_unicode_ci DEFAULT NULL,
  `meta_value` longtext CHARACTER SET utf8mb4 COLLATE utf8mb4_unicode_ci,
  PRIMARY KEY (`meta_id`),
  KEY `order_item_id` (`order_item_id`),
  KEY `meta_key` (`meta_key`(32))
) ENGINE=InnoDB DEFAULT CHARSET=utf8mb4 COLLATE=utf8mb4_unicode_ci;

--
-- Dumping data for table `wp_6_woocommerce_order_itemmeta`
--


--
-- Table structure for table `wp_6_woocommerce_order_items`
--

CREATE TABLE `wp_6_woocommerce_order_items` (
  `order_item_id` bigint unsigned NOT NULL AUTO_INCREMENT,
  `order_item_name` text CHARACTER SET utf8mb4 COLLATE utf8mb4_unicode_ci NOT NULL,
  `order_item_type` varchar(200) CHARACTER SET utf8mb4 COLLATE utf8mb4_unicode_ci NOT NULL DEFAULT '',
  `order_id` bigint unsigned NOT NULL,
  PRIMARY KEY (`order_item_id`),
  KEY `order_id` (`order_id`)
) ENGINE=InnoDB DEFAULT CHARSET=utf8mb4 COLLATE=utf8mb4_unicode_ci;

--
-- Dumping data for table `wp_6_woocommerce_order_items`
--


--
-- Table structure for table `wp_6_woocommerce_payment_tokenmeta`
--

CREATE TABLE `wp_6_woocommerce_payment_tokenmeta` (
  `meta_id` bigint unsigned NOT NULL AUTO_INCREMENT,
  `payment_token_id` bigint unsigned NOT NULL,
  `meta_key` varchar(255) CHARACTER SET utf8mb4 COLLATE utf8mb4_unicode_ci DEFAULT NULL,
  `meta_value` longtext CHARACTER SET utf8mb4 COLLATE utf8mb4_unicode_ci,
  PRIMARY KEY (`meta_id`),
  KEY `payment_token_id` (`payment_token_id`),
  KEY `meta_key` (`meta_key`(32))
) ENGINE=InnoDB DEFAULT CHARSET=utf8mb4 COLLATE=utf8mb4_unicode_ci;

--
-- Dumping data for table `wp_6_woocommerce_payment_tokenmeta`
--


--
-- Table structure for table `wp_6_woocommerce_payment_tokens`
--

CREATE TABLE `wp_6_woocommerce_payment_tokens` (
  `token_id` bigint unsigned NOT NULL AUTO_INCREMENT,
  `gateway_id` varchar(200) CHARACTER SET utf8mb4 COLLATE utf8mb4_unicode_ci NOT NULL,
  `token` text CHARACTER SET utf8mb4 COLLATE utf8mb4_unicode_ci NOT NULL,
  `user_id` bigint unsigned NOT NULL DEFAULT '0',
  `type` varchar(200) CHARACTER SET utf8mb4 COLLATE utf8mb4_unicode_ci NOT NULL,
  `is_default` tinyint(1) NOT NULL DEFAULT '0',
  PRIMARY KEY (`token_id`),
  KEY `user_id` (`user_id`)
) ENGINE=InnoDB DEFAULT CHARSET=utf8mb4 COLLATE=utf8mb4_unicode_ci;

--
-- Dumping data for table `wp_6_woocommerce_payment_tokens`
--


--
-- Table structure for table `wp_6_woocommerce_sessions`
--

CREATE TABLE `wp_6_woocommerce_sessions` (
  `session_id` bigint unsigned NOT NULL AUTO_INCREMENT,
  `session_key` char(32) CHARACTER SET utf8mb4 COLLATE utf8mb4_unicode_ci NOT NULL,
  `session_value` longtext CHARACTER SET utf8mb4 COLLATE utf8mb4_unicode_ci NOT NULL,
  `session_expiry` bigint unsigned NOT NULL,
  PRIMARY KEY (`session_id`),
  UNIQUE KEY `session_key` (`session_key`)
) ENGINE=InnoDB DEFAULT CHARSET=utf8mb4 COLLATE=utf8mb4_unicode_ci;

--
-- Dumping data for table `wp_6_woocommerce_sessions`
--


--
-- Table structure for table `wp_6_woocommerce_shipping_zone_locations`
--

CREATE TABLE `wp_6_woocommerce_shipping_zone_locations` (
  `location_id` bigint unsigned NOT NULL AUTO_INCREMENT,
  `zone_id` bigint unsigned NOT NULL,
  `location_code` varchar(200) CHARACTER SET utf8mb4 COLLATE utf8mb4_unicode_ci NOT NULL,
  `location_type` varchar(40) CHARACTER SET utf8mb4 COLLATE utf8mb4_unicode_ci NOT NULL,
  PRIMARY KEY (`location_id`),
  KEY `location_id` (`location_id`),
  KEY `location_type_code` (`location_type`(10),`location_code`(20))
) ENGINE=InnoDB DEFAULT CHARSET=utf8mb4 COLLATE=utf8mb4_unicode_ci;

--
-- Dumping data for table `wp_6_woocommerce_shipping_zone_locations`
--


--
-- Table structure for table `wp_6_woocommerce_shipping_zone_methods`
--

CREATE TABLE `wp_6_woocommerce_shipping_zone_methods` (
  `zone_id` bigint unsigned NOT NULL,
  `instance_id` bigint unsigned NOT NULL AUTO_INCREMENT,
  `method_id` varchar(200) CHARACTER SET utf8mb4 COLLATE utf8mb4_unicode_ci NOT NULL,
  `method_order` bigint unsigned NOT NULL,
  `is_enabled` tinyint(1) NOT NULL DEFAULT '1',
  PRIMARY KEY (`instance_id`)
) ENGINE=InnoDB DEFAULT CHARSET=utf8mb4 COLLATE=utf8mb4_unicode_ci;

--
-- Dumping data for table `wp_6_woocommerce_shipping_zone_methods`
--


--
-- Table structure for table `wp_6_woocommerce_shipping_zones`
--

CREATE TABLE `wp_6_woocommerce_shipping_zones` (
  `zone_id` bigint unsigned NOT NULL AUTO_INCREMENT,
  `zone_name` varchar(200) CHARACTER SET utf8mb4 COLLATE utf8mb4_unicode_ci NOT NULL,
  `zone_order` bigint unsigned NOT NULL,
  PRIMARY KEY (`zone_id`)
) ENGINE=InnoDB DEFAULT CHARSET=utf8mb4 COLLATE=utf8mb4_unicode_ci;

--
-- Dumping data for table `wp_6_woocommerce_shipping_zones`
--


--
-- Table structure for table `wp_6_woocommerce_tax_rate_locations`
--

CREATE TABLE `wp_6_woocommerce_tax_rate_locations` (
  `location_id` bigint unsigned NOT NULL AUTO_INCREMENT,
  `location_code` varchar(200) CHARACTER SET utf8mb4 COLLATE utf8mb4_unicode_ci NOT NULL,
  `tax_rate_id` bigint unsigned NOT NULL,
  `location_type` varchar(40) CHARACTER SET utf8mb4 COLLATE utf8mb4_unicode_ci NOT NULL,
  PRIMARY KEY (`location_id`),
  KEY `tax_rate_id` (`tax_rate_id`),
  KEY `location_type_code` (`location_type`(10),`location_code`(20))
) ENGINE=InnoDB DEFAULT CHARSET=utf8mb4 COLLATE=utf8mb4_unicode_ci;

--
-- Dumping data for table `wp_6_woocommerce_tax_rate_locations`
--


--
-- Table structure for table `wp_6_woocommerce_tax_rates`
--

CREATE TABLE `wp_6_woocommerce_tax_rates` (
  `tax_rate_id` bigint unsigned NOT NULL AUTO_INCREMENT,
  `tax_rate_country` varchar(2) CHARACTER SET utf8mb4 COLLATE utf8mb4_unicode_ci NOT NULL DEFAULT '',
  `tax_rate_state` varchar(200) CHARACTER SET utf8mb4 COLLATE utf8mb4_unicode_ci NOT NULL DEFAULT '',
  `tax_rate` varchar(8) CHARACTER SET utf8mb4 COLLATE utf8mb4_unicode_ci NOT NULL DEFAULT '',
  `tax_rate_name` varchar(200) CHARACTER SET utf8mb4 COLLATE utf8mb4_unicode_ci NOT NULL DEFAULT '',
  `tax_rate_priority` bigint unsigned NOT NULL,
  `tax_rate_compound` int NOT NULL DEFAULT '0',
  `tax_rate_shipping` int NOT NULL DEFAULT '1',
  `tax_rate_order` bigint unsigned NOT NULL,
  `tax_rate_class` varchar(200) CHARACTER SET utf8mb4 COLLATE utf8mb4_unicode_ci NOT NULL DEFAULT '',
  PRIMARY KEY (`tax_rate_id`),
  KEY `tax_rate_country` (`tax_rate_country`),
  KEY `tax_rate_state` (`tax_rate_state`(2)),
  KEY `tax_rate_class` (`tax_rate_class`(10)),
  KEY `tax_rate_priority` (`tax_rate_priority`)
) ENGINE=InnoDB AUTO_INCREMENT=2 DEFAULT CHARSET=utf8mb4 COLLATE=utf8mb4_unicode_ci;

--
-- Dumping data for table `wp_6_woocommerce_tax_rates`
--

INSERT INTO `wp_6_woocommerce_tax_rates` VALUES (1,'','','20.0000','TVA',1,0,1,0,'');

--
-- Table structure for table `wp_6_yith_wcwl`
--

CREATE TABLE `wp_6_yith_wcwl` (
  `ID` bigint NOT NULL AUTO_INCREMENT,
  `prod_id` bigint NOT NULL,
  `quantity` int NOT NULL,
  `user_id` bigint DEFAULT NULL,
  `wishlist_id` bigint DEFAULT NULL,
  `position` int DEFAULT '0',
  `original_price` decimal(9,3) DEFAULT NULL,
  `original_currency` char(3) DEFAULT NULL,
  `dateadded` timestamp NOT NULL DEFAULT CURRENT_TIMESTAMP,
  `on_sale` tinyint NOT NULL DEFAULT '0',
  PRIMARY KEY (`ID`),
  KEY `prod_id` (`prod_id`)
) ENGINE=InnoDB DEFAULT CHARSET=utf8mb3;

--
-- Dumping data for table `wp_6_yith_wcwl`
--


--
-- Table structure for table `wp_6_yith_wcwl_lists`
--

CREATE TABLE `wp_6_yith_wcwl_lists` (
  `ID` bigint NOT NULL AUTO_INCREMENT,
  `user_id` bigint DEFAULT NULL,
  `session_id` varchar(255) DEFAULT NULL,
  `wishlist_slug` varchar(200) NOT NULL,
  `wishlist_name` text,
  `wishlist_token` varchar(64) NOT NULL,
  `wishlist_privacy` tinyint(1) NOT NULL DEFAULT '0',
  `is_default` tinyint(1) NOT NULL DEFAULT '0',
  `dateadded` timestamp NOT NULL DEFAULT CURRENT_TIMESTAMP,
  `expiration` timestamp NULL DEFAULT NULL,
  PRIMARY KEY (`ID`),
  UNIQUE KEY `wishlist_token` (`wishlist_token`),
  KEY `wishlist_slug` (`wishlist_slug`)
) ENGINE=InnoDB DEFAULT CHARSET=utf8mb3;

--
-- Dumping data for table `wp_6_yith_wcwl_lists`
--


--
-- Table structure for table `wp_6_yoast_indexable`
--

CREATE TABLE `wp_6_yoast_indexable` (
  `id` int unsigned NOT NULL AUTO_INCREMENT,
  `permalink` longtext CHARACTER SET utf8mb4 COLLATE utf8mb4_unicode_ci,
  `permalink_hash` varchar(40) CHARACTER SET utf8mb4 COLLATE utf8mb4_unicode_ci DEFAULT NULL,
  `object_id` bigint DEFAULT NULL,
  `object_type` varchar(32) CHARACTER SET utf8mb4 COLLATE utf8mb4_unicode_ci NOT NULL,
  `object_sub_type` varchar(32) CHARACTER SET utf8mb4 COLLATE utf8mb4_unicode_ci DEFAULT NULL,
  `author_id` bigint DEFAULT NULL,
  `post_parent` bigint DEFAULT NULL,
  `title` text CHARACTER SET utf8mb4 COLLATE utf8mb4_unicode_ci,
  `description` mediumtext CHARACTER SET utf8mb4 COLLATE utf8mb4_unicode_ci,
  `breadcrumb_title` text CHARACTER SET utf8mb4 COLLATE utf8mb4_unicode_ci,
  `post_status` varchar(20) CHARACTER SET utf8mb4 COLLATE utf8mb4_unicode_ci DEFAULT NULL,
  `is_public` tinyint(1) DEFAULT NULL,
  `is_protected` tinyint(1) DEFAULT '0',
  `has_public_posts` tinyint(1) DEFAULT NULL,
  `number_of_pages` int unsigned DEFAULT NULL,
  `canonical` longtext CHARACTER SET utf8mb4 COLLATE utf8mb4_unicode_ci,
  `primary_focus_keyword` varchar(191) CHARACTER SET utf8mb4 COLLATE utf8mb4_unicode_ci DEFAULT NULL,
  `primary_focus_keyword_score` int DEFAULT NULL,
  `readability_score` int DEFAULT NULL,
  `is_cornerstone` tinyint(1) DEFAULT '0',
  `is_robots_noindex` tinyint(1) DEFAULT '0',
  `is_robots_nofollow` tinyint(1) DEFAULT '0',
  `is_robots_noarchive` tinyint(1) DEFAULT '0',
  `is_robots_noimageindex` tinyint(1) DEFAULT '0',
  `is_robots_nosnippet` tinyint(1) DEFAULT '0',
  `twitter_title` text CHARACTER SET utf8mb4 COLLATE utf8mb4_unicode_ci,
  `twitter_image` longtext CHARACTER SET utf8mb4 COLLATE utf8mb4_unicode_ci,
  `twitter_description` longtext CHARACTER SET utf8mb4 COLLATE utf8mb4_unicode_ci,
  `twitter_image_id` varchar(191) CHARACTER SET utf8mb4 COLLATE utf8mb4_unicode_ci DEFAULT NULL,
  `twitter_image_source` text CHARACTER SET utf8mb4 COLLATE utf8mb4_unicode_ci,
  `open_graph_title` text CHARACTER SET utf8mb4 COLLATE utf8mb4_unicode_ci,
  `open_graph_description` longtext CHARACTER SET utf8mb4 COLLATE utf8mb4_unicode_ci,
  `open_graph_image` longtext CHARACTER SET utf8mb4 COLLATE utf8mb4_unicode_ci,
  `open_graph_image_id` varchar(191) CHARACTER SET utf8mb4 COLLATE utf8mb4_unicode_ci DEFAULT NULL,
  `open_graph_image_source` text CHARACTER SET utf8mb4 COLLATE utf8mb4_unicode_ci,
  `open_graph_image_meta` mediumtext CHARACTER SET utf8mb4 COLLATE utf8mb4_unicode_ci,
  `link_count` int DEFAULT NULL,
  `incoming_link_count` int DEFAULT NULL,
  `prominent_words_version` int unsigned DEFAULT NULL,
  `created_at` datetime DEFAULT NULL,
  `updated_at` timestamp NOT NULL DEFAULT CURRENT_TIMESTAMP ON UPDATE CURRENT_TIMESTAMP,
  `blog_id` bigint NOT NULL DEFAULT '6',
  `language` varchar(32) CHARACTER SET utf8mb4 COLLATE utf8mb4_unicode_ci DEFAULT NULL,
  `region` varchar(32) CHARACTER SET utf8mb4 COLLATE utf8mb4_unicode_ci DEFAULT NULL,
  `schema_page_type` varchar(64) CHARACTER SET utf8mb4 COLLATE utf8mb4_unicode_ci DEFAULT NULL,
  `schema_article_type` varchar(64) CHARACTER SET utf8mb4 COLLATE utf8mb4_unicode_ci DEFAULT NULL,
  `has_ancestors` tinyint(1) DEFAULT '0',
  `estimated_reading_time_minutes` int DEFAULT NULL,
  `version` int DEFAULT '1',
  `object_last_modified` datetime DEFAULT NULL,
  `object_published_at` datetime DEFAULT NULL,
  PRIMARY KEY (`id`),
  KEY `object_type_and_sub_type` (`object_type`,`object_sub_type`),
  KEY `object_id_and_type` (`object_id`,`object_type`),
  KEY `permalink_hash_and_object_type` (`permalink_hash`,`object_type`),
  KEY `subpages` (`post_parent`,`object_type`,`post_status`,`object_id`),
  KEY `prominent_words` (`prominent_words_version`,`object_type`,`object_sub_type`,`post_status`),
  KEY `published_sitemap_index` (`object_published_at`,`is_robots_noindex`,`object_type`,`object_sub_type`)
) ENGINE=InnoDB AUTO_INCREMENT=168 DEFAULT CHARSET=utf8mb4 COLLATE=utf8mb4_unicode_ci;

--
-- Dumping data for table `wp_6_yoast_indexable`
--

INSERT INTO `wp_6_yoast_indexable` VALUES (1,'https://mentorlystes.com/affiliation/author/admin/','48:2b719b36ebbd2a2a3ec8f8f3f48612f9',1,'user',NULL,NULL,NULL,NULL,NULL,NULL,NULL,NULL,0,0,NULL,NULL,NULL,NULL,NULL,0,0,NULL,NULL,NULL,NULL,NULL,'https://secure.gravatar.com/avatar/0b82798fcb2beaa4fa046e0ef800a1dd?s=500&d=mm&r=g',NULL,NULL,'gravatar-image',NULL,NULL,'https://secure.gravatar.com/avatar/0b82798fcb2beaa4fa046e0ef800a1dd?s=500&d=mm&r=g',NULL,'gravatar-image',NULL,NULL,NULL,NULL,'2022-04-25 12:52:52','2023-02-13 07:56:38',6,NULL,NULL,NULL,NULL,0,NULL,2,'2022-04-25 23:38:39','2022-04-24 14:47:06'),(2,'https://mentorlystes.com/affiliation/','32:945de3d137db2ea521dfa5ff0c79c637',5,'post','page',1,0,NULL,NULL,'Boutique','publish',NULL,0,NULL,NULL,NULL,NULL,NULL,0,0,NULL,0,NULL,NULL,NULL,NULL,NULL,NULL,NULL,NULL,NULL,NULL,NULL,NULL,NULL,NULL,NULL,NULL,NULL,'2022-04-25 12:52:52','2023-02-13 07:56:38',6,NULL,NULL,NULL,NULL,0,NULL,2,'2022-04-24 20:35:38','2022-04-24 20:35:38'),(3,'https://mentorlystes.com/affiliation/','35:6f88b07440cebadbcb51d9140473d79a',NULL,'home-page',NULL,NULL,NULL,'%%sitename%% %%page%% %%sep%% %%sitedesc%%','Un site utilisant Les sites de Mentorlystes','Accueil',NULL,NULL,0,NULL,NULL,NULL,NULL,NULL,NULL,0,0,0,0,0,0,NULL,NULL,NULL,NULL,NULL,'%%sitename%%','','','0',NULL,NULL,NULL,NULL,NULL,'2022-04-25 12:52:52','2023-02-13 07:56:38',6,NULL,NULL,NULL,NULL,0,NULL,2,'2022-04-25 23:38:39',NULL),(4,'https://mentorlystes.com/affiliation/boutique/','44:8600d760f181f015188b0609b8233763',NULL,'post-type-archive','product',NULL,NULL,'%%pt_plural%% Archive %%page%% %%sep%% %%sitename%%','','Produits',NULL,1,0,NULL,NULL,NULL,NULL,NULL,NULL,0,0,0,0,0,0,NULL,NULL,NULL,NULL,NULL,NULL,NULL,NULL,NULL,NULL,NULL,NULL,NULL,NULL,'2022-04-25 16:13:33','2023-02-13 07:56:38',6,NULL,NULL,NULL,NULL,0,NULL,2,'2022-04-25 21:44:13','2022-04-25 05:20:55'),(5,'https://mentorlystes.com/affiliation/portfolio/','42:86e164397a9d274086d1d2dcb97967a2',NULL,'post-type-archive','portfolio',NULL,NULL,'%%pt_plural%% Archive %%page%% %%sep%% %%sitename%%','','Portfolio',NULL,1,0,NULL,NULL,NULL,NULL,NULL,NULL,0,0,0,0,0,0,NULL,NULL,NULL,NULL,NULL,NULL,NULL,NULL,NULL,NULL,NULL,NULL,NULL,NULL,'2022-04-25 16:13:33','2023-02-13 07:56:38',6,NULL,NULL,NULL,NULL,0,NULL,2,NULL,NULL),(7,NULL,NULL,NULL,'system-page','404',NULL,NULL,'Page non trouvée %%sep%% %%sitename%%',NULL,'Erreur 404 : Page introuvable',NULL,NULL,0,NULL,NULL,NULL,NULL,NULL,NULL,0,1,0,0,0,0,NULL,NULL,NULL,NULL,NULL,NULL,NULL,NULL,NULL,NULL,NULL,NULL,NULL,NULL,'2022-04-25 16:14:18','2022-04-25 14:14:18',6,NULL,NULL,NULL,NULL,0,NULL,1,NULL,NULL),(8,'https://mentorlystes.com/affiliation/produit/balenciaga-baskets-track/','65:9a54fb12dc1f5e6dda7ec9b08989bb3f',32,'post','product',1,0,NULL,NULL,'BALENCIAGA Baskets Track','publish',NULL,0,NULL,NULL,NULL,NULL,NULL,0,0,NULL,0,NULL,NULL,NULL,NULL,'https://mentorlystes.com/affiliation/wp-content/uploads/sites/6/2022/04/72DEBEF5-2876-4175-BFF7-039E4E15183A.png',NULL,'68','featured-image',NULL,NULL,'https://mentorlystes.com/affiliation/wp-content/uploads/sites/6/2022/04/72DEBEF5-2876-4175-BFF7-039E4E15183A.png','68','featured-image','{\"width\":1080,\"height\":1350,\"url\":\"https://mentorlystes.com/affiliation/wp-content/uploads/sites/6/2022/04/72DEBEF5-2876-4175-BFF7-039E4E15183A.png\",\"path\":\"/homepages/32/d908619354/htdocs/mentorlystes/wp-content/uploads/sites/6/2022/04/72DEBEF5-2876-4175-BFF7-039E4E15183A.png\",\"size\":\"full\",\"id\":68,\"alt\":\"\",\"pixels\":1458000,\"type\":\"image/png\"}',NULL,NULL,NULL,'2022-04-25 16:26:39','2023-02-13 07:56:39',6,NULL,NULL,NULL,NULL,0,NULL,2,'2022-04-25 05:23:56','2022-04-25 05:21:38'),(9,'https://mentorlystes.com/affiliation/produit/amina-muaddi-lupita-heels/','66:ae5211bddf45c9cec1b95a6645ce22a0',24,'post','product',1,0,NULL,NULL,'Amina Muaddi Lupita heels','publish',NULL,0,NULL,NULL,NULL,NULL,NULL,0,0,NULL,0,NULL,NULL,NULL,NULL,'https://mentorlystes.com/affiliation/wp-content/uploads/sites/6/2022/04/3DF14F3F-F20A-41F7-960D-07D2F2351F69.png',NULL,'53','featured-image',NULL,NULL,'https://mentorlystes.com/affiliation/wp-content/uploads/sites/6/2022/04/3DF14F3F-F20A-41F7-960D-07D2F2351F69.png','53','featured-image','{\"width\":1080,\"height\":1350,\"url\":\"https://mentorlystes.com/affiliation/wp-content/uploads/sites/6/2022/04/3DF14F3F-F20A-41F7-960D-07D2F2351F69.png\",\"path\":\"/homepages/32/d908619354/htdocs/mentorlystes/wp-content/uploads/sites/6/2022/04/3DF14F3F-F20A-41F7-960D-07D2F2351F69.png\",\"size\":\"full\",\"id\":53,\"alt\":\"\",\"pixels\":1458000,\"type\":\"image/png\"}',NULL,NULL,NULL,'2022-04-25 16:43:30','2023-02-13 07:56:39',6,NULL,NULL,NULL,NULL,0,NULL,2,'2022-04-25 05:23:07','2022-04-25 05:21:18'),(11,'https://mentorlystes.com/affiliation/?post_type=acf-field-group&p=188','64:3dbce554bb9a25826c051a49b6a60259',188,'post','acf-field-group',1,0,NULL,NULL,'Profil','publish',NULL,0,NULL,NULL,NULL,NULL,NULL,0,0,NULL,0,NULL,NULL,NULL,NULL,NULL,NULL,NULL,NULL,NULL,NULL,NULL,NULL,NULL,NULL,0,NULL,NULL,'2022-04-25 16:53:15','2023-02-13 07:56:38',6,NULL,NULL,NULL,NULL,0,NULL,2,'2022-04-25 16:53:28','2022-04-25 07:26:42'),(15,'https://mentorlystes.com/affiliation/?page_id=217','44:96b18b988b1579b29eeaf533f2526e0a',217,'post','page',1,0,NULL,NULL,'Politique de confidentialité','draft',0,0,NULL,NULL,NULL,NULL,NULL,0,0,NULL,0,NULL,NULL,NULL,NULL,NULL,NULL,NULL,NULL,NULL,NULL,NULL,NULL,NULL,NULL,NULL,NULL,NULL,'2022-04-25 17:34:45','2023-02-13 07:56:38',6,NULL,NULL,NULL,NULL,0,NULL,2,'2022-01-14 10:49:34','2022-01-14 10:49:34'),(17,'https://mentorlystes.com/affiliation/panier-2/','41:ee06062558ae2523372c9e4bbdcc9ec9',219,'post','page',1,0,NULL,NULL,'Panier','publish',NULL,0,NULL,NULL,NULL,NULL,NULL,0,0,NULL,0,NULL,NULL,NULL,NULL,NULL,NULL,NULL,NULL,NULL,NULL,NULL,NULL,NULL,NULL,0,NULL,NULL,'2022-04-25 17:34:45','2023-02-13 07:56:38',6,NULL,NULL,NULL,NULL,0,NULL,2,'2022-01-14 10:50:07','2022-01-14 10:50:07'),(22,'https://mentorlystes.com/affiliation/mag/','36:c4883cf183c1c4f29bb326eca1829a5c',224,'post','page',1,0,NULL,NULL,'Mag','publish',NULL,0,NULL,NULL,NULL,NULL,NULL,0,0,NULL,0,NULL,NULL,NULL,NULL,NULL,NULL,NULL,NULL,NULL,NULL,NULL,NULL,NULL,NULL,0,NULL,NULL,'2022-04-25 17:34:46','2023-02-13 07:56:38',6,NULL,NULL,NULL,NULL,0,NULL,2,'2022-01-14 11:05:24','2022-01-14 11:05:24'),(23,'https://mentorlystes.com/affiliation/mentorlystes/','42:8d060cbfafbc7366df62ff8847968676',225,'post','page',1,0,'%%title%% %%page%% %%sep%% Votre personal shopper','Découvrez toutes les nouveautés des marques de luxe, et offrez-vous vos articles instantanément grâce au paiement en plusieurs fois.','Iconique Paris','publish',NULL,0,NULL,NULL,NULL,NULL,NULL,90,0,NULL,0,NULL,NULL,NULL,NULL,'https://iconiqueparis.com/wp-content/uploads/2022/04/goat_273412171_480511923509938_3997740516160215410_n.jpg',NULL,NULL,'first-content-image',NULL,NULL,'https://iconiqueparis.com/wp-content/uploads/2022/04/goat_273412171_480511923509938_3997740516160215410_n.jpg',NULL,'first-content-image',NULL,12,NULL,NULL,'2022-04-25 17:34:47','2023-02-13 07:56:38',6,NULL,NULL,NULL,NULL,0,2,2,'2022-01-14 11:10:14','2022-01-14 11:10:14'),(24,'https://mentorlystes.com/affiliation/produit/prada-doudoune-courte/','62:47bc155ccbb8997c3cf0ad50ca4c18bc',19,'post','product',1,0,NULL,NULL,'PRADA Doudoune courte','publish',NULL,0,NULL,NULL,NULL,NULL,NULL,0,0,NULL,0,NULL,NULL,NULL,NULL,'https://mentorlystes.com/affiliation/wp-content/uploads/sites/6/2022/04/7EB3D6EB-01F9-406C-8AD5-EF2A6DE636F0.png',NULL,'44','featured-image',NULL,NULL,'https://mentorlystes.com/affiliation/wp-content/uploads/sites/6/2022/04/7EB3D6EB-01F9-406C-8AD5-EF2A6DE636F0.png','44','featured-image','{\"width\":1080,\"height\":1350,\"url\":\"https://mentorlystes.com/affiliation/wp-content/uploads/sites/6/2022/04/7EB3D6EB-01F9-406C-8AD5-EF2A6DE636F0.png\",\"path\":\"/homepages/32/d908619354/htdocs/mentorlystes/wp-content/uploads/sites/6/2022/04/7EB3D6EB-01F9-406C-8AD5-EF2A6DE636F0.png\",\"size\":\"full\",\"id\":44,\"alt\":\"\",\"pixels\":1458000,\"type\":\"image/png\"}',NULL,0,NULL,'2022-04-25 17:34:47','2023-02-13 07:56:39',6,NULL,NULL,NULL,NULL,0,NULL,2,'2022-04-25 05:23:06','2022-04-25 05:21:08'),(27,'https://mentorlystes.com/affiliation/produit/prada-mocassins-chocolate/','66:1971b34fd52af42e20a28d0b5bb1e90f',39,'post','product',1,0,NULL,NULL,'PRADA Mocassins Chocolate','publish',NULL,0,NULL,NULL,NULL,NULL,NULL,0,0,NULL,0,NULL,NULL,NULL,NULL,'https://mentorlystes.com/affiliation/wp-content/uploads/sites/6/2022/04/38B0C93D-2D51-4FA8-825B-758E21E17563.png',NULL,'83','featured-image',NULL,NULL,'https://mentorlystes.com/affiliation/wp-content/uploads/sites/6/2022/04/38B0C93D-2D51-4FA8-825B-758E21E17563.png','83','featured-image','{\"width\":1080,\"height\":1350,\"url\":\"https://mentorlystes.com/affiliation/wp-content/uploads/sites/6/2022/04/38B0C93D-2D51-4FA8-825B-758E21E17563.png\",\"path\":\"/homepages/32/d908619354/htdocs/mentorlystes/wp-content/uploads/sites/6/2022/04/38B0C93D-2D51-4FA8-825B-758E21E17563.png\",\"size\":\"full\",\"id\":83,\"alt\":\"\",\"pixels\":1458000,\"type\":\"image/png\"}',NULL,0,NULL,'2022-04-25 17:34:47','2023-02-13 07:56:39',6,NULL,NULL,NULL,NULL,0,NULL,2,'2022-04-25 05:24:30','2022-04-25 05:21:51'),(28,'https://mentorlystes.com/affiliation/wp-content/uploads/sites/6/2022/04/7EB3D6EB-01F9-406C-8AD5-EF2A6DE636F0.png','107:a8af05406079a8f5ed3bb9a3e9b11552',44,'post','attachment',1,19,NULL,NULL,'7EB3D6EB-01F9-406C-8AD5-EF2A6DE636F0.png','inherit',NULL,0,NULL,NULL,NULL,NULL,NULL,0,0,NULL,0,NULL,NULL,NULL,NULL,'https://mentorlystes.com/affiliation/wp-content/uploads/sites/6/2022/04/7EB3D6EB-01F9-406C-8AD5-EF2A6DE636F0.png',NULL,'44','attachment-image',NULL,NULL,'https://mentorlystes.com/affiliation/wp-content/uploads/sites/6/2022/04/7EB3D6EB-01F9-406C-8AD5-EF2A6DE636F0.png','44','attachment-image','{\"width\":1080,\"height\":1350,\"url\":\"https://mentorlystes.com/affiliation/wp-content/uploads/sites/6/2022/04/7EB3D6EB-01F9-406C-8AD5-EF2A6DE636F0.png\",\"path\":\"/homepages/32/d908619354/htdocs/mentorlystes/wp-content/uploads/sites/6/2022/04/7EB3D6EB-01F9-406C-8AD5-EF2A6DE636F0.png\",\"size\":\"full\",\"id\":44,\"alt\":\"\",\"pixels\":1458000,\"type\":\"image/png\"}',NULL,0,NULL,'2022-04-25 17:34:48','2023-02-13 07:56:39',6,NULL,NULL,NULL,NULL,0,NULL,2,'2022-04-25 05:22:17','2022-04-25 05:22:17'),(29,'https://mentorlystes.com/affiliation/wp-content/uploads/sites/6/2022/04/96763D74-18FB-4D0F-9D37-F66D3D18F69A.png','107:783a6d7ea471d95c1ec64cb2261f0f1c',139,'post','attachment',1,91,NULL,NULL,'96763D74-18FB-4D0F-9D37-F66D3D18F69A.png','inherit',NULL,0,0,NULL,NULL,NULL,NULL,0,0,NULL,0,NULL,NULL,NULL,NULL,'https://mentorlystes.com/affiliation/wp-content/uploads/sites/6/2022/04/96763D74-18FB-4D0F-9D37-F66D3D18F69A.png',NULL,'139','attachment-image',NULL,NULL,'https://mentorlystes.com/affiliation/wp-content/uploads/sites/6/2022/04/96763D74-18FB-4D0F-9D37-F66D3D18F69A.png','139','attachment-image','{\"width\":1080,\"height\":1350,\"url\":\"https://mentorlystes.com/affiliation/wp-content/uploads/sites/6/2022/04/96763D74-18FB-4D0F-9D37-F66D3D18F69A.png\",\"path\":\"/homepages/32/d908619354/htdocs/mentorlystes/wp-content/uploads/sites/6/2022/04/96763D74-18FB-4D0F-9D37-F66D3D18F69A.png\",\"size\":\"full\",\"id\":139,\"alt\":\"\",\"pixels\":1458000,\"type\":\"image/png\"}',NULL,0,NULL,'2022-04-25 17:34:48','2023-02-13 07:56:39',6,NULL,NULL,NULL,NULL,0,NULL,2,'2022-04-25 05:26:55','2022-04-25 05:26:55'),(30,'https://mentorlystes.com/affiliation/wp-content/uploads/sites/6/2022/04/7978CB13-AB0C-423F-9C82-DE9C92399D6F.png','107:e3249d9d8812427c670b2ab06fc5d92d',140,'post','attachment',1,91,NULL,NULL,'7978CB13-AB0C-423F-9C82-DE9C92399D6F.png','inherit',NULL,0,0,NULL,NULL,NULL,NULL,0,0,NULL,0,NULL,NULL,NULL,NULL,'https://mentorlystes.com/affiliation/wp-content/uploads/sites/6/2022/04/7978CB13-AB0C-423F-9C82-DE9C92399D6F.png',NULL,'140','attachment-image',NULL,NULL,'https://mentorlystes.com/affiliation/wp-content/uploads/sites/6/2022/04/7978CB13-AB0C-423F-9C82-DE9C92399D6F.png','140','attachment-image','{\"width\":1080,\"height\":1350,\"url\":\"https://mentorlystes.com/affiliation/wp-content/uploads/sites/6/2022/04/7978CB13-AB0C-423F-9C82-DE9C92399D6F.png\",\"path\":\"/homepages/32/d908619354/htdocs/mentorlystes/wp-content/uploads/sites/6/2022/04/7978CB13-AB0C-423F-9C82-DE9C92399D6F.png\",\"size\":\"full\",\"id\":140,\"alt\":\"\",\"pixels\":1458000,\"type\":\"image/png\"}',NULL,0,NULL,'2022-04-25 17:34:48','2023-02-13 07:56:39',6,NULL,NULL,NULL,NULL,0,NULL,2,'2022-04-25 05:26:56','2022-04-25 05:26:56'),(31,'https://mentorlystes.com/affiliation/wp-content/uploads/sites/6/2022/04/BB52C187-584A-4364-A64A-FCF4AD66BE5A.png','107:30b7490200b3b118104cf53c5a049960',122,'post','attachment',1,66,NULL,NULL,'BB52C187-584A-4364-A64A-FCF4AD66BE5A.png','inherit',NULL,0,0,NULL,NULL,NULL,NULL,0,0,NULL,0,NULL,NULL,NULL,NULL,'https://mentorlystes.com/affiliation/wp-content/uploads/sites/6/2022/04/BB52C187-584A-4364-A64A-FCF4AD66BE5A.png',NULL,'122','attachment-image',NULL,NULL,'https://mentorlystes.com/affiliation/wp-content/uploads/sites/6/2022/04/BB52C187-584A-4364-A64A-FCF4AD66BE5A.png','122','attachment-image','{\"width\":1080,\"height\":1350,\"url\":\"https://mentorlystes.com/affiliation/wp-content/uploads/sites/6/2022/04/BB52C187-584A-4364-A64A-FCF4AD66BE5A.png\",\"path\":\"/homepages/32/d908619354/htdocs/mentorlystes/wp-content/uploads/sites/6/2022/04/BB52C187-584A-4364-A64A-FCF4AD66BE5A.png\",\"size\":\"full\",\"id\":122,\"alt\":\"\",\"pixels\":1458000,\"type\":\"image/png\"}',NULL,0,NULL,'2022-04-25 17:34:48','2023-02-13 07:56:39',6,NULL,NULL,NULL,NULL,0,NULL,2,'2022-04-25 05:26:10','2022-04-25 05:26:10'),(32,'https://mentorlystes.com/affiliation/wp-content/uploads/sites/6/2022/04/38B0C93D-2D51-4FA8-825B-758E21E17563.png','107:51311af3c63798ad3eebdb504a8f6c65',83,'post','attachment',1,39,NULL,NULL,'38B0C93D-2D51-4FA8-825B-758E21E17563.png','inherit',NULL,0,NULL,NULL,NULL,NULL,NULL,0,0,NULL,0,NULL,NULL,NULL,NULL,'https://mentorlystes.com/affiliation/wp-content/uploads/sites/6/2022/04/38B0C93D-2D51-4FA8-825B-758E21E17563.png',NULL,'83','attachment-image',NULL,NULL,'https://mentorlystes.com/affiliation/wp-content/uploads/sites/6/2022/04/38B0C93D-2D51-4FA8-825B-758E21E17563.png','83','attachment-image','{\"width\":1080,\"height\":1350,\"url\":\"https://mentorlystes.com/affiliation/wp-content/uploads/sites/6/2022/04/38B0C93D-2D51-4FA8-825B-758E21E17563.png\",\"path\":\"/homepages/32/d908619354/htdocs/mentorlystes/wp-content/uploads/sites/6/2022/04/38B0C93D-2D51-4FA8-825B-758E21E17563.png\",\"size\":\"full\",\"id\":83,\"alt\":\"\",\"pixels\":1458000,\"type\":\"image/png\"}',NULL,0,NULL,'2022-04-25 17:34:48','2023-02-13 07:56:39',6,NULL,NULL,NULL,NULL,0,NULL,2,'2022-04-25 05:24:15','2022-04-25 05:24:15'),(33,'https://mentorlystes.com/affiliation/wp-content/uploads/sites/6/2022/04/08A663E8-1F4C-42E6-8E5F-F79D07F27DC0.png','107:cb748488d6358c4b7c53e445693b328f',84,'post','attachment',1,39,NULL,NULL,'08A663E8-1F4C-42E6-8E5F-F79D07F27DC0.png','inherit',NULL,0,NULL,NULL,NULL,NULL,NULL,0,0,NULL,0,NULL,NULL,NULL,NULL,'https://mentorlystes.com/affiliation/wp-content/uploads/sites/6/2022/04/08A663E8-1F4C-42E6-8E5F-F79D07F27DC0.png',NULL,'84','attachment-image',NULL,NULL,'https://mentorlystes.com/affiliation/wp-content/uploads/sites/6/2022/04/08A663E8-1F4C-42E6-8E5F-F79D07F27DC0.png','84','attachment-image','{\"width\":1080,\"height\":1350,\"url\":\"https://mentorlystes.com/affiliation/wp-content/uploads/sites/6/2022/04/08A663E8-1F4C-42E6-8E5F-F79D07F27DC0.png\",\"path\":\"/homepages/32/d908619354/htdocs/mentorlystes/wp-content/uploads/sites/6/2022/04/08A663E8-1F4C-42E6-8E5F-F79D07F27DC0.png\",\"size\":\"full\",\"id\":84,\"alt\":\"\",\"pixels\":1458000,\"type\":\"image/png\"}',NULL,0,NULL,'2022-04-25 17:34:48','2023-02-13 07:56:39',6,NULL,NULL,NULL,NULL,0,NULL,2,'2022-04-25 05:24:17','2022-04-25 05:24:17'),(34,'https://mentorlystes.com/affiliation/candidature/','44:b23f9f503741c268fe0a3f1175dca846',226,'post','page',1,0,NULL,NULL,'Candidature','publish',NULL,0,NULL,NULL,NULL,NULL,NULL,30,0,NULL,0,NULL,NULL,NULL,NULL,'http://lynkbio.fr/vali/wp-content/uploads/2021/04/business-coach-digital-marketer-female-owners-creatives-natania-029.jpeg',NULL,NULL,'first-content-image',NULL,NULL,'http://lynkbio.fr/vali/wp-content/uploads/2021/04/business-coach-digital-marketer-female-owners-creatives-natania-029.jpeg',NULL,'first-content-image',NULL,0,NULL,NULL,'2022-04-25 17:34:49','2023-02-13 07:56:38',6,NULL,NULL,NULL,NULL,0,NULL,2,'2022-01-14 11:14:07','2022-01-14 11:14:07'),(35,'https://mentorlystes.com/affiliation/mention-legales/','48:094e9a8dbf89bf71be82804179c181b9',227,'post','page',1,0,NULL,NULL,'Mention légales','publish',NULL,0,NULL,NULL,NULL,NULL,NULL,90,0,NULL,0,NULL,NULL,NULL,NULL,NULL,NULL,NULL,NULL,NULL,NULL,NULL,NULL,NULL,NULL,0,NULL,NULL,'2022-04-25 17:34:50','2023-02-13 07:56:38',6,NULL,NULL,NULL,NULL,0,NULL,2,'2022-01-14 11:22:05','2022-01-14 11:22:05'),(36,'https://mentorlystes.com/affiliation/conditions-generales-de-vente/','62:70c6d2286843505f3a69acc347fd3ed4',228,'post','page',1,0,NULL,NULL,'Conditions générales de vente','publish',NULL,0,NULL,NULL,NULL,NULL,NULL,30,0,NULL,0,NULL,NULL,NULL,NULL,NULL,NULL,NULL,NULL,NULL,NULL,NULL,NULL,NULL,NULL,0,NULL,NULL,'2022-04-25 17:34:51','2023-02-13 07:56:38',6,NULL,NULL,NULL,NULL,0,NULL,2,'2022-01-14 11:23:26','2022-01-14 11:23:26'),(37,'https://mentorlystes.com/affiliation/livraison-et-expedition/','56:fad8f2c5c783c547c23b36f577c99b08',229,'post','page',1,0,NULL,NULL,'Livraison et expédition','publish',NULL,0,NULL,NULL,NULL,NULL,NULL,0,0,NULL,0,NULL,NULL,NULL,NULL,NULL,NULL,NULL,NULL,NULL,NULL,NULL,NULL,NULL,NULL,0,NULL,NULL,'2022-04-25 17:34:52','2023-02-13 07:56:38',6,NULL,NULL,NULL,NULL,0,NULL,2,'2022-01-14 11:23:42','2022-01-14 11:23:42'),(38,'https://mentorlystes.com/affiliation/listedesouhaits/','48:e42b46f73570730a5cd9fee4b02a6439',10,'post','page',1,0,NULL,NULL,'Liste de souhaits','publish',NULL,0,NULL,NULL,NULL,NULL,NULL,0,0,NULL,0,NULL,NULL,NULL,NULL,NULL,NULL,NULL,NULL,NULL,NULL,NULL,NULL,NULL,NULL,NULL,NULL,NULL,'2022-04-25 17:34:52','2023-02-13 07:56:38',6,NULL,NULL,NULL,NULL,0,NULL,2,'2022-04-24 20:36:08','2022-04-24 20:36:08'),(39,'https://mentorlystes.com/affiliation/mon-compte/','43:bcad21d7ba08ddaffbf8c740b9e9935c',8,'post','page',1,0,NULL,NULL,'Mon compte','publish',NULL,0,NULL,NULL,NULL,NULL,NULL,0,0,NULL,0,NULL,NULL,NULL,NULL,NULL,NULL,NULL,NULL,NULL,NULL,NULL,NULL,NULL,NULL,NULL,NULL,NULL,'2022-04-25 17:34:52','2023-02-13 07:56:38',6,NULL,NULL,NULL,NULL,0,NULL,2,'2022-04-24 20:35:39','2022-04-24 20:35:39'),(41,'https://mentorlystes.com/affiliation/panier/','39:8365d64cf1d9280cdb16fafc997d36c2',6,'post','page',1,0,NULL,NULL,'Panier','publish',NULL,0,NULL,NULL,NULL,NULL,NULL,0,0,NULL,0,NULL,NULL,NULL,NULL,NULL,NULL,NULL,NULL,NULL,NULL,NULL,NULL,NULL,NULL,NULL,NULL,NULL,'2022-04-25 17:34:52','2023-02-13 07:56:38',6,NULL,NULL,NULL,NULL,0,NULL,2,'2022-04-24 20:35:39','2022-04-24 20:35:39'),(43,'https://mentorlystes.com/affiliation/commander/','42:e05d223b28bca232fbbf5a5fb83e2392',7,'post','page',1,0,NULL,NULL,'Validation de la commande','publish',NULL,0,NULL,NULL,NULL,NULL,NULL,0,0,NULL,0,NULL,NULL,NULL,NULL,NULL,NULL,NULL,NULL,NULL,NULL,NULL,NULL,NULL,NULL,NULL,NULL,NULL,'2022-04-25 17:34:53','2023-02-13 07:56:38',6,NULL,NULL,NULL,NULL,0,NULL,2,'2022-04-24 20:35:39','2022-04-24 20:35:39'),(44,'https://mentorlystes.com/affiliation/delais-de-livraison/','52:27593c5c4c220fa31e693dbbc51489b6',230,'post','page',1,0,NULL,NULL,'Délais de livraison','publish',NULL,0,NULL,NULL,NULL,NULL,NULL,60,0,NULL,0,NULL,NULL,NULL,NULL,NULL,NULL,NULL,NULL,NULL,NULL,NULL,NULL,NULL,NULL,0,NULL,NULL,'2022-04-25 17:34:53','2023-02-13 07:56:38',6,NULL,NULL,NULL,NULL,0,2,2,'2022-01-14 11:24:38','2022-01-14 11:24:38'),(45,'https://mentorlystes.com/affiliation/?page_id=231','44:63aa37e6c8754117782975eb6daad1a4',231,'post','page',1,0,NULL,NULL,'Shop','draft',0,0,NULL,NULL,NULL,NULL,NULL,0,0,NULL,0,NULL,NULL,NULL,NULL,NULL,NULL,NULL,NULL,NULL,NULL,NULL,NULL,NULL,NULL,NULL,NULL,NULL,'2022-04-25 17:34:54','2023-02-13 07:56:38',6,NULL,NULL,NULL,NULL,0,NULL,2,'0000-00-00 00:00:00','0000-00-00 00:00:00'),(46,'https://mentorlystes.com/affiliation/contact/','40:ad8e3fab807741d982d31e74cd14f55f',931,'post','page',1,0,NULL,NULL,'Contact','publish',NULL,0,NULL,NULL,NULL,NULL,NULL,90,0,NULL,0,NULL,NULL,NULL,NULL,NULL,NULL,NULL,NULL,NULL,NULL,NULL,NULL,NULL,NULL,0,NULL,NULL,'2022-04-25 17:34:54','2023-02-13 07:56:38',6,NULL,NULL,NULL,NULL,0,1,2,'2022-01-16 15:46:35','2022-01-16 15:46:35'),(47,'https://mentorlystes.com/affiliation/conciergerie/','45:88c35603401ef7dc165568a8a9c5da23',21490,'post','page',1,0,NULL,NULL,'Conciergerie','publish',NULL,0,NULL,NULL,NULL,NULL,NULL,60,0,NULL,0,NULL,NULL,NULL,NULL,NULL,NULL,NULL,NULL,NULL,NULL,NULL,NULL,NULL,NULL,0,NULL,NULL,'2022-04-25 17:34:55','2023-02-13 07:56:38',6,NULL,NULL,NULL,NULL,0,NULL,2,'2022-01-17 20:55:56','2022-01-17 20:55:56'),(48,'https://mentorlystes.com/affiliation/suivre-ma-commande/','51:43616d7004ea892d192a3756ee2699e7',21494,'post','page',1,0,NULL,NULL,'Suivre ma commande','publish',NULL,0,NULL,NULL,NULL,NULL,NULL,0,0,NULL,0,NULL,NULL,NULL,NULL,NULL,NULL,NULL,NULL,NULL,NULL,NULL,NULL,NULL,NULL,0,NULL,NULL,'2022-04-25 17:34:56','2023-02-13 07:56:38',6,NULL,NULL,NULL,NULL,0,NULL,2,'2022-01-17 23:05:50','2022-01-17 23:05:50'),(49,'https://mentorlystes.com/affiliation/retour-et-remboursement/','56:93403c9a10faac4ca64e1e72a2ab64e3',21608,'post','page',1,0,NULL,NULL,'Retour et remboursement','publish',NULL,0,NULL,NULL,NULL,NULL,NULL,60,0,NULL,0,NULL,NULL,NULL,NULL,NULL,NULL,NULL,NULL,NULL,NULL,NULL,NULL,NULL,NULL,0,NULL,NULL,'2022-04-25 17:34:56','2023-02-13 07:56:38',6,NULL,NULL,NULL,NULL,0,3,2,'2022-01-31 16:21:53','2022-01-31 16:21:53'),(50,'https://mentorlystes.com/affiliation/mentorlystes-concept-store/','56:aa9c2f5730c16c7581d5e8ab8e4ffd2b',23154,'post','page',1,0,NULL,NULL,'mentorlystes Concept store','publish',NULL,0,NULL,NULL,NULL,NULL,NULL,90,0,NULL,0,NULL,NULL,NULL,NULL,'https://mentorlystes.store/wp-content/uploads/2022/03/3976-nerd-chair-concept-image-203305093330-1.webp',NULL,NULL,'first-content-image',NULL,NULL,'https://mentorlystes.store/wp-content/uploads/2022/03/3976-nerd-chair-concept-image-203305093330-1.webp',NULL,'first-content-image',NULL,34,NULL,NULL,'2022-04-25 17:34:57','2023-02-13 07:56:38',6,NULL,NULL,NULL,NULL,0,3,2,'2022-03-18 08:40:07','2022-03-18 08:40:07'),(51,'https://mentorlystes.com/affiliation/produit/karl-lagerfeld-pantalon-a-effet-verni/','78:107cb924636513281fdecf824d8baf00',131,'post','product',1,0,NULL,NULL,'KARL LAGERFELD pantalon à effet verni','publish',NULL,0,NULL,NULL,NULL,NULL,NULL,60,0,NULL,0,NULL,NULL,NULL,NULL,'https://mentorlystes.com/affiliation/wp-content/uploads/sites/6/2022/04/B522DC90-FF53-4314-B77F-572B4E94DAD4.png',NULL,'158','featured-image',NULL,NULL,'https://mentorlystes.com/affiliation/wp-content/uploads/sites/6/2022/04/B522DC90-FF53-4314-B77F-572B4E94DAD4.png','158','featured-image','{\"width\":1080,\"height\":1350,\"url\":\"https://mentorlystes.com/affiliation/wp-content/uploads/sites/6/2022/04/B522DC90-FF53-4314-B77F-572B4E94DAD4.png\",\"path\":\"/homepages/32/d908619354/htdocs/mentorlystes/wp-content/uploads/sites/6/2022/04/B522DC90-FF53-4314-B77F-572B4E94DAD4.png\",\"size\":\"full\",\"id\":158,\"alt\":\"\",\"pixels\":1458000,\"type\":\"image/png\"}',0,4,NULL,'2022-04-25 17:34:58','2023-02-13 07:56:39',6,NULL,NULL,NULL,NULL,0,NULL,2,'2022-04-25 21:24:57','2022-04-25 05:26:35'),(52,'https://mentorlystes.com/affiliation/produit/nike-dunk-low-black-and-white/','70:b3fda46b2b13b4a311a55707c874f97e',129,'post','product',1,0,NULL,NULL,'NIKE Dunk low black and white','publish',NULL,0,NULL,NULL,NULL,NULL,NULL,0,0,NULL,0,NULL,NULL,NULL,NULL,'https://mentorlystes.com/affiliation/wp-content/uploads/sites/6/2022/04/A2373703-CBD3-4AFF-BF53-7984D0EC0B60.png',NULL,'157','featured-image',NULL,NULL,'https://mentorlystes.com/affiliation/wp-content/uploads/sites/6/2022/04/A2373703-CBD3-4AFF-BF53-7984D0EC0B60.png','157','featured-image','{\"width\":1080,\"height\":1350,\"url\":\"https://mentorlystes.com/affiliation/wp-content/uploads/sites/6/2022/04/A2373703-CBD3-4AFF-BF53-7984D0EC0B60.png\",\"path\":\"/homepages/32/d908619354/htdocs/mentorlystes/wp-content/uploads/sites/6/2022/04/A2373703-CBD3-4AFF-BF53-7984D0EC0B60.png\",\"size\":\"full\",\"id\":157,\"alt\":\"\",\"pixels\":1458000,\"type\":\"image/png\"}',NULL,6,NULL,'2022-04-25 17:34:58','2023-02-13 07:56:39',6,NULL,NULL,NULL,NULL,0,NULL,2,'2022-04-25 05:28:11','2022-04-25 05:26:33'),(53,'https://mentorlystes.com/affiliation/produit/lemaire-veste-droite-boxy/','66:4e01f7ebe3b19f8cd64af80a77b7664a',113,'post','product',1,0,NULL,NULL,'LEMAIRE Veste droite Boxy','publish',NULL,0,NULL,NULL,NULL,NULL,NULL,0,0,NULL,0,NULL,NULL,NULL,NULL,'https://mentorlystes.com/affiliation/wp-content/uploads/sites/6/2022/04/4757AC78-9E5A-432D-ABEE-605BC8451135.png',NULL,'147','featured-image',NULL,NULL,'https://mentorlystes.com/affiliation/wp-content/uploads/sites/6/2022/04/4757AC78-9E5A-432D-ABEE-605BC8451135.png','147','featured-image','{\"width\":1080,\"height\":1350,\"url\":\"https://mentorlystes.com/affiliation/wp-content/uploads/sites/6/2022/04/4757AC78-9E5A-432D-ABEE-605BC8451135.png\",\"path\":\"/homepages/32/d908619354/htdocs/mentorlystes/wp-content/uploads/sites/6/2022/04/4757AC78-9E5A-432D-ABEE-605BC8451135.png\",\"size\":\"full\",\"id\":147,\"alt\":\"\",\"pixels\":1458000,\"type\":\"image/png\"}',NULL,6,NULL,'2022-04-25 17:34:58','2023-02-13 07:56:39',6,NULL,NULL,NULL,NULL,0,NULL,2,'2022-04-25 05:27:54','2022-04-25 05:25:51'),(56,'https://mentorlystes.com/affiliation/produit/celine-sneakers-ct-02/','62:2a8450f52c22e07357e652f105b5e08d',78,'post','product',1,0,NULL,NULL,'CÉLINE Sneakers CT-02','publish',NULL,0,NULL,NULL,NULL,NULL,NULL,0,0,NULL,0,NULL,NULL,NULL,NULL,'https://mentorlystes.com/affiliation/wp-content/uploads/sites/6/2022/04/67583651-AD15-4C44-85EE-535653C30715.png',NULL,'132','featured-image',NULL,NULL,'https://mentorlystes.com/affiliation/wp-content/uploads/sites/6/2022/04/67583651-AD15-4C44-85EE-535653C30715.png','132','featured-image','{\"width\":1080,\"height\":1350,\"url\":\"https://mentorlystes.com/affiliation/wp-content/uploads/sites/6/2022/04/67583651-AD15-4C44-85EE-535653C30715.png\",\"path\":\"/homepages/32/d908619354/htdocs/mentorlystes/wp-content/uploads/sites/6/2022/04/67583651-AD15-4C44-85EE-535653C30715.png\",\"size\":\"full\",\"id\":132,\"alt\":\"\",\"pixels\":1458000,\"type\":\"image/png\"}',NULL,3,NULL,'2022-04-25 17:34:58','2023-02-13 07:56:39',6,NULL,NULL,NULL,NULL,0,NULL,2,'2022-04-25 05:27:02','2022-04-25 05:24:02'),(58,'https://mentorlystes.com/affiliation/produit/anine-bing-evan-sweatshirt/','67:ab7432459d5de6f930e44c473f240a8d',80,'post','product',1,0,NULL,NULL,'ANINE BING Evan Sweatshirt','publish',NULL,0,NULL,NULL,NULL,NULL,NULL,0,0,NULL,0,NULL,NULL,NULL,NULL,'https://mentorlystes.com/affiliation/wp-content/uploads/sites/6/2022/04/B24E4349-A366-44E1-9221-222494AA2D08.png',NULL,'134','featured-image',NULL,NULL,'https://mentorlystes.com/affiliation/wp-content/uploads/sites/6/2022/04/B24E4349-A366-44E1-9221-222494AA2D08.png','134','featured-image','{\"width\":1080,\"height\":1350,\"url\":\"https://mentorlystes.com/affiliation/wp-content/uploads/sites/6/2022/04/B24E4349-A366-44E1-9221-222494AA2D08.png\",\"path\":\"/homepages/32/d908619354/htdocs/mentorlystes/wp-content/uploads/sites/6/2022/04/B24E4349-A366-44E1-9221-222494AA2D08.png\",\"size\":\"full\",\"id\":134,\"alt\":\"\",\"pixels\":1458000,\"type\":\"image/png\"}',NULL,3,NULL,'2022-04-25 17:34:58','2023-02-13 07:56:39',6,NULL,NULL,NULL,NULL,0,NULL,2,'2022-04-25 05:27:03','2022-04-25 05:24:06'),(59,'https://mentorlystes.com/affiliation/wp-content/uploads/sites/6/2022/04/B522DC90-FF53-4314-B77F-572B4E94DAD4.png','107:820b92465cfe85d086a36155b27247a9',158,'post','attachment',1,131,NULL,NULL,'B522DC90-FF53-4314-B77F-572B4E94DAD4.png','inherit',NULL,0,NULL,NULL,NULL,NULL,NULL,0,0,NULL,0,NULL,NULL,NULL,NULL,'https://mentorlystes.com/affiliation/wp-content/uploads/sites/6/2022/04/B522DC90-FF53-4314-B77F-572B4E94DAD4.png',NULL,'158','attachment-image',NULL,NULL,'https://mentorlystes.com/affiliation/wp-content/uploads/sites/6/2022/04/B522DC90-FF53-4314-B77F-572B4E94DAD4.png','158','attachment-image','{\"width\":1080,\"height\":1350,\"url\":\"https://mentorlystes.com/affiliation/wp-content/uploads/sites/6/2022/04/B522DC90-FF53-4314-B77F-572B4E94DAD4.png\",\"path\":\"/homepages/32/d908619354/htdocs/mentorlystes/wp-content/uploads/sites/6/2022/04/B522DC90-FF53-4314-B77F-572B4E94DAD4.png\",\"size\":\"full\",\"id\":158,\"alt\":\"\",\"pixels\":1458000,\"type\":\"image/png\"}',NULL,2,NULL,'2022-04-25 17:34:58','2023-02-13 07:56:39',6,NULL,NULL,NULL,NULL,0,NULL,2,'2022-04-25 05:28:06','2022-04-25 05:28:06'),(60,'https://mentorlystes.com/affiliation/wp-content/uploads/sites/6/2022/04/DE01BD61-66C2-4CEC-B0ED-374DB4ECF1D5.png','107:33065f346eab4cee940dddda9abfa2a5',159,'post','attachment',1,131,NULL,NULL,'DE01BD61-66C2-4CEC-B0ED-374DB4ECF1D5.png','inherit',NULL,0,NULL,NULL,NULL,NULL,NULL,0,0,NULL,0,NULL,NULL,NULL,NULL,'https://mentorlystes.com/affiliation/wp-content/uploads/sites/6/2022/04/DE01BD61-66C2-4CEC-B0ED-374DB4ECF1D5.png',NULL,'159','attachment-image',NULL,NULL,'https://mentorlystes.com/affiliation/wp-content/uploads/sites/6/2022/04/DE01BD61-66C2-4CEC-B0ED-374DB4ECF1D5.png','159','attachment-image','{\"width\":1080,\"height\":1350,\"url\":\"https://mentorlystes.com/affiliation/wp-content/uploads/sites/6/2022/04/DE01BD61-66C2-4CEC-B0ED-374DB4ECF1D5.png\",\"path\":\"/homepages/32/d908619354/htdocs/mentorlystes/wp-content/uploads/sites/6/2022/04/DE01BD61-66C2-4CEC-B0ED-374DB4ECF1D5.png\",\"size\":\"full\",\"id\":159,\"alt\":\"\",\"pixels\":1458000,\"type\":\"image/png\"}',NULL,2,NULL,'2022-04-25 17:34:58','2023-02-13 07:56:39',6,NULL,NULL,NULL,NULL,0,NULL,2,'2022-04-25 05:28:08','2022-04-25 05:28:08'),(61,'https://mentorlystes.com/affiliation/wp-content/uploads/sites/6/2022/04/A2373703-CBD3-4AFF-BF53-7984D0EC0B60.png','107:6e4021f70357067f645aeb56d496dc3a',157,'post','attachment',1,129,NULL,NULL,'A2373703-CBD3-4AFF-BF53-7984D0EC0B60.png','inherit',NULL,0,NULL,NULL,NULL,NULL,NULL,0,0,NULL,0,NULL,NULL,NULL,NULL,'https://mentorlystes.com/affiliation/wp-content/uploads/sites/6/2022/04/A2373703-CBD3-4AFF-BF53-7984D0EC0B60.png',NULL,'157','attachment-image',NULL,NULL,'https://mentorlystes.com/affiliation/wp-content/uploads/sites/6/2022/04/A2373703-CBD3-4AFF-BF53-7984D0EC0B60.png','157','attachment-image','{\"width\":1080,\"height\":1350,\"url\":\"https://mentorlystes.com/affiliation/wp-content/uploads/sites/6/2022/04/A2373703-CBD3-4AFF-BF53-7984D0EC0B60.png\",\"path\":\"/homepages/32/d908619354/htdocs/mentorlystes/wp-content/uploads/sites/6/2022/04/A2373703-CBD3-4AFF-BF53-7984D0EC0B60.png\",\"size\":\"full\",\"id\":157,\"alt\":\"\",\"pixels\":1458000,\"type\":\"image/png\"}',NULL,2,NULL,'2022-04-25 17:34:58','2023-02-13 07:56:39',6,NULL,NULL,NULL,NULL,0,NULL,2,'2022-04-25 05:28:03','2022-04-25 05:28:03'),(62,'https://mentorlystes.com/affiliation/wp-content/uploads/sites/6/2022/04/4757AC78-9E5A-432D-ABEE-605BC8451135.png','107:c50eb7d2d38ebc4d6e5c186fb444357d',147,'post','attachment',1,113,NULL,NULL,'4757AC78-9E5A-432D-ABEE-605BC8451135.png','inherit',NULL,0,NULL,NULL,NULL,NULL,NULL,0,0,NULL,0,NULL,NULL,NULL,NULL,'https://mentorlystes.com/affiliation/wp-content/uploads/sites/6/2022/04/4757AC78-9E5A-432D-ABEE-605BC8451135.png',NULL,'147','attachment-image',NULL,NULL,'https://mentorlystes.com/affiliation/wp-content/uploads/sites/6/2022/04/4757AC78-9E5A-432D-ABEE-605BC8451135.png','147','attachment-image','{\"width\":1080,\"height\":1350,\"url\":\"https://mentorlystes.com/affiliation/wp-content/uploads/sites/6/2022/04/4757AC78-9E5A-432D-ABEE-605BC8451135.png\",\"path\":\"/homepages/32/d908619354/htdocs/mentorlystes/wp-content/uploads/sites/6/2022/04/4757AC78-9E5A-432D-ABEE-605BC8451135.png\",\"size\":\"full\",\"id\":147,\"alt\":\"\",\"pixels\":1458000,\"type\":\"image/png\"}',NULL,2,NULL,'2022-04-25 17:34:58','2023-02-13 07:56:39',6,NULL,NULL,NULL,NULL,0,NULL,2,'2022-04-25 05:27:24','2022-04-25 05:27:24'),(63,'https://mentorlystes.com/affiliation/wp-content/uploads/sites/6/2022/04/278AB1B6-AEEE-4133-BF81-51A6518361A8.png','107:0fe06b72628257ac992e0df5c7554c4a',148,'post','attachment',1,113,NULL,NULL,'278AB1B6-AEEE-4133-BF81-51A6518361A8.png','inherit',NULL,0,NULL,NULL,NULL,NULL,NULL,0,0,NULL,0,NULL,NULL,NULL,NULL,'https://mentorlystes.com/affiliation/wp-content/uploads/sites/6/2022/04/278AB1B6-AEEE-4133-BF81-51A6518361A8.png',NULL,'148','attachment-image',NULL,NULL,'https://mentorlystes.com/affiliation/wp-content/uploads/sites/6/2022/04/278AB1B6-AEEE-4133-BF81-51A6518361A8.png','148','attachment-image','{\"width\":1080,\"height\":1350,\"url\":\"https://mentorlystes.com/affiliation/wp-content/uploads/sites/6/2022/04/278AB1B6-AEEE-4133-BF81-51A6518361A8.png\",\"path\":\"/homepages/32/d908619354/htdocs/mentorlystes/wp-content/uploads/sites/6/2022/04/278AB1B6-AEEE-4133-BF81-51A6518361A8.png\",\"size\":\"full\",\"id\":148,\"alt\":\"\",\"pixels\":1458000,\"type\":\"image/png\"}',NULL,2,NULL,'2022-04-25 17:34:58','2023-02-13 07:56:39',6,NULL,NULL,NULL,NULL,0,NULL,2,'2022-04-25 05:27:26','2022-04-25 05:27:26'),(64,'https://mentorlystes.com/affiliation/wp-content/uploads/sites/6/2022/04/75C0F4D1-4161-4438-A08C-7DBD0A514C3C.png','107:578a518ede818c2a68d6bdd59f34a587',145,'post','attachment',1,111,NULL,NULL,'75C0F4D1-4161-4438-A08C-7DBD0A514C3C.png','inherit',NULL,0,0,NULL,NULL,NULL,NULL,0,0,NULL,0,NULL,NULL,NULL,NULL,'https://mentorlystes.com/affiliation/wp-content/uploads/sites/6/2022/04/75C0F4D1-4161-4438-A08C-7DBD0A514C3C.png',NULL,'145','attachment-image',NULL,NULL,'https://mentorlystes.com/affiliation/wp-content/uploads/sites/6/2022/04/75C0F4D1-4161-4438-A08C-7DBD0A514C3C.png','145','attachment-image','{\"width\":1080,\"height\":1350,\"url\":\"https://mentorlystes.com/affiliation/wp-content/uploads/sites/6/2022/04/75C0F4D1-4161-4438-A08C-7DBD0A514C3C.png\",\"path\":\"/homepages/32/d908619354/htdocs/mentorlystes/wp-content/uploads/sites/6/2022/04/75C0F4D1-4161-4438-A08C-7DBD0A514C3C.png\",\"size\":\"full\",\"id\":145,\"alt\":\"\",\"pixels\":1458000,\"type\":\"image/png\"}',NULL,3,NULL,'2022-04-25 17:34:59','2023-02-13 07:56:39',6,NULL,NULL,NULL,NULL,0,NULL,2,'2022-04-25 05:27:18','2022-04-25 05:27:18'),(65,'https://mentorlystes.com/affiliation/wp-content/uploads/sites/6/2022/04/9A01DC9E-2A37-4D97-8B90-A4B5905F02CF.png','107:9c18955b0cd2d43461cca7fa70ecada8',146,'post','attachment',1,111,NULL,NULL,'9A01DC9E-2A37-4D97-8B90-A4B5905F02CF.png','inherit',NULL,0,0,NULL,NULL,NULL,NULL,0,0,NULL,0,NULL,NULL,NULL,NULL,'https://mentorlystes.com/affiliation/wp-content/uploads/sites/6/2022/04/9A01DC9E-2A37-4D97-8B90-A4B5905F02CF.png',NULL,'146','attachment-image',NULL,NULL,NULL,'146','attachment-image',NULL,NULL,3,NULL,'2022-04-25 17:34:59','2023-02-13 07:56:38',6,NULL,NULL,NULL,NULL,0,NULL,2,'2022-04-25 05:27:20','2022-04-25 05:27:20'),(66,'https://mentorlystes.com/affiliation/wp-content/uploads/sites/6/2022/04/151B29C4-7F9F-4E18-930C-36FA763E15F5.png','107:e2944a891bc309f1a1d814f0b385548b',155,'post','attachment',1,127,NULL,NULL,'151B29C4-7F9F-4E18-930C-36FA763E15F5.png','inherit',NULL,0,0,NULL,NULL,NULL,NULL,0,0,NULL,0,NULL,NULL,NULL,NULL,'https://mentorlystes.com/affiliation/wp-content/uploads/sites/6/2022/04/151B29C4-7F9F-4E18-930C-36FA763E15F5.png',NULL,'155','attachment-image',NULL,NULL,'https://mentorlystes.com/affiliation/wp-content/uploads/sites/6/2022/04/151B29C4-7F9F-4E18-930C-36FA763E15F5.png','155','attachment-image','{\"width\":1080,\"height\":1350,\"url\":\"https://mentorlystes.com/affiliation/wp-content/uploads/sites/6/2022/04/151B29C4-7F9F-4E18-930C-36FA763E15F5.png\",\"path\":\"/homepages/32/d908619354/htdocs/mentorlystes/wp-content/uploads/sites/6/2022/04/151B29C4-7F9F-4E18-930C-36FA763E15F5.png\",\"size\":\"full\",\"id\":155,\"alt\":\"\",\"pixels\":1458000,\"type\":\"image/png\"}',NULL,1,NULL,'2022-04-25 17:34:59','2023-02-13 07:56:39',6,NULL,NULL,NULL,NULL,0,NULL,2,'2022-04-25 05:27:57','2022-04-25 05:27:57'),(67,'https://mentorlystes.com/affiliation/wp-content/uploads/sites/6/2022/04/E4E86CD8-70D3-4C13-B2D4-4A99BF267612.png','107:3638e4e8e9ca9154b62bc80da8087031',156,'post','attachment',1,127,NULL,NULL,'E4E86CD8-70D3-4C13-B2D4-4A99BF267612.png','inherit',NULL,0,0,NULL,NULL,NULL,NULL,0,0,NULL,0,NULL,NULL,NULL,NULL,'https://mentorlystes.com/affiliation/wp-content/uploads/sites/6/2022/04/E4E86CD8-70D3-4C13-B2D4-4A99BF267612.png',NULL,'156','attachment-image',NULL,NULL,'https://mentorlystes.com/affiliation/wp-content/uploads/sites/6/2022/04/E4E86CD8-70D3-4C13-B2D4-4A99BF267612.png','156','attachment-image','{\"width\":1080,\"height\":1350,\"url\":\"https://mentorlystes.com/affiliation/wp-content/uploads/sites/6/2022/04/E4E86CD8-70D3-4C13-B2D4-4A99BF267612.png\",\"path\":\"/homepages/32/d908619354/htdocs/mentorlystes/wp-content/uploads/sites/6/2022/04/E4E86CD8-70D3-4C13-B2D4-4A99BF267612.png\",\"size\":\"full\",\"id\":156,\"alt\":\"\",\"pixels\":1458000,\"type\":\"image/png\"}',NULL,1,NULL,'2022-04-25 17:34:59','2023-02-13 07:56:39',6,NULL,NULL,NULL,NULL,0,NULL,2,'2022-04-25 05:27:59','2022-04-25 05:27:59'),(68,'https://mentorlystes.com/affiliation/wp-content/uploads/sites/6/2022/04/67583651-AD15-4C44-85EE-535653C30715.png','107:47d20fe26d8bbe712349cc577475bc6c',132,'post','attachment',1,78,NULL,NULL,'67583651-AD15-4C44-85EE-535653C30715.png','inherit',NULL,0,NULL,NULL,NULL,NULL,NULL,0,0,NULL,0,NULL,NULL,NULL,NULL,'https://mentorlystes.com/affiliation/wp-content/uploads/sites/6/2022/04/67583651-AD15-4C44-85EE-535653C30715.png',NULL,'132','attachment-image',NULL,NULL,'https://mentorlystes.com/affiliation/wp-content/uploads/sites/6/2022/04/67583651-AD15-4C44-85EE-535653C30715.png','132','attachment-image','{\"width\":1080,\"height\":1350,\"url\":\"https://mentorlystes.com/affiliation/wp-content/uploads/sites/6/2022/04/67583651-AD15-4C44-85EE-535653C30715.png\",\"path\":\"/homepages/32/d908619354/htdocs/mentorlystes/wp-content/uploads/sites/6/2022/04/67583651-AD15-4C44-85EE-535653C30715.png\",\"size\":\"full\",\"id\":132,\"alt\":\"\",\"pixels\":1458000,\"type\":\"image/png\"}',NULL,1,NULL,'2022-04-25 17:34:59','2023-02-13 07:56:39',6,NULL,NULL,NULL,NULL,0,NULL,2,'2022-04-25 05:26:37','2022-04-25 05:26:37'),(69,'https://mentorlystes.com/affiliation/wp-content/uploads/sites/6/2022/04/37D3BD5B-55D7-4C82-8DF4-1D5A3A7980C0.png','107:3b59d38bc4f457038288cbb849c0d13f',133,'post','attachment',1,78,NULL,NULL,'37D3BD5B-55D7-4C82-8DF4-1D5A3A7980C0.png','inherit',NULL,0,NULL,NULL,NULL,NULL,NULL,0,0,NULL,0,NULL,NULL,NULL,NULL,'https://mentorlystes.com/affiliation/wp-content/uploads/sites/6/2022/04/37D3BD5B-55D7-4C82-8DF4-1D5A3A7980C0.png',NULL,'133','attachment-image',NULL,NULL,'https://mentorlystes.com/affiliation/wp-content/uploads/sites/6/2022/04/37D3BD5B-55D7-4C82-8DF4-1D5A3A7980C0.png','133','attachment-image','{\"width\":1080,\"height\":1350,\"url\":\"https://mentorlystes.com/affiliation/wp-content/uploads/sites/6/2022/04/37D3BD5B-55D7-4C82-8DF4-1D5A3A7980C0.png\",\"path\":\"/homepages/32/d908619354/htdocs/mentorlystes/wp-content/uploads/sites/6/2022/04/37D3BD5B-55D7-4C82-8DF4-1D5A3A7980C0.png\",\"size\":\"full\",\"id\":133,\"alt\":\"\",\"pixels\":1458000,\"type\":\"image/png\"}',NULL,1,NULL,'2022-04-25 17:34:59','2023-02-13 07:56:39',6,NULL,NULL,NULL,NULL,0,NULL,2,'2022-04-25 05:26:38','2022-04-25 05:26:38'),(70,'https://mentorlystes.com/affiliation/wp-content/uploads/sites/6/2022/04/1B93B098-967D-493F-9977-56DA45363795.png','107:cfae3daa7ec6636b333ec218c0c2a43b',137,'post','attachment',1,89,NULL,NULL,'1B93B098-967D-493F-9977-56DA45363795.png','inherit',NULL,0,0,NULL,NULL,NULL,NULL,0,0,NULL,0,NULL,NULL,NULL,NULL,'https://mentorlystes.com/affiliation/wp-content/uploads/sites/6/2022/04/1B93B098-967D-493F-9977-56DA45363795.png',NULL,'137','attachment-image',NULL,NULL,'https://mentorlystes.com/affiliation/wp-content/uploads/sites/6/2022/04/1B93B098-967D-493F-9977-56DA45363795.png','137','attachment-image','{\"width\":1080,\"height\":1350,\"url\":\"https://mentorlystes.com/affiliation/wp-content/uploads/sites/6/2022/04/1B93B098-967D-493F-9977-56DA45363795.png\",\"path\":\"/homepages/32/d908619354/htdocs/mentorlystes/wp-content/uploads/sites/6/2022/04/1B93B098-967D-493F-9977-56DA45363795.png\",\"size\":\"full\",\"id\":137,\"alt\":\"\",\"pixels\":1458000,\"type\":\"image/png\"}',NULL,1,NULL,'2022-04-25 17:34:59','2023-02-13 07:56:39',6,NULL,NULL,NULL,NULL,0,NULL,2,'2022-04-25 05:26:50','2022-04-25 05:26:50'),(71,'https://mentorlystes.com/affiliation/wp-content/uploads/sites/6/2022/04/E2B8AE5D-B37F-4D4F-BF64-734AB6B0122F.png','107:4c1f6dd26be1d1d55d6284cbe34b01ac',138,'post','attachment',1,89,NULL,NULL,'E2B8AE5D-B37F-4D4F-BF64-734AB6B0122F.png','inherit',NULL,0,0,NULL,NULL,NULL,NULL,0,0,NULL,0,NULL,NULL,NULL,NULL,'https://mentorlystes.com/affiliation/wp-content/uploads/sites/6/2022/04/E2B8AE5D-B37F-4D4F-BF64-734AB6B0122F.png',NULL,'138','attachment-image',NULL,NULL,'https://mentorlystes.com/affiliation/wp-content/uploads/sites/6/2022/04/E2B8AE5D-B37F-4D4F-BF64-734AB6B0122F.png','138','attachment-image','{\"width\":1080,\"height\":1350,\"url\":\"https://mentorlystes.com/affiliation/wp-content/uploads/sites/6/2022/04/E2B8AE5D-B37F-4D4F-BF64-734AB6B0122F.png\",\"path\":\"/homepages/32/d908619354/htdocs/mentorlystes/wp-content/uploads/sites/6/2022/04/E2B8AE5D-B37F-4D4F-BF64-734AB6B0122F.png\",\"size\":\"full\",\"id\":138,\"alt\":\"\",\"pixels\":1458000,\"type\":\"image/png\"}',NULL,1,NULL,'2022-04-25 17:34:59','2023-02-13 07:56:39',6,NULL,NULL,NULL,NULL,0,NULL,2,'2022-04-25 05:26:52','2022-04-25 05:26:52'),(72,'https://mentorlystes.com/affiliation/wp-content/uploads/sites/6/2022/04/B24E4349-A366-44E1-9221-222494AA2D08.png','107:9bf535443a165a3ef62f398776bed9a1',134,'post','attachment',1,80,NULL,NULL,'B24E4349-A366-44E1-9221-222494AA2D08.png','inherit',NULL,0,NULL,NULL,NULL,NULL,NULL,0,0,NULL,0,NULL,NULL,NULL,NULL,'https://mentorlystes.com/affiliation/wp-content/uploads/sites/6/2022/04/B24E4349-A366-44E1-9221-222494AA2D08.png',NULL,'134','attachment-image',NULL,NULL,'https://mentorlystes.com/affiliation/wp-content/uploads/sites/6/2022/04/B24E4349-A366-44E1-9221-222494AA2D08.png','134','attachment-image','{\"width\":1080,\"height\":1350,\"url\":\"https://mentorlystes.com/affiliation/wp-content/uploads/sites/6/2022/04/B24E4349-A366-44E1-9221-222494AA2D08.png\",\"path\":\"/homepages/32/d908619354/htdocs/mentorlystes/wp-content/uploads/sites/6/2022/04/B24E4349-A366-44E1-9221-222494AA2D08.png\",\"size\":\"full\",\"id\":134,\"alt\":\"\",\"pixels\":1458000,\"type\":\"image/png\"}',NULL,1,NULL,'2022-04-25 17:34:59','2023-02-13 07:56:39',6,NULL,NULL,NULL,NULL,0,NULL,2,'2022-04-25 05:26:42','2022-04-25 05:26:42'),(73,'https://mentorlystes.com/affiliation/wp-content/uploads/sites/6/2022/04/42B4B78F-C9E9-4A42-BF94-FD150552C093.png','107:2c4368afb5c04efeea01cd877f075774',135,'post','attachment',1,80,NULL,NULL,'42B4B78F-C9E9-4A42-BF94-FD150552C093.png','inherit',NULL,0,NULL,NULL,NULL,NULL,NULL,0,0,NULL,0,NULL,NULL,NULL,NULL,'https://mentorlystes.com/affiliation/wp-content/uploads/sites/6/2022/04/42B4B78F-C9E9-4A42-BF94-FD150552C093.png',NULL,'135','attachment-image',NULL,NULL,'https://mentorlystes.com/affiliation/wp-content/uploads/sites/6/2022/04/42B4B78F-C9E9-4A42-BF94-FD150552C093.png','135','attachment-image','{\"width\":1080,\"height\":1350,\"url\":\"https://mentorlystes.com/affiliation/wp-content/uploads/sites/6/2022/04/42B4B78F-C9E9-4A42-BF94-FD150552C093.png\",\"path\":\"/homepages/32/d908619354/htdocs/mentorlystes/wp-content/uploads/sites/6/2022/04/42B4B78F-C9E9-4A42-BF94-FD150552C093.png\",\"size\":\"full\",\"id\":135,\"alt\":\"\",\"pixels\":1458000,\"type\":\"image/png\"}',NULL,1,NULL,'2022-04-25 17:34:59','2023-02-13 07:56:39',6,NULL,NULL,NULL,NULL,0,NULL,2,'2022-04-25 05:26:44','2022-04-25 05:26:44'),(74,'https://mentorlystes.com/affiliation/produit/off-white-baskets-basses-out-of-office/','79:3f40710a72485b8b40bf67099632f3a5',102,'post','product',1,0,NULL,NULL,'OFF WHITE Baskets basses Out Of Office','publish',NULL,0,NULL,NULL,NULL,NULL,NULL,0,0,NULL,0,NULL,NULL,NULL,NULL,'https://mentorlystes.com/affiliation/wp-content/uploads/sites/6/2022/04/C80F179D-388C-488F-A1A1-445622F8984C.png',NULL,'143','featured-image',NULL,NULL,'https://mentorlystes.com/affiliation/wp-content/uploads/sites/6/2022/04/C80F179D-388C-488F-A1A1-445622F8984C.png','143','featured-image','{\"width\":1080,\"height\":1350,\"url\":\"https://mentorlystes.com/affiliation/wp-content/uploads/sites/6/2022/04/C80F179D-388C-488F-A1A1-445622F8984C.png\",\"path\":\"/homepages/32/d908619354/htdocs/mentorlystes/wp-content/uploads/sites/6/2022/04/C80F179D-388C-488F-A1A1-445622F8984C.png\",\"size\":\"full\",\"id\":143,\"alt\":\"\",\"pixels\":1458000,\"type\":\"image/png\"}',NULL,3,NULL,'2022-04-25 17:35:02','2023-02-13 07:56:39',6,NULL,NULL,NULL,NULL,0,NULL,2,'2022-04-25 05:27:31','2022-04-25 05:25:19'),(77,'https://mentorlystes.com/affiliation/wp-content/uploads/sites/6/2022/04/C80F179D-388C-488F-A1A1-445622F8984C.png','107:bca2491271c913959d362ec03dd19605',143,'post','attachment',1,102,NULL,NULL,'C80F179D-388C-488F-A1A1-445622F8984C.png','inherit',NULL,0,NULL,NULL,NULL,NULL,NULL,0,0,NULL,0,NULL,NULL,NULL,NULL,'https://mentorlystes.com/affiliation/wp-content/uploads/sites/6/2022/04/C80F179D-388C-488F-A1A1-445622F8984C.png',NULL,'143','attachment-image',NULL,NULL,'https://mentorlystes.com/affiliation/wp-content/uploads/sites/6/2022/04/C80F179D-388C-488F-A1A1-445622F8984C.png','143','attachment-image','{\"width\":1080,\"height\":1350,\"url\":\"https://mentorlystes.com/affiliation/wp-content/uploads/sites/6/2022/04/C80F179D-388C-488F-A1A1-445622F8984C.png\",\"path\":\"/homepages/32/d908619354/htdocs/mentorlystes/wp-content/uploads/sites/6/2022/04/C80F179D-388C-488F-A1A1-445622F8984C.png\",\"size\":\"full\",\"id\":143,\"alt\":\"\",\"pixels\":1458000,\"type\":\"image/png\"}',NULL,1,NULL,'2022-04-25 17:35:02','2023-02-13 07:56:39',6,NULL,NULL,NULL,NULL,0,NULL,2,'2022-04-25 05:27:13','2022-04-25 05:27:13'),(78,'https://mentorlystes.com/affiliation/wp-content/uploads/sites/6/2022/04/824F70EA-E412-4B78-9226-2E1D6F951D8C.png','107:f16d406e1124a5437e67bacca10f7b43',144,'post','attachment',1,102,NULL,NULL,'824F70EA-E412-4B78-9226-2E1D6F951D8C.png','inherit',NULL,0,NULL,NULL,NULL,NULL,NULL,0,0,NULL,0,NULL,NULL,NULL,NULL,'https://mentorlystes.com/affiliation/wp-content/uploads/sites/6/2022/04/824F70EA-E412-4B78-9226-2E1D6F951D8C.png',NULL,'144','attachment-image',NULL,NULL,'https://mentorlystes.com/affiliation/wp-content/uploads/sites/6/2022/04/824F70EA-E412-4B78-9226-2E1D6F951D8C.png','144','attachment-image','{\"width\":1080,\"height\":1350,\"url\":\"https://mentorlystes.com/affiliation/wp-content/uploads/sites/6/2022/04/824F70EA-E412-4B78-9226-2E1D6F951D8C.png\",\"path\":\"/homepages/32/d908619354/htdocs/mentorlystes/wp-content/uploads/sites/6/2022/04/824F70EA-E412-4B78-9226-2E1D6F951D8C.png\",\"size\":\"full\",\"id\":144,\"alt\":\"\",\"pixels\":1458000,\"type\":\"image/png\"}',NULL,1,NULL,'2022-04-25 17:35:02','2023-02-13 07:56:39',6,NULL,NULL,NULL,NULL,0,NULL,2,'2022-04-25 05:27:14','2022-04-25 05:27:14'),(79,'https://mentorlystes.com/affiliation/wp-content/uploads/sites/6/2022/04/89700B3C-A126-4044-943B-AF294982E852.png','107:779a6c7c28dcbef5536402045256df59',153,'post','attachment',1,125,NULL,NULL,'89700B3C-A126-4044-943B-AF294982E852.png','inherit',NULL,0,0,NULL,NULL,NULL,NULL,0,0,NULL,0,NULL,NULL,NULL,NULL,'https://mentorlystes.com/affiliation/wp-content/uploads/sites/6/2022/04/89700B3C-A126-4044-943B-AF294982E852.png',NULL,'153','attachment-image',NULL,NULL,'https://mentorlystes.com/affiliation/wp-content/uploads/sites/6/2022/04/89700B3C-A126-4044-943B-AF294982E852.png','153','attachment-image','{\"width\":1080,\"height\":1350,\"url\":\"https://mentorlystes.com/affiliation/wp-content/uploads/sites/6/2022/04/89700B3C-A126-4044-943B-AF294982E852.png\",\"path\":\"/homepages/32/d908619354/htdocs/mentorlystes/wp-content/uploads/sites/6/2022/04/89700B3C-A126-4044-943B-AF294982E852.png\",\"size\":\"full\",\"id\":153,\"alt\":\"\",\"pixels\":1458000,\"type\":\"image/png\"}',NULL,1,NULL,'2022-04-25 17:35:02','2023-02-13 07:56:39',6,NULL,NULL,NULL,NULL,0,NULL,2,'2022-04-25 05:27:48','2022-04-25 05:27:48'),(80,'https://mentorlystes.com/affiliation/wp-content/uploads/sites/6/2022/04/956AEB53-DE3B-467F-ACA5-08EC3F49D696.png','107:aa52decb57f518a4ed7503a01779d312',154,'post','attachment',1,125,NULL,NULL,'956AEB53-DE3B-467F-ACA5-08EC3F49D696.png','inherit',NULL,0,0,NULL,NULL,NULL,NULL,0,0,NULL,0,NULL,NULL,NULL,NULL,'https://mentorlystes.com/affiliation/wp-content/uploads/sites/6/2022/04/956AEB53-DE3B-467F-ACA5-08EC3F49D696.png',NULL,'154','attachment-image',NULL,NULL,'https://mentorlystes.com/affiliation/wp-content/uploads/sites/6/2022/04/956AEB53-DE3B-467F-ACA5-08EC3F49D696.png','154','attachment-image','{\"width\":1080,\"height\":1350,\"url\":\"https://mentorlystes.com/affiliation/wp-content/uploads/sites/6/2022/04/956AEB53-DE3B-467F-ACA5-08EC3F49D696.png\",\"path\":\"/homepages/32/d908619354/htdocs/mentorlystes/wp-content/uploads/sites/6/2022/04/956AEB53-DE3B-467F-ACA5-08EC3F49D696.png\",\"size\":\"full\",\"id\":154,\"alt\":\"\",\"pixels\":1458000,\"type\":\"image/png\"}',NULL,1,NULL,'2022-04-25 17:35:02','2023-02-13 07:56:39',6,NULL,NULL,NULL,NULL,0,NULL,2,'2022-04-25 05:27:50','2022-04-25 05:27:50'),(81,'https://mentorlystes.com/affiliation/wp-content/uploads/sites/6/2022/04/86C60ECD-24CB-4908-920F-089814F1CE76.png','107:cbe1229ecc7af98f27f29c84718489c7',149,'post','attachment',1,115,NULL,NULL,'86C60ECD-24CB-4908-920F-089814F1CE76.png','inherit',NULL,0,0,NULL,NULL,NULL,NULL,0,0,NULL,0,NULL,NULL,NULL,NULL,'https://mentorlystes.com/affiliation/wp-content/uploads/sites/6/2022/04/86C60ECD-24CB-4908-920F-089814F1CE76.png',NULL,'149','attachment-image',NULL,NULL,'https://mentorlystes.com/affiliation/wp-content/uploads/sites/6/2022/04/86C60ECD-24CB-4908-920F-089814F1CE76.png','149','attachment-image','{\"width\":1080,\"height\":1350,\"url\":\"https://mentorlystes.com/affiliation/wp-content/uploads/sites/6/2022/04/86C60ECD-24CB-4908-920F-089814F1CE76.png\",\"path\":\"/homepages/32/d908619354/htdocs/mentorlystes/wp-content/uploads/sites/6/2022/04/86C60ECD-24CB-4908-920F-089814F1CE76.png\",\"size\":\"full\",\"id\":149,\"alt\":\"\",\"pixels\":1458000,\"type\":\"image/png\"}',NULL,1,NULL,'2022-04-25 17:35:02','2023-02-13 07:56:39',6,NULL,NULL,NULL,NULL,0,NULL,2,'2022-04-25 05:27:36','2022-04-25 05:27:36'),(82,'https://mentorlystes.com/affiliation/wp-content/uploads/sites/6/2022/04/64379784-C142-4A61-AC72-5AD0CAFBFD9A.png','107:c8c06116213cd9aa0526c11ba4aac763',150,'post','attachment',1,115,NULL,NULL,'64379784-C142-4A61-AC72-5AD0CAFBFD9A.png','inherit',NULL,0,0,NULL,NULL,NULL,NULL,0,0,NULL,0,NULL,NULL,NULL,NULL,'https://mentorlystes.com/affiliation/wp-content/uploads/sites/6/2022/04/64379784-C142-4A61-AC72-5AD0CAFBFD9A.png',NULL,'150','attachment-image',NULL,NULL,'https://mentorlystes.com/affiliation/wp-content/uploads/sites/6/2022/04/64379784-C142-4A61-AC72-5AD0CAFBFD9A.png','150','attachment-image','{\"width\":1080,\"height\":1350,\"url\":\"https://mentorlystes.com/affiliation/wp-content/uploads/sites/6/2022/04/64379784-C142-4A61-AC72-5AD0CAFBFD9A.png\",\"path\":\"/homepages/32/d908619354/htdocs/mentorlystes/wp-content/uploads/sites/6/2022/04/64379784-C142-4A61-AC72-5AD0CAFBFD9A.png\",\"size\":\"full\",\"id\":150,\"alt\":\"\",\"pixels\":1458000,\"type\":\"image/png\"}',NULL,1,NULL,'2022-04-25 17:35:02','2023-02-13 07:56:39',6,NULL,NULL,NULL,NULL,0,NULL,2,'2022-04-25 05:27:38','2022-04-25 05:27:38'),(83,'https://mentorlystes.com/affiliation/2022/04/25/a-propos/','52:009b3e7bbd9c727dedd17c7e49dc2def',23162,'post','nav_menu_item',1,0,NULL,NULL,'À propos','publish',NULL,0,NULL,NULL,NULL,NULL,NULL,0,0,NULL,0,NULL,NULL,NULL,NULL,NULL,NULL,NULL,NULL,NULL,NULL,NULL,NULL,NULL,NULL,0,NULL,NULL,'2022-04-25 17:39:41','2023-02-13 07:56:38',6,NULL,NULL,NULL,NULL,0,NULL,2,'2022-04-25 17:40:31','2022-04-25 17:40:31'),(84,'https://mentorlystes.com/affiliation/2022/04/25/mag/','47:1e7dc9655d09a62b8fe2f7ee0230f830',23163,'post','nav_menu_item',1,0,NULL,NULL,'Mag','publish',NULL,0,NULL,NULL,NULL,NULL,NULL,0,0,NULL,0,NULL,NULL,NULL,NULL,NULL,NULL,NULL,NULL,NULL,NULL,NULL,NULL,NULL,NULL,0,NULL,NULL,'2022-04-25 17:40:00','2023-02-13 07:56:38',6,NULL,NULL,NULL,NULL,0,NULL,2,'2022-04-25 17:40:32','2022-04-25 17:40:32'),(85,'https://mentorlystes.com/affiliation/2022/04/25/presse/','50:1ad5bfa520d02a58adc98923866d8dc1',23164,'post','nav_menu_item',1,0,NULL,NULL,'Presse','publish',NULL,0,NULL,NULL,NULL,NULL,NULL,0,0,NULL,0,NULL,NULL,NULL,NULL,NULL,NULL,NULL,NULL,NULL,NULL,NULL,NULL,NULL,NULL,0,NULL,NULL,'2022-04-25 17:40:10','2023-02-13 07:56:38',6,NULL,NULL,NULL,NULL,0,NULL,2,'2022-04-25 17:40:32','2022-04-25 17:40:32'),(86,'https://mentorlystes.com/affiliation/2022/04/25/on-recrute/','54:e80d24eac98801a58fe58ecb63bd00c0',23165,'post','nav_menu_item',1,0,NULL,NULL,'On recrute !','publish',NULL,0,NULL,NULL,NULL,NULL,NULL,0,0,NULL,0,NULL,NULL,NULL,NULL,NULL,NULL,NULL,NULL,NULL,NULL,NULL,NULL,NULL,NULL,0,NULL,NULL,'2022-04-25 17:40:22','2023-02-13 07:56:38',6,NULL,NULL,NULL,NULL,0,NULL,2,'2022-04-25 17:40:33','2022-04-25 17:40:33'),(87,'https://mentorlystes.com/affiliation/2022/04/25/23166/','49:42295ea475993fbd473fd19cef4b36de',23166,'post','nav_menu_item',1,0,NULL,NULL,'','publish',NULL,0,NULL,NULL,NULL,NULL,NULL,0,0,NULL,0,NULL,NULL,NULL,NULL,NULL,NULL,NULL,NULL,NULL,NULL,NULL,NULL,NULL,NULL,0,NULL,NULL,'2022-04-25 17:40:28','2023-02-13 07:56:38',6,NULL,NULL,NULL,NULL,0,NULL,2,'2022-04-25 17:40:33','2022-04-25 17:40:33'),(88,'https://mentorlystes.com/affiliation/2022/04/26/23167/','49:49ce4872a7d9db6ca557fa68e446f65c',23167,'post','nav_menu_item',1,0,NULL,NULL,'','publish',NULL,0,NULL,NULL,NULL,NULL,NULL,0,0,NULL,0,NULL,NULL,NULL,NULL,NULL,NULL,NULL,NULL,NULL,NULL,NULL,NULL,NULL,NULL,0,NULL,NULL,'2022-04-25 17:41:51','2023-02-13 07:56:38',6,NULL,NULL,NULL,NULL,0,NULL,2,'2022-04-25 23:38:38','2022-04-25 17:42:03'),(89,'https://mentorlystes.com/affiliation/2022/04/26/23168/','49:b7d2994d4b35dba95e2dec604c67aaa0',23168,'post','nav_menu_item',1,0,NULL,NULL,'','publish',NULL,0,NULL,NULL,NULL,NULL,NULL,0,0,NULL,0,NULL,NULL,NULL,NULL,NULL,NULL,NULL,NULL,NULL,NULL,NULL,NULL,NULL,NULL,0,NULL,NULL,'2022-04-25 17:41:52','2023-02-13 07:56:38',6,NULL,NULL,NULL,NULL,0,NULL,2,'2022-04-25 23:38:38','2022-04-25 17:42:04'),(90,'https://mentorlystes.com/affiliation/2022/04/26/23169/','49:ba58ed55343257c20c1f13e5228813ba',23169,'post','nav_menu_item',1,0,NULL,NULL,'','publish',NULL,0,NULL,NULL,NULL,NULL,NULL,0,0,NULL,0,NULL,NULL,NULL,NULL,NULL,NULL,NULL,NULL,NULL,NULL,NULL,NULL,NULL,NULL,0,NULL,NULL,'2022-04-25 17:41:52','2023-02-13 07:56:38',6,NULL,NULL,NULL,NULL,0,NULL,2,'2022-04-25 23:38:38','2022-04-25 17:42:03'),(92,'https://mentorlystes.com/affiliation/2022/04/26/23171/','49:3fcbf181830a4f3abc2211fbdebb7674',23171,'post','nav_menu_item',1,0,NULL,NULL,'','publish',NULL,0,NULL,NULL,NULL,NULL,NULL,0,0,NULL,0,NULL,NULL,NULL,NULL,NULL,NULL,NULL,NULL,NULL,NULL,NULL,NULL,NULL,NULL,0,NULL,NULL,'2022-04-25 17:41:53','2023-02-13 07:56:38',6,NULL,NULL,NULL,NULL,0,NULL,2,'2022-04-25 23:38:39','2022-04-25 17:42:04'),(93,'https://mentorlystes.com/affiliation/2022/04/25/23172/','49:6d0fadaac0fffdb13e112a54154238ba',23172,'post','nav_menu_item',1,0,NULL,NULL,'','publish',NULL,0,NULL,NULL,NULL,NULL,NULL,0,0,NULL,0,NULL,NULL,NULL,NULL,NULL,NULL,NULL,NULL,NULL,NULL,NULL,NULL,NULL,NULL,0,NULL,NULL,'2022-04-25 17:43:39','2023-02-13 07:56:38',6,NULL,NULL,NULL,NULL,0,NULL,2,'2022-04-25 17:44:01','2022-04-25 17:44:01'),(94,'https://mentorlystes.com/affiliation/2022/04/25/23173/','49:12dfe1b2b8ac2811ae91b05c57ea38b0',23173,'post','nav_menu_item',1,0,NULL,NULL,'','publish',NULL,0,NULL,NULL,NULL,NULL,NULL,0,0,NULL,0,NULL,NULL,NULL,NULL,NULL,NULL,NULL,NULL,NULL,NULL,NULL,NULL,NULL,NULL,0,NULL,NULL,'2022-04-25 17:43:39','2023-02-13 07:56:38',6,NULL,NULL,NULL,NULL,0,NULL,2,'2022-04-25 17:44:01','2022-04-25 17:44:01'),(95,'https://mentorlystes.com/affiliation/2022/04/25/23174/','49:9c7b777ce946ceb518a5ad660d89592a',23174,'post','nav_menu_item',1,0,NULL,NULL,'','publish',NULL,0,NULL,NULL,NULL,NULL,NULL,0,0,NULL,0,NULL,NULL,NULL,NULL,NULL,NULL,NULL,NULL,NULL,NULL,NULL,NULL,NULL,NULL,0,NULL,NULL,'2022-04-25 17:43:40','2023-02-13 07:56:38',6,NULL,NULL,NULL,NULL,0,NULL,2,'2022-04-25 17:44:02','2022-04-25 17:44:02'),(96,'https://mentorlystes.com/affiliation/2022/04/25/23175/','49:5bfc9b20b007e38a0954f656b94e5c80',23175,'post','nav_menu_item',1,0,NULL,NULL,'','publish',NULL,0,NULL,NULL,NULL,NULL,NULL,0,0,NULL,0,NULL,NULL,NULL,NULL,NULL,NULL,NULL,NULL,NULL,NULL,NULL,NULL,NULL,NULL,0,NULL,NULL,'2022-04-25 17:43:40','2023-02-13 07:56:38',6,NULL,NULL,NULL,NULL,0,NULL,2,'2022-04-25 17:44:03','2022-04-25 17:44:03'),(97,'https://mentorlystes.com/affiliation/category/non-classe/','52:a29a4ee2ddb99287acd686d2e0062544',1,'term','category',NULL,NULL,NULL,NULL,'Non classé',NULL,NULL,0,NULL,NULL,NULL,NULL,NULL,NULL,0,NULL,NULL,NULL,NULL,NULL,NULL,NULL,NULL,NULL,NULL,NULL,NULL,NULL,NULL,NULL,NULL,NULL,NULL,NULL,'2022-04-25 17:44:39','2023-02-13 07:56:38',6,NULL,NULL,NULL,NULL,0,NULL,2,'2022-04-25 16:53:28','2022-04-25 07:26:42'),(102,'https://mentorlystes.com/affiliation/produit/stella-mccartney-pull-en-laine-melangee/','80:5d30ad5ca568a42a3d9d1e26acfb5d7b',100,'post','product',1,0,NULL,NULL,'STELLA MCCARTNEY Pull en laine mélangée','publish',NULL,0,NULL,NULL,NULL,NULL,NULL,0,0,NULL,0,NULL,NULL,NULL,NULL,'https://mentorlystes.com/affiliation/wp-content/uploads/sites/6/2022/04/50631DA8-3BCA-4B9A-8BD6-E09499C3D713.png',NULL,'141','featured-image',NULL,NULL,'https://mentorlystes.com/affiliation/wp-content/uploads/sites/6/2022/04/50631DA8-3BCA-4B9A-8BD6-E09499C3D713.png','141','featured-image','{\"width\":1080,\"height\":1350,\"url\":\"https://mentorlystes.com/affiliation/wp-content/uploads/sites/6/2022/04/50631DA8-3BCA-4B9A-8BD6-E09499C3D713.png\",\"path\":\"/homepages/32/d908619354/htdocs/mentorlystes/wp-content/uploads/sites/6/2022/04/50631DA8-3BCA-4B9A-8BD6-E09499C3D713.png\",\"size\":\"full\",\"id\":141,\"alt\":\"\",\"pixels\":1458000,\"type\":\"image/png\"}',NULL,NULL,NULL,'2022-04-25 21:26:36','2023-02-13 07:56:39',6,NULL,NULL,NULL,NULL,0,NULL,2,'2022-04-25 05:27:30','2022-04-25 05:25:15'),(103,'https://mentorlystes.com/affiliation/produit/louis-vuitton-bracelet-blooming/','72:1e0f51652e01184fe2792f4be4b40698',88,'post','product',1,0,NULL,NULL,'LOUIS VUITTON Bracelet Blooming','publish',NULL,0,NULL,NULL,NULL,NULL,NULL,0,0,NULL,0,NULL,NULL,NULL,NULL,'https://mentorlystes.com/affiliation/wp-content/uploads/sites/6/2022/04/57F2665E-B73F-4011-83D6-5AB1C3048876.png',NULL,'136','featured-image',NULL,NULL,'https://mentorlystes.com/affiliation/wp-content/uploads/sites/6/2022/04/57F2665E-B73F-4011-83D6-5AB1C3048876.png','136','featured-image','{\"width\":1080,\"height\":1350,\"url\":\"https://mentorlystes.com/affiliation/wp-content/uploads/sites/6/2022/04/57F2665E-B73F-4011-83D6-5AB1C3048876.png\",\"path\":\"/homepages/32/d908619354/htdocs/mentorlystes/wp-content/uploads/sites/6/2022/04/57F2665E-B73F-4011-83D6-5AB1C3048876.png\",\"size\":\"full\",\"id\":136,\"alt\":\"\",\"pixels\":1458000,\"type\":\"image/png\"}',NULL,NULL,NULL,'2022-04-25 21:26:36','2023-02-13 07:56:39',6,NULL,NULL,NULL,NULL,0,NULL,2,'2022-04-25 05:26:49','2022-04-25 05:24:36'),(104,'https://mentorlystes.com/affiliation/produit/celine-sweat-loose-a-capuche/','69:5f636b90b4cc5a976876e4af4f649b2a',76,'post','product',1,0,NULL,NULL,'CÉLINE Sweat Loose à capuche','publish',NULL,0,NULL,NULL,NULL,NULL,NULL,0,0,NULL,0,NULL,NULL,NULL,NULL,'https://mentorlystes.com/affiliation/wp-content/uploads/sites/6/2022/04/D9A85450-6BAB-4883-9CA1-33FE20DBC37B.png',NULL,'123','featured-image',NULL,NULL,'https://mentorlystes.com/affiliation/wp-content/uploads/sites/6/2022/04/D9A85450-6BAB-4883-9CA1-33FE20DBC37B.png','123','featured-image','{\"width\":1080,\"height\":1350,\"url\":\"https://mentorlystes.com/affiliation/wp-content/uploads/sites/6/2022/04/D9A85450-6BAB-4883-9CA1-33FE20DBC37B.png\",\"path\":\"/homepages/32/d908619354/htdocs/mentorlystes/wp-content/uploads/sites/6/2022/04/D9A85450-6BAB-4883-9CA1-33FE20DBC37B.png\",\"size\":\"full\",\"id\":123,\"alt\":\"\",\"pixels\":1458000,\"type\":\"image/png\"}',NULL,NULL,NULL,'2022-04-25 21:26:36','2023-02-13 07:56:39',6,NULL,NULL,NULL,NULL,0,NULL,2,'2022-04-25 05:27:01','2022-04-25 05:23:58'),(105,'https://mentorlystes.com/affiliation/produit/gucci-cardigan-imprime/','63:d4bc1a14521a3f842db44fa5bdf0ad33',64,'post','product',1,0,NULL,NULL,'GUCCI cardigan imprimé','publish',NULL,0,NULL,NULL,NULL,NULL,NULL,0,0,NULL,0,NULL,NULL,NULL,NULL,'https://mentorlystes.com/affiliation/wp-content/uploads/sites/6/2022/04/1BE1F918-54FF-46F6-A51A-9CD7B11DA23F.png',NULL,'120','featured-image',NULL,NULL,'https://mentorlystes.com/affiliation/wp-content/uploads/sites/6/2022/04/1BE1F918-54FF-46F6-A51A-9CD7B11DA23F.png','120','featured-image','{\"width\":1080,\"height\":1350,\"url\":\"https://mentorlystes.com/affiliation/wp-content/uploads/sites/6/2022/04/1BE1F918-54FF-46F6-A51A-9CD7B11DA23F.png\",\"path\":\"/homepages/32/d908619354/htdocs/mentorlystes/wp-content/uploads/sites/6/2022/04/1BE1F918-54FF-46F6-A51A-9CD7B11DA23F.png\",\"size\":\"full\",\"id\":120,\"alt\":\"\",\"pixels\":1458000,\"type\":\"image/png\"}',NULL,NULL,NULL,'2022-04-25 21:26:36','2023-02-13 07:56:39',6,NULL,NULL,NULL,NULL,0,NULL,2,'2022-04-25 05:26:22','2022-04-25 05:23:26'),(106,'https://mentorlystes.com/affiliation/produit/saint-laurent-opyum-bottines/','69:eb06354d2416eaafe294cd406504b1bd',62,'post','product',1,0,NULL,NULL,'SAINT LAURENT Opyum bottines','publish',NULL,0,NULL,NULL,NULL,NULL,NULL,0,0,NULL,0,NULL,NULL,NULL,NULL,'https://mentorlystes.com/affiliation/wp-content/uploads/sites/6/2022/04/36DB7884-AA04-4938-8855-4874C572D25B.png',NULL,'119','featured-image',NULL,NULL,'https://mentorlystes.com/affiliation/wp-content/uploads/sites/6/2022/04/36DB7884-AA04-4938-8855-4874C572D25B.png','119','featured-image','{\"width\":1080,\"height\":1350,\"url\":\"https://mentorlystes.com/affiliation/wp-content/uploads/sites/6/2022/04/36DB7884-AA04-4938-8855-4874C572D25B.png\",\"path\":\"/homepages/32/d908619354/htdocs/mentorlystes/wp-content/uploads/sites/6/2022/04/36DB7884-AA04-4938-8855-4874C572D25B.png\",\"size\":\"full\",\"id\":119,\"alt\":\"\",\"pixels\":1458000,\"type\":\"image/png\"}',NULL,NULL,NULL,'2022-04-25 21:26:36','2023-02-13 07:56:39',6,NULL,NULL,NULL,NULL,0,NULL,2,'2022-04-25 05:26:21','2022-04-25 05:23:21'),(107,'https://mentorlystes.com/affiliation/produit/marine-serre-combinaison-moon/','70:e976492fb4d390671f9cb92afe6d34c5',60,'post','product',1,0,NULL,NULL,'MARINE SERRE combinaison moon','publish',NULL,0,NULL,NULL,NULL,NULL,NULL,0,0,NULL,0,NULL,NULL,NULL,NULL,'https://mentorlystes.com/affiliation/wp-content/uploads/sites/6/2022/04/C8BAD2AD-9785-4F42-B6B9-1C600AB967CE.png',NULL,'109','featured-image',NULL,NULL,'https://mentorlystes.com/affiliation/wp-content/uploads/sites/6/2022/04/C8BAD2AD-9785-4F42-B6B9-1C600AB967CE.png','109','featured-image','{\"width\":1080,\"height\":1350,\"url\":\"https://mentorlystes.com/affiliation/wp-content/uploads/sites/6/2022/04/C8BAD2AD-9785-4F42-B6B9-1C600AB967CE.png\",\"path\":\"/homepages/32/d908619354/htdocs/mentorlystes/wp-content/uploads/sites/6/2022/04/C8BAD2AD-9785-4F42-B6B9-1C600AB967CE.png\",\"size\":\"full\",\"id\":109,\"alt\":\"\",\"pixels\":1458000,\"type\":\"image/png\"}',NULL,NULL,NULL,'2022-04-25 21:26:37','2023-02-13 07:56:39',6,NULL,NULL,NULL,NULL,0,NULL,2,'2022-04-25 05:26:21','2022-04-25 05:23:18'),(108,'https://mentorlystes.com/affiliation/produit/gucci-x-the-north-face-doudoune/','72:15f9ca19d4a0926196e88b1b13d02fd4',58,'post','product',1,0,NULL,NULL,'GUCCI x THE NORTH FACE doudoune','publish',NULL,0,NULL,NULL,NULL,NULL,NULL,0,0,NULL,0,NULL,NULL,NULL,NULL,'https://mentorlystes.com/affiliation/wp-content/uploads/sites/6/2022/04/8101376F-D07A-4B6A-84BC-D7806C5D2D18.png',NULL,'107','featured-image',NULL,NULL,'https://mentorlystes.com/affiliation/wp-content/uploads/sites/6/2022/04/8101376F-D07A-4B6A-84BC-D7806C5D2D18.png','107','featured-image','{\"width\":1080,\"height\":1350,\"url\":\"https://mentorlystes.com/affiliation/wp-content/uploads/sites/6/2022/04/8101376F-D07A-4B6A-84BC-D7806C5D2D18.png\",\"path\":\"/homepages/32/d908619354/htdocs/mentorlystes/wp-content/uploads/sites/6/2022/04/8101376F-D07A-4B6A-84BC-D7806C5D2D18.png\",\"size\":\"full\",\"id\":107,\"alt\":\"\",\"pixels\":1458000,\"type\":\"image/png\"}',NULL,NULL,NULL,'2022-04-25 21:26:37','2023-02-13 07:56:39',6,NULL,NULL,NULL,NULL,0,NULL,2,'2022-04-25 05:25:48','2022-04-25 05:23:15'),(110,'https://mentorlystes.com/affiliation/produit/dior-baskets-b23-haute/','63:b4f30ea93b2a219a926946eea42ea5d7',56,'post','product',1,0,NULL,NULL,'DIOR Baskets B23 Haute','publish',NULL,0,NULL,NULL,NULL,NULL,NULL,0,0,NULL,0,NULL,NULL,NULL,NULL,'https://mentorlystes.com/affiliation/wp-content/uploads/sites/6/2022/04/2F314019-A669-458D-8A72-F21A404C38A0.png',NULL,'106','featured-image',NULL,NULL,'https://mentorlystes.com/affiliation/wp-content/uploads/sites/6/2022/04/2F314019-A669-458D-8A72-F21A404C38A0.png','106','featured-image','{\"width\":1080,\"height\":1350,\"url\":\"https://mentorlystes.com/affiliation/wp-content/uploads/sites/6/2022/04/2F314019-A669-458D-8A72-F21A404C38A0.png\",\"path\":\"/homepages/32/d908619354/htdocs/mentorlystes/wp-content/uploads/sites/6/2022/04/2F314019-A669-458D-8A72-F21A404C38A0.png\",\"size\":\"full\",\"id\":106,\"alt\":\"\",\"pixels\":1458000,\"type\":\"image/png\"}',NULL,NULL,NULL,'2022-04-25 21:26:47','2023-02-13 07:56:39',6,NULL,NULL,NULL,NULL,0,NULL,2,'2022-04-25 05:25:47','2022-04-25 05:23:10'),(112,'https://mentorlystes.com/affiliation/produit/max-mara-manteau-teddy-bear/','68:6bf9a5c7c6c695db576499684a0a87bd',51,'post','product',1,0,NULL,NULL,'MAX MARA Manteau Teddy Bear','publish',NULL,0,NULL,NULL,NULL,NULL,NULL,0,0,NULL,0,NULL,NULL,NULL,NULL,'https://mentorlystes.com/affiliation/wp-content/uploads/sites/6/2022/04/530551D4-D32A-4EBE-8BF0-7EA2BF897294.png',NULL,'104','featured-image',NULL,NULL,'https://mentorlystes.com/affiliation/wp-content/uploads/sites/6/2022/04/530551D4-D32A-4EBE-8BF0-7EA2BF897294.png','104','featured-image','{\"width\":1080,\"height\":1350,\"url\":\"https://mentorlystes.com/affiliation/wp-content/uploads/sites/6/2022/04/530551D4-D32A-4EBE-8BF0-7EA2BF897294.png\",\"path\":\"/homepages/32/d908619354/htdocs/mentorlystes/wp-content/uploads/sites/6/2022/04/530551D4-D32A-4EBE-8BF0-7EA2BF897294.png\",\"size\":\"full\",\"id\":104,\"alt\":\"\",\"pixels\":1458000,\"type\":\"image/png\"}',NULL,NULL,NULL,'2022-04-25 21:26:53','2023-02-13 07:56:39',6,NULL,NULL,NULL,NULL,0,NULL,2,'2022-04-25 05:25:47','2022-04-25 05:22:39'),(114,'https://mentorlystes.com/affiliation/produit/saint-laurent-sac-noe/','62:addd40154af0fa61d7b31849ce4bfdaf',49,'post','product',1,0,NULL,NULL,'SAINT LAURENT Sac Noe','publish',NULL,0,NULL,NULL,NULL,NULL,NULL,0,0,NULL,0,NULL,NULL,NULL,NULL,'https://mentorlystes.com/affiliation/wp-content/uploads/sites/6/2022/04/D9B2C5D0-A7B9-49D1-A617-F7BE7B07F9AD.png',NULL,'96','featured-image',NULL,NULL,'https://mentorlystes.com/affiliation/wp-content/uploads/sites/6/2022/04/D9B2C5D0-A7B9-49D1-A617-F7BE7B07F9AD.png','96','featured-image','{\"width\":1080,\"height\":1350,\"url\":\"https://mentorlystes.com/affiliation/wp-content/uploads/sites/6/2022/04/D9B2C5D0-A7B9-49D1-A617-F7BE7B07F9AD.png\",\"path\":\"/homepages/32/d908619354/htdocs/mentorlystes/wp-content/uploads/sites/6/2022/04/D9B2C5D0-A7B9-49D1-A617-F7BE7B07F9AD.png\",\"size\":\"full\",\"id\":96,\"alt\":\"\",\"pixels\":1458000,\"type\":\"image/png\"}',NULL,NULL,NULL,'2022-04-25 21:42:42','2023-02-13 07:56:39',6,NULL,NULL,NULL,NULL,0,NULL,2,'2022-04-25 05:25:46','2022-04-25 05:22:34'),(116,'https://mentorlystes.com/affiliation/produit/chrisian-dior-atelier-surchemise/','73:511c9d2fc9492ebced6ebec2b1669929',47,'post','product',1,0,NULL,NULL,'CHRISIAN DIOR ATELIER Surchemise','publish',NULL,0,NULL,NULL,NULL,NULL,NULL,0,0,NULL,0,NULL,NULL,NULL,NULL,'https://mentorlystes.com/affiliation/wp-content/uploads/sites/6/2022/04/5625094F-F231-4DEB-B818-4D19A9E2AB94.png',NULL,'94','featured-image',NULL,NULL,'https://mentorlystes.com/affiliation/wp-content/uploads/sites/6/2022/04/5625094F-F231-4DEB-B818-4D19A9E2AB94.png','94','featured-image','{\"width\":1080,\"height\":1350,\"url\":\"https://mentorlystes.com/affiliation/wp-content/uploads/sites/6/2022/04/5625094F-F231-4DEB-B818-4D19A9E2AB94.png\",\"path\":\"/homepages/32/d908619354/htdocs/mentorlystes/wp-content/uploads/sites/6/2022/04/5625094F-F231-4DEB-B818-4D19A9E2AB94.png\",\"size\":\"full\",\"id\":94,\"alt\":\"\",\"pixels\":1458000,\"type\":\"image/png\"}',NULL,NULL,NULL,'2022-04-25 21:42:44','2023-02-13 07:56:39',6,NULL,NULL,NULL,NULL,0,NULL,2,'2022-04-25 05:25:09','2022-04-25 05:22:29'),(118,'https://mentorlystes.com/affiliation/produit/gucci-doudoune-jacquard/','64:7a1eb3e7b8b3ac83e7c5f31b4b4621b3',45,'post','product',1,0,NULL,NULL,'GUCCI Doudoune Jacquard','publish',NULL,0,NULL,NULL,NULL,NULL,NULL,0,0,NULL,0,NULL,NULL,NULL,NULL,'https://mentorlystes.com/affiliation/wp-content/uploads/sites/6/2022/04/0844081D-C601-4903-AFA4-58AA352205ED.png',NULL,'92','featured-image',NULL,NULL,'https://mentorlystes.com/affiliation/wp-content/uploads/sites/6/2022/04/0844081D-C601-4903-AFA4-58AA352205ED.png','92','featured-image','{\"width\":1080,\"height\":1350,\"url\":\"https://mentorlystes.com/affiliation/wp-content/uploads/sites/6/2022/04/0844081D-C601-4903-AFA4-58AA352205ED.png\",\"path\":\"/homepages/32/d908619354/htdocs/mentorlystes/wp-content/uploads/sites/6/2022/04/0844081D-C601-4903-AFA4-58AA352205ED.png\",\"size\":\"full\",\"id\":92,\"alt\":\"\",\"pixels\":1458000,\"type\":\"image/png\"}',NULL,NULL,NULL,'2022-04-25 21:42:49','2023-02-13 07:56:39',6,NULL,NULL,NULL,NULL,0,NULL,2,'2022-04-25 05:25:08','2022-04-25 05:22:24'),(120,'https://mentorlystes.com/affiliation/produit/chloe-sac-woody-small/','62:f64bce77606c45956e8a2633668ff74a',41,'post','product',1,0,NULL,NULL,'CHLOÉ Sac Woody Small','publish',NULL,0,NULL,NULL,NULL,NULL,NULL,0,0,NULL,0,NULL,NULL,NULL,NULL,'https://mentorlystes.com/affiliation/wp-content/uploads/sites/6/2022/04/54E11CEB-F98A-4081-A4D4-EAFEE5986CF4.png',NULL,'85','featured-image',NULL,NULL,'https://mentorlystes.com/affiliation/wp-content/uploads/sites/6/2022/04/54E11CEB-F98A-4081-A4D4-EAFEE5986CF4.png','85','featured-image','{\"width\":1080,\"height\":1350,\"url\":\"https://mentorlystes.com/affiliation/wp-content/uploads/sites/6/2022/04/54E11CEB-F98A-4081-A4D4-EAFEE5986CF4.png\",\"path\":\"/homepages/32/d908619354/htdocs/mentorlystes/wp-content/uploads/sites/6/2022/04/54E11CEB-F98A-4081-A4D4-EAFEE5986CF4.png\",\"size\":\"full\",\"id\":85,\"alt\":\"\",\"pixels\":1458000,\"type\":\"image/png\"}',NULL,NULL,NULL,'2022-04-25 21:44:02','2023-02-13 07:56:39',6,NULL,NULL,NULL,NULL,0,NULL,2,'2022-04-25 05:24:27','2022-04-25 05:21:56'),(126,'https://mentorlystes.com/affiliation/wp-content/uploads/sites/6/2022/04/cc-logo-1.png','80:b2aa11185f49cf6e861eee2583ea5d55',23183,'post','attachment',1,0,NULL,NULL,'cc-logo (1)','inherit',0,0,0,NULL,NULL,NULL,NULL,0,0,NULL,0,NULL,NULL,NULL,NULL,'https://mentorlystes.com/affiliation/wp-content/uploads/sites/6/2022/04/cc-logo-1.png',NULL,'23183','attachment-image',NULL,NULL,NULL,'23183','attachment-image',NULL,NULL,NULL,NULL,'2022-04-25 22:28:37','2023-02-13 07:56:38',6,NULL,NULL,NULL,NULL,0,NULL,2,'2022-04-25 22:28:37','2022-04-25 22:28:37'),(128,'https://mentorlystes.com/affiliation/look/','40:04969b95669464e781496d7e90a7622f',NULL,'post-type-archive','look',NULL,NULL,'%%pt_plural%% Archive %%page%% %%sep%% %%sitename%%','','Collaborations',NULL,1,0,NULL,NULL,NULL,NULL,NULL,NULL,0,0,0,0,0,0,NULL,NULL,NULL,NULL,NULL,NULL,NULL,NULL,NULL,NULL,NULL,NULL,NULL,NULL,'2022-08-08 05:56:54','2023-02-13 07:56:38',6,NULL,NULL,NULL,NULL,0,NULL,2,NULL,NULL),(129,'https://mentorlystes.com/affiliation/categorie-produit/sacs/','58:fcf2c96884962941fddf8f411f333176',24,'term','product_cat',NULL,NULL,NULL,NULL,'Sacs',NULL,NULL,0,NULL,NULL,NULL,NULL,NULL,NULL,0,NULL,NULL,NULL,NULL,NULL,NULL,NULL,NULL,NULL,NULL,NULL,NULL,NULL,NULL,NULL,NULL,NULL,NULL,NULL,'2022-08-11 12:47:45','2023-02-13 07:56:38',6,NULL,NULL,NULL,NULL,0,NULL,2,'2022-04-25 05:25:46','2022-04-25 05:21:35'),(130,'https://mentorlystes.com/affiliation/categorie-produit/sacs/sacs-hommes/','70:0f96930677953ec6532762dbff3c89ff',29,'term','product_cat',NULL,NULL,NULL,NULL,'sacs hommes',NULL,NULL,0,NULL,NULL,NULL,NULL,NULL,NULL,0,NULL,NULL,NULL,NULL,NULL,NULL,NULL,NULL,NULL,NULL,NULL,NULL,NULL,NULL,NULL,NULL,NULL,NULL,NULL,'2022-08-11 12:47:46','2023-02-13 07:56:38',6,NULL,NULL,NULL,NULL,1,NULL,2,'2022-04-25 05:25:46','2022-04-25 05:21:45'),(131,'https://mentorlystes.com/affiliation/produit/fendi-sac-way-grand-format/','70:3409e7e5ace6c72ed9e8d16e6b97ef2e',34,'post','product',1,0,NULL,NULL,'FENDI Sac Way Grand Format','publish',NULL,0,NULL,NULL,NULL,NULL,NULL,0,0,NULL,0,NULL,NULL,NULL,NULL,'https://mentorlystes.com/affiliation/wp-content/uploads/sites/6/2022/04/FFE6BE64-F43A-44FB-B36F-45DE2C285919.png',NULL,'70','featured-image',NULL,NULL,'https://mentorlystes.com/affiliation/wp-content/uploads/sites/6/2022/04/FFE6BE64-F43A-44FB-B36F-45DE2C285919.png','70','featured-image','{\"width\":1080,\"height\":1350,\"url\":\"https://mentorlystes.com/affiliation/wp-content/uploads/sites/6/2022/04/FFE6BE64-F43A-44FB-B36F-45DE2C285919.png\",\"path\":\"/homepages/32/d908619354/htdocs/mentorlystes/wp-content/uploads/sites/6/2022/04/FFE6BE64-F43A-44FB-B36F-45DE2C285919.png\",\"size\":\"full\",\"id\":70,\"alt\":\"\",\"pixels\":1458000,\"type\":\"image/png\"}',NULL,NULL,NULL,'2022-08-13 22:26:01','2023-02-13 07:56:39',6,NULL,NULL,NULL,NULL,0,NULL,2,'2022-04-25 05:23:44','2022-04-25 05:21:42'),(132,'https://mentorlystes.com/affiliation/etiquette-produit/chloe/','59:dc8c640cf7b9e391d702fe126200a501',34,'term','product_tag',NULL,NULL,NULL,NULL,'CHLOÉ',NULL,NULL,0,NULL,NULL,NULL,NULL,NULL,NULL,0,NULL,NULL,NULL,NULL,NULL,NULL,NULL,NULL,NULL,NULL,NULL,NULL,NULL,NULL,NULL,NULL,NULL,NULL,NULL,'2022-08-15 04:23:32','2023-02-13 07:56:38',6,NULL,NULL,NULL,NULL,0,NULL,2,'2022-04-25 05:24:27','2022-04-25 05:21:56'),(133,'https://mentorlystes.com/affiliation/etiquette-produit/marine-serre/','66:79f8b125acecc6116c4dfd5430381d97',38,'term','product_tag',NULL,NULL,NULL,NULL,'MARINE SERRE',NULL,NULL,0,NULL,NULL,NULL,NULL,NULL,NULL,0,NULL,NULL,NULL,NULL,NULL,NULL,NULL,NULL,NULL,NULL,NULL,NULL,NULL,NULL,NULL,NULL,NULL,NULL,NULL,'2022-08-15 04:23:32','2023-02-13 07:56:38',6,NULL,NULL,NULL,NULL,0,NULL,2,'2022-04-25 05:26:21','2022-04-25 05:23:18'),(134,'https://mentorlystes.com/affiliation/etiquette-produit/bottega-veneta/','68:02bbd489612e144cc7d12f34a613c779',18,'term','product_tag',NULL,NULL,NULL,NULL,'BOTTEGA VENETA',NULL,NULL,0,NULL,NULL,NULL,NULL,NULL,NULL,0,NULL,NULL,NULL,NULL,NULL,NULL,NULL,NULL,NULL,NULL,NULL,NULL,NULL,NULL,NULL,NULL,NULL,NULL,NULL,'2022-08-15 04:23:33','2023-02-13 07:56:38',6,NULL,NULL,NULL,NULL,0,NULL,2,'2022-04-25 05:22:21','2022-04-25 05:20:55'),(135,'https://mentorlystes.com/affiliation/etiquette-produit/stella-mccartney/','70:c9bd24256b24768c81400cc7fc4a147f',45,'term','product_tag',NULL,NULL,NULL,NULL,'STELLA MCCARTNEY',NULL,NULL,0,NULL,NULL,NULL,NULL,NULL,NULL,0,NULL,NULL,NULL,NULL,NULL,NULL,NULL,NULL,NULL,NULL,NULL,NULL,NULL,NULL,NULL,NULL,NULL,NULL,NULL,'2022-08-15 04:23:33','2023-02-13 07:56:38',6,NULL,NULL,NULL,NULL,0,NULL,2,'2022-04-25 05:27:30','2022-04-25 05:25:15'),(136,'https://mentorlystes.com/affiliation/etiquette-produit/louis-vuitton/','67:f3958fff05b3b520646d5c4163387eb0',42,'term','product_tag',NULL,NULL,NULL,NULL,'LOUIS VUITTON',NULL,NULL,0,NULL,NULL,NULL,NULL,NULL,NULL,0,NULL,NULL,NULL,NULL,NULL,NULL,NULL,NULL,NULL,NULL,NULL,NULL,NULL,NULL,NULL,NULL,NULL,NULL,NULL,'2022-08-15 04:23:56','2023-02-13 07:56:38',6,NULL,NULL,NULL,NULL,0,NULL,2,'2022-04-25 05:26:49','2022-04-25 05:24:36'),(137,'https://mentorlystes.com/affiliation/etiquette-produit/lemaire/','61:521a0bcf87dcc667362720258d2aefde',48,'term','product_tag',NULL,NULL,NULL,NULL,'LEMAIRE',NULL,NULL,0,NULL,NULL,NULL,NULL,NULL,NULL,0,NULL,NULL,NULL,NULL,NULL,NULL,NULL,NULL,NULL,NULL,NULL,NULL,NULL,NULL,NULL,NULL,NULL,NULL,NULL,'2022-08-15 04:23:58','2023-02-13 07:56:38',6,NULL,NULL,NULL,NULL,0,NULL,2,'2022-04-25 05:27:54','2022-04-25 05:25:51'),(138,'https://mentorlystes.com/affiliation/etiquette-produit/anine-bing/','64:286de2413546cd00a5b28d5906ec11d9',41,'term','product_tag',NULL,NULL,NULL,NULL,'ANINE BING',NULL,NULL,0,NULL,NULL,NULL,NULL,NULL,NULL,0,NULL,NULL,NULL,NULL,NULL,NULL,NULL,NULL,NULL,NULL,NULL,NULL,NULL,NULL,NULL,NULL,NULL,NULL,NULL,'2022-08-15 04:23:58','2023-02-13 07:56:38',6,NULL,NULL,NULL,NULL,0,NULL,2,'2022-04-25 05:27:03','2022-04-25 05:24:06'),(139,'https://mentorlystes.com/affiliation/etiquette-produit/dior/','58:a6ddd80f1b9610bd43c8543fe40c5178',23,'term','product_tag',NULL,NULL,NULL,NULL,'DIOR',NULL,NULL,0,NULL,NULL,NULL,NULL,NULL,NULL,0,NULL,NULL,NULL,NULL,NULL,NULL,NULL,NULL,NULL,NULL,NULL,NULL,NULL,NULL,NULL,NULL,NULL,NULL,NULL,'2022-08-15 04:23:59','2023-02-13 07:56:38',6,NULL,NULL,NULL,NULL,0,NULL,2,'2022-04-25 05:25:47','2022-04-25 05:21:22'),(140,'https://mentorlystes.com/affiliation/etiquette-produit/off-white/','63:f7ff85c20e54de651d834bfb35b89c70',46,'term','product_tag',NULL,NULL,NULL,NULL,'OFF WHITE',NULL,NULL,0,NULL,NULL,NULL,NULL,NULL,NULL,0,NULL,NULL,NULL,NULL,NULL,NULL,NULL,NULL,NULL,NULL,NULL,NULL,NULL,NULL,NULL,NULL,NULL,NULL,NULL,'2022-08-15 04:24:00','2023-02-13 07:56:38',6,NULL,NULL,NULL,NULL,0,NULL,2,'2022-04-25 05:27:31','2022-04-25 05:25:19'),(141,'https://mentorlystes.com/affiliation/etiquette-produit/prada/','59:e6d0f363bd7083c1e54969db1be64e68',20,'term','product_tag',NULL,NULL,NULL,NULL,'PRADA',NULL,NULL,0,NULL,NULL,NULL,NULL,NULL,NULL,0,NULL,NULL,NULL,NULL,NULL,NULL,NULL,NULL,NULL,NULL,NULL,NULL,NULL,NULL,NULL,NULL,NULL,NULL,NULL,'2022-08-15 04:24:00','2023-02-13 07:56:38',6,NULL,NULL,NULL,NULL,0,NULL,2,'2022-04-25 05:24:30','2022-04-25 05:21:08'),(142,'https://mentorlystes.com/affiliation/etiquette-produit/gucci/','59:3e0e3819bf6581a2a42dc6387667c2da',30,'term','product_tag',NULL,NULL,NULL,NULL,'GUCCI',NULL,NULL,0,NULL,NULL,NULL,NULL,NULL,NULL,0,NULL,NULL,NULL,NULL,NULL,NULL,NULL,NULL,NULL,NULL,NULL,NULL,NULL,NULL,NULL,NULL,NULL,NULL,NULL,'2022-08-15 04:24:01','2023-02-13 07:56:38',6,NULL,NULL,NULL,NULL,0,NULL,2,'2022-04-25 05:25:48','2022-04-25 05:21:45'),(143,'https://mentorlystes.com/affiliation/etiquette-produit/balenciaga/','64:3c3811223fdb804a93dc0bdc1a0fe317',26,'term','product_tag',NULL,NULL,NULL,NULL,'BALENCIAGA',NULL,NULL,0,NULL,NULL,NULL,NULL,NULL,NULL,0,NULL,NULL,NULL,NULL,NULL,NULL,NULL,NULL,NULL,NULL,NULL,NULL,NULL,NULL,NULL,NULL,NULL,NULL,NULL,'2022-08-15 04:24:01','2023-02-13 07:56:38',6,NULL,NULL,NULL,NULL,0,NULL,2,'2022-04-25 05:23:56','2022-04-25 05:21:38'),(144,'https://mentorlystes.com/affiliation/etiquette-produit/mach-mach/','63:2748fd79b61fa0fa28d4103cc967c9e6',31,'term','product_tag',NULL,NULL,NULL,NULL,'MACH &amp; MACH',NULL,NULL,0,NULL,NULL,NULL,NULL,NULL,NULL,0,NULL,NULL,NULL,NULL,NULL,NULL,NULL,NULL,NULL,NULL,NULL,NULL,NULL,NULL,NULL,NULL,NULL,NULL,NULL,'2022-08-15 04:24:02','2023-02-13 07:56:38',6,NULL,NULL,NULL,NULL,0,NULL,2,'2022-04-25 05:24:29','2022-04-25 05:21:47'),(145,'https://mentorlystes.com/affiliation/etiquette-produit/max-mara/','62:4eafbb3069899a61f4bd33847a034ea1',37,'term','product_tag',NULL,NULL,NULL,NULL,'MAX MARA',NULL,NULL,0,NULL,NULL,NULL,NULL,NULL,NULL,0,NULL,NULL,NULL,NULL,NULL,NULL,NULL,NULL,NULL,NULL,NULL,NULL,NULL,NULL,NULL,NULL,NULL,NULL,NULL,'2022-08-15 04:24:03','2023-02-13 07:56:38',6,NULL,NULL,NULL,NULL,0,NULL,2,'2022-04-25 05:25:47','2022-04-25 05:22:39'),(146,'https://mentorlystes.com/affiliation/etiquette-produit/fendi/','59:1d485638adc0a9d2cf03b253bf73f221',27,'term','product_tag',NULL,NULL,NULL,NULL,'FENDI',NULL,NULL,0,NULL,NULL,NULL,NULL,NULL,NULL,0,NULL,NULL,NULL,NULL,NULL,NULL,NULL,NULL,NULL,NULL,NULL,NULL,NULL,NULL,NULL,NULL,NULL,NULL,NULL,'2022-08-15 04:24:04','2023-02-13 07:56:38',6,NULL,NULL,NULL,NULL,0,NULL,2,'2022-04-25 05:23:50','2022-04-25 05:21:42'),(147,'https://mentorlystes.com/affiliation/etiquette-produit/saint-laurent/','67:d5f69b4c4c5871cc10526f36cb0b04e7',36,'term','product_tag',NULL,NULL,NULL,NULL,'SAINT LAURENT',NULL,NULL,0,NULL,NULL,NULL,NULL,NULL,NULL,0,NULL,NULL,NULL,NULL,NULL,NULL,NULL,NULL,NULL,NULL,NULL,NULL,NULL,NULL,NULL,NULL,NULL,NULL,NULL,'2022-08-15 04:24:04','2023-02-13 07:56:38',6,NULL,NULL,NULL,NULL,0,NULL,2,'2022-04-25 05:26:21','2022-04-25 05:22:34'),(148,'https://mentorlystes.com/affiliation/categorie-produit/homme/','59:5356da03525e322a96935f9cba941158',33,'term','product_cat',NULL,NULL,NULL,NULL,'Homme',NULL,NULL,0,NULL,NULL,NULL,NULL,NULL,NULL,0,NULL,NULL,NULL,NULL,NULL,NULL,NULL,NULL,NULL,NULL,NULL,NULL,NULL,NULL,NULL,NULL,NULL,NULL,NULL,'2022-08-19 23:53:09','2023-02-13 07:56:38',6,NULL,NULL,NULL,NULL,0,NULL,2,'2022-04-25 05:27:02','2022-04-25 05:21:51'),(149,'https://mentorlystes.com/affiliation/categorie-produit/chaussures/','64:29188562e95ec0e60bdddad2912d829f',16,'term','product_cat',NULL,NULL,NULL,NULL,'Chaussures',NULL,NULL,0,NULL,NULL,NULL,NULL,NULL,NULL,0,NULL,NULL,NULL,NULL,NULL,NULL,NULL,NULL,NULL,NULL,NULL,NULL,NULL,NULL,NULL,NULL,NULL,NULL,NULL,'2022-08-22 08:57:28','2023-02-13 07:56:38',6,NULL,NULL,NULL,NULL,0,NULL,2,'2022-04-25 05:28:11','2022-04-25 05:20:55'),(150,'https://mentorlystes.com/affiliation/categorie-produit/chaussures/chaussures-hommes/','82:1f24fd3c773a0bc303bdbd2797d404a1',32,'term','product_cat',NULL,NULL,NULL,NULL,'chaussures hommes',NULL,NULL,0,NULL,NULL,NULL,NULL,NULL,NULL,0,NULL,NULL,NULL,NULL,NULL,NULL,NULL,NULL,NULL,NULL,NULL,NULL,NULL,NULL,NULL,NULL,NULL,NULL,NULL,'2022-08-22 08:57:28','2023-02-13 07:56:38',6,NULL,NULL,NULL,NULL,1,NULL,2,'2022-04-25 05:27:02','2022-04-25 05:21:51'),(151,'https://mentorlystes.com/affiliation/produit/balenciaga-x-gucci-sac-hacker/','73:673fd6be4439f18cf1db9d6384d828e3',36,'post','product',1,0,NULL,NULL,'BALENCIAGA x GUCCI Sac Hacker','publish',NULL,0,NULL,NULL,NULL,NULL,NULL,0,0,NULL,0,NULL,NULL,NULL,NULL,'https://mentorlystes.com/affiliation/wp-content/uploads/sites/6/2022/04/F06F1EEB-C746-45B9-82ED-D1029F9A516E.png',NULL,'74','featured-image',NULL,NULL,'https://mentorlystes.com/affiliation/wp-content/uploads/sites/6/2022/04/F06F1EEB-C746-45B9-82ED-D1029F9A516E.png','74','featured-image','{\"width\":1080,\"height\":1350,\"filesize\":779936,\"url\":\"https://mentorlystes.com/affiliation/wp-content/uploads/sites/6/2022/04/F06F1EEB-C746-45B9-82ED-D1029F9A516E.png\",\"path\":\"/homepages/32/d908619354/htdocs/mentorlystes/wp-content/uploads/sites/6/2022/04/F06F1EEB-C746-45B9-82ED-D1029F9A516E.png\",\"size\":\"full\",\"id\":74,\"alt\":\"\",\"pixels\":1458000,\"type\":\"image/png\"}',NULL,NULL,NULL,'2022-08-26 06:14:36','2023-02-13 07:56:39',6,NULL,NULL,NULL,NULL,0,NULL,2,'2022-04-25 05:23:54','2022-04-25 05:21:45'),(152,'https://mentorlystes.com/affiliation/categorie-produit/bijoux-et-montres/','71:8e203f2525dfb493f0c589367536fcd7',28,'term','product_cat',NULL,NULL,NULL,NULL,'Bijoux et montres',NULL,NULL,0,NULL,NULL,NULL,NULL,NULL,NULL,0,NULL,NULL,NULL,NULL,NULL,NULL,NULL,NULL,NULL,NULL,NULL,NULL,NULL,NULL,NULL,NULL,NULL,NULL,NULL,'2022-08-27 22:35:37','2023-02-13 07:56:38',6,NULL,NULL,NULL,NULL,0,NULL,2,'2022-04-25 05:26:49','2022-04-25 05:21:43'),(153,'https://mentorlystes.com/affiliation/categorie-produit/maison-et-lifestyle/','73:adc3f5de68ddbcd2938ae08f05a464bb',22,'term','product_cat',NULL,NULL,NULL,NULL,'Maison et lifestyle',NULL,NULL,0,NULL,NULL,NULL,NULL,NULL,NULL,0,NULL,NULL,NULL,NULL,NULL,NULL,NULL,NULL,NULL,NULL,NULL,NULL,NULL,NULL,NULL,NULL,NULL,NULL,NULL,'2022-09-01 06:00:17','2023-02-13 07:56:38',6,NULL,NULL,NULL,NULL,0,NULL,2,'2022-04-25 05:23:09','2022-04-25 05:21:22'),(154,'https://mentorlystes.com/affiliation/produit/dior-bougie-toile-de-jouy/','69:64bc6c0f0ba08c5ae01e1c3a10152acc',26,'post','product',1,0,NULL,NULL,'DIOR Bougie toile de jouy','publish',NULL,0,NULL,NULL,NULL,NULL,NULL,0,0,NULL,0,NULL,NULL,NULL,NULL,'https://mentorlystes.com/affiliation/wp-content/uploads/sites/6/2022/04/D0C329A4-7C8A-445B-AE93-45474DC829AA.png',NULL,'54','featured-image',NULL,NULL,'https://mentorlystes.com/affiliation/wp-content/uploads/sites/6/2022/04/D0C329A4-7C8A-445B-AE93-45474DC829AA.png','54','featured-image','{\"width\":1080,\"height\":1350,\"filesize\":774812,\"url\":\"https://mentorlystes.com/affiliation/wp-content/uploads/sites/6/2022/04/D0C329A4-7C8A-445B-AE93-45474DC829AA.png\",\"path\":\"/homepages/32/d908619354/htdocs/mentorlystes/wp-content/uploads/sites/6/2022/04/D0C329A4-7C8A-445B-AE93-45474DC829AA.png\",\"size\":\"full\",\"id\":54,\"alt\":\"\",\"pixels\":1458000,\"type\":\"image/png\"}',NULL,NULL,NULL,'2022-09-01 06:00:18','2023-02-13 07:56:39',6,NULL,NULL,NULL,NULL,0,NULL,2,'2022-04-25 05:23:09','2022-04-25 05:21:22'),(155,'https://mentorlystes.com/affiliation/produit/bottega-veneta-bottes/','65:b7b865d37230aaaf81549134f26f96a9',12,'post','product',1,0,NULL,NULL,'BOTTEGA VENETA bottes','publish',NULL,0,NULL,NULL,NULL,NULL,NULL,0,0,NULL,0,NULL,NULL,NULL,NULL,'https://mentorlystes.com/affiliation/wp-content/uploads/sites/6/2022/04/B7CC58C7-4E88-4826-A4F4-DF8B0734A7D6.png',NULL,'42','featured-image',NULL,NULL,'https://mentorlystes.com/affiliation/wp-content/uploads/sites/6/2022/04/B7CC58C7-4E88-4826-A4F4-DF8B0734A7D6.png','42','featured-image','{\"width\":1080,\"height\":1350,\"filesize\":484656,\"url\":\"https://mentorlystes.com/affiliation/wp-content/uploads/sites/6/2022/04/B7CC58C7-4E88-4826-A4F4-DF8B0734A7D6.png\",\"path\":\"/homepages/32/d908619354/htdocs/mentorlystes/wp-content/uploads/sites/6/2022/04/B7CC58C7-4E88-4826-A4F4-DF8B0734A7D6.png\",\"size\":\"full\",\"id\":42,\"alt\":\"\",\"pixels\":1458000,\"type\":\"image/png\"}',NULL,NULL,NULL,'2022-09-01 07:31:11','2023-02-13 07:56:39',6,NULL,NULL,NULL,NULL,0,NULL,2,'2022-04-25 05:22:21','2022-04-25 05:20:55'),(156,'https://mentorlystes.com/affiliation/etiquette-produit/celine/','60:c36e14a5b5e530b0f64cb7659e5ee018',40,'term','product_tag',NULL,NULL,NULL,NULL,'CELINE',NULL,NULL,0,NULL,NULL,NULL,NULL,NULL,NULL,0,NULL,NULL,NULL,NULL,NULL,NULL,NULL,NULL,NULL,NULL,NULL,NULL,NULL,NULL,NULL,NULL,NULL,NULL,NULL,'2022-09-01 11:25:14','2023-02-13 07:56:38',6,NULL,NULL,NULL,NULL,0,NULL,2,'2022-04-25 05:27:02','2022-04-25 05:23:58'),(157,'https://mentorlystes.com/affiliation/categorie-produit/sacs/sacs-femmes/','70:e22981958ffa18861a5aaaf0bd40ed8b',25,'term','product_cat',NULL,NULL,NULL,NULL,'sacs femmes',NULL,NULL,0,NULL,NULL,NULL,NULL,NULL,NULL,0,NULL,NULL,NULL,NULL,NULL,NULL,NULL,NULL,NULL,NULL,NULL,NULL,NULL,NULL,NULL,NULL,NULL,NULL,NULL,'2022-09-01 14:45:01','2023-02-13 07:56:38',6,NULL,NULL,NULL,NULL,1,NULL,2,'2022-04-25 05:24:27','2022-04-25 05:21:35'),(158,'https://mentorlystes.com/affiliation/etiquette-produit/amina-muaddi/','66:ad81b1af299761ab9c29c60e5ba51d87',21,'term','product_tag',NULL,NULL,NULL,NULL,'AMINA MUADDI',NULL,NULL,0,NULL,NULL,NULL,NULL,NULL,NULL,0,NULL,NULL,NULL,NULL,NULL,NULL,NULL,NULL,NULL,NULL,NULL,NULL,NULL,NULL,NULL,NULL,NULL,NULL,NULL,'2022-09-01 16:42:02','2023-02-13 07:56:38',6,NULL,NULL,NULL,NULL,0,NULL,2,'2022-04-25 05:23:07','2022-04-25 05:21:18'),(159,'https://mentorlystes.com/affiliation/produit/balenciaga-sac-hourglass-strass/','75:e5899388d44733fde634aad291222902',31,'post','product',1,0,NULL,NULL,'BALENCIAGA sac hourglass strass','publish',NULL,0,NULL,NULL,NULL,NULL,NULL,0,0,NULL,0,NULL,NULL,NULL,NULL,'https://mentorlystes.com/affiliation/wp-content/uploads/sites/6/2022/04/47E24A23-3487-4B86-AECC-60A2B62A5624.png',NULL,'55','featured-image',NULL,NULL,'https://mentorlystes.com/affiliation/wp-content/uploads/sites/6/2022/04/47E24A23-3487-4B86-AECC-60A2B62A5624.png','55','featured-image','{\"width\":1080,\"height\":1350,\"filesize\":719796,\"url\":\"https://mentorlystes.com/affiliation/wp-content/uploads/sites/6/2022/04/47E24A23-3487-4B86-AECC-60A2B62A5624.png\",\"path\":\"/homepages/32/d908619354/htdocs/mentorlystes/wp-content/uploads/sites/6/2022/04/47E24A23-3487-4B86-AECC-60A2B62A5624.png\",\"size\":\"full\",\"id\":55,\"alt\":\"\",\"pixels\":1458000,\"type\":\"image/png\"}',NULL,NULL,NULL,'2022-09-02 11:46:02','2023-02-13 07:56:39',6,NULL,NULL,NULL,NULL,0,NULL,2,'2022-04-25 05:23:03','2022-04-25 05:21:35'),(160,'https://mentorlystes.com/affiliation/produit/mach-mach-escarpins-noeuds/','70:7b06a3cf6e83a4e1e0b027c6f63c8cde',37,'post','product',1,0,NULL,NULL,'MACH &#038; MACH escarpins noeuds','publish',NULL,0,NULL,NULL,NULL,NULL,NULL,0,0,NULL,0,NULL,NULL,NULL,NULL,'https://mentorlystes.com/affiliation/wp-content/uploads/sites/6/2022/04/2385BAE6-F606-47D0-BA1B-DDCE648C13AC.png',NULL,'81','featured-image',NULL,NULL,'https://mentorlystes.com/affiliation/wp-content/uploads/sites/6/2022/04/2385BAE6-F606-47D0-BA1B-DDCE648C13AC.png','81','featured-image','{\"width\":1080,\"height\":1350,\"filesize\":273690,\"url\":\"https://mentorlystes.com/affiliation/wp-content/uploads/sites/6/2022/04/2385BAE6-F606-47D0-BA1B-DDCE648C13AC.png\",\"path\":\"/homepages/32/d908619354/htdocs/mentorlystes/wp-content/uploads/sites/6/2022/04/2385BAE6-F606-47D0-BA1B-DDCE648C13AC.png\",\"size\":\"full\",\"id\":81,\"alt\":\"\",\"pixels\":1458000,\"type\":\"image/png\"}',NULL,NULL,NULL,'2022-09-06 19:48:34','2023-02-13 07:56:39',6,NULL,NULL,NULL,NULL,0,NULL,2,'2022-04-25 05:24:29','2022-04-25 05:21:47'),(161,NULL,NULL,NULL,'system-page','search-result',NULL,NULL,'Vous avez cherché %%searchphrase%% %%page%% %%sep%% %%sitename%%',NULL,NULL,NULL,NULL,0,NULL,NULL,NULL,NULL,NULL,NULL,0,1,0,0,0,0,NULL,NULL,NULL,NULL,NULL,NULL,NULL,NULL,NULL,NULL,NULL,NULL,NULL,NULL,'2022-09-14 02:58:11','2022-09-14 00:58:11',6,NULL,NULL,NULL,NULL,0,NULL,1,NULL,NULL),(162,'https://mentorlystes.com/affiliation/produit/fendi-montre-run-away/','65:f5bccb3c0d18b30e1ce1b822607eacaa',35,'post','product',1,0,NULL,NULL,'FENDI Montre Run Away','publish',NULL,0,NULL,NULL,NULL,NULL,NULL,0,0,NULL,0,NULL,NULL,NULL,NULL,'https://mentorlystes.com/affiliation/wp-content/uploads/sites/6/2022/04/076BD3E4-521C-4971-A73C-CC5311123D4B.png',NULL,'72','featured-image',NULL,NULL,'https://mentorlystes.com/affiliation/wp-content/uploads/sites/6/2022/04/076BD3E4-521C-4971-A73C-CC5311123D4B.png','72','featured-image','{\"width\":1080,\"height\":1350,\"filesize\":308533,\"url\":\"https://mentorlystes.com/affiliation/wp-content/uploads/sites/6/2022/04/076BD3E4-521C-4971-A73C-CC5311123D4B.png\",\"path\":\"/homepages/32/d908619354/htdocs/mentorlystes/wp-content/uploads/sites/6/2022/04/076BD3E4-521C-4971-A73C-CC5311123D4B.png\",\"size\":\"full\",\"id\":72,\"alt\":\"\",\"pixels\":1458000,\"type\":\"image/png\"}',NULL,NULL,NULL,'2022-09-18 07:09:37','2023-02-13 07:56:39',6,NULL,NULL,NULL,NULL,0,NULL,2,'2022-04-25 05:23:50','2022-04-25 05:21:43'),(163,'https://mentorlystes.com/affiliation/produit/courreges-veste-zippee-vernie/','73:f0e7a29563b5cdc0e79587819d5f8ed0',14,'post','product',1,0,NULL,NULL,'COURREGES Veste zippée vernie','publish',NULL,0,NULL,NULL,NULL,NULL,NULL,0,0,NULL,0,NULL,NULL,NULL,NULL,'https://mentorlystes.com/affiliation/wp-content/uploads/sites/6/2022/04/9842C81D-972E-4554-9E50-FEB281204A3E.png',NULL,'43','featured-image',NULL,NULL,'https://mentorlystes.com/affiliation/wp-content/uploads/sites/6/2022/04/9842C81D-972E-4554-9E50-FEB281204A3E.png','43','featured-image','{\"width\":1080,\"height\":1350,\"filesize\":452015,\"url\":\"https://mentorlystes.com/affiliation/wp-content/uploads/sites/6/2022/04/9842C81D-972E-4554-9E50-FEB281204A3E.png\",\"path\":\"/homepages/32/d908619354/htdocs/mentorlystes/wp-content/uploads/sites/6/2022/04/9842C81D-972E-4554-9E50-FEB281204A3E.png\",\"size\":\"full\",\"id\":43,\"alt\":\"\",\"pixels\":1458000,\"type\":\"image/png\"}',NULL,NULL,NULL,'2022-09-19 08:49:25','2023-02-13 07:56:39',6,NULL,NULL,NULL,NULL,0,NULL,2,'2022-04-25 05:22:22','2022-04-25 05:20:59'),(164,'https://mentorlystes.com/affiliation/categorie-produit/chaussures/chaussures-femmes/','82:cd7abeeee1536ede9e8ff9fab34153ef',17,'term','product_cat',NULL,NULL,NULL,NULL,'chaussures femmes',NULL,NULL,0,NULL,NULL,NULL,NULL,NULL,NULL,0,NULL,NULL,NULL,NULL,NULL,NULL,NULL,NULL,NULL,NULL,NULL,NULL,NULL,NULL,NULL,NULL,NULL,NULL,NULL,'2022-09-28 22:16:27','2023-02-13 07:56:38',6,NULL,NULL,NULL,NULL,1,NULL,2,'2022-04-25 05:28:11','2022-04-25 05:20:55'),(165,'https://mentorlystes.com/affiliation/categorie-produit/femme/','59:08390ebd291e832d9c42359fe9766ef1',19,'term','product_cat',NULL,NULL,NULL,NULL,'Femme',NULL,NULL,0,NULL,NULL,NULL,NULL,NULL,NULL,0,NULL,NULL,NULL,NULL,NULL,NULL,NULL,NULL,NULL,NULL,NULL,NULL,NULL,NULL,NULL,NULL,NULL,NULL,NULL,'2022-10-08 09:04:01','2023-02-13 07:56:38',6,NULL,NULL,NULL,NULL,0,NULL,2,'2022-04-25 21:24:57','2022-04-25 05:20:59'),(166,'https://mentorlystes.com/affiliation/categorie-produit/mixte/','61:16122492583cd573622254e8dac9bb72',35,'term','product_cat',NULL,NULL,NULL,NULL,'Mixte',NULL,NULL,0,NULL,NULL,NULL,NULL,NULL,NULL,0,NULL,NULL,NULL,NULL,NULL,NULL,NULL,NULL,NULL,NULL,NULL,NULL,NULL,NULL,NULL,NULL,NULL,NULL,NULL,'2023-05-02 09:32:37','2023-05-02 07:32:37',6,NULL,NULL,NULL,NULL,0,NULL,2,'2022-04-25 05:27:02','2022-04-25 05:22:34'),(167,'https://mentorlystes.com/affiliation/etiquette-produit/nike/','60:9760eeacdf3b34d9ab0414ca9af59817',51,'term','product_tag',NULL,NULL,NULL,NULL,'NIKE',NULL,NULL,0,NULL,NULL,NULL,NULL,NULL,NULL,0,NULL,NULL,NULL,NULL,NULL,NULL,NULL,NULL,NULL,NULL,NULL,NULL,NULL,NULL,NULL,NULL,NULL,NULL,NULL,'2023-07-28 09:34:29','2023-07-28 07:34:29',6,NULL,NULL,NULL,NULL,0,NULL,2,'2022-04-25 05:28:11','2022-04-25 05:26:33');

--
