-- Dumping data for table `wp_8_term_taxonomy`
--

INSERT INTO `wp_8_term_taxonomy` VALUES (1,1,'category','',0,1),(2,2,'product_type','',0,3),(3,3,'product_type','',0,0),(4,4,'product_type','',0,0),(5,5,'product_type','',0,0),(6,6,'product_visibility','',0,0),(7,7,'product_visibility','',0,0),(8,8,'product_visibility','',0,0),(9,9,'product_visibility','',0,0),(10,10,'product_visibility','',0,0),(11,11,'product_visibility','',0,0),(12,12,'product_visibility','',0,0),(13,13,'product_visibility','',0,0),(14,14,'product_visibility','',0,0),(15,15,'product_cat','',0,3),(16,16,'wp_theme','',0,1),(17,17,'nav_menu','',0,6),(18,18,'cartflows_step_type','',0,2),(19,19,'cartflows_step_type','',0,5),(20,20,'cartflows_step_type','',0,7),(21,21,'cartflows_step_type','',0,7),(22,22,'cartflows_step_type','',0,2),(23,23,'cartflows_step_type','',0,0),(24,24,'cartflows_step_flow','',0,4),(25,25,'cartflows_step_flow','',0,0),(26,26,'cartflows_step_flow','',0,3),(27,27,'cartflows_step_flow','',0,4),(28,28,'cartflows_step_flow','',0,3),(29,29,'cartflows_step_flow','',0,4),(30,30,'cartflows_step_flow','',0,3),(31,31,'cartflows_step_flow','',0,2);

--
-- Table structure for table `wp_8_termmeta`
--

CREATE TABLE `wp_8_termmeta` (
  `meta_id` bigint unsigned NOT NULL AUTO_INCREMENT,
  `term_id` bigint unsigned NOT NULL DEFAULT '0',
  `meta_key` varchar(255) CHARACTER SET utf8mb4 COLLATE utf8mb4_unicode_ci DEFAULT NULL,
  `meta_value` longtext CHARACTER SET utf8mb4 COLLATE utf8mb4_unicode_ci,
  PRIMARY KEY (`meta_id`),
  KEY `term_id` (`term_id`),
  KEY `meta_key` (`meta_key`(191))
) ENGINE=InnoDB AUTO_INCREMENT=2 DEFAULT CHARSET=utf8mb4 COLLATE=utf8mb4_unicode_ci;

--
-- Dumping data for table `wp_8_termmeta`
--

INSERT INTO `wp_8_termmeta` VALUES (1,15,'product_count_product_cat','3');

--
-- Table structure for table `wp_8_terms`
--

CREATE TABLE `wp_8_terms` (
  `term_id` bigint unsigned NOT NULL AUTO_INCREMENT,
  `name` varchar(200) CHARACTER SET utf8mb4 COLLATE utf8mb4_unicode_ci NOT NULL DEFAULT '',
  `slug` varchar(200) CHARACTER SET utf8mb4 COLLATE utf8mb4_unicode_ci NOT NULL DEFAULT '',
  `term_group` bigint NOT NULL DEFAULT '0',
  PRIMARY KEY (`term_id`),
  KEY `slug` (`slug`(191)),
  KEY `name` (`name`(191))
) ENGINE=InnoDB AUTO_INCREMENT=32 DEFAULT CHARSET=utf8mb4 COLLATE=utf8mb4_unicode_ci;

--
-- Dumping data for table `wp_8_terms`
--

INSERT INTO `wp_8_terms` VALUES (1,'Non classé','non-classe',0),(2,'simple','simple',0),(3,'grouped','grouped',0),(4,'variable','variable',0),(5,'external','external',0),(6,'exclude-from-search','exclude-from-search',0),(7,'exclude-from-catalog','exclude-from-catalog',0),(8,'featured','featured',0),(9,'outofstock','outofstock',0),(10,'rated-1','rated-1',0),(11,'rated-2','rated-2',0),(12,'rated-3','rated-3',0),(13,'rated-4','rated-4',0),(14,'rated-5','rated-5',0),(15,'Non classé','non-classe',0),(16,'goya-child','goya-child',0),(17,'Menu','menu',0),(18,'Landing','landing',0),(19,'Optin (Woo)','optin',0),(20,'Checkout (Woo)','checkout',0),(21,'Thank You (Woo)','thankyou',0),(22,'Upsell (Woo)','upsell',0),(23,'Downsell (Woo)','downsell',0),(24,'flow-560717','flow-560717',0),(25,'flow-560744','flow-560744',0),(26,'flow-560751','flow-560751',0),(27,'flow-560776','flow-560776',0),(28,'flow-560790','flow-560790',0),(29,'flow-560812','flow-560812',0),(30,'flow-560871','flow-560871',0),(31,'flow-560950','flow-560950',0);

--
-- Table structure for table `wp_8_wc_admin_note_actions`
--

CREATE TABLE `wp_8_wc_admin_note_actions` (
  `action_id` bigint unsigned NOT NULL AUTO_INCREMENT,
  `note_id` bigint unsigned NOT NULL,
  `name` varchar(255) CHARACTER SET utf8mb4 COLLATE utf8mb4_unicode_ci NOT NULL,
  `label` varchar(255) CHARACTER SET utf8mb4 COLLATE utf8mb4_unicode_ci NOT NULL,
  `query` longtext CHARACTER SET utf8mb4 COLLATE utf8mb4_unicode_ci NOT NULL,
  `status` varchar(255) CHARACTER SET utf8mb4 COLLATE utf8mb4_unicode_ci NOT NULL,
  `is_primary` tinyint(1) NOT NULL DEFAULT '0',
  `actioned_text` varchar(255) CHARACTER SET utf8mb4 COLLATE utf8mb4_unicode_ci NOT NULL,
  `nonce_action` varchar(255) CHARACTER SET utf8mb4 COLLATE utf8mb4_unicode_ci DEFAULT NULL,
  `nonce_name` varchar(255) CHARACTER SET utf8mb4 COLLATE utf8mb4_unicode_ci DEFAULT NULL,
  PRIMARY KEY (`action_id`),
  KEY `note_id` (`note_id`)
) ENGINE=InnoDB AUTO_INCREMENT=23 DEFAULT CHARSET=utf8mb4 COLLATE=utf8mb4_unicode_ci;

--
-- Dumping data for table `wp_8_wc_admin_note_actions`
--

INSERT INTO `wp_8_wc_admin_note_actions` VALUES (1,1,'connect','Connecter','?page=wc-addons&section=helper','unactioned',0,'',NULL,NULL),(3,3,'add-store-details','Ajouter les détails de la boutique','https://mentorlystes.com/agency/wp-admin/admin.php?page=wc-admin&path=/setup-wizard','actioned',0,'',NULL,NULL),(4,4,'affirm-insight-first-product-and-payment','Oui','','actioned',0,'Merci pour vos retours',NULL,NULL),(5,4,'affirm-insight-first-product-and-payment','Non','','actioned',0,'Merci pour vos retours',NULL,NULL),(6,5,'learn-more','En savoir plus','https://woocommerce.com/mobile/?utm_medium=product','actioned',0,'',NULL,NULL),(7,6,'add-first-product','Ajouter un produit','http://mentorlystes.com/tunneldevente/wp-admin/admin.php?page=wc-admin&task=products','actioned',0,'',NULL,NULL),(8,7,'learn-more','En savoir plus','https://woocommerce.com/document/managing-products/?utm_source=inbox&utm_medium=product','actioned',0,'',NULL,NULL),(9,8,'tracking-opt-in','Activer le suivi de l’utilisation','','actioned',1,'',NULL,NULL),(10,9,'affirm-insight-first-sale','Oui','','actioned',0,'Merci pour vos retours',NULL,NULL),(11,9,'deny-insight-first-sale','Non','','actioned',0,'Merci pour vos retours',NULL,NULL),(12,10,'view-payment-gateways','En savoir plus','https://woocommerce.com/product-category/woocommerce-extensions/payment-gateways/?utm_medium=product','actioned',1,'',NULL,NULL),(15,12,'learn-more','En savoir plus','https://woocommerce.com/mobile/?utm_source=inbox&utm_medium=product','actioned',0,'',NULL,NULL),(16,13,'learn-more','En savoir plus','https://woocommerce.com/mobile/?utm_source=inbox&utm_medium=product','actioned',0,'',NULL,NULL),(19,2,'enable-navigation','Activer dans les réglages','https://mentorlystes.com/tunneldevente/wp-admin/admin.php?page=wc-settings&tab=advanced&section=features','actioned',0,'',NULL,NULL),(20,11,'update-store-details','Mettre à jour les informations sur la boutique','https://mentorlystes.com/tunneldevente/wp-admin/admin.php?page=wc-admin&path=/setup-wizard','actioned',0,'',NULL,NULL),(21,14,'learn-more','En savoir plus','https://woocommerce.com/mobile/?utm_source=inbox&utm_medium=product','actioned',0,'',NULL,NULL),(22,15,'learn-more','En savoir plus','https://woocommerce.com/mobile/?utm_source=inbox&utm_medium=product','actioned',0,'',NULL,NULL);

--
-- Table structure for table `wp_8_wc_admin_notes`
--

CREATE TABLE `wp_8_wc_admin_notes` (
  `note_id` bigint unsigned NOT NULL AUTO_INCREMENT,
  `name` varchar(255) CHARACTER SET utf8mb4 COLLATE utf8mb4_unicode_ci NOT NULL,
  `type` varchar(20) CHARACTER SET utf8mb4 COLLATE utf8mb4_unicode_ci NOT NULL,
  `locale` varchar(20) CHARACTER SET utf8mb4 COLLATE utf8mb4_unicode_ci NOT NULL,
  `title` longtext CHARACTER SET utf8mb4 COLLATE utf8mb4_unicode_ci NOT NULL,
  `content` longtext CHARACTER SET utf8mb4 COLLATE utf8mb4_unicode_ci NOT NULL,
  `content_data` longtext CHARACTER SET utf8mb4 COLLATE utf8mb4_unicode_ci,
  `status` varchar(200) CHARACTER SET utf8mb4 COLLATE utf8mb4_unicode_ci NOT NULL,
  `source` varchar(200) CHARACTER SET utf8mb4 COLLATE utf8mb4_unicode_ci NOT NULL,
  `date_created` datetime NOT NULL DEFAULT '0000-00-00 00:00:00',
  `date_reminder` datetime DEFAULT NULL,
  `is_snoozable` tinyint(1) NOT NULL DEFAULT '0',
  `layout` varchar(20) CHARACTER SET utf8mb4 COLLATE utf8mb4_unicode_ci NOT NULL DEFAULT '',
  `image` varchar(200) CHARACTER SET utf8mb4 COLLATE utf8mb4_unicode_ci DEFAULT NULL,
  `is_deleted` tinyint(1) NOT NULL DEFAULT '0',
  `is_read` tinyint(1) NOT NULL DEFAULT '0',
  `icon` varchar(200) CHARACTER SET utf8mb4 COLLATE utf8mb4_unicode_ci NOT NULL DEFAULT 'info',
  PRIMARY KEY (`note_id`)
) ENGINE=InnoDB AUTO_INCREMENT=16 DEFAULT CHARSET=utf8mb4 COLLATE=utf8mb4_unicode_ci;

--
-- Dumping data for table `wp_8_wc_admin_notes`
--

INSERT INTO `wp_8_wc_admin_notes` VALUES (1,'wc-admin-wc-helper-connection','info','en_US','Se connecter à WooCommerce.com','Connectez-vous pour obtenir des notifications et des mises à jour importantes sur les produits.','{}','unactioned','woocommerce-admin','2022-04-24 18:56:08',NULL,0,'plain','',0,0,'info'),(2,'wc-admin-navigation-nudge','info','en_US','Vous avez maintenant accès à la navigation WooCommerce','Nous introduisons une nouvelle navigation pour une expérience utilisateur plus intuitive et améliorée. Vous pouvez activer la version bêta de la nouvelle expérience dans les paramètres avancés. Activez-le maintenant pour votre boutique.','{}','unactioned','woocommerce-admin','2022-04-24 18:57:31',NULL,0,'plain','',0,0,'info'),(3,'wc-admin-complete-store-details','info','en_US','Ajoutez les informations sur votre boutique pour terminer sa configuration.','Ajoutez toutes les informations importantes pour configurer votre boutique, par exemple son adresse de base.','{}','unactioned','woocommerce-admin','2022-04-24 18:57:31',NULL,0,'plain','',0,0,'info'),(4,'wc-admin-insight-first-product-and-payment','survey','en_US','Tendances','Plus de 80 % des nouveaux commerçants ajoutent leur premier produit et configurent au moins un moyen de paiement durant la première semaine.<br><br>Trouvez-vous ce type d’information utile ?','{}','unactioned','woocommerce-admin','2022-04-25 19:31:29',NULL,0,'plain','',0,0,'info'),(5,'wc-admin-mobile-app','info','en_US','Installer l’application mobile Woo','Installez l’application mobile WooCommerce pour gérer les commandes, recevoir des notifications de vente et afficher les statistiques principales où que vous soyez.','{}','unactioned','woocommerce-admin','2022-04-27 01:41:08',NULL,0,'plain','',0,0,'info'),(6,'wc-admin-add-first-product-note','email','en_US','Ajouter votre premier produit','{greetings}<br /><br />Nice one; vous avez créé votre boutique WooCommerce ! Il est maintenant temps d’ajouter votre premier produit et de commencer à le vendre.<br /><br />Trois méthodes permettent d’ajouter des produits : vous pouvez <strong>créer les produits manuellement, les importer d’une traite par l’intermédiaire d’un fichier CSV</strong>, ou <strong>les migrer depuis un autre service</strong>.<br /><br /><a href=\"https://woocommerce.com/document/managing-products/?utm_source=help_panel&amp;utm_medium=product\">Explorez notre documentation</a> pour plus d’informations ou bien lancez-vous !','{\"role\":\"administrator\"}','unactioned','woocommerce-admin','2022-04-27 01:41:08',NULL,0,'plain','http://mentorlystes.com/tunneldevente/wp-content/plugins/woocommerce/packages/woocommerce-admin/images/admin_notes/dashboard-widget-setup.png',0,0,'info'),(7,'wc-admin-adding-and-managing-products','info','en_US','Ajout et gestion de produits','Découvrez comment proposer des produits dans WooCommerce à l’aide de notre documentation consacrée à l’ajout et à la gestion des produits. ','{}','unactioned','woocommerce-admin','2022-04-28 03:18:28',NULL,0,'plain','',0,0,'info'),(8,'wc-admin-usage-tracking-opt-in','info','en_US','Aider WooCommerce à améliorer ses services grâce au suivi de l’utilisation','Récupérer les données d’utilisation nous permet d’améliorer WooCommerce. Votre boutique sera prise en compte lors de l’évaluation des nouvelles fonctionnalités et de la qualité d’une mise à jour, ou pour déterminer l’intérêt d’une amélioration. Vous pouvez toujours consulter les <a href=\"http://mentorlystes.com/tunneldevente/wp-admin/admin.php?page=wc-settings&#038;tab=advanced&#038;section=woocommerce_com\" target=\"_blank\">Paramètres</a> et choisir d’interrompre le partage des données. <a href=\"https://woocommerce.com/usage-tracking?utm_medium=product\" target=\"_blank\">En savoir plus</a> sur les données que nous collectons.','{}','unactioned','woocommerce-admin','2022-05-09 09:05:29',NULL,0,'plain','',0,0,'info'),(9,'wc-admin-insight-first-sale','survey','en_US','Le saviez-vous ?','Une boutique optimisée par WooCommerce nécessite en moyenne 31 jours pour réaliser sa première vente. Vous êtes sur la bonne voie ! Trouvez-vous ce type d’information utile ?','{}','unactioned','woocommerce-admin','2022-05-09 09:05:29',NULL,0,'plain','',0,0,'info'),(10,'wc-admin-onboarding-payments-reminder','info','en_US','Commencer à accepter les paiements sur votre boutique !','Accepter les paiements avec le fournisseur qui vous convient, parmi plus de 100 passerelles de paiement pour WooCommerce.','{}','unactioned','woocommerce-admin','2022-05-15 18:57:01',NULL,0,'plain','',0,0,'info'),(11,'wc-admin-update-store-details','info','en_US','En cas de besoin, modifiez les informations sur votre boutique.','Félicitations, vous avez terminé de créer le profil de votre boutique ! Au besoin, vous pouvez à tout moment revenir en arrière et modifier les informations partagées.','{}','unactioned','woocommerce-admin','2022-07-05 20:50:04',NULL,0,'plain','',0,0,'info'),(12,'wc-admin-real-time-order-alerts','info','en_US','Obtenir des alertes de commande en temps réel n’importe où','Obtenez des notifications sur l’activité de votre boutique, notamment des nouvelles commandes et des avis sur vos produits, directement sur vos appareils mobiles grâce à l’application Woo.','{}','unactioned','woocommerce-admin','2022-07-24 10:00:45',NULL,0,'plain','',0,0,'info'),(13,'wc-admin-manage-orders-on-the-go','info','en_US','Gérez vos commandes à la volée','Recherchez des commandes et des informations sur les clients, et effectuez des remboursements en un clic à l’aide de l’application Woo.','{}','unactioned','woocommerce-admin','2022-10-22 05:55:59',NULL,0,'plain','',0,0,'info'),(14,'wc-admin-performance-on-mobile','info','en_US','Suivre les performances de votre boutique sur mobile','Suivez vos ventes et performances de vos produits avec l’application Woo.','{}','unactioned','woocommerce-admin','2023-01-20 17:36:11',NULL,0,'plain','',0,0,'info'),(15,'wc-admin-edit-products-on-the-move','info','en_US','Modifier les produits en étant mobile','Modifier et créer des nouveaux produits depuis votre application mobile avec l’application WooCommerce','{}','unactioned','woocommerce-admin','2023-04-24 19:37:42',NULL,0,'plain','',0,0,'info');

--
-- Table structure for table `wp_8_wc_category_lookup`
--

CREATE TABLE `wp_8_wc_category_lookup` (
  `category_tree_id` bigint unsigned NOT NULL,
  `category_id` bigint unsigned NOT NULL,
  PRIMARY KEY (`category_tree_id`,`category_id`)
) ENGINE=InnoDB DEFAULT CHARSET=utf8mb4 COLLATE=utf8mb4_unicode_ci;

--
-- Dumping data for table `wp_8_wc_category_lookup`
--

INSERT INTO `wp_8_wc_category_lookup` VALUES (15,15);

--
-- Table structure for table `wp_8_wc_customer_lookup`
--

CREATE TABLE `wp_8_wc_customer_lookup` (
  `customer_id` bigint unsigned NOT NULL AUTO_INCREMENT,
  `user_id` bigint unsigned DEFAULT NULL,
  `username` varchar(60) CHARACTER SET utf8mb4 COLLATE utf8mb4_unicode_ci NOT NULL DEFAULT '',
  `first_name` varchar(255) CHARACTER SET utf8mb4 COLLATE utf8mb4_unicode_ci NOT NULL,
  `last_name` varchar(255) CHARACTER SET utf8mb4 COLLATE utf8mb4_unicode_ci NOT NULL,
  `email` varchar(100) CHARACTER SET utf8mb4 COLLATE utf8mb4_unicode_ci DEFAULT NULL,
  `date_last_active` timestamp NULL DEFAULT NULL,
  `date_registered` timestamp NULL DEFAULT NULL,
  `country` char(2) CHARACTER SET utf8mb4 COLLATE utf8mb4_unicode_ci NOT NULL DEFAULT '',
  `postcode` varchar(20) CHARACTER SET utf8mb4 COLLATE utf8mb4_unicode_ci NOT NULL DEFAULT '',
  `city` varchar(100) CHARACTER SET utf8mb4 COLLATE utf8mb4_unicode_ci NOT NULL DEFAULT '',
  `state` varchar(100) CHARACTER SET utf8mb4 COLLATE utf8mb4_unicode_ci NOT NULL DEFAULT '',
  PRIMARY KEY (`customer_id`),
  UNIQUE KEY `user_id` (`user_id`),
  KEY `email` (`email`)
) ENGINE=InnoDB DEFAULT CHARSET=utf8mb4 COLLATE=utf8mb4_unicode_ci;

--
-- Dumping data for table `wp_8_wc_customer_lookup`
--


--
-- Table structure for table `wp_8_wc_download_log`
--

CREATE TABLE `wp_8_wc_download_log` (
  `download_log_id` bigint unsigned NOT NULL AUTO_INCREMENT,
  `timestamp` datetime NOT NULL,
  `permission_id` bigint unsigned NOT NULL,
  `user_id` bigint unsigned DEFAULT NULL,
  `user_ip_address` varchar(100) CHARACTER SET utf8mb4 COLLATE utf8mb4_unicode_ci DEFAULT '',
  PRIMARY KEY (`download_log_id`),
  KEY `permission_id` (`permission_id`),
  KEY `timestamp` (`timestamp`),
  CONSTRAINT `fk_wp_8_wc_download_log_permission_id` FOREIGN KEY (`permission_id`) REFERENCES `wp_8_woocommerce_downloadable_product_permissions` (`permission_id`) ON DELETE CASCADE
) ENGINE=InnoDB DEFAULT CHARSET=utf8mb4 COLLATE=utf8mb4_unicode_ci;

--
-- Dumping data for table `wp_8_wc_download_log`
--


--
-- Table structure for table `wp_8_wc_order_coupon_lookup`
--

CREATE TABLE `wp_8_wc_order_coupon_lookup` (
  `order_id` bigint unsigned NOT NULL,
  `coupon_id` bigint NOT NULL,
  `date_created` datetime NOT NULL DEFAULT '0000-00-00 00:00:00',
  `discount_amount` double NOT NULL DEFAULT '0',
  PRIMARY KEY (`order_id`,`coupon_id`),
  KEY `coupon_id` (`coupon_id`),
  KEY `date_created` (`date_created`)
) ENGINE=InnoDB DEFAULT CHARSET=utf8mb4 COLLATE=utf8mb4_unicode_ci;

--
-- Dumping data for table `wp_8_wc_order_coupon_lookup`
--


--
-- Table structure for table `wp_8_wc_order_product_lookup`
--

CREATE TABLE `wp_8_wc_order_product_lookup` (
  `order_item_id` bigint unsigned NOT NULL,
  `order_id` bigint unsigned NOT NULL,
  `product_id` bigint unsigned NOT NULL,
  `variation_id` bigint unsigned NOT NULL,
  `customer_id` bigint unsigned DEFAULT NULL,
  `date_created` datetime NOT NULL DEFAULT '0000-00-00 00:00:00',
  `product_qty` int NOT NULL,
  `product_net_revenue` double NOT NULL DEFAULT '0',
  `product_gross_revenue` double NOT NULL DEFAULT '0',
  `coupon_amount` double NOT NULL DEFAULT '0',
  `tax_amount` double NOT NULL DEFAULT '0',
  `shipping_amount` double NOT NULL DEFAULT '0',
  `shipping_tax_amount` double NOT NULL DEFAULT '0',
  PRIMARY KEY (`order_item_id`),
  KEY `order_id` (`order_id`),
  KEY `product_id` (`product_id`),
  KEY `customer_id` (`customer_id`),
  KEY `date_created` (`date_created`)
) ENGINE=InnoDB DEFAULT CHARSET=utf8mb4 COLLATE=utf8mb4_unicode_ci;

--
-- Dumping data for table `wp_8_wc_order_product_lookup`
--


--
-- Table structure for table `wp_8_wc_order_stats`
--

CREATE TABLE `wp_8_wc_order_stats` (
  `order_id` bigint unsigned NOT NULL,
  `parent_id` bigint unsigned NOT NULL DEFAULT '0',
  `date_created` datetime NOT NULL DEFAULT '0000-00-00 00:00:00',
  `date_created_gmt` datetime NOT NULL DEFAULT '0000-00-00 00:00:00',
  `num_items_sold` int NOT NULL DEFAULT '0',
  `total_sales` double NOT NULL DEFAULT '0',
  `tax_total` double NOT NULL DEFAULT '0',
  `shipping_total` double NOT NULL DEFAULT '0',
  `net_total` double NOT NULL DEFAULT '0',
  `returning_customer` tinyint(1) DEFAULT NULL,
  `status` varchar(200) CHARACTER SET utf8mb4 COLLATE utf8mb4_unicode_ci NOT NULL,
  `customer_id` bigint unsigned NOT NULL,
  PRIMARY KEY (`order_id`),
  KEY `date_created` (`date_created`),
  KEY `customer_id` (`customer_id`),
  KEY `status` (`status`(191))
) ENGINE=InnoDB DEFAULT CHARSET=utf8mb4 COLLATE=utf8mb4_unicode_ci;

--
-- Dumping data for table `wp_8_wc_order_stats`
--


--
-- Table structure for table `wp_8_wc_order_tax_lookup`
--

CREATE TABLE `wp_8_wc_order_tax_lookup` (
  `order_id` bigint unsigned NOT NULL,
  `tax_rate_id` bigint unsigned NOT NULL,
  `date_created` datetime NOT NULL DEFAULT '0000-00-00 00:00:00',
  `shipping_tax` double NOT NULL DEFAULT '0',
  `order_tax` double NOT NULL DEFAULT '0',
  `total_tax` double NOT NULL DEFAULT '0',
  PRIMARY KEY (`order_id`,`tax_rate_id`),
  KEY `tax_rate_id` (`tax_rate_id`),
  KEY `date_created` (`date_created`)
) ENGINE=InnoDB DEFAULT CHARSET=utf8mb4 COLLATE=utf8mb4_unicode_ci;

--
-- Dumping data for table `wp_8_wc_order_tax_lookup`
--


--
-- Table structure for table `wp_8_wc_product_attributes_lookup`
--

CREATE TABLE `wp_8_wc_product_attributes_lookup` (
  `product_id` bigint NOT NULL,
  `product_or_parent_id` bigint NOT NULL,
  `taxonomy` varchar(32) CHARACTER SET utf8mb4 COLLATE utf8mb4_unicode_ci NOT NULL,
  `term_id` bigint NOT NULL,
  `is_variation_attribute` tinyint(1) NOT NULL,
  `in_stock` tinyint(1) NOT NULL,
  PRIMARY KEY (`product_or_parent_id`,`term_id`,`product_id`,`taxonomy`),
  KEY `is_variation_attribute_term_id` (`is_variation_attribute`,`term_id`)
) ENGINE=InnoDB DEFAULT CHARSET=utf8mb4 COLLATE=utf8mb4_unicode_ci;

--
-- Dumping data for table `wp_8_wc_product_attributes_lookup`
--


--
-- Table structure for table `wp_8_wc_product_download_directories`
--

CREATE TABLE `wp_8_wc_product_download_directories` (
  `url_id` bigint unsigned NOT NULL AUTO_INCREMENT,
  `url` varchar(256) CHARACTER SET utf8mb4 COLLATE utf8mb4_unicode_ci NOT NULL,
  `enabled` tinyint(1) NOT NULL DEFAULT '0',
  PRIMARY KEY (`url_id`),
  KEY `url` (`url`(191))
) ENGINE=InnoDB DEFAULT CHARSET=utf8mb4 COLLATE=utf8mb4_unicode_ci;

--
-- Dumping data for table `wp_8_wc_product_download_directories`
--


--
-- Table structure for table `wp_8_wc_product_meta_lookup`
--

CREATE TABLE `wp_8_wc_product_meta_lookup` (
  `product_id` bigint NOT NULL,
  `sku` varchar(100) CHARACTER SET utf8mb4 COLLATE utf8mb4_unicode_ci DEFAULT '',
  `virtual` tinyint(1) DEFAULT '0',
  `downloadable` tinyint(1) DEFAULT '0',
  `min_price` decimal(19,4) DEFAULT NULL,
  `max_price` decimal(19,4) DEFAULT NULL,
  `onsale` tinyint(1) DEFAULT '0',
  `stock_quantity` double DEFAULT NULL,
  `stock_status` varchar(100) CHARACTER SET utf8mb4 COLLATE utf8mb4_unicode_ci DEFAULT 'instock',
  `rating_count` bigint DEFAULT '0',
  `average_rating` decimal(3,2) DEFAULT '0.00',
  `total_sales` bigint DEFAULT '0',
  `tax_status` varchar(100) CHARACTER SET utf8mb4 COLLATE utf8mb4_unicode_ci DEFAULT 'taxable',
  `tax_class` varchar(100) CHARACTER SET utf8mb4 COLLATE utf8mb4_unicode_ci DEFAULT '',
  PRIMARY KEY (`product_id`),
  KEY `virtual` (`virtual`),
  KEY `downloadable` (`downloadable`),
  KEY `stock_status` (`stock_status`),
  KEY `stock_quantity` (`stock_quantity`),
  KEY `onsale` (`onsale`),
  KEY `min_max_price` (`min_price`,`max_price`)
) ENGINE=InnoDB DEFAULT CHARSET=utf8mb4 COLLATE=utf8mb4_unicode_ci;

--
-- Dumping data for table `wp_8_wc_product_meta_lookup`
--

INSERT INTO `wp_8_wc_product_meta_lookup` VALUES (560743,'',1,0,0.0000,0.0000,0,NULL,'instock',0,0.00,0,'taxable',''),(560765,'',1,0,455.0000,455.0000,0,NULL,'instock',0,0.00,0,'taxable',''),(560961,'',0,0,900.0000,900.0000,0,NULL,'instock',0,0.00,0,'taxable','');

--
-- Table structure for table `wp_8_wc_rate_limits`
--

CREATE TABLE `wp_8_wc_rate_limits` (
  `rate_limit_id` bigint unsigned NOT NULL AUTO_INCREMENT,
  `rate_limit_key` varchar(200) CHARACTER SET utf8mb4 COLLATE utf8mb4_unicode_ci NOT NULL,
  `rate_limit_expiry` bigint unsigned NOT NULL,
  `rate_limit_remaining` smallint NOT NULL DEFAULT '0',
  PRIMARY KEY (`rate_limit_id`),
  UNIQUE KEY `rate_limit_key` (`rate_limit_key`(191))
) ENGINE=InnoDB DEFAULT CHARSET=utf8mb4 COLLATE=utf8mb4_unicode_ci;

--
-- Dumping data for table `wp_8_wc_rate_limits`
--


--
-- Table structure for table `wp_8_wc_reserved_stock`
--

CREATE TABLE `wp_8_wc_reserved_stock` (
  `order_id` bigint NOT NULL,
  `product_id` bigint NOT NULL,
  `stock_quantity` double NOT NULL DEFAULT '0',
  `timestamp` datetime NOT NULL DEFAULT '0000-00-00 00:00:00',
  `expires` datetime NOT NULL DEFAULT '0000-00-00 00:00:00',
  PRIMARY KEY (`order_id`,`product_id`)
) ENGINE=InnoDB DEFAULT CHARSET=utf8mb4 COLLATE=utf8mb4_unicode_ci;

--
-- Dumping data for table `wp_8_wc_reserved_stock`
--


--
-- Table structure for table `wp_8_wc_tax_rate_classes`
--

CREATE TABLE `wp_8_wc_tax_rate_classes` (
  `tax_rate_class_id` bigint unsigned NOT NULL AUTO_INCREMENT,
  `name` varchar(200) CHARACTER SET utf8mb4 COLLATE utf8mb4_unicode_ci NOT NULL DEFAULT '',
  `slug` varchar(200) CHARACTER SET utf8mb4 COLLATE utf8mb4_unicode_ci NOT NULL DEFAULT '',
  PRIMARY KEY (`tax_rate_class_id`),
  UNIQUE KEY `slug` (`slug`(191))
) ENGINE=InnoDB AUTO_INCREMENT=3 DEFAULT CHARSET=utf8mb4 COLLATE=utf8mb4_unicode_ci;

--
-- Dumping data for table `wp_8_wc_tax_rate_classes`
--

INSERT INTO `wp_8_wc_tax_rate_classes` VALUES (1,'Taux réduit','taux-reduit'),(2,'Taux zéro','taux-zero');

--
-- Table structure for table `wp_8_wc_webhooks`
--

CREATE TABLE `wp_8_wc_webhooks` (
  `webhook_id` bigint unsigned NOT NULL AUTO_INCREMENT,
  `status` varchar(200) CHARACTER SET utf8mb4 COLLATE utf8mb4_unicode_ci NOT NULL,
  `name` text CHARACTER SET utf8mb4 COLLATE utf8mb4_unicode_ci NOT NULL,
  `user_id` bigint unsigned NOT NULL,
  `delivery_url` text CHARACTER SET utf8mb4 COLLATE utf8mb4_unicode_ci NOT NULL,
  `secret` text CHARACTER SET utf8mb4 COLLATE utf8mb4_unicode_ci NOT NULL,
  `topic` varchar(200) CHARACTER SET utf8mb4 COLLATE utf8mb4_unicode_ci NOT NULL,
  `date_created` datetime NOT NULL DEFAULT '0000-00-00 00:00:00',
  `date_created_gmt` datetime NOT NULL DEFAULT '0000-00-00 00:00:00',
  `date_modified` datetime NOT NULL DEFAULT '0000-00-00 00:00:00',
  `date_modified_gmt` datetime NOT NULL DEFAULT '0000-00-00 00:00:00',
  `api_version` smallint NOT NULL,
  `failure_count` smallint NOT NULL DEFAULT '0',
  `pending_delivery` tinyint(1) NOT NULL DEFAULT '0',
  PRIMARY KEY (`webhook_id`),
  KEY `user_id` (`user_id`)
) ENGINE=InnoDB DEFAULT CHARSET=utf8mb4 COLLATE=utf8mb4_unicode_ci;

--
-- Dumping data for table `wp_8_wc_webhooks`
--


--
-- Table structure for table `wp_8_woocommerce_api_keys`
--

CREATE TABLE `wp_8_woocommerce_api_keys` (
  `key_id` bigint unsigned NOT NULL AUTO_INCREMENT,
  `user_id` bigint unsigned NOT NULL,
  `description` varchar(200) CHARACTER SET utf8mb4 COLLATE utf8mb4_unicode_ci DEFAULT NULL,
  `permissions` varchar(10) CHARACTER SET utf8mb4 COLLATE utf8mb4_unicode_ci NOT NULL,
  `consumer_key` char(64) CHARACTER SET utf8mb4 COLLATE utf8mb4_unicode_ci NOT NULL,
  `consumer_secret` char(43) CHARACTER SET utf8mb4 COLLATE utf8mb4_unicode_ci NOT NULL,
  `nonces` longtext CHARACTER SET utf8mb4 COLLATE utf8mb4_unicode_ci,
  `truncated_key` char(7) CHARACTER SET utf8mb4 COLLATE utf8mb4_unicode_ci NOT NULL,
  `last_access` datetime DEFAULT NULL,
  PRIMARY KEY (`key_id`),
  KEY `consumer_key` (`consumer_key`),
  KEY `consumer_secret` (`consumer_secret`)
) ENGINE=InnoDB DEFAULT CHARSET=utf8mb4 COLLATE=utf8mb4_unicode_ci;

--
-- Dumping data for table `wp_8_woocommerce_api_keys`
--


--
-- Table structure for table `wp_8_woocommerce_attribute_taxonomies`
--

CREATE TABLE `wp_8_woocommerce_attribute_taxonomies` (
  `attribute_id` bigint unsigned NOT NULL AUTO_INCREMENT,
  `attribute_name` varchar(200) CHARACTER SET utf8mb4 COLLATE utf8mb4_unicode_ci NOT NULL,
  `attribute_label` varchar(200) CHARACTER SET utf8mb4 COLLATE utf8mb4_unicode_ci DEFAULT NULL,
  `attribute_type` varchar(20) CHARACTER SET utf8mb4 COLLATE utf8mb4_unicode_ci NOT NULL,
  `attribute_orderby` varchar(20) CHARACTER SET utf8mb4 COLLATE utf8mb4_unicode_ci NOT NULL,
  `attribute_public` int NOT NULL DEFAULT '1',
  PRIMARY KEY (`attribute_id`),
  KEY `attribute_name` (`attribute_name`(20))
) ENGINE=InnoDB DEFAULT CHARSET=utf8mb4 COLLATE=utf8mb4_unicode_ci;

--
-- Dumping data for table `wp_8_woocommerce_attribute_taxonomies`
--


--
-- Table structure for table `wp_8_woocommerce_downloadable_product_permissions`
--

CREATE TABLE `wp_8_woocommerce_downloadable_product_permissions` (
  `permission_id` bigint unsigned NOT NULL AUTO_INCREMENT,
  `download_id` varchar(36) CHARACTER SET utf8mb4 COLLATE utf8mb4_unicode_ci NOT NULL,
  `product_id` bigint unsigned NOT NULL,
  `order_id` bigint unsigned NOT NULL DEFAULT '0',
  `order_key` varchar(200) CHARACTER SET utf8mb4 COLLATE utf8mb4_unicode_ci NOT NULL,
  `user_email` varchar(200) CHARACTER SET utf8mb4 COLLATE utf8mb4_unicode_ci NOT NULL,
  `user_id` bigint unsigned DEFAULT NULL,
  `downloads_remaining` varchar(9) CHARACTER SET utf8mb4 COLLATE utf8mb4_unicode_ci DEFAULT NULL,
  `access_granted` datetime NOT NULL DEFAULT '0000-00-00 00:00:00',
  `access_expires` datetime DEFAULT NULL,
  `download_count` bigint unsigned NOT NULL DEFAULT '0',
  PRIMARY KEY (`permission_id`),
  KEY `download_order_key_product` (`product_id`,`order_id`,`order_key`(16),`download_id`),
  KEY `download_order_product` (`download_id`,`order_id`,`product_id`),
  KEY `order_id` (`order_id`),
  KEY `user_order_remaining_expires` (`user_id`,`order_id`,`downloads_remaining`,`access_expires`)
) ENGINE=InnoDB DEFAULT CHARSET=utf8mb4 COLLATE=utf8mb4_unicode_ci;

--
-- Dumping data for table `wp_8_woocommerce_downloadable_product_permissions`
--


--
-- Table structure for table `wp_8_woocommerce_log`
--

CREATE TABLE `wp_8_woocommerce_log` (
  `log_id` bigint unsigned NOT NULL AUTO_INCREMENT,
  `timestamp` datetime NOT NULL,
  `level` smallint NOT NULL,
  `source` varchar(200) CHARACTER SET utf8mb4 COLLATE utf8mb4_unicode_ci NOT NULL,
  `message` longtext CHARACTER SET utf8mb4 COLLATE utf8mb4_unicode_ci NOT NULL,
  `context` longtext CHARACTER SET utf8mb4 COLLATE utf8mb4_unicode_ci,
  PRIMARY KEY (`log_id`),
  KEY `level` (`level`)
) ENGINE=InnoDB DEFAULT CHARSET=utf8mb4 COLLATE=utf8mb4_unicode_ci;

--
-- Dumping data for table `wp_8_woocommerce_log`
--


--
-- Table structure for table `wp_8_woocommerce_order_itemmeta`
--

CREATE TABLE `wp_8_woocommerce_order_itemmeta` (
  `meta_id` bigint unsigned NOT NULL AUTO_INCREMENT,
  `order_item_id` bigint unsigned NOT NULL,
  `meta_key` varchar(255) CHARACTER SET utf8mb4 COLLATE utf8mb4_unicode_ci DEFAULT NULL,
  `meta_value` longtext CHARACTER SET utf8mb4 COLLATE utf8mb4_unicode_ci,
  PRIMARY KEY (`meta_id`),
  KEY `order_item_id` (`order_item_id`),
  KEY `meta_key` (`meta_key`(32))
) ENGINE=InnoDB DEFAULT CHARSET=utf8mb4 COLLATE=utf8mb4_unicode_ci;

--
-- Dumping data for table `wp_8_woocommerce_order_itemmeta`
--


--
-- Table structure for table `wp_8_woocommerce_order_items`
--

CREATE TABLE `wp_8_woocommerce_order_items` (
  `order_item_id` bigint unsigned NOT NULL AUTO_INCREMENT,
  `order_item_name` text CHARACTER SET utf8mb4 COLLATE utf8mb4_unicode_ci NOT NULL,
  `order_item_type` varchar(200) CHARACTER SET utf8mb4 COLLATE utf8mb4_unicode_ci NOT NULL DEFAULT '',
  `order_id` bigint unsigned NOT NULL,
  PRIMARY KEY (`order_item_id`),
  KEY `order_id` (`order_id`)
) ENGINE=InnoDB DEFAULT CHARSET=utf8mb4 COLLATE=utf8mb4_unicode_ci;

--
-- Dumping data for table `wp_8_woocommerce_order_items`
--


--
-- Table structure for table `wp_8_woocommerce_payment_tokenmeta`
--

CREATE TABLE `wp_8_woocommerce_payment_tokenmeta` (
  `meta_id` bigint unsigned NOT NULL AUTO_INCREMENT,
  `payment_token_id` bigint unsigned NOT NULL,
  `meta_key` varchar(255) CHARACTER SET utf8mb4 COLLATE utf8mb4_unicode_ci DEFAULT NULL,
  `meta_value` longtext CHARACTER SET utf8mb4 COLLATE utf8mb4_unicode_ci,
  PRIMARY KEY (`meta_id`),
  KEY `payment_token_id` (`payment_token_id`),
  KEY `meta_key` (`meta_key`(32))
) ENGINE=InnoDB DEFAULT CHARSET=utf8mb4 COLLATE=utf8mb4_unicode_ci;

--
-- Dumping data for table `wp_8_woocommerce_payment_tokenmeta`
--


--
-- Table structure for table `wp_8_woocommerce_payment_tokens`
--

CREATE TABLE `wp_8_woocommerce_payment_tokens` (
  `token_id` bigint unsigned NOT NULL AUTO_INCREMENT,
  `gateway_id` varchar(200) CHARACTER SET utf8mb4 COLLATE utf8mb4_unicode_ci NOT NULL,
  `token` text CHARACTER SET utf8mb4 COLLATE utf8mb4_unicode_ci NOT NULL,
  `user_id` bigint unsigned NOT NULL DEFAULT '0',
  `type` varchar(200) CHARACTER SET utf8mb4 COLLATE utf8mb4_unicode_ci NOT NULL,
  `is_default` tinyint(1) NOT NULL DEFAULT '0',
  PRIMARY KEY (`token_id`),
  KEY `user_id` (`user_id`)
) ENGINE=InnoDB DEFAULT CHARSET=utf8mb4 COLLATE=utf8mb4_unicode_ci;

--
-- Dumping data for table `wp_8_woocommerce_payment_tokens`
--


--
-- Table structure for table `wp_8_woocommerce_sessions`
--

CREATE TABLE `wp_8_woocommerce_sessions` (
  `session_id` bigint unsigned NOT NULL AUTO_INCREMENT,
  `session_key` char(32) CHARACTER SET utf8mb4 COLLATE utf8mb4_unicode_ci NOT NULL,
  `session_value` longtext CHARACTER SET utf8mb4 COLLATE utf8mb4_unicode_ci NOT NULL,
  `session_expiry` bigint unsigned NOT NULL,
  PRIMARY KEY (`session_id`),
  UNIQUE KEY `session_key` (`session_key`)
) ENGINE=InnoDB AUTO_INCREMENT=13 DEFAULT CHARSET=utf8mb4 COLLATE=utf8mb4_unicode_ci;

--
-- Dumping data for table `wp_8_woocommerce_sessions`
--


--
-- Table structure for table `wp_8_woocommerce_shipping_zone_locations`
--

CREATE TABLE `wp_8_woocommerce_shipping_zone_locations` (
  `location_id` bigint unsigned NOT NULL AUTO_INCREMENT,
  `zone_id` bigint unsigned NOT NULL,
  `location_code` varchar(200) CHARACTER SET utf8mb4 COLLATE utf8mb4_unicode_ci NOT NULL,
  `location_type` varchar(40) CHARACTER SET utf8mb4 COLLATE utf8mb4_unicode_ci NOT NULL,
  PRIMARY KEY (`location_id`),
  KEY `location_id` (`location_id`),
  KEY `location_type_code` (`location_type`(10),`location_code`(20))
) ENGINE=InnoDB DEFAULT CHARSET=utf8mb4 COLLATE=utf8mb4_unicode_ci;

--
-- Dumping data for table `wp_8_woocommerce_shipping_zone_locations`
--


--
-- Table structure for table `wp_8_woocommerce_shipping_zone_methods`
--

CREATE TABLE `wp_8_woocommerce_shipping_zone_methods` (
  `zone_id` bigint unsigned NOT NULL,
  `instance_id` bigint unsigned NOT NULL AUTO_INCREMENT,
  `method_id` varchar(200) CHARACTER SET utf8mb4 COLLATE utf8mb4_unicode_ci NOT NULL,
  `method_order` bigint unsigned NOT NULL,
  `is_enabled` tinyint(1) NOT NULL DEFAULT '1',
  PRIMARY KEY (`instance_id`)
) ENGINE=InnoDB DEFAULT CHARSET=utf8mb4 COLLATE=utf8mb4_unicode_ci;

--
-- Dumping data for table `wp_8_woocommerce_shipping_zone_methods`
--


--
-- Table structure for table `wp_8_woocommerce_shipping_zones`
--

CREATE TABLE `wp_8_woocommerce_shipping_zones` (
  `zone_id` bigint unsigned NOT NULL AUTO_INCREMENT,
  `zone_name` varchar(200) CHARACTER SET utf8mb4 COLLATE utf8mb4_unicode_ci NOT NULL,
  `zone_order` bigint unsigned NOT NULL,
  PRIMARY KEY (`zone_id`)
) ENGINE=InnoDB DEFAULT CHARSET=utf8mb4 COLLATE=utf8mb4_unicode_ci;

--
-- Dumping data for table `wp_8_woocommerce_shipping_zones`
--


--
-- Table structure for table `wp_8_woocommerce_tax_rate_locations`
--

CREATE TABLE `wp_8_woocommerce_tax_rate_locations` (
  `location_id` bigint unsigned NOT NULL AUTO_INCREMENT,
  `location_code` varchar(200) CHARACTER SET utf8mb4 COLLATE utf8mb4_unicode_ci NOT NULL,
  `tax_rate_id` bigint unsigned NOT NULL,
  `location_type` varchar(40) CHARACTER SET utf8mb4 COLLATE utf8mb4_unicode_ci NOT NULL,
  PRIMARY KEY (`location_id`),
  KEY `tax_rate_id` (`tax_rate_id`),
  KEY `location_type_code` (`location_type`(10),`location_code`(20))
) ENGINE=InnoDB DEFAULT CHARSET=utf8mb4 COLLATE=utf8mb4_unicode_ci;

--
-- Dumping data for table `wp_8_woocommerce_tax_rate_locations`
--


--
-- Table structure for table `wp_8_woocommerce_tax_rates`
--

CREATE TABLE `wp_8_woocommerce_tax_rates` (
  `tax_rate_id` bigint unsigned NOT NULL AUTO_INCREMENT,
  `tax_rate_country` varchar(2) CHARACTER SET utf8mb4 COLLATE utf8mb4_unicode_ci NOT NULL DEFAULT '',
  `tax_rate_state` varchar(200) CHARACTER SET utf8mb4 COLLATE utf8mb4_unicode_ci NOT NULL DEFAULT '',
  `tax_rate` varchar(8) CHARACTER SET utf8mb4 COLLATE utf8mb4_unicode_ci NOT NULL DEFAULT '',
  `tax_rate_name` varchar(200) CHARACTER SET utf8mb4 COLLATE utf8mb4_unicode_ci NOT NULL DEFAULT '',
  `tax_rate_priority` bigint unsigned NOT NULL,
  `tax_rate_compound` int NOT NULL DEFAULT '0',
  `tax_rate_shipping` int NOT NULL DEFAULT '1',
  `tax_rate_order` bigint unsigned NOT NULL,
  `tax_rate_class` varchar(200) CHARACTER SET utf8mb4 COLLATE utf8mb4_unicode_ci NOT NULL DEFAULT '',
  PRIMARY KEY (`tax_rate_id`),
  KEY `tax_rate_country` (`tax_rate_country`),
  KEY `tax_rate_state` (`tax_rate_state`(2)),
  KEY `tax_rate_class` (`tax_rate_class`(10)),
  KEY `tax_rate_priority` (`tax_rate_priority`)
) ENGINE=InnoDB DEFAULT CHARSET=utf8mb4 COLLATE=utf8mb4_unicode_ci;

--
-- Dumping data for table `wp_8_woocommerce_tax_rates`
--


--
-- Table structure for table `wp_8_yith_wcwl`
--

CREATE TABLE `wp_8_yith_wcwl` (
  `ID` bigint NOT NULL AUTO_INCREMENT,
  `prod_id` bigint NOT NULL,
  `quantity` int NOT NULL,
  `user_id` bigint DEFAULT NULL,
  `wishlist_id` bigint DEFAULT NULL,
  `position` int DEFAULT '0',
  `original_price` decimal(9,3) DEFAULT NULL,
  `original_currency` char(3) DEFAULT NULL,
  `dateadded` timestamp NOT NULL DEFAULT CURRENT_TIMESTAMP,
  `on_sale` tinyint NOT NULL DEFAULT '0',
  PRIMARY KEY (`ID`),
  KEY `prod_id` (`prod_id`)
) ENGINE=InnoDB DEFAULT CHARSET=utf8mb3;

--
-- Dumping data for table `wp_8_yith_wcwl`
--


--
-- Table structure for table `wp_8_yith_wcwl_lists`
--

CREATE TABLE `wp_8_yith_wcwl_lists` (
  `ID` bigint NOT NULL AUTO_INCREMENT,
  `user_id` bigint DEFAULT NULL,
  `session_id` varchar(255) DEFAULT NULL,
  `wishlist_slug` varchar(200) NOT NULL,
  `wishlist_name` text,
  `wishlist_token` varchar(64) NOT NULL,
  `wishlist_privacy` tinyint(1) NOT NULL DEFAULT '0',
  `is_default` tinyint(1) NOT NULL DEFAULT '0',
  `dateadded` timestamp NOT NULL DEFAULT CURRENT_TIMESTAMP,
  `expiration` timestamp NULL DEFAULT NULL,
  PRIMARY KEY (`ID`),
  UNIQUE KEY `wishlist_token` (`wishlist_token`),
  KEY `wishlist_slug` (`wishlist_slug`)
) ENGINE=InnoDB DEFAULT CHARSET=utf8mb3;

--
-- Dumping data for table `wp_8_yith_wcwl_lists`
--


--
-- Table structure for table `wp_8_yoast_indexable`
--

CREATE TABLE `wp_8_yoast_indexable` (
  `id` int unsigned NOT NULL AUTO_INCREMENT,
  `permalink` longtext CHARACTER SET utf8mb4 COLLATE utf8mb4_unicode_ci,
  `permalink_hash` varchar(40) CHARACTER SET utf8mb4 COLLATE utf8mb4_unicode_ci DEFAULT NULL,
  `object_id` bigint DEFAULT NULL,
  `object_type` varchar(32) CHARACTER SET utf8mb4 COLLATE utf8mb4_unicode_ci NOT NULL,
  `object_sub_type` varchar(32) CHARACTER SET utf8mb4 COLLATE utf8mb4_unicode_ci DEFAULT NULL,
  `author_id` bigint DEFAULT NULL,
  `post_parent` bigint DEFAULT NULL,
  `title` text CHARACTER SET utf8mb4 COLLATE utf8mb4_unicode_ci,
  `description` mediumtext CHARACTER SET utf8mb4 COLLATE utf8mb4_unicode_ci,
  `breadcrumb_title` text CHARACTER SET utf8mb4 COLLATE utf8mb4_unicode_ci,
  `post_status` varchar(20) CHARACTER SET utf8mb4 COLLATE utf8mb4_unicode_ci DEFAULT NULL,
  `is_public` tinyint(1) DEFAULT NULL,
  `is_protected` tinyint(1) DEFAULT '0',
  `has_public_posts` tinyint(1) DEFAULT NULL,
  `number_of_pages` int unsigned DEFAULT NULL,
  `canonical` longtext CHARACTER SET utf8mb4 COLLATE utf8mb4_unicode_ci,
  `primary_focus_keyword` varchar(191) CHARACTER SET utf8mb4 COLLATE utf8mb4_unicode_ci DEFAULT NULL,
  `primary_focus_keyword_score` int DEFAULT NULL,
  `readability_score` int DEFAULT NULL,
  `is_cornerstone` tinyint(1) DEFAULT '0',
  `is_robots_noindex` tinyint(1) DEFAULT '0',
  `is_robots_nofollow` tinyint(1) DEFAULT '0',
  `is_robots_noarchive` tinyint(1) DEFAULT '0',
  `is_robots_noimageindex` tinyint(1) DEFAULT '0',
  `is_robots_nosnippet` tinyint(1) DEFAULT '0',
  `twitter_title` text CHARACTER SET utf8mb4 COLLATE utf8mb4_unicode_ci,
  `twitter_image` longtext CHARACTER SET utf8mb4 COLLATE utf8mb4_unicode_ci,
  `twitter_description` longtext CHARACTER SET utf8mb4 COLLATE utf8mb4_unicode_ci,
  `twitter_image_id` varchar(191) CHARACTER SET utf8mb4 COLLATE utf8mb4_unicode_ci DEFAULT NULL,
  `twitter_image_source` text CHARACTER SET utf8mb4 COLLATE utf8mb4_unicode_ci,
  `open_graph_title` text CHARACTER SET utf8mb4 COLLATE utf8mb4_unicode_ci,
  `open_graph_description` longtext CHARACTER SET utf8mb4 COLLATE utf8mb4_unicode_ci,
  `open_graph_image` longtext CHARACTER SET utf8mb4 COLLATE utf8mb4_unicode_ci,
  `open_graph_image_id` varchar(191) CHARACTER SET utf8mb4 COLLATE utf8mb4_unicode_ci DEFAULT NULL,
  `open_graph_image_source` text CHARACTER SET utf8mb4 COLLATE utf8mb4_unicode_ci,
  `open_graph_image_meta` mediumtext CHARACTER SET utf8mb4 COLLATE utf8mb4_unicode_ci,
  `link_count` int DEFAULT NULL,
  `incoming_link_count` int DEFAULT NULL,
  `prominent_words_version` int unsigned DEFAULT NULL,
  `created_at` datetime DEFAULT NULL,
  `updated_at` timestamp NOT NULL DEFAULT CURRENT_TIMESTAMP ON UPDATE CURRENT_TIMESTAMP,
  `blog_id` bigint NOT NULL DEFAULT '7',
  `language` varchar(32) CHARACTER SET utf8mb4 COLLATE utf8mb4_unicode_ci DEFAULT NULL,
  `region` varchar(32) CHARACTER SET utf8mb4 COLLATE utf8mb4_unicode_ci DEFAULT NULL,
  `schema_page_type` varchar(64) CHARACTER SET utf8mb4 COLLATE utf8mb4_unicode_ci DEFAULT NULL,
  `schema_article_type` varchar(64) CHARACTER SET utf8mb4 COLLATE utf8mb4_unicode_ci DEFAULT NULL,
  `has_ancestors` tinyint(1) DEFAULT '0',
  `estimated_reading_time_minutes` int DEFAULT NULL,
  `version` int DEFAULT '1',
  `object_last_modified` datetime DEFAULT NULL,
  `object_published_at` datetime DEFAULT NULL,
  PRIMARY KEY (`id`),
  KEY `object_type_and_sub_type` (`object_type`,`object_sub_type`),
  KEY `object_id_and_type` (`object_id`,`object_type`),
  KEY `permalink_hash_and_object_type` (`permalink_hash`,`object_type`),
  KEY `subpages` (`post_parent`,`object_type`,`post_status`,`object_id`),
  KEY `prominent_words` (`prominent_words_version`,`object_type`,`object_sub_type`,`post_status`),
  KEY `published_sitemap_index` (`object_published_at`,`is_robots_noindex`,`object_type`,`object_sub_type`)
) ENGINE=InnoDB AUTO_INCREMENT=357 DEFAULT CHARSET=utf8mb4 COLLATE=utf8mb4_unicode_ci;

--
-- Dumping data for table `wp_8_yoast_indexable`
--

INSERT INTO `wp_8_yoast_indexable` VALUES (1,'https://mentorlystes.com/tunneldevente/author/admin/','50:4d27936b1ca21d7fab0dcce6aacb011a',1,'user',NULL,NULL,NULL,NULL,NULL,NULL,NULL,NULL,0,NULL,NULL,NULL,NULL,NULL,NULL,0,0,NULL,NULL,NULL,NULL,NULL,'https://secure.gravatar.com/avatar/0b8b17c6ac87d4ad069f108681b9519a?s=500&d=mm&r=g',NULL,NULL,'gravatar-image',NULL,NULL,'https://secure.gravatar.com/avatar/0b8b17c6ac87d4ad069f108681b9519a?s=500&d=mm&r=g',NULL,'gravatar-image',NULL,NULL,NULL,NULL,'2022-04-24 19:04:28','2023-02-13 07:56:48',8,NULL,NULL,NULL,NULL,0,NULL,2,'2022-05-15 14:50:27','2019-04-18 13:31:49'),(2,NULL,NULL,560592,'post','attachment',1,0,NULL,NULL,'735110018_1.jpeg','inherit',0,0,0,NULL,NULL,NULL,NULL,0,0,NULL,0,NULL,NULL,NULL,NULL,'http://mentorlystes.com/agency/wp-content/uploads/sites/7/revslider/homelynk/735110018_1.jpeg',NULL,'560592','attachment-image',NULL,NULL,NULL,'560592','attachment-image',NULL,NULL,NULL,NULL,'2022-04-24 19:04:28','2023-02-13 07:56:48',7,NULL,NULL,NULL,NULL,0,NULL,0,'2022-04-24 21:04:28','2022-04-24 21:04:28'),(3,NULL,NULL,560593,'post','attachment',1,0,NULL,NULL,'735110018.mp4','inherit',0,0,0,NULL,NULL,NULL,NULL,0,0,NULL,0,NULL,NULL,NULL,NULL,NULL,NULL,NULL,NULL,NULL,NULL,NULL,NULL,NULL,NULL,NULL,NULL,NULL,'2022-04-24 19:04:28','2022-04-26 04:54:49',7,NULL,NULL,NULL,NULL,0,NULL,0,'2022-04-24 21:04:28','2022-04-24 21:04:28'),(4,NULL,NULL,560594,'post','attachment',1,0,NULL,NULL,'no_2.jpeg','inherit',0,0,0,NULL,NULL,NULL,NULL,0,0,NULL,0,NULL,NULL,NULL,NULL,'http://mentorlystes.com/agency/wp-content/uploads/sites/7/revslider/homelynk/no_2.jpeg',NULL,'560594','attachment-image',NULL,NULL,NULL,'560594','attachment-image',NULL,NULL,NULL,NULL,'2022-04-24 19:04:28','2023-02-13 07:56:48',7,NULL,NULL,NULL,NULL,0,NULL,0,'2022-04-24 21:04:28','2022-04-24 21:04:28'),(5,NULL,NULL,560595,'post','attachment',1,0,NULL,NULL,'no.mp4','inherit',0,0,0,NULL,NULL,NULL,NULL,0,0,NULL,0,NULL,NULL,NULL,NULL,NULL,NULL,NULL,NULL,NULL,NULL,NULL,NULL,NULL,NULL,NULL,NULL,NULL,'2022-04-24 19:04:28','2022-04-26 04:54:49',7,NULL,NULL,NULL,NULL,0,NULL,0,'2022-04-24 21:04:28','2022-04-24 21:04:28'),(6,NULL,NULL,560596,'post','attachment',1,0,NULL,NULL,'BEYOND-CLASSICS-The-Urban-Edit_3.jpeg','inherit',0,0,0,NULL,NULL,NULL,NULL,0,0,NULL,0,NULL,NULL,NULL,NULL,'http://mentorlystes.com/agency/wp-content/uploads/sites/7/revslider/homelynk/BEYOND-CLASSICS-The-Urban-Edit_3.jpeg',NULL,'560596','attachment-image',NULL,NULL,NULL,'560596','attachment-image',NULL,NULL,NULL,NULL,'2022-04-24 19:04:29','2023-02-13 07:56:48',7,NULL,NULL,NULL,NULL,0,NULL,0,'2022-04-24 21:04:29','2022-04-24 21:04:29'),(7,NULL,NULL,560597,'post','attachment',1,0,NULL,NULL,'BEYOND-CLASSICS-The-Urban-Edit.mov','inherit',0,0,0,NULL,NULL,NULL,NULL,0,0,NULL,0,NULL,NULL,NULL,NULL,NULL,NULL,NULL,NULL,NULL,NULL,NULL,NULL,NULL,NULL,NULL,NULL,NULL,'2022-04-24 19:04:29','2022-04-26 04:54:49',7,NULL,NULL,NULL,NULL,0,NULL,0,'2022-04-24 21:04:29','2022-04-24 21:04:29'),(8,NULL,NULL,560598,'post','attachment',1,0,NULL,NULL,'no_4.jpeg','inherit',0,0,0,NULL,NULL,NULL,NULL,0,0,NULL,0,NULL,NULL,NULL,NULL,'http://mentorlystes.com/agency/wp-content/uploads/sites/7/revslider/home-lynk-1/no_4.jpeg',NULL,'560598','attachment-image',NULL,NULL,NULL,'560598','attachment-image',NULL,NULL,NULL,NULL,'2022-04-24 19:04:48','2023-02-13 07:56:48',7,NULL,NULL,NULL,NULL,0,NULL,0,'2022-04-24 21:04:48','2022-04-24 21:04:48'),(9,NULL,NULL,560599,'post','attachment',1,0,NULL,NULL,'VIDEO-2022-01-26-23-09-08_8.jpeg','inherit',0,0,0,NULL,NULL,NULL,NULL,0,0,NULL,0,NULL,NULL,NULL,NULL,'http://mentorlystes.com/agency/wp-content/uploads/sites/7/revslider/slider-1/VIDEO-2022-01-26-23-09-08_8.jpeg',NULL,'560599','attachment-image',NULL,NULL,NULL,'560599','attachment-image',NULL,NULL,NULL,NULL,'2022-04-24 19:04:55','2023-02-13 07:56:48',7,NULL,NULL,NULL,NULL,0,NULL,0,'2022-04-24 21:04:55','2022-04-24 21:04:55'),(10,NULL,NULL,560600,'post','attachment',1,0,NULL,NULL,'VIDEO-2022-01-26-23-09-08.mp4','inherit',0,0,0,NULL,NULL,NULL,NULL,0,0,NULL,0,NULL,NULL,NULL,NULL,NULL,NULL,NULL,NULL,NULL,NULL,NULL,NULL,NULL,NULL,NULL,NULL,NULL,'2022-04-24 19:04:55','2022-04-26 04:54:49',7,NULL,NULL,NULL,NULL,0,NULL,0,'2022-04-24 21:04:55','2022-04-24 21:04:55'),(11,NULL,NULL,560601,'post','attachment',1,0,NULL,NULL,'VIDEO-2022-01-26-23-39-56_9.jpeg','inherit',0,0,0,NULL,NULL,NULL,NULL,0,0,NULL,0,NULL,NULL,NULL,NULL,'http://mentorlystes.com/agency/wp-content/uploads/sites/7/revslider/slider-1-1/VIDEO-2022-01-26-23-39-56_9.jpeg',NULL,'560601','attachment-image',NULL,NULL,NULL,'560601','attachment-image',NULL,NULL,NULL,NULL,'2022-04-24 19:05:01','2023-02-13 07:56:48',7,NULL,NULL,NULL,NULL,0,NULL,0,'2022-04-24 21:05:01','2022-04-24 21:05:01'),(12,NULL,NULL,560602,'post','attachment',1,0,NULL,NULL,'VIDEO-2022-01-26-23-39-56.mp4','inherit',0,0,0,NULL,NULL,NULL,NULL,0,0,NULL,0,NULL,NULL,NULL,NULL,NULL,NULL,NULL,NULL,NULL,NULL,NULL,NULL,NULL,NULL,NULL,NULL,NULL,'2022-04-24 19:05:01','2022-04-26 04:54:49',7,NULL,NULL,NULL,NULL,0,NULL,0,'2022-04-24 21:05:01','2022-04-24 21:05:01'),(13,NULL,NULL,560603,'post','attachment',1,0,NULL,NULL,'mentorlystes-video-1_10.jpeg','inherit',0,0,0,NULL,NULL,NULL,NULL,0,0,NULL,0,NULL,NULL,NULL,NULL,'http://mentorlystes.com/agency/wp-content/uploads/sites/7/revslider/slider-1-1-1/mentorlystes-video-1_10.jpeg',NULL,'560603','attachment-image',NULL,NULL,NULL,'560603','attachment-image',NULL,NULL,NULL,NULL,'2022-04-24 19:05:11','2023-02-13 07:56:48',7,NULL,NULL,NULL,NULL,0,NULL,0,'2022-04-24 21:05:11','2022-04-24 21:05:11'),(14,NULL,NULL,560604,'post','attachment',1,0,NULL,NULL,'mentorlystes-video-1.mov','inherit',0,0,0,NULL,NULL,NULL,NULL,0,0,NULL,0,NULL,NULL,NULL,NULL,NULL,NULL,NULL,NULL,NULL,NULL,NULL,NULL,NULL,NULL,NULL,NULL,NULL,'2022-04-24 19:05:11','2023-02-13 07:56:48',7,NULL,NULL,NULL,NULL,0,NULL,0,'2022-04-24 21:05:11','2022-04-24 21:05:11'),(15,NULL,NULL,560605,'post','attachment',1,0,NULL,NULL,'film_11.jpeg','inherit',0,0,0,NULL,NULL,NULL,NULL,0,0,NULL,0,NULL,NULL,NULL,NULL,'http://mentorlystes.com/agency/wp-content/uploads/sites/7/revslider/slider-1-1-1-1/film_11.jpeg',NULL,'560605','attachment-image',NULL,NULL,NULL,'560605','attachment-image',NULL,NULL,NULL,NULL,'2022-04-24 19:05:23','2023-02-13 07:56:48',7,NULL,NULL,NULL,NULL,0,NULL,0,'2022-04-24 21:05:23','2022-04-24 21:05:23'),(16,NULL,NULL,560606,'post','attachment',1,0,NULL,NULL,'film.mp4','inherit',0,0,0,NULL,NULL,NULL,NULL,0,0,NULL,0,NULL,NULL,NULL,NULL,NULL,NULL,NULL,NULL,NULL,NULL,NULL,NULL,NULL,NULL,NULL,NULL,NULL,'2022-04-24 19:05:23','2022-04-26 04:54:49',7,NULL,NULL,NULL,NULL,0,NULL,0,'2022-04-24 21:05:23','2022-04-24 21:05:23'),(17,NULL,NULL,560607,'post','attachment',1,0,NULL,NULL,'BEYOND-CLASSICS-The-Urban-Edit-1_12.jpeg','inherit',0,0,0,NULL,NULL,NULL,NULL,0,0,NULL,0,NULL,NULL,NULL,NULL,'http://mentorlystes.com/agency/wp-content/uploads/sites/7/revslider/slider-1-1-1-1-1/BEYOND-CLASSICS-The-Urban-Edit-1_12.jpeg',NULL,'560607','attachment-image',NULL,NULL,NULL,'560607','attachment-image',NULL,NULL,NULL,NULL,'2022-04-24 19:05:33','2023-02-13 07:56:48',7,NULL,NULL,NULL,NULL,0,NULL,0,'2022-04-24 21:05:33','2022-04-24 21:05:33'),(18,NULL,NULL,560608,'post','attachment',1,0,NULL,NULL,'BEYOND-CLASSICS-The-Urban-Edit-1.mov','inherit',0,0,0,NULL,NULL,NULL,NULL,0,0,NULL,0,NULL,NULL,NULL,NULL,NULL,NULL,NULL,NULL,NULL,NULL,NULL,NULL,NULL,NULL,NULL,NULL,NULL,'2022-04-24 19:05:33','2022-04-26 04:54:49',7,NULL,NULL,NULL,NULL,0,NULL,0,'2022-04-24 21:05:33','2022-04-24 21:05:33'),(19,'https://mentorlystes.com/tunneldevente/mentorlystes-paiementenplusieursfois/','72:7a5c8d0ba3043b1671c4a49d0a3bdf45',24858,'post','page',1,0,'mentorlystes - Paiement en plusieurs fois','Offrez à vos clients la liberté de payer à leur rythme avec le paiement en plusieurs fois. Améliorez leur expérience de paiement et augmentez votre CA de 20%','mentorlystes &#8211; Paiement en plusieurs fois','publish',NULL,0,NULL,NULL,NULL,NULL,NULL,60,0,NULL,0,NULL,NULL,NULL,NULL,NULL,NULL,NULL,NULL,NULL,NULL,NULL,NULL,NULL,NULL,NULL,NULL,NULL,'2022-04-24 19:05:42','2023-02-13 07:56:48',8,NULL,NULL,NULL,NULL,0,2,2,'2021-12-30 08:04:15','2021-12-30 08:04:15'),(20,'https://mentorlystes.com/tunneldevente/','37:9a010e7e643b29d8d64a70646448f8b7',NULL,'home-page',NULL,NULL,NULL,'%%sitename%% %%page%% %%sep%% %%sitedesc%%','Un site utilisant Les sites de Mentorlystes','Accueil',NULL,NULL,0,NULL,NULL,NULL,NULL,NULL,NULL,0,0,0,0,0,0,NULL,NULL,NULL,NULL,NULL,'%%sitename%%','','','0',NULL,NULL,NULL,NULL,NULL,'2022-04-24 19:05:42','2023-02-13 07:56:48',8,NULL,NULL,NULL,NULL,0,NULL,2,'2022-05-15 14:50:27','2022-04-24 14:47:36'),(21,'https://mentorlystes.com/tunneldevente/boutique__trashed/','55:3be7339023e6710e15aed4ed22ce6eb2',NULL,'post-type-archive','product',NULL,NULL,'%%pt_plural%% Archive %%page%% %%sep%% %%sitename%%','','Produits',NULL,1,0,NULL,NULL,NULL,NULL,NULL,NULL,0,0,0,0,0,0,NULL,NULL,NULL,NULL,NULL,NULL,NULL,NULL,NULL,NULL,NULL,NULL,NULL,NULL,'2022-04-24 19:06:05','2023-02-13 07:56:48',8,NULL,NULL,NULL,NULL,0,NULL,2,'2022-05-15 14:50:01',NULL),(23,'https://mentorlystes.com/tunneldevente/portfolio/','47:37b0a2dc14f18c1e75cba937abba40f2',NULL,'post-type-archive','portfolio',NULL,NULL,'%%pt_plural%% Archive %%page%% %%sep%% %%sitename%%','','Portfolio',NULL,1,0,NULL,NULL,NULL,NULL,NULL,NULL,0,0,0,0,0,0,NULL,NULL,NULL,NULL,NULL,NULL,NULL,NULL,NULL,NULL,NULL,NULL,NULL,NULL,'2022-04-24 19:06:05','2023-02-13 07:56:48',8,NULL,NULL,NULL,NULL,0,NULL,2,NULL,NULL),(24,'https://mentorlystes.com/tunneldevente/2022/04/24/bonjour-tout-le-monde/','70:f8a35721b149806434020790409bdd0b',1,'post','post',1,0,NULL,NULL,'Bonjour tout le monde !','publish',NULL,0,NULL,NULL,NULL,NULL,NULL,0,0,NULL,0,NULL,NULL,NULL,NULL,NULL,NULL,NULL,NULL,NULL,NULL,NULL,NULL,NULL,NULL,NULL,NULL,NULL,'2022-04-24 19:06:08','2023-02-13 07:56:48',8,NULL,NULL,NULL,NULL,0,NULL,2,'2022-04-24 14:47:36','2022-04-24 14:47:36'),(25,'https://mentorlystes.com/tunneldevente/category/non-classe/','57:c057b8da69300cbf1b26a16abb8cc85a',1,'term','category',NULL,NULL,NULL,NULL,'Non classé',NULL,NULL,0,NULL,NULL,NULL,NULL,NULL,NULL,0,NULL,NULL,NULL,NULL,NULL,NULL,NULL,NULL,NULL,NULL,NULL,NULL,NULL,NULL,NULL,NULL,NULL,NULL,NULL,'2022-04-24 19:06:08','2023-02-13 07:56:48',8,NULL,NULL,NULL,NULL,0,NULL,2,'2022-04-24 14:47:36','2022-04-24 14:47:36'),(30,'https://mentorlystes.com/tunneldevente/','37:9a010e7e643b29d8d64a70646448f8b7',23597,'post','page',1,0,NULL,NULL,'Mentorlystes Pro','publish',NULL,0,NULL,NULL,NULL,NULL,NULL,30,0,NULL,0,NULL,NULL,NULL,NULL,'https://mentorlystes.com/tunneldevente/wp-content/uploads/sites/8/2022/05/pexels-jack-sparrow-5918185-scaled.jpg',NULL,NULL,'first-content-image',NULL,NULL,'https://mentorlystes.com/tunneldevente/wp-content/uploads/sites/8/2022/05/pexels-jack-sparrow-5918185-scaled.jpg',NULL,'first-content-image',NULL,0,NULL,NULL,'2022-04-24 19:56:20','2023-02-13 07:56:48',8,NULL,NULL,NULL,NULL,0,3,2,'2022-05-10 07:34:08','2021-11-14 13:11:04'),(33,'https://mentorlystes.com/tunneldevente/avis/','42:0e6d4c0d012572e53b1e470752ad0e98',21215,'post','page',1,0,NULL,NULL,'Avis','publish',NULL,0,NULL,NULL,NULL,NULL,NULL,90,0,NULL,0,NULL,NULL,NULL,NULL,NULL,NULL,NULL,NULL,NULL,NULL,NULL,NULL,NULL,NULL,NULL,NULL,NULL,'2022-04-24 19:56:21','2023-02-13 07:56:48',8,NULL,NULL,NULL,NULL,0,1,2,'2021-10-23 03:49:56','2021-10-23 03:49:56'),(40,'https://mentorlystes.com/tunneldevente/cgv-v/','45:98ed82a6254e95a3a7f932392c463fdd',560515,'post','page',1,0,NULL,NULL,'Conditions générales de vente – Vendeurs','publish',NULL,0,NULL,NULL,NULL,NULL,NULL,30,0,NULL,0,NULL,NULL,NULL,NULL,NULL,NULL,NULL,NULL,NULL,NULL,NULL,NULL,NULL,NULL,NULL,NULL,NULL,'2022-04-24 19:56:21','2023-03-07 15:25:53',8,NULL,NULL,NULL,NULL,0,21,2,'2022-03-15 21:34:24','2022-03-15 21:34:24'),(41,'https://mentorlystes.com/tunneldevente/contact/','45:5e344720cb6470547da86f79b7995cdf',22403,'post','page',1,0,NULL,NULL,'Contact','publish',NULL,0,NULL,NULL,NULL,NULL,NULL,90,0,NULL,0,NULL,NULL,NULL,NULL,'http://lynkbio.fr/vali/wp-content/uploads/2021/04/business-coach-digital-marketer-female-owners-creatives-natania-029.jpeg',NULL,NULL,'first-content-image',NULL,NULL,'http://lynkbio.fr/vali/wp-content/uploads/2021/04/business-coach-digital-marketer-female-owners-creatives-natania-029.jpeg',NULL,'first-content-image',NULL,0,NULL,NULL,'2022-04-24 19:56:21','2023-02-13 07:56:48',8,NULL,NULL,NULL,NULL,0,2,2,'2022-04-26 05:32:44','2021-11-04 15:55:23'),(44,'https://mentorlystes.com/tunneldevente/e-learning/','48:83080ef65db793b51ba0482642664899',559857,'post','page',1,0,NULL,NULL,'E-learning','publish',NULL,0,NULL,NULL,NULL,NULL,NULL,30,0,NULL,0,NULL,NULL,NULL,NULL,'https://mentorlystes.com/wp-content/uploads/2021/11/124519570_851990275568260_8848328365585395596_n.jpeg',NULL,NULL,'first-content-image',NULL,NULL,'https://mentorlystes.com/wp-content/uploads/2021/11/124519570_851990275568260_8848328365585395596_n.jpeg',NULL,'first-content-image',NULL,NULL,NULL,NULL,'2022-04-24 19:56:21','2023-02-13 07:56:48',8,NULL,NULL,NULL,NULL,0,4,2,'2022-01-26 00:17:51','2022-01-26 00:17:51'),(45,'https://mentorlystes.com/tunneldevente/ecommerce/','47:f922b5fbd02a619034f32bdc257f37f7',439,'post','page',1,0,'%%title%% - Proposez le paiement en 3 ou 4 fois à vos clients de la zone euro','Offrez à vos clients la liberté de payer à leur rythme : en plusieurs fois ou en différé. Améliorez leur expérience de paiement et augmentez votre CA de 20%','Ecommerce avec paiement en plusieurs fois','publish',NULL,0,NULL,NULL,NULL,NULL,NULL,30,0,NULL,0,NULL,NULL,NULL,NULL,'https://mentorlystes.com/wp-content/uploads/2021/11/124519570_851990275568260_8848328365585395596_n.jpeg',NULL,NULL,'first-content-image',NULL,NULL,'https://mentorlystes.com/wp-content/uploads/2021/11/124519570_851990275568260_8848328365585395596_n.jpeg',NULL,'first-content-image',NULL,NULL,NULL,NULL,'2022-04-24 19:56:21','2023-02-13 07:56:48',8,NULL,NULL,NULL,NULL,0,11,2,'2022-01-19 00:57:39','2022-01-19 00:57:39'),(46,'https://mentorlystes.com/tunneldevente/financer/','46:44a5fd15be44e7559ecd4940dcc1c855',23583,'post','page',1,0,NULL,NULL,'Financer','publish',NULL,0,NULL,NULL,NULL,NULL,NULL,60,0,NULL,0,NULL,NULL,NULL,NULL,'https://mentorlystes.com/wp-content/uploads/2021/11/modernica-manage-pillar-hero@tablet-2x-3ebc29d68441f023cd2257f20d35ab678324f87fb386b0a9ccd56570980caef2.jpeg',NULL,NULL,'first-content-image',NULL,NULL,'https://mentorlystes.com/wp-content/uploads/2021/11/modernica-manage-pillar-hero@tablet-2x-3ebc29d68441f023cd2257f20d35ab678324f87fb386b0a9ccd56570980caef2.jpeg',NULL,'first-content-image',NULL,0,NULL,NULL,'2022-04-24 19:56:21','2023-02-13 07:56:48',8,NULL,NULL,NULL,NULL,0,3,2,'2022-05-10 07:16:13','2021-11-14 07:50:33'),(48,NULL,NULL,NULL,'system-page','404',NULL,NULL,'Page non trouvée %%sep%% %%sitename%%',NULL,'Erreur 404 : Page introuvable',NULL,NULL,0,NULL,NULL,NULL,NULL,NULL,NULL,0,1,0,0,0,0,NULL,NULL,NULL,NULL,NULL,NULL,NULL,NULL,NULL,NULL,NULL,NULL,NULL,NULL,'2022-04-24 19:56:35','2022-05-15 04:56:41',8,NULL,NULL,NULL,NULL,0,NULL,1,NULL,NULL),(50,'https://mentorlystes.com/tunneldevente/marketing/','47:30c5468b91a29c3a28f1af4b504d3493',23535,'post','page',1,0,NULL,NULL,'Gestion Marketing','publish',NULL,0,NULL,NULL,NULL,NULL,NULL,60,0,NULL,0,NULL,NULL,NULL,NULL,'https://mentorlystes.com/wp-content/uploads/2021/11/pexels-karolina-grabowska-4491455-scaled.jpg',NULL,NULL,'first-content-image',NULL,NULL,'https://mentorlystes.com/wp-content/uploads/2021/11/pexels-karolina-grabowska-4491455-scaled.jpg',NULL,'first-content-image',NULL,NULL,NULL,NULL,'2022-04-24 19:56:54','2023-02-13 07:56:48',8,NULL,NULL,NULL,NULL,0,3,2,'2021-11-14 06:06:56','2021-11-14 06:06:56'),(53,'https://mentorlystes.com/tunneldevente/gestion-social-media/','58:96af547969fbae40a4b72f178e0077ff',23537,'post','page',1,0,NULL,NULL,'Gestion social media','publish',NULL,0,NULL,NULL,NULL,NULL,NULL,60,0,NULL,0,NULL,NULL,NULL,NULL,'https://mentorlystes.com/wp-content/uploads/2022/03/mentorlystes.png',NULL,NULL,'first-content-image',NULL,NULL,'https://mentorlystes.com/wp-content/uploads/2022/03/mentorlystes.png',NULL,'first-content-image',NULL,NULL,NULL,NULL,'2022-04-24 19:56:54','2023-02-13 07:56:48',8,NULL,NULL,NULL,NULL,0,3,2,'2021-11-14 06:06:42','2021-11-14 06:06:42'),(54,'https://mentorlystes.com/tunneldevente/assur/','43:5735ba0d3ccc445085d43c09f32571ac',23,'post','page',1,0,NULL,'Offrez à vos clients la liberté de payer à leur rythme : en plusieurs fois ou en différé. Améliorez leur expérience de paiement et augmentez votre CA de 20%','mentorlystes','publish',NULL,0,NULL,NULL,NULL,NULL,NULL,30,0,NULL,0,NULL,NULL,NULL,NULL,'https://mentorlystes.com/wp-content/uploads/2021/11/124519570_851990275568260_8848328365585395596_n.jpeg',NULL,NULL,'first-content-image',NULL,NULL,'https://mentorlystes.com/wp-content/uploads/2021/11/124519570_851990275568260_8848328365585395596_n.jpeg',NULL,'first-content-image',NULL,NULL,NULL,NULL,'2022-04-24 19:56:54','2023-02-13 07:56:48',8,NULL,NULL,NULL,NULL,0,13,2,'2022-01-14 11:10:14','2022-01-14 11:10:14'),(55,'https://mentorlystes.com/tunneldevente/site-ecommerce/','52:461a5464a4b93bef56a1a83d7f417a2d',23528,'post','page',1,0,'%%title%%','Nous développons et maintenons des e-commerces avec paiement en plusieurs fois','mentorlystes &#8211; Le paiement en plusieurs fois simple et garantie','publish',NULL,0,NULL,NULL,NULL,NULL,NULL,30,0,NULL,0,NULL,NULL,NULL,NULL,'https://mentorlystes.com/wp-content/uploads/2021/11/124519570_851990275568260_8848328365585395596_n.jpeg',NULL,NULL,'first-content-image',NULL,NULL,'https://mentorlystes.com/wp-content/uploads/2021/11/124519570_851990275568260_8848328365585395596_n.jpeg',NULL,'first-content-image',NULL,NULL,NULL,NULL,'2022-04-24 19:56:54','2023-02-13 07:56:48',8,NULL,NULL,NULL,NULL,0,12,2,'2021-11-14 06:02:57','2021-11-14 06:02:57'),(56,'https://mentorlystes.com/tunneldevente/mentorlystes-paiement-en-plusieurs-fois/','75:373f029bf599c1b86c36554985aa3e96',560437,'post','page',1,0,'mentorlystes - Paiement en plusieurs fois','Offrez à vos clients la liberté de payer à leur rythme avec le paiement en plusieurs fois. Améliorez leur expérience de paiement et augmentez votre CA de 20%','mentorlystes &#8211; Paiement en plusieurs fois','publish',NULL,0,NULL,NULL,NULL,NULL,NULL,30,0,NULL,0,NULL,NULL,NULL,NULL,NULL,NULL,NULL,NULL,NULL,NULL,NULL,NULL,NULL,NULL,NULL,NULL,NULL,'2022-04-24 19:56:54','2023-02-13 07:56:48',8,NULL,NULL,NULL,NULL,0,4,2,'2022-03-06 19:35:17','2022-03-06 19:35:17'),(57,'https://mentorlystes.com/tunneldevente/payment/','47:5f1fc6758dc5ffebded2eacfc9e6fa95',560280,'post','page',1,0,'mentorlystes - Proposez le paiement en plusieurs fois à vos clients','Offrez à vos clients la liberté de payer à leur rythme avec le paiement en plusieurs fois. Améliorez leur expérience de paiement et augmentez votre CA de 20%','Payment','publish',NULL,0,NULL,NULL,NULL,'Paiement en plusieurs fois',64,30,0,NULL,0,NULL,NULL,NULL,'mentorlystes - Proposez le paiement en plusieurs fois à vos clients','','Offrez à vos clients la liberté de payer à leur rythme avec le paiement en plusieurs fois. Améliorez leur expérience de paiement et augmentez votre CA de 20%','560229','set-by-user','mentorlystes - Proposez le paiement en plusieurs fois à vos clients','Offrez à vos clients la liberté de payer à leur rythme avec le paiement en plusieurs fois. Améliorez leur expérience de paiement et augmentez votre CA de 20%','https://mentorlystes.com/wp-content/uploads/2022/03/124519570_851990275568260_8848328365585395596_n.jpeg','560229','set-by-user',NULL,0,NULL,NULL,'2022-04-24 19:56:54','2023-02-28 22:00:58',8,NULL,NULL,NULL,NULL,0,13,2,'2022-05-10 05:56:17','2022-03-05 04:53:18'),(58,'https://mentorlystes.com/tunneldevente/nos-services/','50:a1d6bbb4334a98f10dcd441035bd4f5e',560591,'post','page',1,0,NULL,NULL,'Nos services','publish',NULL,0,NULL,NULL,NULL,NULL,NULL,60,0,NULL,0,NULL,NULL,NULL,NULL,'https://mentorlystes.com/tunneldevente/wp-content/uploads/sites/8/2022/05/pexels-liza-summer-6347921-scaled.jpg',NULL,NULL,'first-content-image',NULL,NULL,'https://mentorlystes.com/tunneldevente/wp-content/uploads/sites/8/2022/05/pexels-liza-summer-6347921-scaled.jpg',NULL,'first-content-image',NULL,0,NULL,NULL,'2022-04-24 19:56:54','2023-02-13 07:56:48',8,NULL,NULL,NULL,NULL,0,3,2,'2022-05-10 07:30:48','2022-04-20 07:20:42'),(59,'https://mentorlystes.com/tunneldevente/inscription/','49:77d0bf2f475c541195841aa9d41284bd',24852,'post','page',1,0,NULL,NULL,'Inscription','publish',NULL,0,NULL,NULL,NULL,NULL,NULL,60,0,NULL,0,NULL,NULL,NULL,NULL,NULL,NULL,NULL,NULL,NULL,NULL,NULL,NULL,NULL,NULL,0,NULL,NULL,'2022-04-24 19:56:54','2023-02-13 07:56:48',8,NULL,NULL,NULL,NULL,0,2,2,'2022-04-26 05:33:48','2021-12-30 07:16:34'),(60,'https://mentorlystes.com/tunneldevente/qr/','40:fe057eac57b771c33747b7fbe938697c',434,'post','page',1,0,NULL,NULL,'Lien et Qr code avec paiement en plusieurs fois','publish',NULL,0,NULL,NULL,NULL,NULL,NULL,30,0,NULL,0,NULL,NULL,NULL,NULL,'https://mentorlystes.com/wp-content/uploads/2022/04/01-new.png',NULL,NULL,'first-content-image',NULL,NULL,'https://mentorlystes.com/wp-content/uploads/2022/04/01-new.png',NULL,'first-content-image',NULL,NULL,NULL,NULL,'2022-04-24 19:56:54','2023-02-13 07:56:48',8,NULL,NULL,NULL,NULL,0,11,2,'2022-01-19 00:54:08','2022-01-19 00:54:08'),(63,'https://mentorlystes.com/tunneldevente/mention-legales/','55:3120faeb5a38794886ef0d25a67d797c',34,'post','page',1,0,NULL,NULL,'Mention légales','publish',NULL,0,NULL,NULL,NULL,NULL,NULL,90,0,NULL,0,NULL,NULL,NULL,NULL,NULL,NULL,NULL,NULL,NULL,NULL,NULL,NULL,NULL,NULL,NULL,NULL,NULL,'2022-04-24 19:56:54','2023-03-07 15:23:47',8,NULL,NULL,NULL,NULL,0,1,2,'2022-01-14 11:22:05','2022-01-14 11:22:05'),(64,'https://mentorlystes.com/tunneldevente/mon-compte/','48:d360ab506ce950d65dfad56bc2bdab4b',8,'post','page',1,0,NULL,NULL,'Mon compte','publish',NULL,0,NULL,NULL,NULL,NULL,NULL,0,0,NULL,0,NULL,NULL,NULL,NULL,NULL,NULL,NULL,NULL,NULL,NULL,NULL,NULL,NULL,NULL,NULL,NULL,NULL,'2022-04-24 19:56:54','2023-02-13 07:56:48',8,NULL,NULL,NULL,NULL,0,NULL,2,'2022-04-24 18:54:57','2022-04-24 18:54:57'),(66,'https://mentorlystes.com/tunneldevente/tarifs/','44:7a730c7bcd9c37570a10830b2762154c',559625,'post','page',1,0,'Logiciel de recouvrement de vos créances clients %%sep%% %%sitename%%','Logiciel de Recouvrement. 50% de trésorerie en plus. En Automatisant 80% de vos tâches de relance recouvrement clients. 1 mois d\'essai gratuit','Nos tarifs','publish',NULL,0,NULL,NULL,NULL,'Logiciel de recouvrement',60,60,0,NULL,0,NULL,NULL,NULL,NULL,NULL,NULL,NULL,NULL,NULL,NULL,NULL,NULL,NULL,NULL,0,NULL,NULL,'2022-04-24 19:56:54','2023-02-13 07:56:48',8,NULL,NULL,NULL,NULL,0,4,2,'2022-04-26 05:30:49','2021-12-15 16:08:28'),(67,'https://mentorlystes.com/tunneldevente/on-recrute/','50:f16f6d2a770be54e651d821a39ee755a',23598,'post','page',1,0,NULL,NULL,'On recrute !','publish',NULL,0,NULL,NULL,NULL,NULL,NULL,90,0,NULL,0,NULL,NULL,NULL,NULL,'https://mentorlystes.com/wp-content/uploads/2021/11/modernica-manage-pillar-hero@tablet-2x-3ebc29d68441f023cd2257f20d35ab678324f87fb386b0a9ccd56570980caef2.jpeg',NULL,NULL,'first-content-image',NULL,NULL,'https://mentorlystes.com/wp-content/uploads/2021/11/modernica-manage-pillar-hero@tablet-2x-3ebc29d68441f023cd2257f20d35ab678324f87fb386b0a9ccd56570980caef2.jpeg',NULL,'first-content-image',NULL,0,NULL,NULL,'2022-04-24 19:56:55','2023-03-24 11:50:36',8,NULL,NULL,NULL,NULL,0,5,2,'2022-04-26 05:38:57','2021-11-14 13:11:33'),(69,'https://mentorlystes.com/tunneldevente/paiement-differe-j30/','60:0664340416851946dc261bb6352c9696',23523,'post','page',1,0,NULL,NULL,'Paiement différé J30','publish',NULL,0,NULL,NULL,NULL,NULL,NULL,30,0,NULL,0,NULL,NULL,NULL,NULL,'https://mentorlystes.com/wp-content/uploads/2021/11/modernica-manage-pillar-hero@tablet-2x-3ebc29d68441f023cd2257f20d35ab678324f87fb386b0a9ccd56570980caef2.jpeg',NULL,NULL,'first-content-image',NULL,NULL,'https://mentorlystes.com/wp-content/uploads/2021/11/modernica-manage-pillar-hero@tablet-2x-3ebc29d68441f023cd2257f20d35ab678324f87fb386b0a9ccd56570980caef2.jpeg',NULL,'first-content-image',NULL,NULL,NULL,NULL,'2022-04-24 19:56:55','2023-03-22 07:32:15',8,NULL,NULL,NULL,NULL,0,5,2,'2021-11-14 05:57:36','2021-11-14 05:57:36'),(71,'https://mentorlystes.com/tunneldevente/paiement-en-10x/','53:5114ba90294d8a0c62b0fc9a0d0779c5',23521,'post','page',1,0,NULL,NULL,'Paiement en 10x','publish',NULL,0,NULL,NULL,NULL,NULL,NULL,30,0,NULL,0,NULL,NULL,NULL,NULL,'https://mentorlystes.com/wp-content/uploads/2021/11/modernica-manage-pillar-hero@tablet-2x-3ebc29d68441f023cd2257f20d35ab678324f87fb386b0a9ccd56570980caef2.jpeg',NULL,NULL,'first-content-image',NULL,NULL,'https://mentorlystes.com/wp-content/uploads/2021/11/modernica-manage-pillar-hero@tablet-2x-3ebc29d68441f023cd2257f20d35ab678324f87fb386b0a9ccd56570980caef2.jpeg',NULL,'first-content-image',NULL,NULL,NULL,NULL,'2022-04-24 19:56:55','2023-02-13 07:56:48',8,NULL,NULL,NULL,NULL,0,5,2,'2021-11-14 05:56:52','2021-11-14 05:56:52'),(72,'https://mentorlystes.com/tunneldevente/pay-3/','43:9fe31a7a450f69bc64d66e4275598fc2',23519,'post','page',1,0,'mentorlystes - Proposez le paiement en plusieurs fois à vos clients','Offrez à vos clients la liberté de payer à leur rythme avec le paiement en plusieurs fois. Améliorez leur expérience de paiement et augmentez votre CA de 20%','Paiement en plusieurs fois','publish',NULL,0,NULL,NULL,NULL,'Paiement en plusieurs fois',64,30,0,NULL,0,NULL,NULL,NULL,'mentorlystes - Proposez le paiement en plusieurs fois à vos clients','','Offrez à vos clients la liberté de payer à leur rythme avec le paiement en plusieurs fois. Améliorez leur expérience de paiement et augmentez votre CA de 20%','560229','set-by-user','mentorlystes - Proposez le paiement en plusieurs fois à vos clients','Offrez à vos clients la liberté de payer à leur rythme avec le paiement en plusieurs fois. Améliorez leur expérience de paiement et augmentez votre CA de 20%','https://mentorlystes.com/wp-content/uploads/2022/03/124519570_851990275568260_8848328365585395596_n.jpeg','560229','set-by-user',NULL,NULL,NULL,NULL,'2022-04-24 19:56:55','2023-02-13 07:56:48',8,NULL,NULL,NULL,NULL,0,16,2,'2021-11-14 05:55:37','2021-11-14 05:55:37'),(73,'https://mentorlystes.com/tunneldevente/paiement-par-lien/','55:7edd74d8909ffa4881097cb58e805fe5',23249,'post','page',1,0,NULL,NULL,'Paiement par lien','publish',NULL,0,NULL,NULL,NULL,NULL,NULL,30,0,NULL,0,NULL,NULL,NULL,NULL,'https://mentorlystes.com/wp-content/uploads/2021/11/modernica-manage-pillar-hero@tablet-2x-3ebc29d68441f023cd2257f20d35ab678324f87fb386b0a9ccd56570980caef2.jpeg',NULL,NULL,'first-content-image',NULL,NULL,'https://mentorlystes.com/wp-content/uploads/2021/11/modernica-manage-pillar-hero@tablet-2x-3ebc29d68441f023cd2257f20d35ab678324f87fb386b0a9ccd56570980caef2.jpeg',NULL,'first-content-image',NULL,NULL,NULL,NULL,'2022-04-24 19:56:55','2023-02-13 07:56:48',8,NULL,NULL,NULL,NULL,0,5,2,'2021-11-14 06:38:50','2021-11-14 06:38:50'),(74,'https://mentorlystes.com/tunneldevente/paiement-par-qr-code/','58:1c6bc2fa07e9732a9f7f97839c7fafbc',23527,'post','page',1,0,NULL,NULL,'Paiement par qr code','publish',NULL,0,NULL,NULL,NULL,NULL,NULL,30,0,NULL,0,NULL,NULL,NULL,NULL,'https://mentorlystes.com/wp-content/uploads/2021/11/photo.jpeg',NULL,NULL,'first-content-image',NULL,NULL,'https://mentorlystes.com/wp-content/uploads/2021/11/photo.jpeg',NULL,'first-content-image',NULL,NULL,NULL,NULL,'2022-04-24 19:56:55','2023-02-13 07:56:48',8,NULL,NULL,NULL,NULL,0,4,2,'2021-11-14 06:26:44','2021-11-14 06:26:44'),(75,'https://mentorlystes.com/tunneldevente/panier/','44:6cfa1ec637dc557ed2233d4a520487ae',6,'post','page',1,0,NULL,NULL,'Panier','publish',NULL,0,NULL,NULL,NULL,NULL,NULL,0,0,NULL,0,NULL,NULL,NULL,NULL,NULL,NULL,NULL,NULL,NULL,NULL,NULL,NULL,NULL,NULL,NULL,NULL,NULL,'2022-04-24 19:56:55','2023-02-13 07:56:48',8,NULL,NULL,NULL,NULL,0,NULL,2,'2022-04-24 18:54:57','2022-04-24 18:54:57'),(77,'https://mentorlystes.com/tunneldevente/pay-by-qrcode/','51:46abd6d6a0bda0674d606d01b194d34f',436,'post','page',1,0,NULL,NULL,'Pay by qrcode','publish',NULL,0,NULL,NULL,NULL,NULL,NULL,30,0,NULL,0,NULL,NULL,NULL,NULL,'https://mentorlystes.com/wp-content/uploads/2021/11/124519570_851990275568260_8848328365585395596_n.jpeg',NULL,NULL,'first-content-image',NULL,NULL,'https://mentorlystes.com/wp-content/uploads/2021/11/124519570_851990275568260_8848328365585395596_n.jpeg',NULL,'first-content-image',NULL,NULL,NULL,NULL,'2022-04-24 19:56:55','2023-02-13 07:56:48',8,NULL,NULL,NULL,NULL,0,NULL,2,'2022-01-19 00:55:24','2022-01-19 00:55:24'),(78,'https://mentorlystes.com/tunneldevente/personnal-shopper/','57:5594251399c474052e10d8a04db2d4aa',560547,'post','page',1,0,NULL,NULL,'Personnal shopper','publish',NULL,0,NULL,NULL,NULL,NULL,NULL,60,0,NULL,0,NULL,NULL,NULL,NULL,'https://mentorlystes.com/wp-content/uploads/2021/11/modernica-manage-pillar-hero@tablet-2x-3ebc29d68441f023cd2257f20d35ab678324f87fb386b0a9ccd56570980caef2.jpeg',NULL,NULL,'first-content-image',NULL,NULL,'https://mentorlystes.com/wp-content/uploads/2021/11/modernica-manage-pillar-hero@tablet-2x-3ebc29d68441f023cd2257f20d35ab678324f87fb386b0a9ccd56570980caef2.jpeg',NULL,'first-content-image',NULL,NULL,NULL,NULL,'2022-04-24 19:56:55','2023-03-25 23:01:11',8,NULL,NULL,NULL,NULL,0,3,2,'2022-03-29 10:05:09','2022-03-29 10:05:09'),(79,'https://mentorlystes.com/tunneldevente/legal/','43:4636ba31bb0efb173448653ef6b41090',560510,'post','page',1,0,NULL,NULL,'Politique de confidentialité','publish',NULL,0,NULL,NULL,NULL,NULL,NULL,30,0,NULL,0,NULL,NULL,NULL,NULL,NULL,NULL,NULL,NULL,NULL,NULL,NULL,NULL,NULL,NULL,NULL,NULL,NULL,'2022-04-24 19:56:55','2023-02-13 07:56:48',8,NULL,NULL,NULL,NULL,0,13,2,'2022-03-15 21:29:07','2022-03-15 21:29:07'),(80,NULL,NULL,9,'post','page',1,0,NULL,NULL,'Politique en matière de remboursements et de retours','draft',0,0,NULL,NULL,NULL,NULL,NULL,0,0,NULL,0,NULL,NULL,NULL,NULL,NULL,NULL,NULL,NULL,NULL,NULL,NULL,NULL,NULL,NULL,NULL,NULL,NULL,'2022-04-24 19:56:55','2022-05-15 06:56:28',7,NULL,NULL,NULL,NULL,0,NULL,0,'0000-00-00 00:00:00','0000-00-00 00:00:00'),(81,'https://mentorlystes.com/tunneldevente/presse-2/','48:9d4ac2513c9bd414093acdd1f07a7ddb',23600,'post','page',1,0,NULL,NULL,'Presse','publish',NULL,0,NULL,NULL,NULL,NULL,NULL,30,0,NULL,0,NULL,NULL,NULL,NULL,'https://mentorlystes.com/wp-content/uploads/2021/11/modernica-manage-pillar-hero@tablet-2x-3ebc29d68441f023cd2257f20d35ab678324f87fb386b0a9ccd56570980caef2.jpeg',NULL,NULL,'first-content-image',NULL,NULL,'https://mentorlystes.com/wp-content/uploads/2021/11/modernica-manage-pillar-hero@tablet-2x-3ebc29d68441f023cd2257f20d35ab678324f87fb386b0a9ccd56570980caef2.jpeg',NULL,'first-content-image',NULL,NULL,NULL,NULL,'2022-04-24 19:56:55','2023-04-18 12:05:59',8,NULL,NULL,NULL,NULL,0,5,2,'2021-11-14 13:11:47','2021-11-14 13:11:47'),(83,'https://mentorlystes.com/tunneldevente/data/','42:0ef00d2e7448566367da6f9bf09a9f3b',560508,'post','page',1,0,NULL,NULL,'PROTECTION DES DONNÉES','publish',NULL,0,NULL,NULL,NULL,NULL,NULL,30,0,NULL,0,NULL,NULL,NULL,NULL,NULL,NULL,NULL,NULL,NULL,NULL,NULL,NULL,NULL,NULL,NULL,NULL,NULL,'2022-04-24 19:56:55','2023-02-13 07:56:48',8,NULL,NULL,NULL,NULL,0,9,2,'2022-03-15 21:26:03','2022-03-15 21:26:03'),(84,'https://mentorlystes.com/tunneldevente/question-frequentes/','57:cf84506de0c1fd3db8378f7e0339e069',560018,'post','page',1,0,NULL,NULL,'Question fréquentes','publish',NULL,0,NULL,NULL,NULL,NULL,NULL,60,0,NULL,0,NULL,NULL,NULL,NULL,NULL,NULL,NULL,NULL,NULL,NULL,NULL,NULL,NULL,NULL,NULL,NULL,NULL,'2022-04-24 19:56:55','2023-02-13 07:56:48',8,NULL,NULL,NULL,NULL,0,3,2,'2022-01-31 11:20:57','2022-01-31 11:20:57'),(85,'https://mentorlystes.com/tunneldevente/rdv/','41:138e950bf6ee43b84a442b7901b0cfa9',560429,'post','page',1,0,NULL,NULL,'Rdv','publish',NULL,0,NULL,NULL,NULL,NULL,NULL,60,0,NULL,0,NULL,NULL,NULL,NULL,NULL,NULL,NULL,NULL,NULL,NULL,NULL,NULL,NULL,NULL,NULL,NULL,NULL,'2022-04-24 19:56:55','2023-02-13 07:56:48',8,NULL,NULL,NULL,NULL,0,1,2,'2022-03-06 18:25:40','2022-03-06 18:25:40'),(87,'https://mentorlystes.com/tunneldevente/shop-social-media/','57:ac7b2286aef6134ba8559824117e8e05',23529,'post','page',1,0,NULL,NULL,'Solution social shop','publish',NULL,0,NULL,NULL,NULL,NULL,NULL,30,0,NULL,0,NULL,NULL,NULL,NULL,'https://mentorlystes.com/wp-content/uploads/2021/11/124519570_851990275568260_8848328365585395596_n.jpeg',NULL,NULL,'first-content-image',NULL,NULL,'https://mentorlystes.com/wp-content/uploads/2021/11/124519570_851990275568260_8848328365585395596_n.jpeg',NULL,'first-content-image',NULL,NULL,NULL,NULL,'2022-04-24 19:56:55','2023-03-25 01:31:40',8,NULL,NULL,NULL,NULL,0,4,2,'2021-11-14 06:02:38','2021-11-14 06:02:38'),(88,'https://mentorlystes.com/tunneldevente/studio/','44:b482f4dd8c5ffc18a25ecdb9dff76b8c',23534,'post','page',1,0,NULL,NULL,'Studio','publish',NULL,0,NULL,NULL,NULL,NULL,NULL,30,0,NULL,0,NULL,NULL,NULL,NULL,'https://mentorlystes.com/wp-content/uploads/2021/11/20151009_CP_0879_copie_ji2ni2-683x1024-1.jpeg',NULL,NULL,'first-content-image',NULL,NULL,'https://mentorlystes.com/wp-content/uploads/2021/11/20151009_CP_0879_copie_ji2ni2-683x1024-1.jpeg',NULL,'first-content-image',NULL,NULL,NULL,NULL,'2022-04-24 19:56:55','2023-02-13 07:56:48',8,NULL,NULL,NULL,NULL,0,3,2,'2021-11-14 06:07:16','2021-11-14 06:07:16'),(89,'https://mentorlystes.com/tunneldevente/temoignages-clients/','57:722104eb471a156dff4c2c0bdf6414af',553149,'post','page',1,0,'Aston iTF - Le logiciel SaaS du Credit Manager digital','Avec notre logiciel SaaS devenez le Credit Manager digital que vous souhaitez : Analyse de la performance avec nos tableaux de bord métier en temps réel, analyse du risque clients avec notre scoring intelligent, automatisation de la relance et du recouvrement, pilotage de assurance-crédit et de votre affacturage.','Témoignages clients','publish',NULL,0,NULL,NULL,NULL,'Credit Manager',38,0,0,NULL,0,NULL,NULL,NULL,NULL,NULL,NULL,NULL,NULL,NULL,NULL,NULL,NULL,NULL,NULL,NULL,NULL,NULL,'2022-04-24 19:56:55','2023-02-13 07:56:48',8,NULL,NULL,NULL,NULL,0,NULL,2,'2019-04-18 13:31:49','2019-04-18 13:31:49'),(91,NULL,NULL,7,'post','page',1,0,NULL,NULL,'Validation de la commande','publish',NULL,0,NULL,NULL,NULL,NULL,NULL,0,0,NULL,0,NULL,NULL,NULL,NULL,NULL,NULL,NULL,NULL,NULL,NULL,NULL,NULL,NULL,NULL,NULL,NULL,NULL,'2022-04-24 19:56:55','2022-05-15 06:56:28',7,NULL,NULL,NULL,NULL,0,NULL,0,'2022-04-24 18:54:57','2022-04-24 18:54:57'),(94,NULL,NULL,560613,'post','wp_global_styles',1,0,NULL,NULL,'Custom Styles','publish',NULL,0,NULL,NULL,NULL,NULL,NULL,0,0,NULL,0,NULL,NULL,NULL,NULL,NULL,NULL,NULL,NULL,NULL,NULL,NULL,NULL,NULL,NULL,0,NULL,NULL,'2022-04-24 19:58:33','2022-04-26 04:54:49',7,NULL,NULL,NULL,NULL,0,NULL,0,'2022-04-24 19:58:32','2022-04-24 19:58:32'),(95,NULL,NULL,560617,'post','nav_menu_item',1,0,NULL,NULL,'Paiement en plusieurs fois','publish',NULL,0,NULL,NULL,NULL,NULL,NULL,0,0,NULL,0,NULL,NULL,NULL,NULL,NULL,NULL,NULL,NULL,NULL,NULL,NULL,NULL,NULL,NULL,0,NULL,NULL,'2022-04-24 20:02:08','2022-05-15 06:56:28',7,NULL,NULL,NULL,NULL,0,NULL,0,'2022-05-10 05:01:46','2022-04-24 20:02:41'),(99,NULL,NULL,560646,'post','nav_menu_item',1,0,NULL,NULL,'Visibilités','publish',NULL,0,NULL,NULL,NULL,NULL,NULL,0,0,NULL,0,NULL,NULL,NULL,NULL,NULL,NULL,NULL,NULL,NULL,NULL,NULL,NULL,NULL,NULL,0,NULL,NULL,'2022-04-26 02:16:00','2022-05-15 06:56:28',7,NULL,NULL,NULL,NULL,0,NULL,0,'2022-05-10 05:01:45','2022-04-26 02:16:05'),(100,NULL,NULL,560647,'post','nav_menu_item',1,0,NULL,NULL,'Avacement de trésorerie','publish',NULL,0,NULL,NULL,NULL,NULL,NULL,0,0,NULL,0,NULL,NULL,NULL,NULL,NULL,NULL,NULL,NULL,NULL,NULL,NULL,NULL,NULL,NULL,0,NULL,NULL,'2022-04-26 02:16:59','2022-05-15 06:56:28',7,NULL,NULL,NULL,NULL,0,NULL,0,'2022-05-10 05:01:46','2022-04-26 02:17:06'),(103,NULL,NULL,560661,'post','nav_menu_item',1,0,NULL,NULL,'','draft',0,0,NULL,NULL,NULL,NULL,NULL,0,0,NULL,0,NULL,NULL,NULL,NULL,NULL,NULL,NULL,NULL,NULL,NULL,NULL,NULL,NULL,NULL,NULL,NULL,NULL,'2022-04-26 05:15:57','2022-05-15 06:56:28',7,NULL,NULL,NULL,NULL,0,NULL,0,'0000-00-00 00:00:00','0000-00-00 00:00:00'),(105,NULL,NULL,560663,'post','nav_menu_item',1,0,NULL,NULL,'','publish',NULL,0,NULL,NULL,NULL,NULL,NULL,0,0,NULL,0,NULL,NULL,NULL,NULL,NULL,NULL,NULL,NULL,NULL,NULL,NULL,NULL,NULL,NULL,0,NULL,NULL,'2022-04-26 05:20:15','2022-05-15 06:56:28',7,NULL,NULL,NULL,NULL,0,NULL,0,'2022-05-10 05:01:47','2022-04-26 05:21:06'),(106,NULL,NULL,560664,'post','nav_menu_item',1,0,NULL,NULL,'','publish',NULL,0,NULL,NULL,NULL,NULL,NULL,0,0,NULL,0,NULL,NULL,NULL,NULL,NULL,NULL,NULL,NULL,NULL,NULL,NULL,NULL,NULL,NULL,0,NULL,NULL,'2022-04-26 05:20:48','2022-05-15 06:56:28',7,NULL,NULL,NULL,NULL,0,NULL,0,'2022-05-10 05:01:47','2022-04-26 05:21:07'),(107,NULL,NULL,560665,'post','nav_menu_item',1,0,NULL,NULL,'','publish',NULL,0,NULL,NULL,NULL,NULL,NULL,0,0,NULL,0,NULL,NULL,NULL,NULL,NULL,NULL,NULL,NULL,NULL,NULL,NULL,NULL,NULL,NULL,0,NULL,NULL,'2022-04-26 05:20:48','2022-05-15 06:56:28',7,NULL,NULL,NULL,NULL,0,NULL,0,'2022-05-10 05:01:47','2022-04-26 05:21:07'),(108,NULL,NULL,560673,'post','attachment',1,23597,NULL,NULL,'pexels-tima-miroshnichenko-6765655','inherit',NULL,0,NULL,NULL,NULL,NULL,NULL,0,0,NULL,0,NULL,NULL,NULL,NULL,'https://mentorlystes.com/tunneldevente/wp-content/uploads/sites/8/2022/05/pexels-tima-miroshnichenko-6765655.jpg',NULL,'560673','attachment-image',NULL,NULL,NULL,'560673','attachment-image',NULL,NULL,NULL,NULL,'2022-05-10 05:27:38','2023-02-13 07:56:48',7,NULL,NULL,NULL,NULL,1,NULL,0,'2022-05-10 05:27:38','2022-05-10 05:27:38'),(109,NULL,NULL,560674,'post','attachment',1,23597,NULL,NULL,'FSUtlx2WUAYCEo_','inherit',NULL,0,NULL,NULL,NULL,NULL,NULL,0,0,NULL,0,NULL,NULL,NULL,NULL,'https://mentorlystes.com/tunneldevente/wp-content/uploads/sites/8/2022/05/FSUtlx2WUAYCEo_.jpeg',NULL,'560674','attachment-image',NULL,NULL,NULL,'560674','attachment-image',NULL,NULL,NULL,NULL,'2022-05-10 05:27:46','2023-02-13 07:56:48',7,NULL,NULL,NULL,NULL,1,NULL,0,'2022-05-10 05:27:46','2022-05-10 05:27:46'),(110,NULL,NULL,560675,'post','attachment',1,23597,NULL,NULL,'pexels-alexander-suhorucov-6457511','inherit',NULL,0,NULL,NULL,NULL,NULL,NULL,0,0,NULL,0,NULL,NULL,NULL,NULL,'https://mentorlystes.com/tunneldevente/wp-content/uploads/sites/8/2022/05/pexels-alexander-suhorucov-6457511.jpg',NULL,'560675','attachment-image',NULL,NULL,NULL,'560675','attachment-image',NULL,NULL,NULL,NULL,'2022-05-10 05:27:49','2023-02-13 07:56:48',7,NULL,NULL,NULL,NULL,1,NULL,0,'2022-05-10 05:27:49','2022-05-10 05:27:49'),(111,NULL,NULL,560676,'post','attachment',1,23597,NULL,NULL,'pexels-canva-studio-3194524','inherit',NULL,0,NULL,NULL,NULL,NULL,NULL,0,0,NULL,0,NULL,NULL,NULL,NULL,'https://mentorlystes.com/tunneldevente/wp-content/uploads/sites/8/2022/05/pexels-canva-studio-3194524.jpg',NULL,'560676','attachment-image',NULL,NULL,NULL,'560676','attachment-image',NULL,NULL,1,NULL,'2022-05-10 05:27:57','2023-02-13 07:56:48',7,NULL,NULL,NULL,NULL,1,NULL,0,'2022-05-10 05:27:57','2022-05-10 05:27:57'),(112,NULL,NULL,560677,'post','attachment',1,23597,NULL,NULL,'pexels-cottonbro-3584951','inherit',NULL,0,NULL,NULL,NULL,NULL,NULL,0,0,NULL,0,NULL,NULL,NULL,NULL,'https://mentorlystes.com/tunneldevente/wp-content/uploads/sites/8/2022/05/pexels-cottonbro-3584951.jpg',NULL,'560677','attachment-image',NULL,NULL,NULL,'560677','attachment-image',NULL,NULL,NULL,NULL,'2022-05-10 05:28:06','2023-02-13 07:56:48',7,NULL,NULL,NULL,NULL,1,NULL,0,'2022-05-10 05:28:06','2022-05-10 05:28:06'),(113,NULL,NULL,560678,'post','attachment',1,23597,NULL,NULL,'pexels-cottonbro-4009760','inherit',NULL,0,NULL,NULL,NULL,NULL,NULL,0,0,NULL,0,NULL,NULL,NULL,NULL,'https://mentorlystes.com/tunneldevente/wp-content/uploads/sites/8/2022/05/pexels-cottonbro-4009760.jpg',NULL,'560678','attachment-image',NULL,NULL,NULL,'560678','attachment-image',NULL,NULL,NULL,NULL,'2022-05-10 05:28:15','2023-02-13 07:56:48',7,NULL,NULL,NULL,NULL,1,NULL,0,'2022-05-10 05:28:15','2022-05-10 05:28:15'),(114,NULL,NULL,560679,'post','attachment',1,23597,NULL,NULL,'pexels-cottonbro-5990272','inherit',NULL,0,NULL,NULL,NULL,NULL,NULL,0,0,NULL,0,NULL,NULL,NULL,NULL,'https://mentorlystes.com/tunneldevente/wp-content/uploads/sites/8/2022/05/pexels-cottonbro-5990272.jpg',NULL,'560679','attachment-image',NULL,NULL,NULL,'560679','attachment-image',NULL,NULL,0,NULL,'2022-05-10 05:28:23','2023-02-13 07:56:48',7,NULL,NULL,NULL,NULL,1,NULL,0,'2022-05-10 05:28:23','2022-05-10 05:28:23'),(115,NULL,NULL,560680,'post','attachment',1,23597,NULL,NULL,'pexels-jack-sparrow-5918183','inherit',NULL,0,NULL,NULL,NULL,NULL,NULL,0,0,NULL,0,NULL,NULL,NULL,NULL,'https://mentorlystes.com/tunneldevente/wp-content/uploads/sites/8/2022/05/pexels-jack-sparrow-5918183.jpg',NULL,'560680','attachment-image',NULL,NULL,NULL,'560680','attachment-image',NULL,NULL,1,NULL,'2022-05-10 05:28:32','2023-02-13 07:56:48',7,NULL,NULL,NULL,NULL,1,NULL,0,'2022-05-10 05:28:31','2022-05-10 05:28:31'),(116,NULL,NULL,560681,'post','attachment',1,23597,NULL,NULL,'pexels-jack-sparrow-5918185','inherit',NULL,0,NULL,NULL,NULL,NULL,NULL,0,0,NULL,0,NULL,NULL,NULL,NULL,'https://mentorlystes.com/tunneldevente/wp-content/uploads/sites/8/2022/05/pexels-jack-sparrow-5918185.jpg',NULL,'560681','attachment-image',NULL,NULL,NULL,'560681','attachment-image',NULL,NULL,1,NULL,'2022-05-10 05:28:43','2023-02-13 07:56:48',7,NULL,NULL,NULL,NULL,1,NULL,0,'2022-05-10 05:28:43','2022-05-10 05:28:43'),(117,NULL,NULL,560682,'post','attachment',1,23597,NULL,NULL,'pexels-karolina-grabowska-4476631','inherit',NULL,0,NULL,NULL,NULL,NULL,NULL,0,0,NULL,0,NULL,NULL,NULL,NULL,'https://mentorlystes.com/tunneldevente/wp-content/uploads/sites/8/2022/05/pexels-karolina-grabowska-4476631.jpg',NULL,'560682','attachment-image',NULL,NULL,NULL,'560682','attachment-image',NULL,NULL,NULL,NULL,'2022-05-10 05:29:05','2023-02-13 07:56:48',7,NULL,NULL,NULL,NULL,1,NULL,0,'2022-05-10 05:29:05','2022-05-10 05:29:05'),(118,NULL,NULL,560683,'post','attachment',1,23597,NULL,NULL,'pexels-karolina-grabowska-4491455','inherit',NULL,0,NULL,NULL,NULL,NULL,NULL,0,0,NULL,0,NULL,NULL,NULL,NULL,'https://mentorlystes.com/tunneldevente/wp-content/uploads/sites/8/2022/05/pexels-karolina-grabowska-4491455.jpg',NULL,'560683','attachment-image',NULL,NULL,NULL,'560683','attachment-image',NULL,NULL,NULL,NULL,'2022-05-10 05:29:12','2023-02-13 07:56:48',7,NULL,NULL,NULL,NULL,1,NULL,0,'2022-05-10 05:29:12','2022-05-10 05:29:12'),(119,NULL,NULL,560684,'post','attachment',1,23597,NULL,NULL,'pexels-karolina-grabowska-4491456','inherit',NULL,0,NULL,NULL,NULL,NULL,NULL,0,0,NULL,0,NULL,NULL,NULL,NULL,'https://mentorlystes.com/tunneldevente/wp-content/uploads/sites/8/2022/05/pexels-karolina-grabowska-4491456.jpg',NULL,'560684','attachment-image',NULL,NULL,NULL,'560684','attachment-image',NULL,NULL,NULL,NULL,'2022-05-10 05:29:19','2023-02-13 07:56:48',7,NULL,NULL,NULL,NULL,1,NULL,0,'2022-05-10 05:29:19','2022-05-10 05:29:19'),(120,NULL,NULL,560685,'post','attachment',1,23597,NULL,NULL,'pexels-karolina-grabowska-4491469','inherit',NULL,0,NULL,NULL,NULL,NULL,NULL,0,0,NULL,0,NULL,NULL,NULL,NULL,'https://mentorlystes.com/tunneldevente/wp-content/uploads/sites/8/2022/05/pexels-karolina-grabowska-4491469.jpg',NULL,'560685','attachment-image',NULL,NULL,NULL,'560685','attachment-image',NULL,NULL,NULL,NULL,'2022-05-10 05:29:40','2023-02-13 07:56:48',7,NULL,NULL,NULL,NULL,1,NULL,0,'2022-05-10 05:29:40','2022-05-10 05:29:40'),(121,NULL,NULL,560686,'post','attachment',1,23597,NULL,NULL,'pexels-karolina-grabowska-8528571','inherit',NULL,0,NULL,NULL,NULL,NULL,NULL,0,0,NULL,0,NULL,NULL,NULL,NULL,'https://mentorlystes.com/tunneldevente/wp-content/uploads/sites/8/2022/05/pexels-karolina-grabowska-8528571.jpg',NULL,'560686','attachment-image',NULL,NULL,NULL,'560686','attachment-image',NULL,NULL,NULL,NULL,'2022-05-10 05:30:01','2023-02-13 07:56:48',7,NULL,NULL,NULL,NULL,1,NULL,0,'2022-05-10 05:30:01','2022-05-10 05:30:01'),(122,NULL,NULL,560687,'post','attachment',1,23597,NULL,NULL,'pexels-ksenia-chernaya-3965557','inherit',NULL,0,NULL,NULL,NULL,NULL,NULL,0,0,NULL,0,NULL,NULL,NULL,NULL,'https://mentorlystes.com/tunneldevente/wp-content/uploads/sites/8/2022/05/pexels-ksenia-chernaya-3965557.jpg',NULL,'560687','attachment-image',NULL,NULL,NULL,'560687','attachment-image',NULL,NULL,NULL,NULL,'2022-05-10 05:30:19','2023-02-13 07:56:48',7,NULL,NULL,NULL,NULL,1,NULL,0,'2022-05-10 05:30:18','2022-05-10 05:30:18'),(123,NULL,NULL,560688,'post','attachment',1,23597,NULL,NULL,'pexels-liza-summer-6347900','inherit',NULL,0,NULL,NULL,NULL,NULL,NULL,0,0,NULL,0,NULL,NULL,NULL,NULL,'https://mentorlystes.com/tunneldevente/wp-content/uploads/sites/8/2022/05/pexels-liza-summer-6347900.jpg',NULL,'560688','attachment-image',NULL,NULL,NULL,'560688','attachment-image',NULL,NULL,NULL,NULL,'2022-05-10 05:30:36','2023-02-13 07:56:48',7,NULL,NULL,NULL,NULL,1,NULL,0,'2022-05-10 05:30:36','2022-05-10 05:30:36'),(124,NULL,NULL,560689,'post','attachment',1,23597,NULL,NULL,'pexels-liza-summer-6347921','inherit',NULL,0,NULL,NULL,NULL,NULL,NULL,0,0,NULL,0,NULL,NULL,NULL,NULL,'https://mentorlystes.com/tunneldevente/wp-content/uploads/sites/8/2022/05/pexels-liza-summer-6347921.jpg',NULL,'560689','attachment-image',NULL,NULL,NULL,'560689','attachment-image',NULL,NULL,1,NULL,'2022-05-10 05:30:55','2023-02-13 07:56:48',7,NULL,NULL,NULL,NULL,1,NULL,0,'2022-05-10 05:30:55','2022-05-10 05:30:55'),(125,NULL,NULL,560690,'post','attachment',1,23597,NULL,NULL,'pexels-los-muertos-crew-10041258','inherit',NULL,0,NULL,NULL,NULL,NULL,NULL,0,0,NULL,0,NULL,NULL,NULL,NULL,'https://mentorlystes.com/tunneldevente/wp-content/uploads/sites/8/2022/05/pexels-los-muertos-crew-10041258.jpg',NULL,'560690','attachment-image',NULL,NULL,NULL,'560690','attachment-image',NULL,NULL,NULL,NULL,'2022-05-10 05:31:12','2023-02-13 07:56:48',7,NULL,NULL,NULL,NULL,1,NULL,0,'2022-05-10 05:31:12','2022-05-10 05:31:12'),(126,NULL,NULL,560691,'post','attachment',1,23597,NULL,NULL,'pexels-maria-gloss-4197691','inherit',NULL,0,NULL,NULL,NULL,NULL,NULL,0,0,NULL,0,NULL,NULL,NULL,NULL,'https://mentorlystes.com/tunneldevente/wp-content/uploads/sites/8/2022/05/pexels-maria-gloss-4197691.jpg',NULL,'560691','attachment-image',NULL,NULL,NULL,'560691','attachment-image',NULL,NULL,NULL,NULL,'2022-05-10 05:31:29','2023-02-13 07:56:48',7,NULL,NULL,NULL,NULL,1,NULL,0,'2022-05-10 05:31:29','2022-05-10 05:31:29'),(127,NULL,NULL,560692,'post','attachment',1,23597,NULL,NULL,'pexels-mikhail-nilov-6592547','inherit',NULL,0,NULL,NULL,NULL,NULL,NULL,0,0,NULL,0,NULL,NULL,NULL,NULL,'https://mentorlystes.com/tunneldevente/wp-content/uploads/sites/8/2022/05/pexels-mikhail-nilov-6592547.jpg',NULL,'560692','attachment-image',NULL,NULL,NULL,'560692','attachment-image',NULL,NULL,NULL,NULL,'2022-05-10 05:31:34','2023-02-13 07:56:48',7,NULL,NULL,NULL,NULL,1,NULL,0,'2022-05-10 05:31:34','2022-05-10 05:31:34'),(128,NULL,NULL,560693,'post','attachment',1,23597,NULL,NULL,'pexels-pavel-danilyuk-8424577','inherit',NULL,0,NULL,NULL,NULL,NULL,NULL,0,0,NULL,0,NULL,NULL,NULL,NULL,'https://mentorlystes.com/tunneldevente/wp-content/uploads/sites/8/2022/05/pexels-pavel-danilyuk-8424577.jpg',NULL,'560693','attachment-image',NULL,NULL,NULL,'560693','attachment-image',NULL,NULL,0,NULL,'2022-05-10 05:31:43','2023-02-13 07:56:48',7,NULL,NULL,NULL,NULL,1,NULL,0,'2022-05-10 05:31:43','2022-05-10 05:31:43'),(129,NULL,NULL,560694,'post','attachment',1,23597,NULL,NULL,'pexels-rodnae-productions-5921419','inherit',NULL,0,NULL,NULL,NULL,NULL,NULL,0,0,NULL,0,NULL,NULL,NULL,NULL,'https://mentorlystes.com/tunneldevente/wp-content/uploads/sites/8/2022/05/pexels-rodnae-productions-5921419.jpg',NULL,'560694','attachment-image',NULL,NULL,NULL,'560694','attachment-image',NULL,NULL,NULL,NULL,'2022-05-10 05:31:50','2023-02-13 07:56:48',7,NULL,NULL,NULL,NULL,1,NULL,0,'2022-05-10 05:31:50','2022-05-10 05:31:50'),(130,NULL,NULL,560695,'post','attachment',1,23597,NULL,NULL,'pexels-thisisengineering-3861447','inherit',NULL,0,NULL,NULL,NULL,NULL,NULL,0,0,NULL,0,NULL,NULL,NULL,NULL,'https://mentorlystes.com/tunneldevente/wp-content/uploads/sites/8/2022/05/pexels-thisisengineering-3861447.jpg',NULL,'560695','attachment-image',NULL,NULL,NULL,'560695','attachment-image',NULL,NULL,NULL,NULL,'2022-05-10 05:32:00','2023-02-13 07:56:48',7,NULL,NULL,NULL,NULL,1,NULL,0,'2022-05-10 05:31:59','2022-05-10 05:31:59'),(131,NULL,NULL,560697,'post','attachment',1,560591,NULL,NULL,'pexels-karolina-grabowska-4491455','inherit',NULL,0,NULL,NULL,NULL,NULL,NULL,0,0,NULL,0,NULL,NULL,NULL,NULL,'https://mentorlystes.com/tunneldevente/wp-content/uploads/sites/8/2022/05/pexels-karolina-grabowska-4491455-1.jpg',NULL,'560697','attachment-image',NULL,NULL,NULL,'560697','attachment-image',NULL,NULL,1,NULL,'2022-05-10 05:37:52','2023-02-13 07:56:48',7,NULL,NULL,NULL,NULL,1,NULL,0,'2022-05-10 05:37:52','2022-05-10 05:37:52'),(132,NULL,NULL,560698,'post','attachment',1,560591,NULL,NULL,'pexels-karolina-grabowska-4491456','inherit',NULL,0,NULL,NULL,NULL,NULL,NULL,0,0,NULL,0,NULL,NULL,NULL,NULL,'https://mentorlystes.com/tunneldevente/wp-content/uploads/sites/8/2022/05/pexels-karolina-grabowska-4491456-1.jpg',NULL,'560698','attachment-image',NULL,NULL,NULL,'560698','attachment-image',NULL,NULL,NULL,NULL,'2022-05-10 05:37:59','2023-02-13 07:56:48',7,NULL,NULL,NULL,NULL,1,NULL,0,'2022-05-10 05:37:59','2022-05-10 05:37:59'),(133,NULL,NULL,560699,'post','attachment',1,560591,NULL,NULL,'pexels-rodnae-productions-8124186','inherit',NULL,0,NULL,NULL,NULL,NULL,NULL,0,0,NULL,0,NULL,NULL,NULL,NULL,'https://mentorlystes.com/tunneldevente/wp-content/uploads/sites/8/2022/05/pexels-rodnae-productions-8124186.jpg',NULL,'560699','attachment-image',NULL,NULL,NULL,'560699','attachment-image',NULL,NULL,0,NULL,'2022-05-10 05:38:06','2023-02-13 07:56:48',7,NULL,NULL,NULL,NULL,1,NULL,0,'2022-05-10 05:38:06','2022-05-10 05:38:06'),(134,NULL,NULL,560700,'post','attachment',1,560591,NULL,NULL,'pexels-anna-shvets-5324923','inherit',NULL,0,NULL,NULL,NULL,NULL,NULL,0,0,NULL,0,NULL,NULL,NULL,NULL,'https://mentorlystes.com/tunneldevente/wp-content/uploads/sites/8/2022/05/pexels-anna-shvets-5324923.jpg',NULL,'560700','attachment-image',NULL,NULL,NULL,'560700','attachment-image',NULL,NULL,2,NULL,'2022-05-10 05:38:16','2023-02-13 07:56:48',7,NULL,NULL,NULL,NULL,1,NULL,0,'2022-05-10 05:38:16','2022-05-10 05:38:16'),(135,NULL,NULL,560701,'post','attachment',1,560591,NULL,NULL,'pexels-karolina-grabowska-4476631','inherit',NULL,0,NULL,NULL,NULL,NULL,NULL,0,0,NULL,0,NULL,NULL,NULL,NULL,'https://mentorlystes.com/tunneldevente/wp-content/uploads/sites/8/2022/05/pexels-karolina-grabowska-4476631-1.jpg',NULL,'560701','attachment-image',NULL,NULL,NULL,'560701','attachment-image',NULL,NULL,NULL,NULL,'2022-05-10 05:38:24','2023-02-13 07:56:48',7,NULL,NULL,NULL,NULL,1,NULL,0,'2022-05-10 05:38:24','2022-05-10 05:38:24'),(136,NULL,NULL,560704,'post','attachment',1,560280,NULL,NULL,'Capture-décran-2022-03-03-à-23.56.25-811&#215;1024-2','inherit',NULL,0,NULL,NULL,NULL,NULL,NULL,0,0,NULL,0,NULL,NULL,NULL,NULL,'https://mentorlystes.com/tunneldevente/wp-content/uploads/sites/8/2022/05/Capture-décran-2022-03-03-à-23.56.25-811x1024-2.png',NULL,'560704','attachment-image',NULL,NULL,NULL,'560704','attachment-image',NULL,NULL,0,NULL,'2022-05-10 05:52:27','2023-02-13 07:56:48',7,NULL,NULL,NULL,NULL,1,NULL,0,'2022-05-10 05:52:27','2022-05-10 05:52:27'),(137,NULL,NULL,560705,'post','attachment',1,560280,NULL,NULL,'01-new-2','inherit',NULL,0,NULL,NULL,NULL,NULL,NULL,0,0,NULL,0,NULL,NULL,NULL,NULL,'https://mentorlystes.com/tunneldevente/wp-content/uploads/sites/8/2022/05/01-new-2.png',NULL,'560705','attachment-image',NULL,NULL,NULL,'560705','attachment-image',NULL,NULL,NULL,NULL,'2022-05-10 05:52:29','2023-02-13 07:56:48',7,NULL,NULL,NULL,NULL,1,NULL,0,'2022-05-10 05:52:29','2022-05-10 05:52:29'),(138,NULL,NULL,560706,'post','attachment',1,560280,NULL,NULL,'Capture-décran-2022-03-03-à-23.56.25-811&#215;1024-2','inherit',NULL,0,NULL,NULL,NULL,NULL,NULL,0,0,NULL,0,NULL,NULL,NULL,NULL,'https://mentorlystes.com/tunneldevente/wp-content/uploads/sites/8/2022/05/Capture-décran-2022-03-03-à-23.56.25-811x1024-2-1.png',NULL,'560706','attachment-image',NULL,NULL,NULL,'560706','attachment-image',NULL,NULL,1,NULL,'2022-05-10 05:52:37','2023-02-13 07:56:48',7,NULL,NULL,NULL,NULL,1,NULL,0,'2022-05-10 05:52:37','2022-05-10 05:52:37'),(139,NULL,NULL,560707,'post','attachment',1,560280,NULL,NULL,'01-new-2','inherit',NULL,0,NULL,NULL,NULL,NULL,NULL,0,0,NULL,0,NULL,NULL,NULL,NULL,'https://mentorlystes.com/tunneldevente/wp-content/uploads/sites/8/2022/05/01-new-2-1.png',NULL,'560707','attachment-image',NULL,NULL,NULL,'560707','attachment-image',NULL,NULL,1,NULL,'2022-05-10 05:52:39','2023-02-13 07:56:48',7,NULL,NULL,NULL,NULL,1,NULL,0,'2022-05-10 05:52:39','2022-05-10 05:52:39'),(140,'https://mentorlystes.com/tunneldevente/?cartflows_flow=formation-gratuite','71:19c6df0c27b0a4e5e51823ec28fa4bd1',560717,'post','cartflows_flow',1,0,NULL,NULL,'Formation Gratuite','publish',NULL,0,NULL,NULL,NULL,NULL,NULL,0,0,NULL,0,NULL,NULL,NULL,NULL,NULL,NULL,NULL,NULL,NULL,NULL,NULL,NULL,NULL,NULL,0,NULL,NULL,'2022-05-15 07:30:46','2023-02-13 07:56:48',8,NULL,NULL,NULL,NULL,0,NULL,2,'2022-05-15 07:30:46','2022-05-15 07:30:46'),(141,'https://mentorlystes.com/tunneldevente/cartflows_step/sales-landing/','66:e66813d51b36baf92acc2fc0a0f6bf6f',560718,'post','cartflows_step',1,0,NULL,NULL,'Sales Landing','publish',NULL,0,NULL,NULL,NULL,NULL,NULL,90,0,NULL,0,NULL,NULL,NULL,NULL,'http://mentorlystes.com/tunneldevente/wp-content/uploads/sites/8/2022/05/marketing-author.jpeg',NULL,NULL,'first-content-image',NULL,NULL,'http://mentorlystes.com/tunneldevente/wp-content/uploads/sites/8/2022/05/marketing-author.jpeg',NULL,'first-content-image',NULL,0,NULL,NULL,'2022-05-15 07:30:46','2023-02-13 07:56:48',8,NULL,NULL,NULL,NULL,0,2,2,'2022-05-15 08:46:16','2022-05-15 07:30:46'),(142,'https://mentorlystes.com/tunneldevente/cartflows_step/checkout-woo/','65:f31ab08f0f4907dfb4095bd4a3dabedd',560719,'post','cartflows_step',1,0,NULL,NULL,'Checkout (Woo)','publish',NULL,0,NULL,NULL,NULL,NULL,NULL,0,0,NULL,0,NULL,NULL,NULL,NULL,NULL,NULL,NULL,NULL,NULL,NULL,NULL,NULL,NULL,NULL,0,NULL,NULL,'2022-05-15 07:30:47','2023-02-13 07:56:48',8,NULL,NULL,NULL,NULL,0,NULL,2,'2022-05-15 07:30:47','2022-05-15 07:30:47'),(143,'https://mentorlystes.com/tunneldevente/cartflows_step/thank-you-woo/','66:6ce0e4a8b7493f31aade4f57ac53ba01',560720,'post','cartflows_step',1,0,NULL,NULL,'Thank You (Woo)','publish',NULL,0,NULL,NULL,NULL,NULL,NULL,0,0,NULL,0,NULL,NULL,NULL,NULL,NULL,NULL,NULL,NULL,NULL,NULL,NULL,NULL,NULL,NULL,0,NULL,NULL,'2022-05-15 07:30:48','2023-02-13 07:56:48',8,NULL,NULL,NULL,NULL,0,NULL,2,'2022-05-15 07:30:47','2022-05-15 07:30:47'),(144,'http://mentorlystes.com/tunneldevente/wp-content/uploads/sites/8/2022/05/kamarajustine_274522718_1108733943302150_4599876826966874949_n.jpg','137:23d6e8bd358ccab805fb3efbb1e4fc6c',560722,'post','attachment',1,560718,NULL,NULL,'kamarajustine_274522718_1108733943302150_4599876826966874949_n','inherit',NULL,0,NULL,NULL,NULL,NULL,NULL,0,0,NULL,0,NULL,NULL,NULL,NULL,'http://mentorlystes.com/tunneldevente/wp-content/uploads/sites/8/2022/05/kamarajustine_274522718_1108733943302150_4599876826966874949_n.jpg',NULL,'560722','attachment-image',NULL,NULL,NULL,'560722','attachment-image',NULL,NULL,NULL,NULL,'2022-05-15 07:34:15','2023-02-13 07:56:48',8,NULL,NULL,NULL,NULL,1,NULL,2,'2022-05-15 07:34:15','2022-05-15 07:34:15'),(145,'http://mentorlystes.com/tunneldevente/wp-content/uploads/sites/8/2022/05/marketing-author.jpeg','92:207c645075f91db5996d8341c7c7ff88',560723,'post','attachment',1,560718,NULL,NULL,'marketing-author','inherit',NULL,0,NULL,NULL,NULL,NULL,NULL,0,0,NULL,0,NULL,NULL,NULL,NULL,'http://mentorlystes.com/tunneldevente/wp-content/uploads/sites/8/2022/05/marketing-author.jpeg',NULL,'560723','attachment-image',NULL,NULL,NULL,'560723','attachment-image',NULL,NULL,NULL,NULL,'2022-05-15 07:39:00','2023-02-13 07:56:48',8,NULL,NULL,NULL,NULL,1,NULL,2,'2022-05-15 07:39:00','2022-05-15 07:39:00'),(146,'https://mentorlystes.com/tunneldevente/cartflows_step/formation-gratuite/','71:f07a101e4e801128e7b0f283091b055a',560739,'post','cartflows_step',1,0,NULL,NULL,'Formation Gratuite','publish',NULL,0,NULL,NULL,NULL,NULL,NULL,90,0,NULL,0,NULL,NULL,NULL,NULL,'http://mentorlystes.com/tunneldevente/wp-content/uploads/sites/8/2022/05/marketing-author.jpeg',NULL,NULL,'first-content-image',NULL,NULL,'http://mentorlystes.com/tunneldevente/wp-content/uploads/sites/8/2022/05/marketing-author.jpeg',NULL,'first-content-image',NULL,0,NULL,NULL,'2022-05-15 08:44:18','2023-02-13 07:56:48',8,NULL,NULL,NULL,NULL,0,NULL,2,'2022-05-15 08:56:12','2022-05-15 08:44:18'),(147,'https://mentorlystes.com/tunneldevente/produit/formation-stella-yato/','67:b66dd4b1b93f2e7b0396d76497d52129',560743,'post','product',1,0,NULL,NULL,'Formation stella yato','publish',NULL,0,NULL,NULL,NULL,NULL,NULL,0,0,NULL,0,NULL,NULL,NULL,NULL,NULL,NULL,NULL,NULL,NULL,NULL,NULL,NULL,NULL,NULL,0,NULL,NULL,'2022-05-15 08:47:56','2023-02-13 07:56:48',8,NULL,NULL,NULL,NULL,0,NULL,2,'2022-05-15 09:22:45','2022-05-15 08:48:18'),(152,'https://mentorlystes.com/tunneldevente/?cartflows_flow=formation-gratuite-2','73:2a51e529e904c3cd058acb628004f8b3',560751,'post','cartflows_flow',1,0,NULL,NULL,'formation gratuite new','publish',NULL,0,NULL,NULL,NULL,NULL,NULL,0,0,NULL,0,NULL,NULL,NULL,NULL,NULL,NULL,NULL,NULL,NULL,NULL,NULL,NULL,NULL,NULL,0,NULL,NULL,'2022-05-15 09:13:42','2023-02-13 07:56:48',8,NULL,NULL,NULL,NULL,0,NULL,2,'2022-05-15 09:21:28','2022-05-15 09:13:42'),(153,'https://mentorlystes.com/tunneldevente/cartflows_step/email-marketing-free-course/','80:25e481817c4dcb703e8edcf109e0efe8',560752,'post','cartflows_step',1,0,NULL,NULL,'Email Marketing Free Course','publish',NULL,0,NULL,NULL,NULL,NULL,NULL,0,0,NULL,0,NULL,NULL,NULL,NULL,'',NULL,'19766','featured-image',NULL,NULL,NULL,'19766','featured-image',NULL,0,NULL,NULL,'2022-05-15 09:13:42','2023-02-13 07:56:48',8,NULL,NULL,NULL,NULL,0,NULL,2,'2022-05-15 10:19:46','2022-05-15 09:13:42'),(154,'https://mentorlystes.com/tunneldevente/cartflows_step/email-marketing-full-access/','80:95101a0f455b43802da60ae4be85ca2d',560753,'post','cartflows_step',1,0,NULL,NULL,'Email Marketing Full Access','publish',NULL,0,NULL,NULL,NULL,NULL,NULL,0,0,NULL,0,NULL,NULL,NULL,NULL,'',NULL,'19765','featured-image',NULL,NULL,NULL,'19765','featured-image',NULL,0,NULL,NULL,'2022-05-15 09:13:46','2023-02-13 07:56:48',8,NULL,NULL,NULL,NULL,0,NULL,2,'2022-05-15 09:18:28','2022-05-15 09:13:46'),(155,'http://mentorlystes.com/tunneldevente/wp-content/uploads/sites/8/2022/05/abstract-bg-1.png','88:fecaccc542e3a849c1c08af7f1ebb957',560754,'post','attachment',1,0,NULL,NULL,'abstract-bg-1.png','inherit',0,0,0,NULL,NULL,NULL,NULL,0,0,NULL,0,NULL,NULL,NULL,NULL,'http://mentorlystes.com/tunneldevente/wp-content/uploads/sites/8/2022/05/abstract-bg-1.png',NULL,'560754','attachment-image',NULL,NULL,NULL,'560754','attachment-image',NULL,NULL,NULL,NULL,'2022-05-15 09:13:48','2023-02-13 07:56:48',8,NULL,NULL,NULL,NULL,0,NULL,2,'2022-05-15 09:13:48','2022-05-15 09:13:48'),(156,'https://mentorlystes.com/tunneldevente/author/','44:568b738d45d9c77454ed1fdedbdd0f71',0,'user',NULL,NULL,NULL,NULL,NULL,NULL,NULL,NULL,0,0,NULL,NULL,NULL,NULL,NULL,0,0,NULL,NULL,NULL,NULL,NULL,'https://secure.gravatar.com/avatar/?s=500&d=mm&r=g',NULL,NULL,'gravatar-image',NULL,NULL,'https://secure.gravatar.com/avatar/?s=500&d=mm&r=g',NULL,'gravatar-image',NULL,NULL,NULL,NULL,'2022-05-15 09:13:48','2023-02-13 07:56:48',8,NULL,NULL,NULL,NULL,0,NULL,2,NULL,NULL),(157,'https://mentorlystes.com/tunneldevente/wp-content/uploads/sites/8/2022/05/abstract-bg-1-1.png','91:71f38082ba2a129727cd568ff4708d7c',560755,'post','attachment',0,0,NULL,NULL,'abstract-bg-1.png','inherit',0,0,0,NULL,NULL,NULL,NULL,0,0,NULL,0,NULL,NULL,NULL,NULL,'https://mentorlystes.com/tunneldevente/wp-content/uploads/sites/8/2022/05/abstract-bg-1-1.png',NULL,'560755','attachment-image',NULL,NULL,NULL,'560755','attachment-image',NULL,NULL,NULL,NULL,'2022-05-15 09:13:48','2023-02-13 07:56:48',8,NULL,NULL,NULL,NULL,0,NULL,2,'2022-05-15 09:13:48','2022-05-15 09:13:48'),(158,'http://mentorlystes.com/tunneldevente/wp-content/uploads/sites/8/2022/05/testimonial-2.png','88:7e52b1e74f4aab7b8e9c2939a282f835',560756,'post','attachment',1,0,NULL,NULL,'testimonial-2.png','inherit',0,0,0,NULL,NULL,NULL,NULL,0,0,NULL,0,NULL,NULL,NULL,NULL,'http://mentorlystes.com/tunneldevente/wp-content/uploads/sites/8/2022/05/testimonial-2.png',NULL,'560756','attachment-image',NULL,NULL,NULL,'560756','attachment-image',NULL,NULL,NULL,NULL,'2022-05-15 09:13:50','2023-02-13 07:56:48',8,NULL,NULL,NULL,NULL,0,NULL,2,'2022-05-15 09:13:50','2022-05-15 09:13:50'),(159,'https://mentorlystes.com/tunneldevente/wp-content/uploads/sites/8/2022/05/testimonial-2-1.png','91:15e9b6dec746a42852957d9fc973c93b',560757,'post','attachment',0,0,NULL,NULL,'testimonial-2.png','inherit',0,0,0,NULL,NULL,NULL,NULL,0,0,NULL,0,NULL,NULL,NULL,NULL,'https://mentorlystes.com/tunneldevente/wp-content/uploads/sites/8/2022/05/testimonial-2-1.png',NULL,'560757','attachment-image',NULL,NULL,NULL,'560757','attachment-image',NULL,NULL,1,NULL,'2022-05-15 09:13:50','2023-02-13 07:56:48',8,NULL,NULL,NULL,NULL,0,NULL,2,'2022-05-15 09:13:50','2022-05-15 09:13:50'),(160,'http://mentorlystes.com/tunneldevente/wp-content/uploads/sites/8/2022/05/testimonial-1.png','88:c39ba9fe515daab60f6fcc6a10772ede',560758,'post','attachment',1,0,NULL,NULL,'testimonial-1.png','inherit',0,0,0,NULL,NULL,NULL,NULL,0,0,NULL,0,NULL,NULL,NULL,NULL,'http://mentorlystes.com/tunneldevente/wp-content/uploads/sites/8/2022/05/testimonial-1.png',NULL,'560758','attachment-image',NULL,NULL,NULL,'560758','attachment-image',NULL,NULL,NULL,NULL,'2022-05-15 09:13:51','2023-02-13 07:56:48',8,NULL,NULL,NULL,NULL,0,NULL,2,'2022-05-15 09:13:51','2022-05-15 09:13:51'),(161,'https://mentorlystes.com/tunneldevente/wp-content/uploads/sites/8/2022/05/testimonial-1-1.png','91:872863bce0977e105e666bdf33513b92',560759,'post','attachment',0,0,NULL,NULL,'testimonial-1.png','inherit',0,0,0,NULL,NULL,NULL,NULL,0,0,NULL,0,NULL,NULL,NULL,NULL,'https://mentorlystes.com/tunneldevente/wp-content/uploads/sites/8/2022/05/testimonial-1-1.png',NULL,'560759','attachment-image',NULL,NULL,NULL,'560759','attachment-image',NULL,NULL,1,NULL,'2022-05-15 09:13:51','2023-02-13 07:56:48',8,NULL,NULL,NULL,NULL,0,NULL,2,'2022-05-15 09:13:51','2022-05-15 09:13:51'),(162,'http://mentorlystes.com/tunneldevente/wp-content/uploads/sites/8/2022/05/marketing-author.jpg','91:db8322a5bf4e3879cebf14921554206a',560760,'post','attachment',1,0,NULL,NULL,'marketing-author.jpg','inherit',0,0,0,NULL,NULL,NULL,NULL,0,0,NULL,0,NULL,NULL,NULL,NULL,'http://mentorlystes.com/tunneldevente/wp-content/uploads/sites/8/2022/05/marketing-author.jpg',NULL,'560760','attachment-image',NULL,NULL,NULL,'560760','attachment-image',NULL,NULL,NULL,NULL,'2022-05-15 09:13:52','2023-02-13 07:56:48',8,NULL,NULL,NULL,NULL,0,NULL,2,'2022-05-15 09:13:52','2022-05-15 09:13:52'),(163,'https://mentorlystes.com/tunneldevente/wp-content/uploads/sites/8/2022/05/marketing-author-1.jpg','94:ca5b3e26ab46342ca19cdbefd58ad4fe',560761,'post','attachment',0,0,NULL,NULL,'marketing-author.jpg','inherit',0,0,0,NULL,NULL,NULL,NULL,0,0,NULL,0,NULL,NULL,NULL,NULL,'https://mentorlystes.com/tunneldevente/wp-content/uploads/sites/8/2022/05/marketing-author-1.jpg',NULL,'560761','attachment-image',NULL,NULL,NULL,'560761','attachment-image',NULL,NULL,1,NULL,'2022-05-15 09:13:53','2023-02-13 07:56:48',8,NULL,NULL,NULL,NULL,0,NULL,2,'2022-05-15 09:13:52','2022-05-15 09:13:52'),(164,'https://mentorlystes.com/tunneldevente/cartflows_step/email-marketing-thank-you/','78:56c0c9cae6126eeb22a5c942f4a4e7c0',560762,'post','cartflows_step',1,0,NULL,NULL,'Email Marketing Thank You','publish',NULL,0,NULL,NULL,NULL,NULL,NULL,0,0,NULL,0,NULL,NULL,NULL,NULL,NULL,NULL,NULL,NULL,NULL,NULL,NULL,NULL,NULL,NULL,0,NULL,NULL,'2022-05-15 09:13:56','2023-02-13 07:56:48',8,NULL,NULL,NULL,NULL,0,NULL,2,'2022-05-15 09:13:56','2022-05-15 09:13:56'),(165,'http://mentorlystes.com/tunneldevente/wp-content/uploads/sites/8/2022/05/testimonial-3.png','88:790537bff673c3731d693844d4980b3d',560763,'post','attachment',1,0,NULL,NULL,'testimonial-3.png','inherit',0,0,0,NULL,NULL,NULL,NULL,0,0,NULL,0,NULL,NULL,NULL,NULL,'http://mentorlystes.com/tunneldevente/wp-content/uploads/sites/8/2022/05/testimonial-3.png',NULL,'560763','attachment-image',NULL,NULL,NULL,'560763','attachment-image',NULL,NULL,NULL,NULL,'2022-05-15 09:13:58','2023-02-13 07:56:48',8,NULL,NULL,NULL,NULL,0,NULL,2,'2022-05-15 09:13:58','2022-05-15 09:13:58'),(166,'https://mentorlystes.com/tunneldevente/produit/formation-payante/','63:ddb3e0d8b26f0e3efb56a4ebfe9ef6f5',560765,'post','product',1,0,NULL,NULL,'Formation Payante','publish',NULL,0,NULL,NULL,NULL,NULL,NULL,0,0,NULL,0,NULL,NULL,NULL,NULL,NULL,NULL,NULL,NULL,NULL,NULL,NULL,NULL,NULL,NULL,0,NULL,NULL,'2022-05-15 09:17:48','2023-02-13 07:56:48',8,NULL,NULL,NULL,NULL,0,NULL,2,'2022-05-15 09:22:25','2022-05-15 09:17:50'),(167,'https://mentorlystes.com/tunneldevente/?cartflows_flow=formation-gratuite-3','73:03696d98d7800740d4e25eb324bf5b41',560776,'post','cartflows_flow',1,0,NULL,NULL,'Formation Gratuite','publish',NULL,0,NULL,NULL,NULL,NULL,NULL,0,0,NULL,0,NULL,NULL,NULL,NULL,NULL,NULL,NULL,NULL,NULL,NULL,NULL,NULL,NULL,NULL,0,NULL,NULL,'2022-05-15 14:28:03','2023-02-13 07:56:48',8,NULL,NULL,NULL,NULL,0,NULL,2,'2022-05-15 14:28:03','2022-05-15 14:28:03'),(168,'https://mentorlystes.com/tunneldevente/cartflows_step/learn-photoshop/','68:e274321754347ab332311e91db5f3501',560777,'post','cartflows_step',1,0,NULL,NULL,'Learn Photoshop','publish',NULL,0,NULL,NULL,NULL,NULL,NULL,0,0,NULL,0,NULL,NULL,NULL,NULL,NULL,NULL,NULL,NULL,NULL,NULL,NULL,NULL,NULL,NULL,0,NULL,NULL,'2022-05-15 14:28:03','2023-02-13 07:56:48',8,NULL,NULL,NULL,NULL,0,NULL,2,'2022-05-15 14:28:03','2022-05-15 14:28:03'),(169,'https://mentorlystes.com/tunneldevente/cartflows_step/learn-photoshop-checkout/','77:37ed4d296001fe9bd31804f937e4d0a9',560778,'post','cartflows_step',1,0,NULL,NULL,'Learn Photoshop Checkout','publish',NULL,0,NULL,NULL,NULL,NULL,NULL,0,0,NULL,0,NULL,NULL,NULL,NULL,NULL,NULL,NULL,NULL,NULL,NULL,NULL,NULL,NULL,NULL,0,NULL,NULL,'2022-05-15 14:28:08','2023-02-13 07:56:48',8,NULL,NULL,NULL,NULL,0,NULL,2,'2022-05-15 14:28:07','2022-05-15 14:28:07'),(170,'https://mentorlystes.com/tunneldevente/wp-content/uploads/sites/8/2022/05/module-2-1.jpg','86:c4753668e896aa9b5ca35bd2f19f3d35',560779,'post','attachment',0,0,NULL,NULL,'module-2-1.jpg','inherit',0,0,0,NULL,NULL,NULL,NULL,0,0,NULL,0,NULL,NULL,NULL,NULL,'https://mentorlystes.com/tunneldevente/wp-content/uploads/sites/8/2022/05/module-2-1.jpg',NULL,'560779','attachment-image',NULL,NULL,NULL,'560779','attachment-image',NULL,NULL,NULL,NULL,'2022-05-15 14:28:09','2023-02-13 07:56:48',8,NULL,NULL,NULL,NULL,0,NULL,2,'2022-05-15 14:28:09','2022-05-15 14:28:09'),(171,'https://mentorlystes.com/tunneldevente/wp-content/uploads/sites/8/2022/05/author-profile.jpg','90:d0b168d0547026ec661fc2940383b5d2',560780,'post','attachment',0,0,NULL,NULL,'author-profile.jpg','inherit',0,0,0,NULL,NULL,NULL,NULL,0,0,NULL,0,NULL,NULL,NULL,NULL,'https://mentorlystes.com/tunneldevente/wp-content/uploads/sites/8/2022/05/author-profile.jpg',NULL,'560780','attachment-image',NULL,NULL,NULL,'560780','attachment-image',NULL,NULL,NULL,NULL,'2022-05-15 14:28:11','2023-02-13 07:56:48',8,NULL,NULL,NULL,NULL,0,NULL,2,'2022-05-15 14:28:11','2022-05-15 14:28:11'),(172,'https://mentorlystes.com/tunneldevente/wp-content/uploads/sites/8/2022/05/module-1.jpg','84:2a17e666acebd92480c7c5eca9b5ce7c',560781,'post','attachment',0,0,NULL,NULL,'module-1.jpg','inherit',0,0,0,NULL,NULL,NULL,NULL,0,0,NULL,0,NULL,NULL,NULL,NULL,'https://mentorlystes.com/tunneldevente/wp-content/uploads/sites/8/2022/05/module-1.jpg',NULL,'560781','attachment-image',NULL,NULL,NULL,'560781','attachment-image',NULL,NULL,NULL,NULL,'2022-05-15 14:28:12','2023-02-13 07:56:48',8,NULL,NULL,NULL,NULL,0,NULL,2,'2022-05-15 14:28:12','2022-05-15 14:28:12'),(173,'https://mentorlystes.com/tunneldevente/wp-content/uploads/sites/8/2022/05/module-3-2.jpg','86:e21b45e4eafa48114ef3cab7c336a8df',560782,'post','attachment',0,0,NULL,NULL,'module-3-2.jpg','inherit',0,0,0,NULL,NULL,NULL,NULL,0,0,NULL,0,NULL,NULL,NULL,NULL,'https://mentorlystes.com/tunneldevente/wp-content/uploads/sites/8/2022/05/module-3-2.jpg',NULL,'560782','attachment-image',NULL,NULL,NULL,'560782','attachment-image',NULL,NULL,NULL,NULL,'2022-05-15 14:28:13','2023-02-13 07:56:48',8,NULL,NULL,NULL,NULL,0,NULL,2,'2022-05-15 14:28:13','2022-05-15 14:28:13'),(174,'https://mentorlystes.com/tunneldevente/wp-content/uploads/sites/8/2022/05/star-icon.png','85:096266123c656a8f1b138cc7cd355ffd',560783,'post','attachment',0,0,NULL,NULL,'star-icon.png','inherit',0,0,0,NULL,NULL,NULL,NULL,0,0,NULL,0,NULL,NULL,NULL,NULL,'https://mentorlystes.com/tunneldevente/wp-content/uploads/sites/8/2022/05/star-icon.png',NULL,'560783','attachment-image',NULL,NULL,NULL,'560783','attachment-image',NULL,NULL,NULL,NULL,'2022-05-15 14:28:14','2023-02-13 07:56:48',8,NULL,NULL,NULL,NULL,0,NULL,2,'2022-05-15 14:28:14','2022-05-15 14:28:14'),(175,'https://mentorlystes.com/tunneldevente/cartflows_step/learn-photoshop-upsell/','75:3878b22233d52f0432d8049ec90112f4',560784,'post','cartflows_step',1,0,NULL,NULL,'Learn Photoshop Upsell','publish',NULL,0,NULL,NULL,NULL,NULL,NULL,0,0,NULL,0,NULL,NULL,NULL,NULL,NULL,NULL,NULL,NULL,NULL,NULL,NULL,NULL,NULL,NULL,0,NULL,NULL,'2022-05-15 14:28:15','2023-02-13 07:56:48',8,NULL,NULL,NULL,NULL,0,NULL,2,'2022-05-15 14:28:15','2022-05-15 14:28:15'),(176,'https://mentorlystes.com/tunneldevente/wp-content/uploads/sites/8/2022/05/payment-methods.jpg','91:32f7502ba8c4a86742ed5233b9ff3351',560785,'post','attachment',0,0,NULL,NULL,'payment-methods.jpg','inherit',0,0,0,NULL,NULL,NULL,NULL,0,0,NULL,0,NULL,NULL,NULL,NULL,'https://mentorlystes.com/tunneldevente/wp-content/uploads/sites/8/2022/05/payment-methods.jpg',NULL,'560785','attachment-image',NULL,NULL,NULL,'560785','attachment-image',NULL,NULL,NULL,NULL,'2022-05-15 14:28:16','2023-02-13 07:56:48',8,NULL,NULL,NULL,NULL,0,NULL,2,'2022-05-15 14:28:15','2022-05-15 14:28:15'),(177,'https://mentorlystes.com/tunneldevente/wp-content/uploads/sites/8/2022/05/module-3.jpg','84:2a001f82fb3ad499c9acdb6de18bcc4c',560786,'post','attachment',0,0,NULL,NULL,'module-3.jpg','inherit',0,0,0,NULL,NULL,NULL,NULL,0,0,NULL,0,NULL,NULL,NULL,NULL,'https://mentorlystes.com/tunneldevente/wp-content/uploads/sites/8/2022/05/module-3.jpg',NULL,'560786','attachment-image',NULL,NULL,NULL,'560786','attachment-image',NULL,NULL,NULL,NULL,'2022-05-15 14:28:17','2023-02-13 07:56:48',8,NULL,NULL,NULL,NULL,0,NULL,2,'2022-05-15 14:28:16','2022-05-15 14:28:16'),(178,'https://mentorlystes.com/tunneldevente/wp-content/uploads/sites/8/2022/05/module-2.jpg','84:b3e29d89fbc6e803084ce297b11d9c0c',560787,'post','attachment',0,0,NULL,NULL,'module-2.jpg','inherit',0,0,0,NULL,NULL,NULL,NULL,0,0,NULL,0,NULL,NULL,NULL,NULL,'https://mentorlystes.com/tunneldevente/wp-content/uploads/sites/8/2022/05/module-2.jpg',NULL,'560787','attachment-image',NULL,NULL,NULL,'560787','attachment-image',NULL,NULL,NULL,NULL,'2022-05-15 14:28:18','2023-02-13 07:56:48',8,NULL,NULL,NULL,NULL,0,NULL,2,'2022-05-15 14:28:18','2022-05-15 14:28:18'),(179,'https://mentorlystes.com/tunneldevente/cartflows_step/learn-photoshop-thank-you/','78:19b9475f9606e21c3fbf08cdbdb8e5f3',560788,'post','cartflows_step',1,0,NULL,NULL,'Learn Photoshop Thank You','publish',NULL,0,NULL,NULL,NULL,NULL,NULL,0,0,NULL,0,NULL,NULL,NULL,NULL,NULL,NULL,NULL,NULL,NULL,NULL,NULL,NULL,NULL,NULL,0,NULL,NULL,'2022-05-15 14:28:18','2023-02-13 07:56:48',8,NULL,NULL,NULL,NULL,0,NULL,2,'2022-05-15 14:28:18','2022-05-15 14:28:18'),(180,'https://mentorlystes.com/tunneldevente/wp-content/uploads/sites/8/2022/05/author-profile-checkout.jpg','99:dce4048fa7d4a5f5e1b5baee786279b7',560789,'post','attachment',0,0,NULL,NULL,'author-profile-checkout.jpg','inherit',0,0,0,NULL,NULL,NULL,NULL,0,0,NULL,0,NULL,NULL,NULL,NULL,'https://mentorlystes.com/tunneldevente/wp-content/uploads/sites/8/2022/05/author-profile-checkout.jpg',NULL,'560789','attachment-image',NULL,NULL,NULL,'560789','attachment-image',NULL,NULL,NULL,NULL,'2022-05-15 14:28:19','2023-02-13 07:56:48',8,NULL,NULL,NULL,NULL,0,NULL,2,'2022-05-15 14:28:19','2022-05-15 14:28:19'),(181,'https://mentorlystes.com/tunneldevente/?cartflows_flow=formation-gratuite-4','73:416f9ab1adf02e8e44bb671dc0475705',560790,'post','cartflows_flow',1,0,NULL,NULL,'Formation Gratuite','publish',NULL,0,NULL,NULL,NULL,NULL,NULL,0,0,NULL,0,NULL,NULL,NULL,NULL,NULL,NULL,NULL,NULL,NULL,NULL,NULL,NULL,NULL,NULL,0,NULL,NULL,'2022-05-15 14:44:39','2023-02-13 07:56:48',8,NULL,NULL,NULL,NULL,0,NULL,2,'2022-05-15 14:44:39','2022-05-15 14:44:39'),(182,'https://mentorlystes.com/tunneldevente/cartflows_step/email-marketing-free-course-2/','82:a14d7b9163c14db1d664cb95eb24efc7',560791,'post','cartflows_step',1,0,NULL,NULL,'Email Marketing Free Course','publish',NULL,0,NULL,NULL,NULL,NULL,NULL,0,0,NULL,0,NULL,NULL,NULL,NULL,NULL,NULL,NULL,NULL,NULL,NULL,NULL,NULL,NULL,NULL,0,NULL,NULL,'2022-05-15 14:44:39','2023-02-13 07:56:48',8,NULL,NULL,NULL,NULL,0,NULL,2,'2022-05-15 14:44:39','2022-05-15 14:44:39'),(183,'https://mentorlystes.com/tunneldevente/cartflows_step/email-marketing-full-access-2/','82:4e0834965d27a23b660d3b82642f7755',560792,'post','cartflows_step',1,0,NULL,NULL,'Email Marketing Full Access','publish',NULL,0,NULL,NULL,NULL,NULL,NULL,0,0,NULL,0,NULL,NULL,NULL,NULL,NULL,NULL,NULL,NULL,NULL,NULL,NULL,NULL,NULL,NULL,0,NULL,NULL,'2022-05-15 14:44:44','2023-02-13 07:56:48',8,NULL,NULL,NULL,NULL,0,NULL,2,'2022-05-15 14:44:44','2022-05-15 14:44:44'),(184,'https://mentorlystes.com/tunneldevente/cartflows_step/email-marketing-thank-you-2/','80:9e639b71abd1227022810f458b3e2159',560793,'post','cartflows_step',1,0,NULL,NULL,'Email Marketing Thank You','publish',NULL,0,NULL,NULL,NULL,NULL,NULL,0,0,NULL,0,NULL,NULL,NULL,NULL,NULL,NULL,NULL,NULL,NULL,NULL,NULL,NULL,NULL,NULL,0,NULL,NULL,'2022-05-15 14:44:51','2023-02-13 07:56:48',8,NULL,NULL,NULL,NULL,0,NULL,2,'2022-05-15 14:44:50','2022-05-15 14:44:50'),(185,'http://mentorlystes.com/tunneldevente/wp-content/uploads/sites/8/2022/05/placeholder.png','86:284345e5d69cc47e103dedc10aa45ad8',560794,'post','attachment',1,0,NULL,NULL,'placeholder.png','inherit',0,0,0,NULL,NULL,NULL,NULL,0,0,NULL,0,NULL,NULL,NULL,NULL,'http://mentorlystes.com/tunneldevente/wp-content/uploads/sites/8/2022/05/placeholder.png',NULL,'560794','attachment-image',NULL,NULL,NULL,'560794','attachment-image',NULL,NULL,NULL,NULL,'2022-05-15 14:44:51','2023-02-13 07:56:48',8,NULL,NULL,NULL,NULL,0,NULL,2,'2022-05-15 14:44:51','2022-05-15 14:44:51'),(186,'http://mentorlystes.com/tunneldevente/wp-content/uploads/sites/8/2022/05/placeholder-1.png','88:7115d38e9367e04da862479045255e6c',560795,'post','attachment',1,0,NULL,NULL,'placeholder.png','inherit',0,0,0,NULL,NULL,NULL,NULL,0,0,NULL,0,NULL,NULL,NULL,NULL,'http://mentorlystes.com/tunneldevente/wp-content/uploads/sites/8/2022/05/placeholder-1.png',NULL,'560795','attachment-image',NULL,NULL,NULL,'560795','attachment-image',NULL,NULL,NULL,NULL,'2022-05-15 14:44:52','2023-02-13 07:56:48',8,NULL,NULL,NULL,NULL,0,NULL,2,'2022-05-15 14:44:52','2022-05-15 14:44:52'),(187,'http://mentorlystes.com/tunneldevente/wp-content/uploads/sites/8/2022/05/placeholder-2.png','88:b325f7cc149afa74d4c404ef0eb27c4c',560796,'post','attachment',1,0,NULL,NULL,'placeholder.png','inherit',0,0,0,NULL,NULL,NULL,NULL,0,0,NULL,0,NULL,NULL,NULL,NULL,'http://mentorlystes.com/tunneldevente/wp-content/uploads/sites/8/2022/05/placeholder-2.png',NULL,'560796','attachment-image',NULL,NULL,NULL,'560796','attachment-image',NULL,NULL,NULL,NULL,'2022-05-15 14:44:53','2023-02-13 07:56:48',8,NULL,NULL,NULL,NULL,0,NULL,2,'2022-05-15 14:44:53','2022-05-15 14:44:53'),(188,'http://mentorlystes.com/tunneldevente/wp-content/uploads/sites/8/2022/05/placeholder-3.png','88:4f800142c02aaa9c0862faa9e494f53e',560797,'post','attachment',1,0,NULL,NULL,'placeholder.png','inherit',0,0,0,NULL,NULL,NULL,NULL,0,0,NULL,0,NULL,NULL,NULL,NULL,'http://mentorlystes.com/tunneldevente/wp-content/uploads/sites/8/2022/05/placeholder-3.png',NULL,'560797','attachment-image',NULL,NULL,NULL,'560797','attachment-image',NULL,NULL,NULL,NULL,'2022-05-15 14:44:54','2023-02-13 07:56:48',8,NULL,NULL,NULL,NULL,0,NULL,2,'2022-05-15 14:44:54','2022-05-15 14:44:54'),(189,'http://mentorlystes.com/tunneldevente/wp-content/uploads/sites/8/2022/05/placeholder-4.png','88:1a3f5b3ff29d0c5b92f97db6d30c89a6',560798,'post','attachment',1,0,NULL,NULL,'placeholder.png','inherit',0,0,0,NULL,NULL,NULL,NULL,0,0,NULL,0,NULL,NULL,NULL,NULL,'http://mentorlystes.com/tunneldevente/wp-content/uploads/sites/8/2022/05/placeholder-4.png',NULL,'560798','attachment-image',NULL,NULL,NULL,'560798','attachment-image',NULL,NULL,NULL,NULL,'2022-05-15 14:44:55','2023-02-13 07:56:48',8,NULL,NULL,NULL,NULL,0,NULL,2,'2022-05-15 14:44:55','2022-05-15 14:44:55'),(190,'http://mentorlystes.com/tunneldevente/wp-content/uploads/sites/8/2022/05/placeholder-5.png','88:01001fde352aa5ce540824018aa5d06f',560799,'post','attachment',1,0,NULL,NULL,'placeholder.png','inherit',0,0,0,NULL,NULL,NULL,NULL,0,0,NULL,0,NULL,NULL,NULL,NULL,'http://mentorlystes.com/tunneldevente/wp-content/uploads/sites/8/2022/05/placeholder-5.png',NULL,'560799','attachment-image',NULL,NULL,NULL,'560799','attachment-image',NULL,NULL,NULL,NULL,'2022-05-15 14:44:59','2023-02-13 07:56:48',8,NULL,NULL,NULL,NULL,0,NULL,2,'2022-05-15 14:44:59','2022-05-15 14:44:59'),(191,'http://mentorlystes.com/tunneldevente/wp-content/uploads/sites/8/2022/05/placeholder-1-1.png','90:e8a2cbc8117f74fcabc7f4f69e1d6c7d',560800,'post','attachment',1,0,NULL,NULL,'placeholder-1.png','inherit',0,0,0,NULL,NULL,NULL,NULL,0,0,NULL,0,NULL,NULL,NULL,NULL,'http://mentorlystes.com/tunneldevente/wp-content/uploads/sites/8/2022/05/placeholder-1-1.png',NULL,'560800','attachment-image',NULL,NULL,NULL,'560800','attachment-image',NULL,NULL,NULL,NULL,'2022-05-15 14:45:00','2023-02-13 07:56:48',8,NULL,NULL,NULL,NULL,0,NULL,2,'2022-05-15 14:45:00','2022-05-15 14:45:00'),(192,'http://mentorlystes.com/tunneldevente/wp-content/uploads/sites/8/2022/05/placeholder-2-1.png','90:cdc57e97dee9c4f1972e6ba897df4fcc',560801,'post','attachment',1,0,NULL,NULL,'placeholder-2.png','inherit',0,0,0,NULL,NULL,NULL,NULL,0,0,NULL,0,NULL,NULL,NULL,NULL,'http://mentorlystes.com/tunneldevente/wp-content/uploads/sites/8/2022/05/placeholder-2-1.png',NULL,'560801','attachment-image',NULL,NULL,NULL,'560801','attachment-image',NULL,NULL,NULL,NULL,'2022-05-15 14:45:01','2023-02-13 07:56:48',8,NULL,NULL,NULL,NULL,0,NULL,2,'2022-05-15 14:45:01','2022-05-15 14:45:01'),(193,'http://mentorlystes.com/tunneldevente/wp-content/uploads/sites/8/2022/05/placeholder-3-1.png','90:2923cd806e8562c29c14c969de781301',560802,'post','attachment',1,0,NULL,NULL,'placeholder-3.png','inherit',0,0,0,NULL,NULL,NULL,NULL,0,0,NULL,0,NULL,NULL,NULL,NULL,'http://mentorlystes.com/tunneldevente/wp-content/uploads/sites/8/2022/05/placeholder-3-1.png',NULL,'560802','attachment-image',NULL,NULL,NULL,'560802','attachment-image',NULL,NULL,NULL,NULL,'2022-05-15 14:45:02','2023-02-13 07:56:48',8,NULL,NULL,NULL,NULL,0,NULL,2,'2022-05-15 14:45:02','2022-05-15 14:45:02'),(194,'http://mentorlystes.com/tunneldevente/wp-content/uploads/sites/8/2022/05/placeholder-4-1.png','90:d74e50fc0c061543446c83fd5211021d',560803,'post','attachment',1,0,NULL,NULL,'placeholder-4.png','inherit',0,0,0,NULL,NULL,NULL,NULL,0,0,NULL,0,NULL,NULL,NULL,NULL,'http://mentorlystes.com/tunneldevente/wp-content/uploads/sites/8/2022/05/placeholder-4-1.png',NULL,'560803','attachment-image',NULL,NULL,NULL,'560803','attachment-image',NULL,NULL,NULL,NULL,'2022-05-15 14:45:03','2023-02-13 07:56:48',8,NULL,NULL,NULL,NULL,0,NULL,2,'2022-05-15 14:45:03','2022-05-15 14:45:03'),(195,'http://mentorlystes.com/tunneldevente/wp-content/uploads/sites/8/2022/05/placeholder-6.png','88:755079e152a719099005af16cde895b3',560804,'post','attachment',1,0,NULL,NULL,'placeholder.png','inherit',0,0,0,NULL,NULL,NULL,NULL,0,0,NULL,0,NULL,NULL,NULL,NULL,'http://mentorlystes.com/tunneldevente/wp-content/uploads/sites/8/2022/05/placeholder-6.png',NULL,'560804','attachment-image',NULL,NULL,NULL,'560804','attachment-image',NULL,NULL,NULL,NULL,'2022-05-15 14:45:05','2023-02-13 07:56:48',8,NULL,NULL,NULL,NULL,0,NULL,2,'2022-05-15 14:45:05','2022-05-15 14:45:05'),(196,'http://mentorlystes.com/tunneldevente/wp-content/uploads/sites/8/2022/05/placeholder-7.png','88:224be6830154c548ea22764f45d63e41',560805,'post','attachment',1,0,NULL,NULL,'placeholder.png','inherit',0,0,0,NULL,NULL,NULL,NULL,0,0,NULL,0,NULL,NULL,NULL,NULL,'http://mentorlystes.com/tunneldevente/wp-content/uploads/sites/8/2022/05/placeholder-7.png',NULL,'560805','attachment-image',NULL,NULL,NULL,'560805','attachment-image',NULL,NULL,NULL,NULL,'2022-05-15 14:45:06','2023-02-13 07:56:48',8,NULL,NULL,NULL,NULL,0,NULL,2,'2022-05-15 14:45:06','2022-05-15 14:45:06'),(197,'http://mentorlystes.com/tunneldevente/wp-content/uploads/sites/8/2022/05/placeholder-8.png','88:ee3f622b52b8f66cd7a4ad2c96ac603f',560806,'post','attachment',1,0,NULL,NULL,'placeholder.png','inherit',0,0,0,NULL,NULL,NULL,NULL,0,0,NULL,0,NULL,NULL,NULL,NULL,'http://mentorlystes.com/tunneldevente/wp-content/uploads/sites/8/2022/05/placeholder-8.png',NULL,'560806','attachment-image',NULL,NULL,NULL,'560806','attachment-image',NULL,NULL,NULL,NULL,'2022-05-15 14:45:07','2023-02-13 07:56:48',8,NULL,NULL,NULL,NULL,0,NULL,2,'2022-05-15 14:45:07','2022-05-15 14:45:07'),(198,'http://mentorlystes.com/tunneldevente/wp-content/uploads/sites/8/2022/05/placeholder-9.png','88:b9d62500bf292b1bdbadcb665cccdbc7',560807,'post','attachment',1,0,NULL,NULL,'placeholder.png','inherit',0,0,0,NULL,NULL,NULL,NULL,0,0,NULL,0,NULL,NULL,NULL,NULL,'http://mentorlystes.com/tunneldevente/wp-content/uploads/sites/8/2022/05/placeholder-9.png',NULL,'560807','attachment-image',NULL,NULL,NULL,'560807','attachment-image',NULL,NULL,NULL,NULL,'2022-05-15 14:45:08','2023-02-13 07:56:48',8,NULL,NULL,NULL,NULL,0,NULL,2,'2022-05-15 14:45:08','2022-05-15 14:45:08'),(199,'http://mentorlystes.com/tunneldevente/wp-content/uploads/sites/8/2022/05/placeholder-10.png','89:c13a598fd1b1ab6c3afe5180e86363cb',560808,'post','attachment',1,0,NULL,NULL,'placeholder.png','inherit',0,0,0,NULL,NULL,NULL,NULL,0,0,NULL,0,NULL,NULL,NULL,NULL,'http://mentorlystes.com/tunneldevente/wp-content/uploads/sites/8/2022/05/placeholder-10.png',NULL,'560808','attachment-image',NULL,NULL,NULL,'560808','attachment-image',NULL,NULL,NULL,NULL,'2022-05-15 14:45:09','2023-02-13 07:56:48',8,NULL,NULL,NULL,NULL,0,NULL,2,'2022-05-15 14:45:09','2022-05-15 14:45:09'),(200,'http://mentorlystes.com/tunneldevente/wp-content/uploads/sites/8/2022/05/placeholder-11.png','89:dad178649cd1e417ffb85320d5140509',560809,'post','attachment',1,0,NULL,NULL,'placeholder.png','inherit',0,0,0,NULL,NULL,NULL,NULL,0,0,NULL,0,NULL,NULL,NULL,NULL,'http://mentorlystes.com/tunneldevente/wp-content/uploads/sites/8/2022/05/placeholder-11.png',NULL,'560809','attachment-image',NULL,NULL,NULL,'560809','attachment-image',NULL,NULL,NULL,NULL,'2022-05-15 14:45:10','2023-02-13 07:56:48',8,NULL,NULL,NULL,NULL,0,NULL,2,'2022-05-15 14:45:10','2022-05-15 14:45:10'),(201,'http://mentorlystes.com/tunneldevente/wp-content/uploads/sites/8/2022/05/placeholder-12.png','89:320fde7ad0c587448f2fae4fb943f435',560810,'post','attachment',1,0,NULL,NULL,'placeholder.png','inherit',0,0,0,NULL,NULL,NULL,NULL,0,0,NULL,0,NULL,NULL,NULL,NULL,'http://mentorlystes.com/tunneldevente/wp-content/uploads/sites/8/2022/05/placeholder-12.png',NULL,'560810','attachment-image',NULL,NULL,NULL,'560810','attachment-image',NULL,NULL,NULL,NULL,'2022-05-15 14:45:11','2023-02-13 07:56:48',8,NULL,NULL,NULL,NULL,0,NULL,2,'2022-05-15 14:45:11','2022-05-15 14:45:11'),(202,'http://mentorlystes.com/tunneldevente/wp-content/uploads/sites/8/2022/05/placeholder-13.png','89:9ed62cd7527933ecf6bdd7f2f78f120d',560811,'post','attachment',1,0,NULL,NULL,'placeholder.png','inherit',0,0,0,NULL,NULL,NULL,NULL,0,0,NULL,0,NULL,NULL,NULL,NULL,'http://mentorlystes.com/tunneldevente/wp-content/uploads/sites/8/2022/05/placeholder-13.png',NULL,'560811','attachment-image',NULL,NULL,NULL,'560811','attachment-image',NULL,NULL,NULL,NULL,'2022-05-15 14:45:12','2023-02-13 07:56:48',8,NULL,NULL,NULL,NULL,0,NULL,2,'2022-05-15 14:45:12','2022-05-15 14:45:12'),(203,'https://mentorlystes.com/tunneldevente/?cartflows_flow=premium-page','65:097b90a13f9eea5870d29a80fe3658e3',560812,'post','cartflows_flow',1,0,NULL,NULL,'Premium page','publish',NULL,0,NULL,NULL,NULL,NULL,NULL,0,0,NULL,0,NULL,NULL,NULL,NULL,NULL,NULL,NULL,NULL,NULL,NULL,NULL,NULL,NULL,NULL,0,NULL,NULL,'2022-05-15 14:45:32','2023-02-13 07:56:48',8,NULL,NULL,NULL,NULL,0,NULL,2,'2022-05-15 14:45:32','2022-05-15 14:45:32'),(204,'https://mentorlystes.com/tunneldevente/cartflows_step/learn-photoshop-2/','70:b3746a143109e93f16f2f2f7e833cd06',560813,'post','cartflows_step',1,0,NULL,NULL,'Learn Photoshop','publish',NULL,0,NULL,NULL,NULL,NULL,NULL,0,0,NULL,0,NULL,NULL,NULL,NULL,NULL,NULL,NULL,NULL,NULL,NULL,NULL,NULL,NULL,NULL,0,NULL,NULL,'2022-05-15 14:45:32','2023-02-13 07:56:48',8,NULL,NULL,NULL,NULL,0,NULL,2,'2022-05-15 14:45:32','2022-05-15 14:45:32'),(205,'https://mentorlystes.com/tunneldevente/cartflows_step/learn-photoshop-checkout-2/','79:38b935f214604185580e419cd6a06eec',560814,'post','cartflows_step',1,0,NULL,NULL,'Learn Photoshop Checkout','publish',NULL,0,NULL,NULL,NULL,NULL,NULL,0,0,NULL,0,NULL,NULL,NULL,NULL,NULL,NULL,NULL,NULL,NULL,NULL,NULL,NULL,NULL,NULL,0,NULL,NULL,'2022-05-15 14:45:37','2023-02-13 07:56:48',8,NULL,NULL,NULL,NULL,0,NULL,2,'2022-05-15 14:45:37','2022-05-15 14:45:37'),(206,'https://mentorlystes.com/tunneldevente/cartflows_step/learn-photoshop-upsell-2/','77:0cac3373048ceac1a0b6cdf575f90463',560815,'post','cartflows_step',1,0,NULL,NULL,'Learn Photoshop Upsell','publish',NULL,0,NULL,NULL,NULL,NULL,NULL,0,0,NULL,0,NULL,NULL,NULL,NULL,NULL,NULL,NULL,NULL,NULL,NULL,NULL,NULL,NULL,NULL,0,NULL,NULL,'2022-05-15 14:45:43','2023-02-13 07:56:48',8,NULL,NULL,NULL,NULL,0,NULL,2,'2022-05-15 14:45:43','2022-05-15 14:45:43'),(207,'http://mentorlystes.com/tunneldevente/wp-content/uploads/sites/8/2022/05/placeholder-14.png','89:209507ace85b434352c4a12897abf640',560816,'post','attachment',1,0,NULL,NULL,'placeholder.png','inherit',0,0,0,NULL,NULL,NULL,NULL,0,0,NULL,0,NULL,NULL,NULL,NULL,'http://mentorlystes.com/tunneldevente/wp-content/uploads/sites/8/2022/05/placeholder-14.png',NULL,'560816','attachment-image',NULL,NULL,NULL,'560816','attachment-image',NULL,NULL,NULL,NULL,'2022-05-15 14:45:43','2023-02-13 07:56:48',8,NULL,NULL,NULL,NULL,0,NULL,2,'2022-05-15 14:45:43','2022-05-15 14:45:43'),(208,'http://mentorlystes.com/tunneldevente/wp-content/uploads/sites/8/2022/05/placeholder-15.png','89:4e3dd69c5316f48c5f3fa38e740b1032',560817,'post','attachment',1,0,NULL,NULL,'placeholder.png','inherit',0,0,0,NULL,NULL,NULL,NULL,0,0,NULL,0,NULL,NULL,NULL,NULL,'http://mentorlystes.com/tunneldevente/wp-content/uploads/sites/8/2022/05/placeholder-15.png',NULL,'560817','attachment-image',NULL,NULL,NULL,'560817','attachment-image',NULL,NULL,NULL,NULL,'2022-05-15 14:45:44','2023-02-13 07:56:48',8,NULL,NULL,NULL,NULL,0,NULL,2,'2022-05-15 14:45:44','2022-05-15 14:45:44'),(209,'http://mentorlystes.com/tunneldevente/wp-content/uploads/sites/8/2022/05/placeholder-16.png','89:fc4dff87f3ee5dfbba1be730fb817293',560818,'post','attachment',1,0,NULL,NULL,'placeholder.png','inherit',0,0,0,NULL,NULL,NULL,NULL,0,0,NULL,0,NULL,NULL,NULL,NULL,'http://mentorlystes.com/tunneldevente/wp-content/uploads/sites/8/2022/05/placeholder-16.png',NULL,'560818','attachment-image',NULL,NULL,NULL,'560818','attachment-image',NULL,NULL,NULL,NULL,'2022-05-15 14:45:45','2023-02-13 07:56:48',8,NULL,NULL,NULL,NULL,0,NULL,2,'2022-05-15 14:45:45','2022-05-15 14:45:45'),(210,'http://mentorlystes.com/tunneldevente/wp-content/uploads/sites/8/2022/05/placeholder-17.png','89:0799a6d146839f7fc982f2b8a54fe55f',560819,'post','attachment',1,0,NULL,NULL,'placeholder.png','inherit',0,0,0,NULL,NULL,NULL,NULL,0,0,NULL,0,NULL,NULL,NULL,NULL,'http://mentorlystes.com/tunneldevente/wp-content/uploads/sites/8/2022/05/placeholder-17.png',NULL,'560819','attachment-image',NULL,NULL,NULL,'560819','attachment-image',NULL,NULL,NULL,NULL,'2022-05-15 14:45:46','2023-02-13 07:56:48',8,NULL,NULL,NULL,NULL,0,NULL,2,'2022-05-15 14:45:46','2022-05-15 14:45:46'),(211,'https://mentorlystes.com/tunneldevente/cartflows_step/learn-photoshop-thank-you-2/','80:f04c72d1f6288e86970924ef630e6608',560820,'post','cartflows_step',1,0,NULL,NULL,'Learn Photoshop Thank You','publish',NULL,0,NULL,NULL,NULL,NULL,NULL,0,0,NULL,0,NULL,NULL,NULL,NULL,NULL,NULL,NULL,NULL,NULL,NULL,NULL,NULL,NULL,NULL,0,NULL,NULL,'2022-05-15 14:45:47','2023-02-13 07:56:48',8,NULL,NULL,NULL,NULL,0,NULL,2,'2022-05-15 14:45:47','2022-05-15 14:45:47'),(212,'http://mentorlystes.com/tunneldevente/wp-content/uploads/sites/8/2022/05/placeholder-18.png','89:361aea64b2bafbbe42cb9bd277dae56b',560821,'post','attachment',1,0,NULL,NULL,'placeholder.png','inherit',0,0,0,NULL,NULL,NULL,NULL,0,0,NULL,0,NULL,NULL,NULL,NULL,'http://mentorlystes.com/tunneldevente/wp-content/uploads/sites/8/2022/05/placeholder-18.png',NULL,'560821','attachment-image',NULL,NULL,NULL,'560821','attachment-image',NULL,NULL,NULL,NULL,'2022-05-15 14:45:47','2023-02-13 07:56:48',8,NULL,NULL,NULL,NULL,0,NULL,2,'2022-05-15 14:45:47','2022-05-15 14:45:47'),(213,'http://mentorlystes.com/tunneldevente/wp-content/uploads/sites/8/2022/05/placeholder-19.png','89:ccf7a1e5f1a872dc6ea19ca86eed33eb',560822,'post','attachment',1,0,NULL,NULL,'placeholder.png','inherit',0,0,0,NULL,NULL,NULL,NULL,0,0,NULL,0,NULL,NULL,NULL,NULL,'http://mentorlystes.com/tunneldevente/wp-content/uploads/sites/8/2022/05/placeholder-19.png',NULL,'560822','attachment-image',NULL,NULL,NULL,'560822','attachment-image',NULL,NULL,NULL,NULL,'2022-05-15 14:45:48','2023-02-13 07:56:48',8,NULL,NULL,NULL,NULL,0,NULL,2,'2022-05-15 14:45:48','2022-05-15 14:45:48'),(214,'http://mentorlystes.com/tunneldevente/wp-content/uploads/sites/8/2022/05/placeholder-20.png','89:e17cd33df9e456b69b0ebb7cca5accaf',560823,'post','attachment',1,0,NULL,NULL,'placeholder.png','inherit',0,0,0,NULL,NULL,NULL,NULL,0,0,NULL,0,NULL,NULL,NULL,NULL,'http://mentorlystes.com/tunneldevente/wp-content/uploads/sites/8/2022/05/placeholder-20.png',NULL,'560823','attachment-image',NULL,NULL,NULL,'560823','attachment-image',NULL,NULL,NULL,NULL,'2022-05-15 14:45:49','2023-02-13 07:56:48',8,NULL,NULL,NULL,NULL,0,NULL,2,'2022-05-15 14:45:49','2022-05-15 14:45:49'),(215,'http://mentorlystes.com/tunneldevente/wp-content/uploads/sites/8/2022/05/placeholder-21.png','89:24535443c3866af85169e28f48cbd790',560824,'post','attachment',1,0,NULL,NULL,'placeholder.png','inherit',0,0,0,NULL,NULL,NULL,NULL,0,0,NULL,0,NULL,NULL,NULL,NULL,'http://mentorlystes.com/tunneldevente/wp-content/uploads/sites/8/2022/05/placeholder-21.png',NULL,'560824','attachment-image',NULL,NULL,NULL,'560824','attachment-image',NULL,NULL,NULL,NULL,'2022-05-15 14:45:50','2023-02-13 07:56:48',8,NULL,NULL,NULL,NULL,0,NULL,2,'2022-05-15 14:45:50','2022-05-15 14:45:50'),(216,'http://mentorlystes.com/tunneldevente/wp-content/uploads/sites/8/2022/05/placeholder-22.png','89:3fde5b5e13308e32deacfbd729bd1543',560825,'post','attachment',1,0,NULL,NULL,'placeholder.png','inherit',0,0,0,NULL,NULL,NULL,NULL,0,0,NULL,0,NULL,NULL,NULL,NULL,'http://mentorlystes.com/tunneldevente/wp-content/uploads/sites/8/2022/05/placeholder-22.png',NULL,'560825','attachment-image',NULL,NULL,NULL,'560825','attachment-image',NULL,NULL,NULL,NULL,'2022-05-15 14:45:51','2023-02-13 07:56:48',8,NULL,NULL,NULL,NULL,0,NULL,2,'2022-05-15 14:45:51','2022-05-15 14:45:51'),(217,'http://mentorlystes.com/tunneldevente/wp-content/uploads/sites/8/2022/05/placeholder-14-1.png','91:032218822151e1b297d3bdcfd8d4d6c0',560826,'post','attachment',1,0,NULL,NULL,'placeholder-14.png','inherit',0,0,0,NULL,NULL,NULL,NULL,0,0,NULL,0,NULL,NULL,NULL,NULL,'http://mentorlystes.com/tunneldevente/wp-content/uploads/sites/8/2022/05/placeholder-14-1.png',NULL,'560826','attachment-image',NULL,NULL,NULL,'560826','attachment-image',NULL,NULL,NULL,NULL,'2022-05-15 14:45:56','2023-02-13 07:56:48',8,NULL,NULL,NULL,NULL,0,NULL,2,'2022-05-15 14:45:56','2022-05-15 14:45:56'),(218,'http://mentorlystes.com/tunneldevente/wp-content/uploads/sites/8/2022/05/placeholder-15-1.png','91:588004982c2e66273b46ab6c9b6bb134',560827,'post','attachment',1,0,NULL,NULL,'placeholder-15.png','inherit',0,0,0,NULL,NULL,NULL,NULL,0,0,NULL,0,NULL,NULL,NULL,NULL,'http://mentorlystes.com/tunneldevente/wp-content/uploads/sites/8/2022/05/placeholder-15-1.png',NULL,'560827','attachment-image',NULL,NULL,NULL,'560827','attachment-image',NULL,NULL,NULL,NULL,'2022-05-15 14:45:57','2023-02-13 07:56:48',8,NULL,NULL,NULL,NULL,0,NULL,2,'2022-05-15 14:45:57','2022-05-15 14:45:57'),(219,'http://mentorlystes.com/tunneldevente/wp-content/uploads/sites/8/2022/05/placeholder-16-1.png','91:9d67e41082a10b2b06491f35577bace8',560828,'post','attachment',1,0,NULL,NULL,'placeholder-16.png','inherit',0,0,0,NULL,NULL,NULL,NULL,0,0,NULL,0,NULL,NULL,NULL,NULL,'http://mentorlystes.com/tunneldevente/wp-content/uploads/sites/8/2022/05/placeholder-16-1.png',NULL,'560828','attachment-image',NULL,NULL,NULL,'560828','attachment-image',NULL,NULL,NULL,NULL,'2022-05-15 14:45:58','2023-02-13 07:56:48',8,NULL,NULL,NULL,NULL,0,NULL,2,'2022-05-15 14:45:58','2022-05-15 14:45:58'),(220,'http://mentorlystes.com/tunneldevente/wp-content/uploads/sites/8/2022/05/placeholder-17-1.png','91:50222d3de2be51b67fe9cb2ab7c76e0a',560829,'post','attachment',1,0,NULL,NULL,'placeholder-17.png','inherit',0,0,0,NULL,NULL,NULL,NULL,0,0,NULL,0,NULL,NULL,NULL,NULL,'http://mentorlystes.com/tunneldevente/wp-content/uploads/sites/8/2022/05/placeholder-17-1.png',NULL,'560829','attachment-image',NULL,NULL,NULL,'560829','attachment-image',NULL,NULL,NULL,NULL,'2022-05-15 14:45:59','2023-02-13 07:56:48',8,NULL,NULL,NULL,NULL,0,NULL,2,'2022-05-15 14:45:59','2022-05-15 14:45:59'),(221,'http://mentorlystes.com/tunneldevente/wp-content/uploads/sites/8/2022/05/placeholder-18-1.png','91:53deda7d9d57186334f1e7c9c4f400af',560830,'post','attachment',1,0,NULL,NULL,'placeholder-18.png','inherit',0,0,0,NULL,NULL,NULL,NULL,0,0,NULL,0,NULL,NULL,NULL,NULL,'http://mentorlystes.com/tunneldevente/wp-content/uploads/sites/8/2022/05/placeholder-18-1.png',NULL,'560830','attachment-image',NULL,NULL,NULL,'560830','attachment-image',NULL,NULL,NULL,NULL,'2022-05-15 14:46:00','2023-02-13 07:56:48',8,NULL,NULL,NULL,NULL,0,NULL,2,'2022-05-15 14:46:00','2022-05-15 14:46:00'),(222,'http://mentorlystes.com/tunneldevente/wp-content/uploads/sites/8/2022/05/placeholder-19-1.png','91:fda25a32fe8f773a25c85d4c8c939e85',560831,'post','attachment',1,0,NULL,NULL,'placeholder-19.png','inherit',0,0,0,NULL,NULL,NULL,NULL,0,0,NULL,0,NULL,NULL,NULL,NULL,'http://mentorlystes.com/tunneldevente/wp-content/uploads/sites/8/2022/05/placeholder-19-1.png',NULL,'560831','attachment-image',NULL,NULL,NULL,'560831','attachment-image',NULL,NULL,NULL,NULL,'2022-05-15 14:46:01','2023-02-13 07:56:48',8,NULL,NULL,NULL,NULL,0,NULL,2,'2022-05-15 14:46:01','2022-05-15 14:46:01'),(223,'http://mentorlystes.com/tunneldevente/wp-content/uploads/sites/8/2022/05/placeholder-20-1.png','91:1fce1669f921e602210b9967b711a9b5',560832,'post','attachment',1,0,NULL,NULL,'placeholder-20.png','inherit',0,0,0,NULL,NULL,NULL,NULL,0,0,NULL,0,NULL,NULL,NULL,NULL,'http://mentorlystes.com/tunneldevente/wp-content/uploads/sites/8/2022/05/placeholder-20-1.png',NULL,'560832','attachment-image',NULL,NULL,NULL,'560832','attachment-image',NULL,NULL,NULL,NULL,'2022-05-15 14:46:02','2023-02-13 07:56:48',8,NULL,NULL,NULL,NULL,0,NULL,2,'2022-05-15 14:46:02','2022-05-15 14:46:02'),(224,'http://mentorlystes.com/tunneldevente/wp-content/uploads/sites/8/2022/05/placeholder-21-1.png','91:4011c6d0edb7617ef5b650d3e4988da7',560833,'post','attachment',1,0,NULL,NULL,'placeholder-21.png','inherit',0,0,0,NULL,NULL,NULL,NULL,0,0,NULL,0,NULL,NULL,NULL,NULL,'http://mentorlystes.com/tunneldevente/wp-content/uploads/sites/8/2022/05/placeholder-21-1.png',NULL,'560833','attachment-image',NULL,NULL,NULL,'560833','attachment-image',NULL,NULL,NULL,NULL,'2022-05-15 14:46:03','2023-02-13 07:56:48',8,NULL,NULL,NULL,NULL,0,NULL,2,'2022-05-15 14:46:03','2022-05-15 14:46:03'),(225,'http://mentorlystes.com/tunneldevente/wp-content/uploads/sites/8/2022/05/placeholder-22-1.png','91:bbce528fdf193b76cb5f8bd796340765',560834,'post','attachment',1,0,NULL,NULL,'placeholder-22.png','inherit',0,0,0,NULL,NULL,NULL,NULL,0,0,NULL,0,NULL,NULL,NULL,NULL,'http://mentorlystes.com/tunneldevente/wp-content/uploads/sites/8/2022/05/placeholder-22-1.png',NULL,'560834','attachment-image',NULL,NULL,NULL,'560834','attachment-image',NULL,NULL,NULL,NULL,'2022-05-15 14:46:04','2023-02-13 07:56:48',8,NULL,NULL,NULL,NULL,0,NULL,2,'2022-05-15 14:46:04','2022-05-15 14:46:04'),(226,'http://mentorlystes.com/tunneldevente/wp-content/uploads/sites/8/2022/05/placeholder-23.png','89:0f2f766d9edc05ca54520d51e28c474f',560835,'post','attachment',1,0,NULL,NULL,'placeholder.png','inherit',0,0,0,NULL,NULL,NULL,NULL,0,0,NULL,0,NULL,NULL,NULL,NULL,'http://mentorlystes.com/tunneldevente/wp-content/uploads/sites/8/2022/05/placeholder-23.png',NULL,'560835','attachment-image',NULL,NULL,NULL,'560835','attachment-image',NULL,NULL,NULL,NULL,'2022-05-15 14:46:06','2023-02-13 07:56:48',8,NULL,NULL,NULL,NULL,0,NULL,2,'2022-05-15 14:46:06','2022-05-15 14:46:06'),(227,'http://mentorlystes.com/tunneldevente/wp-content/uploads/sites/8/2022/05/placeholder-24.png','89:f7d08eaca8c888dcdcc61c6bdbe8d069',560836,'post','attachment',1,0,NULL,NULL,'placeholder.png','inherit',0,0,0,NULL,NULL,NULL,NULL,0,0,NULL,0,NULL,NULL,NULL,NULL,'http://mentorlystes.com/tunneldevente/wp-content/uploads/sites/8/2022/05/placeholder-24.png',NULL,'560836','attachment-image',NULL,NULL,NULL,'560836','attachment-image',NULL,NULL,NULL,NULL,'2022-05-15 14:46:07','2023-02-13 07:56:48',8,NULL,NULL,NULL,NULL,0,NULL,2,'2022-05-15 14:46:07','2022-05-15 14:46:07'),(228,'http://mentorlystes.com/tunneldevente/wp-content/uploads/sites/8/2022/05/placeholder-25.png','89:1ae1001826d5503e7e63402a23304f15',560837,'post','attachment',1,0,NULL,NULL,'placeholder.png','inherit',0,0,0,NULL,NULL,NULL,NULL,0,0,NULL,0,NULL,NULL,NULL,NULL,'http://mentorlystes.com/tunneldevente/wp-content/uploads/sites/8/2022/05/placeholder-25.png',NULL,'560837','attachment-image',NULL,NULL,NULL,'560837','attachment-image',NULL,NULL,NULL,NULL,'2022-05-15 14:46:08','2023-02-13 07:56:48',8,NULL,NULL,NULL,NULL,0,NULL,2,'2022-05-15 14:46:08','2022-05-15 14:46:08'),(229,'http://mentorlystes.com/tunneldevente/wp-content/uploads/sites/8/2022/05/placeholder-26.png','89:0d0815308f13dec20aabb47b95d61ddb',560838,'post','attachment',1,0,NULL,NULL,'placeholder.png','inherit',0,0,0,NULL,NULL,NULL,NULL,0,0,NULL,0,NULL,NULL,NULL,NULL,'http://mentorlystes.com/tunneldevente/wp-content/uploads/sites/8/2022/05/placeholder-26.png',NULL,'560838','attachment-image',NULL,NULL,NULL,'560838','attachment-image',NULL,NULL,NULL,NULL,'2022-05-15 14:46:09','2023-02-13 07:56:48',8,NULL,NULL,NULL,NULL,0,NULL,2,'2022-05-15 14:46:09','2022-05-15 14:46:09'),(230,'http://mentorlystes.com/tunneldevente/wp-content/uploads/sites/8/2022/05/placeholder-27.png','89:b5dcac0f3dd5f59fe3f586e1fb20bc40',560839,'post','attachment',1,0,NULL,NULL,'placeholder.png','inherit',0,0,0,NULL,NULL,NULL,NULL,0,0,NULL,0,NULL,NULL,NULL,NULL,'http://mentorlystes.com/tunneldevente/wp-content/uploads/sites/8/2022/05/placeholder-27.png',NULL,'560839','attachment-image',NULL,NULL,NULL,'560839','attachment-image',NULL,NULL,NULL,NULL,'2022-05-15 14:46:10','2023-02-13 07:56:48',8,NULL,NULL,NULL,NULL,0,NULL,2,'2022-05-15 14:46:10','2022-05-15 14:46:10'),(231,'http://mentorlystes.com/tunneldevente/wp-content/uploads/sites/8/2022/05/placeholder-28.png','89:c716302ac0ae6d5222c2d529690b5638',560840,'post','attachment',1,0,NULL,NULL,'placeholder.png','inherit',0,0,0,NULL,NULL,NULL,NULL,0,0,NULL,0,NULL,NULL,NULL,NULL,'http://mentorlystes.com/tunneldevente/wp-content/uploads/sites/8/2022/05/placeholder-28.png',NULL,'560840','attachment-image',NULL,NULL,NULL,'560840','attachment-image',NULL,NULL,NULL,NULL,'2022-05-15 14:46:11','2023-02-13 07:56:48',8,NULL,NULL,NULL,NULL,0,NULL,2,'2022-05-15 14:46:11','2022-05-15 14:46:11'),(232,'http://mentorlystes.com/tunneldevente/wp-content/uploads/sites/8/2022/05/placeholder-29.png','89:5461d487ba1c777a680b774a672270a4',560841,'post','attachment',1,0,NULL,NULL,'placeholder.png','inherit',0,0,0,NULL,NULL,NULL,NULL,0,0,NULL,0,NULL,NULL,NULL,NULL,'http://mentorlystes.com/tunneldevente/wp-content/uploads/sites/8/2022/05/placeholder-29.png',NULL,'560841','attachment-image',NULL,NULL,NULL,'560841','attachment-image',NULL,NULL,NULL,NULL,'2022-05-15 14:46:12','2023-02-13 07:56:48',8,NULL,NULL,NULL,NULL,0,NULL,2,'2022-05-15 14:46:12','2022-05-15 14:46:12'),(233,'http://mentorlystes.com/tunneldevente/wp-content/uploads/sites/8/2022/05/placeholder-30.png','89:9c0bd37da49adff69099a36542959c9a',560842,'post','attachment',1,0,NULL,NULL,'placeholder.png','inherit',0,0,0,NULL,NULL,NULL,NULL,0,0,NULL,0,NULL,NULL,NULL,NULL,'http://mentorlystes.com/tunneldevente/wp-content/uploads/sites/8/2022/05/placeholder-30.png',NULL,'560842','attachment-image',NULL,NULL,NULL,'560842','attachment-image',NULL,NULL,NULL,NULL,'2022-05-15 14:46:13','2023-02-13 07:56:48',8,NULL,NULL,NULL,NULL,0,NULL,2,'2022-05-15 14:46:13','2022-05-15 14:46:13'),(234,'http://mentorlystes.com/tunneldevente/wp-content/uploads/sites/8/2022/05/placeholder-31.png','89:bf3b53a9be94f305bba3214efc0cd22f',560843,'post','attachment',1,0,NULL,NULL,'placeholder.png','inherit',0,0,0,NULL,NULL,NULL,NULL,0,0,NULL,0,NULL,NULL,NULL,NULL,'http://mentorlystes.com/tunneldevente/wp-content/uploads/sites/8/2022/05/placeholder-31.png',NULL,'560843','attachment-image',NULL,NULL,NULL,'560843','attachment-image',NULL,NULL,NULL,NULL,'2022-05-15 14:46:14','2023-02-13 07:56:48',8,NULL,NULL,NULL,NULL,0,NULL,2,'2022-05-15 14:46:14','2022-05-15 14:46:14'),(235,'http://mentorlystes.com/tunneldevente/wp-content/uploads/sites/8/2022/05/placeholder-32.png','89:0ee502c2c947bea9e07ae0b1dd4fc758',560844,'post','attachment',1,0,NULL,NULL,'placeholder.png','inherit',0,0,0,NULL,NULL,NULL,NULL,0,0,NULL,0,NULL,NULL,NULL,NULL,'http://mentorlystes.com/tunneldevente/wp-content/uploads/sites/8/2022/05/placeholder-32.png',NULL,'560844','attachment-image',NULL,NULL,NULL,'560844','attachment-image',NULL,NULL,NULL,NULL,'2022-05-15 14:46:15','2023-02-13 07:56:48',8,NULL,NULL,NULL,NULL,0,NULL,2,'2022-05-15 14:46:15','2022-05-15 14:46:15'),(236,'http://mentorlystes.com/tunneldevente/wp-content/uploads/sites/8/2022/05/placeholder-33.png','89:f55c8192bf893aba0db369ac0d4be839',560845,'post','attachment',1,0,NULL,NULL,'placeholder.png','inherit',0,0,0,NULL,NULL,NULL,NULL,0,0,NULL,0,NULL,NULL,NULL,NULL,'http://mentorlystes.com/tunneldevente/wp-content/uploads/sites/8/2022/05/placeholder-33.png',NULL,'560845','attachment-image',NULL,NULL,NULL,'560845','attachment-image',NULL,NULL,NULL,NULL,'2022-05-15 14:46:16','2023-02-13 07:56:48',8,NULL,NULL,NULL,NULL,0,NULL,2,'2022-05-15 14:46:16','2022-05-15 14:46:16'),(237,'http://mentorlystes.com/tunneldevente/wp-content/uploads/sites/8/2022/05/placeholder-34.png','89:cb3d9d52cbcc8e98a7312c03b9a1e34b',560846,'post','attachment',1,0,NULL,NULL,'placeholder.png','inherit',0,0,0,NULL,NULL,NULL,NULL,0,0,NULL,0,NULL,NULL,NULL,NULL,'http://mentorlystes.com/tunneldevente/wp-content/uploads/sites/8/2022/05/placeholder-34.png',NULL,'560846','attachment-image',NULL,NULL,NULL,'560846','attachment-image',NULL,NULL,NULL,NULL,'2022-05-15 14:46:17','2023-02-13 07:56:48',8,NULL,NULL,NULL,NULL,0,NULL,2,'2022-05-15 14:46:17','2022-05-15 14:46:17'),(238,'http://mentorlystes.com/tunneldevente/wp-content/uploads/sites/8/2022/05/placeholder-14-1-1.png','93:6b84ef3af5ccc085d8ff52a96a58e701',560847,'post','attachment',1,0,NULL,NULL,'placeholder-14-1.png','inherit',0,0,0,NULL,NULL,NULL,NULL,0,0,NULL,0,NULL,NULL,NULL,NULL,'http://mentorlystes.com/tunneldevente/wp-content/uploads/sites/8/2022/05/placeholder-14-1-1.png',NULL,'560847','attachment-image',NULL,NULL,NULL,'560847','attachment-image',NULL,NULL,NULL,NULL,'2022-05-15 14:46:20','2023-02-13 07:56:48',8,NULL,NULL,NULL,NULL,0,NULL,2,'2022-05-15 14:46:20','2022-05-15 14:46:20'),(239,'http://mentorlystes.com/tunneldevente/wp-content/uploads/sites/8/2022/05/placeholder-15-1-1.png','93:107f4f8a6fda8f3bac6d2931bdc36ce2',560848,'post','attachment',1,0,NULL,NULL,'placeholder-15-1.png','inherit',0,0,0,NULL,NULL,NULL,NULL,0,0,NULL,0,NULL,NULL,NULL,NULL,'http://mentorlystes.com/tunneldevente/wp-content/uploads/sites/8/2022/05/placeholder-15-1-1.png',NULL,'560848','attachment-image',NULL,NULL,NULL,'560848','attachment-image',NULL,NULL,NULL,NULL,'2022-05-15 14:46:21','2023-02-13 07:56:48',8,NULL,NULL,NULL,NULL,0,NULL,2,'2022-05-15 14:46:21','2022-05-15 14:46:21'),(240,'http://mentorlystes.com/tunneldevente/wp-content/uploads/sites/8/2022/05/placeholder-16-1-1.png','93:351982855d495da430c77086839d1a69',560849,'post','attachment',1,0,NULL,NULL,'placeholder-16-1.png','inherit',0,0,0,NULL,NULL,NULL,NULL,0,0,NULL,0,NULL,NULL,NULL,NULL,'http://mentorlystes.com/tunneldevente/wp-content/uploads/sites/8/2022/05/placeholder-16-1-1.png',NULL,'560849','attachment-image',NULL,NULL,NULL,'560849','attachment-image',NULL,NULL,NULL,NULL,'2022-05-15 14:46:22','2023-02-13 07:56:48',8,NULL,NULL,NULL,NULL,0,NULL,2,'2022-05-15 14:46:22','2022-05-15 14:46:22'),(241,'http://mentorlystes.com/tunneldevente/wp-content/uploads/sites/8/2022/05/placeholder-17-1-1.png','93:e7036eeb8045fb720bcda2f2b7745b0d',560850,'post','attachment',1,0,NULL,NULL,'placeholder-17-1.png','inherit',0,0,0,NULL,NULL,NULL,NULL,0,0,NULL,0,NULL,NULL,NULL,NULL,'http://mentorlystes.com/tunneldevente/wp-content/uploads/sites/8/2022/05/placeholder-17-1-1.png',NULL,'560850','attachment-image',NULL,NULL,NULL,'560850','attachment-image',NULL,NULL,NULL,NULL,'2022-05-15 14:46:23','2023-02-13 07:56:48',8,NULL,NULL,NULL,NULL,0,NULL,2,'2022-05-15 14:46:23','2022-05-15 14:46:23'),(242,'http://mentorlystes.com/tunneldevente/wp-content/uploads/sites/8/2022/05/placeholder-18-1-1.png','93:ce24cdaacce54a6b56486f4d1abb747d',560851,'post','attachment',1,0,NULL,NULL,'placeholder-18-1.png','inherit',0,0,0,NULL,NULL,NULL,NULL,0,0,NULL,0,NULL,NULL,NULL,NULL,'http://mentorlystes.com/tunneldevente/wp-content/uploads/sites/8/2022/05/placeholder-18-1-1.png',NULL,'560851','attachment-image',NULL,NULL,NULL,'560851','attachment-image',NULL,NULL,NULL,NULL,'2022-05-15 14:46:24','2023-02-13 07:56:48',8,NULL,NULL,NULL,NULL,0,NULL,2,'2022-05-15 14:46:24','2022-05-15 14:46:24'),(243,'http://mentorlystes.com/tunneldevente/wp-content/uploads/sites/8/2022/05/placeholder-19-1-1.png','93:c11bf8c7a6d99d9d6672789b2998c8dd',560852,'post','attachment',1,0,NULL,NULL,'placeholder-19-1.png','inherit',0,0,0,NULL,NULL,NULL,NULL,0,0,NULL,0,NULL,NULL,NULL,NULL,'http://mentorlystes.com/tunneldevente/wp-content/uploads/sites/8/2022/05/placeholder-19-1-1.png',NULL,'560852','attachment-image',NULL,NULL,NULL,'560852','attachment-image',NULL,NULL,NULL,NULL,'2022-05-15 14:46:25','2023-02-13 07:56:48',8,NULL,NULL,NULL,NULL,0,NULL,2,'2022-05-15 14:46:25','2022-05-15 14:46:25'),(244,'http://mentorlystes.com/tunneldevente/wp-content/uploads/sites/8/2022/05/placeholder-20-1-1.png','93:fdee37f8cc5071a98a16879f5c57a6fe',560853,'post','attachment',1,0,NULL,NULL,'placeholder-20-1.png','inherit',0,0,0,NULL,NULL,NULL,NULL,0,0,NULL,0,NULL,NULL,NULL,NULL,'http://mentorlystes.com/tunneldevente/wp-content/uploads/sites/8/2022/05/placeholder-20-1-1.png',NULL,'560853','attachment-image',NULL,NULL,NULL,'560853','attachment-image',NULL,NULL,NULL,NULL,'2022-05-15 14:46:26','2023-02-13 07:56:48',8,NULL,NULL,NULL,NULL,0,NULL,2,'2022-05-15 14:46:26','2022-05-15 14:46:26'),(245,'http://mentorlystes.com/tunneldevente/wp-content/uploads/sites/8/2022/05/placeholder-21-1-1.png','93:6ce367e46d1206bfc8372de60b22f599',560854,'post','attachment',1,0,NULL,NULL,'placeholder-21-1.png','inherit',0,0,0,NULL,NULL,NULL,NULL,0,0,NULL,0,NULL,NULL,NULL,NULL,'http://mentorlystes.com/tunneldevente/wp-content/uploads/sites/8/2022/05/placeholder-21-1-1.png',NULL,'560854','attachment-image',NULL,NULL,NULL,'560854','attachment-image',NULL,NULL,NULL,NULL,'2022-05-15 14:46:27','2023-02-13 07:56:48',8,NULL,NULL,NULL,NULL,0,NULL,2,'2022-05-15 14:46:27','2022-05-15 14:46:27'),(246,'http://mentorlystes.com/tunneldevente/wp-content/uploads/sites/8/2022/05/placeholder-22-1-1.png','93:2e4f862639a4f4219c7f8f116435ee6b',560855,'post','attachment',1,0,NULL,NULL,'placeholder-22-1.png','inherit',0,0,0,NULL,NULL,NULL,NULL,0,0,NULL,0,NULL,NULL,NULL,NULL,'http://mentorlystes.com/tunneldevente/wp-content/uploads/sites/8/2022/05/placeholder-22-1-1.png',NULL,'560855','attachment-image',NULL,NULL,NULL,'560855','attachment-image',NULL,NULL,NULL,NULL,'2022-05-15 14:46:28','2023-02-13 07:56:48',8,NULL,NULL,NULL,NULL,0,NULL,2,'2022-05-15 14:46:28','2022-05-15 14:46:28'),(247,'http://mentorlystes.com/tunneldevente/wp-content/uploads/sites/8/2022/05/placeholder-23-1.png','91:6900039a0d060222993b1df74b2c35d5',560856,'post','attachment',1,0,NULL,NULL,'placeholder-23.png','inherit',0,0,0,NULL,NULL,NULL,NULL,0,0,NULL,0,NULL,NULL,NULL,NULL,'http://mentorlystes.com/tunneldevente/wp-content/uploads/sites/8/2022/05/placeholder-23-1.png',NULL,'560856','attachment-image',NULL,NULL,NULL,'560856','attachment-image',NULL,NULL,NULL,NULL,'2022-05-15 14:46:30','2023-02-13 07:56:48',8,NULL,NULL,NULL,NULL,0,NULL,2,'2022-05-15 14:46:30','2022-05-15 14:46:30'),(248,'http://mentorlystes.com/tunneldevente/wp-content/uploads/sites/8/2022/05/placeholder-24-1.png','91:5d575c971cabc96800d152ae5618bc3a',560857,'post','attachment',1,0,NULL,NULL,'placeholder-24.png','inherit',0,0,0,NULL,NULL,NULL,NULL,0,0,NULL,0,NULL,NULL,NULL,NULL,'http://mentorlystes.com/tunneldevente/wp-content/uploads/sites/8/2022/05/placeholder-24-1.png',NULL,'560857','attachment-image',NULL,NULL,NULL,'560857','attachment-image',NULL,NULL,NULL,NULL,'2022-05-15 14:46:31','2023-02-13 07:56:48',8,NULL,NULL,NULL,NULL,0,NULL,2,'2022-05-15 14:46:31','2022-05-15 14:46:31'),(249,'http://mentorlystes.com/tunneldevente/wp-content/uploads/sites/8/2022/05/placeholder-25-1.png','91:f6a41ab6a774fd4a34c7fa0264d23173',560858,'post','attachment',1,0,NULL,NULL,'placeholder-25.png','inherit',0,0,0,NULL,NULL,NULL,NULL,0,0,NULL,0,NULL,NULL,NULL,NULL,'http://mentorlystes.com/tunneldevente/wp-content/uploads/sites/8/2022/05/placeholder-25-1.png',NULL,'560858','attachment-image',NULL,NULL,NULL,'560858','attachment-image',NULL,NULL,NULL,NULL,'2022-05-15 14:46:32','2023-02-13 07:56:48',8,NULL,NULL,NULL,NULL,0,NULL,2,'2022-05-15 14:46:32','2022-05-15 14:46:32'),(250,'http://mentorlystes.com/tunneldevente/wp-content/uploads/sites/8/2022/05/placeholder-26-1.png','91:ee712ae4de2f07693fe21f0c864efddf',560859,'post','attachment',1,0,NULL,NULL,'placeholder-26.png','inherit',0,0,0,NULL,NULL,NULL,NULL,0,0,NULL,0,NULL,NULL,NULL,NULL,'http://mentorlystes.com/tunneldevente/wp-content/uploads/sites/8/2022/05/placeholder-26-1.png',NULL,'560859','attachment-image',NULL,NULL,NULL,'560859','attachment-image',NULL,NULL,NULL,NULL,'2022-05-15 14:46:33','2023-02-13 07:56:48',8,NULL,NULL,NULL,NULL,0,NULL,2,'2022-05-15 14:46:33','2022-05-15 14:46:33'),(251,'http://mentorlystes.com/tunneldevente/wp-content/uploads/sites/8/2022/05/placeholder-27-1.png','91:a72cc0ead5a9c003223a7f52e5e1c72e',560860,'post','attachment',1,0,NULL,NULL,'placeholder-27.png','inherit',0,0,0,NULL,NULL,NULL,NULL,0,0,NULL,0,NULL,NULL,NULL,NULL,'http://mentorlystes.com/tunneldevente/wp-content/uploads/sites/8/2022/05/placeholder-27-1.png',NULL,'560860','attachment-image',NULL,NULL,NULL,'560860','attachment-image',NULL,NULL,NULL,NULL,'2022-05-15 14:46:34','2023-02-13 07:56:48',8,NULL,NULL,NULL,NULL,0,NULL,2,'2022-05-15 14:46:34','2022-05-15 14:46:34'),(252,'http://mentorlystes.com/tunneldevente/wp-content/uploads/sites/8/2022/05/placeholder-28-1.png','91:d7f777ef7b92786b751016d792b01bfb',560861,'post','attachment',1,0,NULL,NULL,'placeholder-28.png','inherit',0,0,0,NULL,NULL,NULL,NULL,0,0,NULL,0,NULL,NULL,NULL,NULL,'http://mentorlystes.com/tunneldevente/wp-content/uploads/sites/8/2022/05/placeholder-28-1.png',NULL,'560861','attachment-image',NULL,NULL,NULL,'560861','attachment-image',NULL,NULL,NULL,NULL,'2022-05-15 14:46:35','2023-02-13 07:56:48',8,NULL,NULL,NULL,NULL,0,NULL,2,'2022-05-15 14:46:35','2022-05-15 14:46:35'),(253,'http://mentorlystes.com/tunneldevente/wp-content/uploads/sites/8/2022/05/placeholder-29-1.png','91:af154881093944eaf2502652482d81d3',560862,'post','attachment',1,0,NULL,NULL,'placeholder-29.png','inherit',0,0,0,NULL,NULL,NULL,NULL,0,0,NULL,0,NULL,NULL,NULL,NULL,'http://mentorlystes.com/tunneldevente/wp-content/uploads/sites/8/2022/05/placeholder-29-1.png',NULL,'560862','attachment-image',NULL,NULL,NULL,'560862','attachment-image',NULL,NULL,NULL,NULL,'2022-05-15 14:46:36','2023-02-13 07:56:48',8,NULL,NULL,NULL,NULL,0,NULL,2,'2022-05-15 14:46:36','2022-05-15 14:46:36'),(254,'http://mentorlystes.com/tunneldevente/wp-content/uploads/sites/8/2022/05/placeholder-30-1.png','91:06e063722f0698cc9ff735971fb737f2',560863,'post','attachment',1,0,NULL,NULL,'placeholder-30.png','inherit',0,0,0,NULL,NULL,NULL,NULL,0,0,NULL,0,NULL,NULL,NULL,NULL,'http://mentorlystes.com/tunneldevente/wp-content/uploads/sites/8/2022/05/placeholder-30-1.png',NULL,'560863','attachment-image',NULL,NULL,NULL,'560863','attachment-image',NULL,NULL,NULL,NULL,'2022-05-15 14:46:37','2023-02-13 07:56:48',8,NULL,NULL,NULL,NULL,0,NULL,2,'2022-05-15 14:46:37','2022-05-15 14:46:37'),(255,'http://mentorlystes.com/tunneldevente/wp-content/uploads/sites/8/2022/05/placeholder-31-1.png','91:b814054bb03c5ebb1b3b8a3c22d5cc77',560864,'post','attachment',1,0,NULL,NULL,'placeholder-31.png','inherit',0,0,0,NULL,NULL,NULL,NULL,0,0,NULL,0,NULL,NULL,NULL,NULL,'http://mentorlystes.com/tunneldevente/wp-content/uploads/sites/8/2022/05/placeholder-31-1.png',NULL,'560864','attachment-image',NULL,NULL,NULL,'560864','attachment-image',NULL,NULL,NULL,NULL,'2022-05-15 14:46:38','2023-02-13 07:56:48',8,NULL,NULL,NULL,NULL,0,NULL,2,'2022-05-15 14:46:38','2022-05-15 14:46:38'),(256,'http://mentorlystes.com/tunneldevente/wp-content/uploads/sites/8/2022/05/placeholder-32-1.png','91:35a932076b9d98a1c1ba6c9425b60cd4',560865,'post','attachment',1,0,NULL,NULL,'placeholder-32.png','inherit',0,0,0,NULL,NULL,NULL,NULL,0,0,NULL,0,NULL,NULL,NULL,NULL,'http://mentorlystes.com/tunneldevente/wp-content/uploads/sites/8/2022/05/placeholder-32-1.png',NULL,'560865','attachment-image',NULL,NULL,NULL,'560865','attachment-image',NULL,NULL,NULL,NULL,'2022-05-15 14:46:39','2023-02-13 07:56:48',8,NULL,NULL,NULL,NULL,0,NULL,2,'2022-05-15 14:46:39','2022-05-15 14:46:39'),(257,'http://mentorlystes.com/tunneldevente/wp-content/uploads/sites/8/2022/05/placeholder-33-1.png','91:f6be999cd85d0c924ce09ad62952f378',560866,'post','attachment',1,0,NULL,NULL,'placeholder-33.png','inherit',0,0,0,NULL,NULL,NULL,NULL,0,0,NULL,0,NULL,NULL,NULL,NULL,'http://mentorlystes.com/tunneldevente/wp-content/uploads/sites/8/2022/05/placeholder-33-1.png',NULL,'560866','attachment-image',NULL,NULL,NULL,'560866','attachment-image',NULL,NULL,NULL,NULL,'2022-05-15 14:46:40','2023-02-13 07:56:48',8,NULL,NULL,NULL,NULL,0,NULL,2,'2022-05-15 14:46:40','2022-05-15 14:46:40'),(258,'http://mentorlystes.com/tunneldevente/wp-content/uploads/sites/8/2022/05/placeholder-34-1.png','91:dbdb34d2d8d32c15ab7297b339914512',560867,'post','attachment',1,0,NULL,NULL,'placeholder-34.png','inherit',0,0,0,NULL,NULL,NULL,NULL,0,0,NULL,0,NULL,NULL,NULL,NULL,'http://mentorlystes.com/tunneldevente/wp-content/uploads/sites/8/2022/05/placeholder-34-1.png',NULL,'560867','attachment-image',NULL,NULL,NULL,'560867','attachment-image',NULL,NULL,NULL,NULL,'2022-05-15 14:46:41','2023-02-13 07:56:48',8,NULL,NULL,NULL,NULL,0,NULL,2,'2022-05-15 14:46:41','2022-05-15 14:46:41'),(259,'http://mentorlystes.com/tunneldevente/wp-content/uploads/sites/8/2022/05/placeholder-35.png','89:bfeffaa5a52404721e1dc33e3182cf1e',560868,'post','attachment',1,0,NULL,NULL,'placeholder.png','inherit',0,0,0,NULL,NULL,NULL,NULL,0,0,NULL,0,NULL,NULL,NULL,NULL,'http://mentorlystes.com/tunneldevente/wp-content/uploads/sites/8/2022/05/placeholder-35.png',NULL,'560868','attachment-image',NULL,NULL,NULL,'560868','attachment-image',NULL,NULL,NULL,NULL,'2022-05-15 14:46:43','2023-02-13 07:56:48',8,NULL,NULL,NULL,NULL,0,NULL,2,'2022-05-15 14:46:43','2022-05-15 14:46:43'),(260,'http://mentorlystes.com/tunneldevente/wp-content/uploads/sites/8/2022/05/placeholder-36.png','89:3349f241f7a6d677c78a5e856acff65f',560869,'post','attachment',1,0,NULL,NULL,'placeholder.png','inherit',0,0,0,NULL,NULL,NULL,NULL,0,0,NULL,0,NULL,NULL,NULL,NULL,'http://mentorlystes.com/tunneldevente/wp-content/uploads/sites/8/2022/05/placeholder-36.png',NULL,'560869','attachment-image',NULL,NULL,NULL,'560869','attachment-image',NULL,NULL,NULL,NULL,'2022-05-15 14:46:44','2023-02-13 07:56:48',8,NULL,NULL,NULL,NULL,0,NULL,2,'2022-05-15 14:46:44','2022-05-15 14:46:44'),(261,'http://mentorlystes.com/tunneldevente/wp-content/uploads/sites/8/2022/05/placeholder-37.png','89:d2ed6fc0bc55c3ca3d915d1ba4bbb185',560870,'post','attachment',1,0,NULL,NULL,'placeholder.png','inherit',0,0,0,NULL,NULL,NULL,NULL,0,0,NULL,0,NULL,NULL,NULL,NULL,'http://mentorlystes.com/tunneldevente/wp-content/uploads/sites/8/2022/05/placeholder-37.png',NULL,'560870','attachment-image',NULL,NULL,NULL,'560870','attachment-image',NULL,NULL,NULL,NULL,'2022-05-15 14:46:45','2023-02-13 07:56:48',8,NULL,NULL,NULL,NULL,0,NULL,2,'2022-05-15 14:46:45','2022-05-15 14:46:45'),(262,'https://mentorlystes.com/tunneldevente/?cartflows_flow=personnal-formateur','72:10d679a8ee3533f92e28b7b4f4ab3637',560871,'post','cartflows_flow',1,0,NULL,NULL,'personnal formateur','publish',NULL,0,NULL,NULL,NULL,NULL,NULL,0,0,NULL,0,NULL,NULL,NULL,NULL,NULL,NULL,NULL,NULL,NULL,NULL,NULL,NULL,NULL,NULL,0,NULL,NULL,'2022-05-15 14:46:55','2023-02-13 07:56:48',8,NULL,NULL,NULL,NULL,0,NULL,2,'2022-05-15 14:46:55','2022-05-15 14:46:55'),(263,'https://mentorlystes.com/tunneldevente/cartflows_step/business-consultant-sales-landing/','86:d77b7113aafce3ff43537c5a5e21908e',560872,'post','cartflows_step',1,0,NULL,NULL,'Business Consultant Sales Landing','publish',NULL,0,NULL,NULL,NULL,NULL,NULL,0,0,NULL,0,NULL,NULL,NULL,NULL,NULL,NULL,NULL,NULL,NULL,NULL,NULL,NULL,NULL,NULL,0,NULL,NULL,'2022-05-15 14:46:55','2023-02-13 07:56:48',8,NULL,NULL,NULL,NULL,0,NULL,2,'2022-05-15 14:46:55','2022-05-15 14:46:55'),(264,'https://mentorlystes.com/tunneldevente/cartflows_step/business-consultant-checkout/','81:b5b2153197de96233f9bcb7c81751189',560873,'post','cartflows_step',1,0,NULL,NULL,'Business Consultant Checkout','publish',NULL,0,NULL,NULL,NULL,NULL,NULL,0,0,NULL,0,NULL,NULL,NULL,NULL,NULL,NULL,NULL,NULL,NULL,NULL,NULL,NULL,NULL,NULL,0,NULL,NULL,'2022-05-15 14:47:00','2023-02-13 07:56:48',8,NULL,NULL,NULL,NULL,0,NULL,2,'2022-05-15 14:47:00','2022-05-15 14:47:00'),(265,'http://mentorlystes.com/tunneldevente/wp-content/uploads/sites/8/2022/05/business-consultant-hero-image.jpg','105:bf66244d431d42f9f8cb67edbcd7e2bf',560874,'post','attachment',1,0,NULL,NULL,'business-consultant-hero-image.jpg','inherit',0,0,0,NULL,NULL,NULL,NULL,0,0,NULL,0,NULL,NULL,NULL,NULL,'http://mentorlystes.com/tunneldevente/wp-content/uploads/sites/8/2022/05/business-consultant-hero-image.jpg',NULL,'560874','attachment-image',NULL,NULL,NULL,'560874','attachment-image',NULL,NULL,NULL,NULL,'2022-05-15 14:47:02','2023-02-13 07:56:48',8,NULL,NULL,NULL,NULL,0,NULL,2,'2022-05-15 14:47:02','2022-05-15 14:47:02'),(266,'http://mentorlystes.com/tunneldevente/wp-content/uploads/sites/8/2022/05/business-consultant-hero-image-bg.jpg','108:c517d450068bd231a39cef5093ebd081',560875,'post','attachment',1,0,NULL,NULL,'business-consultant-hero-image-bg.jpg','inherit',0,0,0,NULL,NULL,NULL,NULL,0,0,NULL,0,NULL,NULL,NULL,NULL,'http://mentorlystes.com/tunneldevente/wp-content/uploads/sites/8/2022/05/business-consultant-hero-image-bg.jpg',NULL,'560875','attachment-image',NULL,NULL,NULL,'560875','attachment-image',NULL,NULL,NULL,NULL,'2022-05-15 14:47:03','2023-02-13 07:56:48',8,NULL,NULL,NULL,NULL,0,NULL,2,'2022-05-15 14:47:03','2022-05-15 14:47:03'),(267,'http://mentorlystes.com/tunneldevente/wp-content/uploads/sites/8/2022/05/business-consultant-figure-image.jpg','107:c354718ceceac20c0f66c134f019b0ed',560876,'post','attachment',1,0,NULL,NULL,'business-consultant-figure-image.jpg','inherit',0,0,0,NULL,NULL,NULL,NULL,0,0,NULL,0,NULL,NULL,NULL,NULL,'http://mentorlystes.com/tunneldevente/wp-content/uploads/sites/8/2022/05/business-consultant-figure-image.jpg',NULL,'560876','attachment-image',NULL,NULL,NULL,'560876','attachment-image',NULL,NULL,NULL,NULL,'2022-05-15 14:47:05','2023-02-13 07:56:48',8,NULL,NULL,NULL,NULL,0,NULL,2,'2022-05-15 14:47:05','2022-05-15 14:47:05'),(268,'https://mentorlystes.com/tunneldevente/cartflows_step/business-consultant-thank-you/','82:456d40f0817e3db7e06ff54609c0f737',560877,'post','cartflows_step',1,0,NULL,NULL,'Business Consultant Thank You','publish',NULL,0,NULL,NULL,NULL,NULL,NULL,0,0,NULL,0,NULL,NULL,NULL,NULL,NULL,NULL,NULL,NULL,NULL,NULL,NULL,NULL,NULL,NULL,0,NULL,NULL,'2022-05-15 14:47:05','2023-02-13 07:56:48',8,NULL,NULL,NULL,NULL,0,NULL,2,'2022-05-15 14:47:05','2022-05-15 14:47:05'),(269,'http://mentorlystes.com/tunneldevente/wp-content/uploads/sites/8/2022/05/business-consultant-quote-icon.svg','105:29e40a32793d1e3bf240aad21e962168',560878,'post','attachment',1,0,NULL,NULL,'business-consultant-quote-icon.svg','inherit',0,0,0,NULL,NULL,NULL,NULL,0,0,NULL,0,NULL,NULL,NULL,NULL,NULL,NULL,NULL,NULL,NULL,NULL,NULL,NULL,NULL,NULL,NULL,NULL,NULL,'2022-05-15 14:47:06','2023-02-13 07:56:48',8,NULL,NULL,NULL,NULL,0,NULL,2,'2022-05-15 14:47:06','2022-05-15 14:47:06'),(270,'http://mentorlystes.com/tunneldevente/wp-content/uploads/sites/8/2022/05/business-consultant-figure-signature.png','111:75d9c4a4af5e7c6c2d8ce70febf8fc83',560879,'post','attachment',1,0,NULL,NULL,'business-consultant-figure-signature.png','inherit',0,0,0,NULL,NULL,NULL,NULL,0,0,NULL,0,NULL,NULL,NULL,NULL,'http://mentorlystes.com/tunneldevente/wp-content/uploads/sites/8/2022/05/business-consultant-figure-signature.png',NULL,'560879','attachment-image',NULL,NULL,NULL,'560879','attachment-image',NULL,NULL,NULL,NULL,'2022-05-15 14:47:07','2023-02-13 07:56:48',8,NULL,NULL,NULL,NULL,0,NULL,2,'2022-05-15 14:47:07','2022-05-15 14:47:07'),(271,'http://mentorlystes.com/tunneldevente/wp-content/uploads/sites/8/2022/05/business-consultant-quote-icon-black.svg','111:b1180578963fa6f902223d7606c5a513',560880,'post','attachment',1,0,NULL,NULL,'business-consultant-quote-icon-black.svg','inherit',0,0,0,NULL,NULL,NULL,NULL,0,0,NULL,0,NULL,NULL,NULL,NULL,NULL,NULL,NULL,NULL,NULL,NULL,NULL,NULL,NULL,NULL,NULL,NULL,NULL,'2022-05-15 14:47:08','2023-02-13 07:56:48',8,NULL,NULL,NULL,NULL,0,NULL,2,'2022-05-15 14:47:08','2022-05-15 14:47:08'),(272,'http://mentorlystes.com/tunneldevente/wp-content/uploads/sites/8/2022/05/business-consultant-testimonial-avatar-1.jpg','115:f12b6a0ddf5b8bb73206e17257195a47',560881,'post','attachment',1,0,NULL,NULL,'business-consultant-testimonial-avatar-1.jpg','inherit',0,0,0,NULL,NULL,NULL,NULL,0,0,NULL,0,NULL,NULL,NULL,NULL,'http://mentorlystes.com/tunneldevente/wp-content/uploads/sites/8/2022/05/business-consultant-testimonial-avatar-1.jpg',NULL,'560881','attachment-image',NULL,NULL,NULL,'560881','attachment-image',NULL,NULL,NULL,NULL,'2022-05-15 14:47:08','2023-02-13 07:56:48',8,NULL,NULL,NULL,NULL,0,NULL,2,'2022-05-15 14:47:08','2022-05-15 14:47:08'),(273,'http://mentorlystes.com/tunneldevente/wp-content/uploads/sites/8/2022/05/business-consultant-program-include-image.jpg','116:4bfdc2abf9658826ee465b0fc40c69ff',560882,'post','attachment',1,0,NULL,NULL,'business-consultant-program-include-image.jpg','inherit',0,0,0,NULL,NULL,NULL,NULL,0,0,NULL,0,NULL,NULL,NULL,NULL,'http://mentorlystes.com/tunneldevente/wp-content/uploads/sites/8/2022/05/business-consultant-program-include-image.jpg',NULL,'560882','attachment-image',NULL,NULL,NULL,'560882','attachment-image',NULL,NULL,NULL,NULL,'2022-05-15 14:47:09','2023-02-13 07:56:48',8,NULL,NULL,NULL,NULL,0,NULL,2,'2022-05-15 14:47:09','2022-05-15 14:47:09'),(274,'http://mentorlystes.com/tunneldevente/wp-content/uploads/sites/8/2022/05/business-consultant-testimonial-video-image.jpg','118:9a52393a1f07ce96174fcb9297ed1b6a',560883,'post','attachment',1,0,NULL,NULL,'business-consultant-testimonial-video-image.jpg','inherit',0,0,0,NULL,NULL,NULL,NULL,0,0,NULL,0,NULL,NULL,NULL,NULL,'http://mentorlystes.com/tunneldevente/wp-content/uploads/sites/8/2022/05/business-consultant-testimonial-video-image.jpg',NULL,'560883','attachment-image',NULL,NULL,NULL,'560883','attachment-image',NULL,NULL,NULL,NULL,'2022-05-15 14:47:11','2023-02-13 07:56:48',8,NULL,NULL,NULL,NULL,0,NULL,2,'2022-05-15 14:47:10','2022-05-15 14:47:10'),(275,'http://mentorlystes.com/tunneldevente/wp-content/uploads/sites/8/2022/05/business-consultant-testimonial-avatar-image-1.jpg','121:6e980ff90706ef17fd9143481338e7e4',560884,'post','attachment',1,0,NULL,NULL,'business-consultant-testimonial-avatar-image-1.jpg','inherit',0,0,0,NULL,NULL,NULL,NULL,0,0,NULL,0,NULL,NULL,NULL,NULL,'http://mentorlystes.com/tunneldevente/wp-content/uploads/sites/8/2022/05/business-consultant-testimonial-avatar-image-1.jpg',NULL,'560884','attachment-image',NULL,NULL,NULL,'560884','attachment-image',NULL,NULL,NULL,NULL,'2022-05-15 14:47:12','2023-02-13 07:56:48',8,NULL,NULL,NULL,NULL,0,NULL,2,'2022-05-15 14:47:12','2022-05-15 14:47:12'),(276,'http://mentorlystes.com/tunneldevente/wp-content/uploads/sites/8/2022/05/business-coach-quote-icon.svg','100:57fe6720f000d7d1e3c8fb0c23d3a69c',560885,'post','attachment',1,0,NULL,NULL,'business-coach-quote-icon.svg','inherit',0,0,0,NULL,NULL,NULL,NULL,0,0,NULL,0,NULL,NULL,NULL,NULL,NULL,NULL,NULL,NULL,NULL,NULL,NULL,NULL,NULL,NULL,NULL,NULL,NULL,'2022-05-15 14:47:13','2023-02-13 07:56:48',8,NULL,NULL,NULL,NULL,0,NULL,2,'2022-05-15 14:47:13','2022-05-15 14:47:13'),(277,'http://mentorlystes.com/tunneldevente/wp-content/uploads/sites/8/2022/05/business-consultant-testimonial-avatar-image-3.jpg','121:74abcdf733815ab5f07ea2dc4932fc3d',560886,'post','attachment',1,0,NULL,NULL,'business-consultant-testimonial-avatar-image-3.jpg','inherit',0,0,0,NULL,NULL,NULL,NULL,0,0,NULL,0,NULL,NULL,NULL,NULL,'http://mentorlystes.com/tunneldevente/wp-content/uploads/sites/8/2022/05/business-consultant-testimonial-avatar-image-3.jpg',NULL,'560886','attachment-image',NULL,NULL,NULL,'560886','attachment-image',NULL,NULL,NULL,NULL,'2022-05-15 14:47:13','2023-02-13 07:56:48',8,NULL,NULL,NULL,NULL,0,NULL,2,'2022-05-15 14:47:13','2022-05-15 14:47:13'),(278,'http://mentorlystes.com/tunneldevente/wp-content/uploads/sites/8/2022/05/business-consultant-testimonial-avatar-image-2.jpg','121:0195028e1c2285acfaa51cd348ce8d62',560887,'post','attachment',1,0,NULL,NULL,'business-consultant-testimonial-avatar-image-2.jpg','inherit',0,0,0,NULL,NULL,NULL,NULL,0,0,NULL,0,NULL,NULL,NULL,NULL,'http://mentorlystes.com/tunneldevente/wp-content/uploads/sites/8/2022/05/business-consultant-testimonial-avatar-image-2.jpg',NULL,'560887','attachment-image',NULL,NULL,NULL,'560887','attachment-image',NULL,NULL,NULL,NULL,'2022-05-15 14:47:14','2023-02-13 07:56:48',8,NULL,NULL,NULL,NULL,0,NULL,2,'2022-05-15 14:47:14','2022-05-15 14:47:14'),(279,'http://mentorlystes.com/tunneldevente/wp-content/uploads/sites/8/2022/05/business-consultant-benefits-image-4.jpg','111:4ab3080fd6c0f9bcd0f31fbd1c07f88a',560888,'post','attachment',1,0,NULL,NULL,'business-consultant-benefits-image-4.jpg','inherit',0,0,0,NULL,NULL,NULL,NULL,0,0,NULL,0,NULL,NULL,NULL,NULL,'http://mentorlystes.com/tunneldevente/wp-content/uploads/sites/8/2022/05/business-consultant-benefits-image-4.jpg',NULL,'560888','attachment-image',NULL,NULL,NULL,'560888','attachment-image',NULL,NULL,NULL,NULL,'2022-05-15 14:47:16','2023-02-13 07:56:48',8,NULL,NULL,NULL,NULL,0,NULL,2,'2022-05-15 14:47:15','2022-05-15 14:47:15'),(280,'http://mentorlystes.com/tunneldevente/wp-content/uploads/sites/8/2022/05/business-consultant-benefits-image-3.jpg','111:5bbc6f35d08021760881f6533e60e6a2',560889,'post','attachment',1,0,NULL,NULL,'business-consultant-benefits-image-3.jpg','inherit',0,0,0,NULL,NULL,NULL,NULL,0,0,NULL,0,NULL,NULL,NULL,NULL,'http://mentorlystes.com/tunneldevente/wp-content/uploads/sites/8/2022/05/business-consultant-benefits-image-3.jpg',NULL,'560889','attachment-image',NULL,NULL,NULL,'560889','attachment-image',NULL,NULL,NULL,NULL,'2022-05-15 14:47:17','2023-02-13 07:56:48',8,NULL,NULL,NULL,NULL,0,NULL,2,'2022-05-15 14:47:17','2022-05-15 14:47:17'),(281,'http://mentorlystes.com/tunneldevente/wp-content/uploads/sites/8/2022/05/business-consultant-benefits-image-2.jpg','111:3b735e94a85be8eb27556f734a9c5674',560890,'post','attachment',1,0,NULL,NULL,'business-consultant-benefits-image-2.jpg','inherit',0,0,0,NULL,NULL,NULL,NULL,0,0,NULL,0,NULL,NULL,NULL,NULL,'http://mentorlystes.com/tunneldevente/wp-content/uploads/sites/8/2022/05/business-consultant-benefits-image-2.jpg',NULL,'560890','attachment-image',NULL,NULL,NULL,'560890','attachment-image',NULL,NULL,NULL,NULL,'2022-05-15 14:47:18','2023-02-13 07:56:48',8,NULL,NULL,NULL,NULL,0,NULL,2,'2022-05-15 14:47:18','2022-05-15 14:47:18'),(282,'http://mentorlystes.com/tunneldevente/wp-content/uploads/sites/8/2022/05/business-consultant-benefits-image-1.jpg','111:157b2958ac75c606ca7313f665c44032',560891,'post','attachment',1,0,NULL,NULL,'business-consultant-benefits-image-1.jpg','inherit',0,0,0,NULL,NULL,NULL,NULL,0,0,NULL,0,NULL,NULL,NULL,NULL,'http://mentorlystes.com/tunneldevente/wp-content/uploads/sites/8/2022/05/business-consultant-benefits-image-1.jpg',NULL,'560891','attachment-image',NULL,NULL,NULL,'560891','attachment-image',NULL,NULL,NULL,NULL,'2022-05-15 14:47:19','2023-02-13 07:56:48',8,NULL,NULL,NULL,NULL,0,NULL,2,'2022-05-15 14:47:19','2022-05-15 14:47:19'),(283,'http://mentorlystes.com/tunneldevente/wp-content/uploads/sites/8/2022/05/business-consultant-program-cover-image.jpg','114:b874f3c3d2a753f55c5a3809a8d20647',560892,'post','attachment',1,0,NULL,NULL,'business-consultant-program-cover-image.jpg','inherit',0,0,0,NULL,NULL,NULL,NULL,0,0,NULL,0,NULL,NULL,NULL,NULL,'http://mentorlystes.com/tunneldevente/wp-content/uploads/sites/8/2022/05/business-consultant-program-cover-image.jpg',NULL,'560892','attachment-image',NULL,NULL,NULL,'560892','attachment-image',NULL,NULL,NULL,NULL,'2022-05-15 14:47:20','2023-02-13 07:56:48',8,NULL,NULL,NULL,NULL,0,NULL,2,'2022-05-15 14:47:20','2022-05-15 14:47:20'),(284,'http://mentorlystes.com/tunneldevente/wp-content/uploads/sites/8/2022/05/business-consulting-featured-in-logo-1.svg','113:5deb77d6e84a2a6b47353871c5582516',560893,'post','attachment',1,0,NULL,NULL,'business-consulting-featured-in-logo-1.svg','inherit',0,0,0,NULL,NULL,NULL,NULL,0,0,NULL,0,NULL,NULL,NULL,NULL,NULL,NULL,NULL,NULL,NULL,NULL,NULL,NULL,NULL,NULL,NULL,NULL,NULL,'2022-05-15 14:47:21','2023-02-13 07:56:48',8,NULL,NULL,NULL,NULL,0,NULL,2,'2022-05-15 14:47:21','2022-05-15 14:47:21'),(285,'http://mentorlystes.com/tunneldevente/wp-content/uploads/sites/8/2022/05/business-consulting-featured-in-logo-2.svg','113:af635e382628f8ec68d424eb7a838780',560894,'post','attachment',1,0,NULL,NULL,'business-consulting-featured-in-logo-2.svg','inherit',0,0,0,NULL,NULL,NULL,NULL,0,0,NULL,0,NULL,NULL,NULL,NULL,NULL,NULL,NULL,NULL,NULL,NULL,NULL,NULL,NULL,NULL,NULL,NULL,NULL,'2022-05-15 14:47:22','2023-02-13 07:56:48',8,NULL,NULL,NULL,NULL,0,NULL,2,'2022-05-15 14:47:21','2022-05-15 14:47:21'),(286,'http://mentorlystes.com/tunneldevente/wp-content/uploads/sites/8/2022/05/business-consulting-featured-in-logo-3.svg','113:0483fdc475b721d46763c5d3ed9f25ed',560895,'post','attachment',1,0,NULL,NULL,'business-consulting-featured-in-logo-3.svg','inherit',0,0,0,NULL,NULL,NULL,NULL,0,0,NULL,0,NULL,NULL,NULL,NULL,NULL,NULL,NULL,NULL,NULL,NULL,NULL,NULL,NULL,NULL,NULL,NULL,NULL,'2022-05-15 14:47:22','2023-02-13 07:56:48',8,NULL,NULL,NULL,NULL,0,NULL,2,'2022-05-15 14:47:22','2022-05-15 14:47:22'),(287,'http://mentorlystes.com/tunneldevente/wp-content/uploads/sites/8/2022/05/business-consulting-featured-in-logo-4.svg','113:c3e6d68ecaf8685953ca85bf04510af2',560896,'post','attachment',1,0,NULL,NULL,'business-consulting-featured-in-logo-4.svg','inherit',0,0,0,NULL,NULL,NULL,NULL,0,0,NULL,0,NULL,NULL,NULL,NULL,NULL,NULL,NULL,NULL,NULL,NULL,NULL,NULL,NULL,NULL,NULL,NULL,NULL,'2022-05-15 14:47:23','2023-02-13 07:56:48',8,NULL,NULL,NULL,NULL,0,NULL,2,'2022-05-15 14:47:23','2022-05-15 14:47:23'),(288,'http://mentorlystes.com/tunneldevente/wp-content/uploads/sites/8/2022/05/business-consulting-featured-in-logo-5.svg','113:9bd0ae586510a16bd312c79e3702849a',560897,'post','attachment',1,0,NULL,NULL,'business-consulting-featured-in-logo-5.svg','inherit',0,0,0,NULL,NULL,NULL,NULL,0,0,NULL,0,NULL,NULL,NULL,NULL,NULL,NULL,NULL,NULL,NULL,NULL,NULL,NULL,NULL,NULL,NULL,NULL,NULL,'2022-05-15 14:47:24','2023-02-13 07:56:48',8,NULL,NULL,NULL,NULL,0,NULL,2,'2022-05-15 14:47:24','2022-05-15 14:47:24'),(289,'http://mentorlystes.com/tunneldevente/wp-content/uploads/sites/8/2022/05/business-consulting-featured-in-logo-6.svg','113:23ccffcec3aec26087a256488a9dfb62',560898,'post','attachment',1,0,NULL,NULL,'business-consulting-featured-in-logo-6.svg','inherit',0,0,0,NULL,NULL,NULL,NULL,0,0,NULL,0,NULL,NULL,NULL,NULL,NULL,NULL,NULL,NULL,NULL,NULL,NULL,NULL,NULL,NULL,NULL,NULL,NULL,'2022-05-15 14:47:24','2023-02-13 07:56:48',8,NULL,NULL,NULL,NULL,0,NULL,2,'2022-05-15 14:47:24','2022-05-15 14:47:24'),(290,'http://mentorlystes.com/tunneldevente/wp-content/uploads/sites/8/2022/05/business-consultant-trainer-video.jpg','108:290a4d2dbb9422e972a4cbe2398a6a08',560899,'post','attachment',1,0,NULL,NULL,'business-consultant-trainer-video.jpg','inherit',0,0,0,NULL,NULL,NULL,NULL,0,0,NULL,0,NULL,NULL,NULL,NULL,'http://mentorlystes.com/tunneldevente/wp-content/uploads/sites/8/2022/05/business-consultant-trainer-video.jpg',NULL,'560899','attachment-image',NULL,NULL,NULL,'560899','attachment-image',NULL,NULL,NULL,NULL,'2022-05-15 14:47:25','2023-02-13 07:56:48',8,NULL,NULL,NULL,NULL,0,NULL,2,'2022-05-15 14:47:25','2022-05-15 14:47:25'),(291,'http://mentorlystes.com/tunneldevente/wp-content/uploads/sites/8/2022/05/business-consultant-hero-image-1.jpg','107:f28d07710a7baefc76307e648d834cea',560900,'post','attachment',1,0,NULL,NULL,'business-consultant-hero-image.jpg','inherit',0,0,0,NULL,NULL,NULL,NULL,0,0,NULL,0,NULL,NULL,NULL,NULL,'http://mentorlystes.com/tunneldevente/wp-content/uploads/sites/8/2022/05/business-consultant-hero-image-1.jpg',NULL,'560900','attachment-image',NULL,NULL,NULL,'560900','attachment-image',NULL,NULL,NULL,NULL,'2022-05-15 14:47:27','2023-02-13 07:56:48',8,NULL,NULL,NULL,NULL,0,NULL,2,'2022-05-15 14:47:27','2022-05-15 14:47:27'),(292,'http://mentorlystes.com/tunneldevente/wp-content/uploads/sites/8/2022/05/business-consultant-hero-image-bg-1.jpg','110:86a5c7be943ec43aa0262523bdeacbdd',560901,'post','attachment',1,0,NULL,NULL,'business-consultant-hero-image-bg.jpg','inherit',0,0,0,NULL,NULL,NULL,NULL,0,0,NULL,0,NULL,NULL,NULL,NULL,'http://mentorlystes.com/tunneldevente/wp-content/uploads/sites/8/2022/05/business-consultant-hero-image-bg-1.jpg',NULL,'560901','attachment-image',NULL,NULL,NULL,'560901','attachment-image',NULL,NULL,NULL,NULL,'2022-05-15 14:47:28','2023-02-13 07:56:48',8,NULL,NULL,NULL,NULL,0,NULL,2,'2022-05-15 14:47:28','2022-05-15 14:47:28'),(293,'http://mentorlystes.com/tunneldevente/wp-content/uploads/sites/8/2022/05/business-consultant-figure-image-1.jpg','109:794836c1f7288e9cf09b0afd0e010d71',560902,'post','attachment',1,0,NULL,NULL,'business-consultant-figure-image.jpg','inherit',0,0,0,NULL,NULL,NULL,NULL,0,0,NULL,0,NULL,NULL,NULL,NULL,'http://mentorlystes.com/tunneldevente/wp-content/uploads/sites/8/2022/05/business-consultant-figure-image-1.jpg',NULL,'560902','attachment-image',NULL,NULL,NULL,'560902','attachment-image',NULL,NULL,NULL,NULL,'2022-05-15 14:47:29','2023-02-13 07:56:48',8,NULL,NULL,NULL,NULL,0,NULL,2,'2022-05-15 14:47:29','2022-05-15 14:47:29'),(294,'http://mentorlystes.com/tunneldevente/wp-content/uploads/sites/8/2022/05/business-consultant-quote-icon-1.svg','107:ac5bbf8d6e39c892767b40adf5f3424c',560903,'post','attachment',1,0,NULL,NULL,'business-consultant-quote-icon.svg','inherit',0,0,0,NULL,NULL,NULL,NULL,0,0,NULL,0,NULL,NULL,NULL,NULL,NULL,NULL,NULL,NULL,NULL,NULL,NULL,NULL,NULL,NULL,NULL,NULL,NULL,'2022-05-15 14:47:29','2023-02-13 07:56:48',8,NULL,NULL,NULL,NULL,0,NULL,2,'2022-05-15 14:47:29','2022-05-15 14:47:29'),(295,'http://mentorlystes.com/tunneldevente/wp-content/uploads/sites/8/2022/05/business-consultant-figure-signature-1.png','113:f6f987efbb9b316fbe66fb71cfaf1c94',560904,'post','attachment',1,0,NULL,NULL,'business-consultant-figure-signature.png','inherit',0,0,0,NULL,NULL,NULL,NULL,0,0,NULL,0,NULL,NULL,NULL,NULL,'http://mentorlystes.com/tunneldevente/wp-content/uploads/sites/8/2022/05/business-consultant-figure-signature-1.png',NULL,'560904','attachment-image',NULL,NULL,NULL,'560904','attachment-image',NULL,NULL,NULL,NULL,'2022-05-15 14:47:30','2023-02-13 07:56:48',8,NULL,NULL,NULL,NULL,0,NULL,2,'2022-05-15 14:47:29','2022-05-15 14:47:29'),(296,'http://mentorlystes.com/tunneldevente/wp-content/uploads/sites/8/2022/05/business-consultant-quote-icon-black-1.svg','113:55ce74725a6f5527c500c24ec6b9602a',560905,'post','attachment',1,0,NULL,NULL,'business-consultant-quote-icon-black.svg','inherit',0,0,0,NULL,NULL,NULL,NULL,0,0,NULL,0,NULL,NULL,NULL,NULL,NULL,NULL,NULL,NULL,NULL,NULL,NULL,NULL,NULL,NULL,NULL,NULL,NULL,'2022-05-15 14:47:30','2023-02-13 07:56:48',8,NULL,NULL,NULL,NULL,0,NULL,2,'2022-05-15 14:47:30','2022-05-15 14:47:30'),(297,'http://mentorlystes.com/tunneldevente/wp-content/uploads/sites/8/2022/05/business-consultant-testimonial-avatar-1-1.jpg','117:2dae7f59157a3e9f851cee3ddf2fb62e',560906,'post','attachment',1,0,NULL,NULL,'business-consultant-testimonial-avatar-1.jpg','inherit',0,0,0,NULL,NULL,NULL,NULL,0,0,NULL,0,NULL,NULL,NULL,NULL,'http://mentorlystes.com/tunneldevente/wp-content/uploads/sites/8/2022/05/business-consultant-testimonial-avatar-1-1.jpg',NULL,'560906','attachment-image',NULL,NULL,NULL,'560906','attachment-image',NULL,NULL,NULL,NULL,'2022-05-15 14:47:30','2023-02-13 07:56:48',8,NULL,NULL,NULL,NULL,0,NULL,2,'2022-05-15 14:47:30','2022-05-15 14:47:30'),(298,'http://mentorlystes.com/tunneldevente/wp-content/uploads/sites/8/2022/05/business-consultant-program-include-image-1.jpg','118:62007424ea9bb3074bb0239c9b135e94',560907,'post','attachment',1,0,NULL,NULL,'business-consultant-program-include-image.jpg','inherit',0,0,0,NULL,NULL,NULL,NULL,0,0,NULL,0,NULL,NULL,NULL,NULL,'http://mentorlystes.com/tunneldevente/wp-content/uploads/sites/8/2022/05/business-consultant-program-include-image-1.jpg',NULL,'560907','attachment-image',NULL,NULL,NULL,'560907','attachment-image',NULL,NULL,NULL,NULL,'2022-05-15 14:47:30','2023-02-13 07:56:48',8,NULL,NULL,NULL,NULL,0,NULL,2,'2022-05-15 14:47:30','2022-05-15 14:47:30'),(299,'http://mentorlystes.com/tunneldevente/wp-content/uploads/sites/8/2022/05/business-consultant-testimonial-video-image-1.jpg','120:4a5c93146af369831c5a518c434e3c2d',560908,'post','attachment',1,0,NULL,NULL,'business-consultant-testimonial-video-image.jpg','inherit',0,0,0,NULL,NULL,NULL,NULL,0,0,NULL,0,NULL,NULL,NULL,NULL,'http://mentorlystes.com/tunneldevente/wp-content/uploads/sites/8/2022/05/business-consultant-testimonial-video-image-1.jpg',NULL,'560908','attachment-image',NULL,NULL,NULL,'560908','attachment-image',NULL,NULL,NULL,NULL,'2022-05-15 14:47:31','2023-02-13 07:56:48',8,NULL,NULL,NULL,NULL,0,NULL,2,'2022-05-15 14:47:30','2022-05-15 14:47:30'),(300,'http://mentorlystes.com/tunneldevente/wp-content/uploads/sites/8/2022/05/business-consultant-testimonial-avatar-image-1-1.jpg','123:dda1ee0db3728241f4ebed92c3f113cf',560909,'post','attachment',1,0,NULL,NULL,'business-consultant-testimonial-avatar-image-1.jpg','inherit',0,0,0,NULL,NULL,NULL,NULL,0,0,NULL,0,NULL,NULL,NULL,NULL,'http://mentorlystes.com/tunneldevente/wp-content/uploads/sites/8/2022/05/business-consultant-testimonial-avatar-image-1-1.jpg',NULL,'560909','attachment-image',NULL,NULL,NULL,'560909','attachment-image',NULL,NULL,NULL,NULL,'2022-05-15 14:47:31','2023-02-13 07:56:48',8,NULL,NULL,NULL,NULL,0,NULL,2,'2022-05-15 14:47:31','2022-05-15 14:47:31'),(301,'http://mentorlystes.com/tunneldevente/wp-content/uploads/sites/8/2022/05/business-coach-quote-icon-1.svg','102:842fa0e1c7a9a24e03367b9cdea84ea8',560910,'post','attachment',1,0,NULL,NULL,'business-coach-quote-icon.svg','inherit',0,0,0,NULL,NULL,NULL,NULL,0,0,NULL,0,NULL,NULL,NULL,NULL,NULL,NULL,NULL,NULL,NULL,NULL,NULL,NULL,NULL,NULL,NULL,NULL,NULL,'2022-05-15 14:47:31','2023-02-13 07:56:48',8,NULL,NULL,NULL,NULL,0,NULL,2,'2022-05-15 14:47:31','2022-05-15 14:47:31'),(302,'http://mentorlystes.com/tunneldevente/wp-content/uploads/sites/8/2022/05/business-consultant-testimonial-avatar-image-3-1.jpg','123:a25943cf8743aa1ce0b1f5b10d78e871',560911,'post','attachment',1,0,NULL,NULL,'business-consultant-testimonial-avatar-image-3.jpg','inherit',0,0,0,NULL,NULL,NULL,NULL,0,0,NULL,0,NULL,NULL,NULL,NULL,'http://mentorlystes.com/tunneldevente/wp-content/uploads/sites/8/2022/05/business-consultant-testimonial-avatar-image-3-1.jpg',NULL,'560911','attachment-image',NULL,NULL,NULL,'560911','attachment-image',NULL,NULL,NULL,NULL,'2022-05-15 14:47:32','2023-02-13 07:56:48',8,NULL,NULL,NULL,NULL,0,NULL,2,'2022-05-15 14:47:32','2022-05-15 14:47:32'),(303,'http://mentorlystes.com/tunneldevente/wp-content/uploads/sites/8/2022/05/business-consultant-testimonial-avatar-image-2-1.jpg','123:f32df11de96aacd6456fe865737545d8',560912,'post','attachment',1,0,NULL,NULL,'business-consultant-testimonial-avatar-image-2.jpg','inherit',0,0,0,NULL,NULL,NULL,NULL,0,0,NULL,0,NULL,NULL,NULL,NULL,'http://mentorlystes.com/tunneldevente/wp-content/uploads/sites/8/2022/05/business-consultant-testimonial-avatar-image-2-1.jpg',NULL,'560912','attachment-image',NULL,NULL,NULL,'560912','attachment-image',NULL,NULL,NULL,NULL,'2022-05-15 14:47:32','2023-02-13 07:56:48',8,NULL,NULL,NULL,NULL,0,NULL,2,'2022-05-15 14:47:32','2022-05-15 14:47:32'),(304,'http://mentorlystes.com/tunneldevente/wp-content/uploads/sites/8/2022/05/business-consultant-benefits-image-4-1.jpg','113:49ca9085a53ff536b1a588296ba0cba9',560913,'post','attachment',1,0,NULL,NULL,'business-consultant-benefits-image-4.jpg','inherit',0,0,0,NULL,NULL,NULL,NULL,0,0,NULL,0,NULL,NULL,NULL,NULL,'http://mentorlystes.com/tunneldevente/wp-content/uploads/sites/8/2022/05/business-consultant-benefits-image-4-1.jpg',NULL,'560913','attachment-image',NULL,NULL,NULL,'560913','attachment-image',NULL,NULL,NULL,NULL,'2022-05-15 14:47:32','2023-02-13 07:56:48',8,NULL,NULL,NULL,NULL,0,NULL,2,'2022-05-15 14:47:32','2022-05-15 14:47:32'),(305,'http://mentorlystes.com/tunneldevente/wp-content/uploads/sites/8/2022/05/business-consultant-benefits-image-3-1.jpg','113:e84df055d68eee562a66e2986e85db51',560914,'post','attachment',1,0,NULL,NULL,'business-consultant-benefits-image-3.jpg','inherit',0,0,0,NULL,NULL,NULL,NULL,0,0,NULL,0,NULL,NULL,NULL,NULL,'http://mentorlystes.com/tunneldevente/wp-content/uploads/sites/8/2022/05/business-consultant-benefits-image-3-1.jpg',NULL,'560914','attachment-image',NULL,NULL,NULL,'560914','attachment-image',NULL,NULL,NULL,NULL,'2022-05-15 14:47:33','2023-02-13 07:56:48',8,NULL,NULL,NULL,NULL,0,NULL,2,'2022-05-15 14:47:33','2022-05-15 14:47:33'),(306,'http://mentorlystes.com/tunneldevente/wp-content/uploads/sites/8/2022/05/business-consultant-benefits-image-2-1.jpg','113:12eaf8e34fba37d95f4db1cd99f1adf4',560915,'post','attachment',1,0,NULL,NULL,'business-consultant-benefits-image-2.jpg','inherit',0,0,0,NULL,NULL,NULL,NULL,0,0,NULL,0,NULL,NULL,NULL,NULL,'http://mentorlystes.com/tunneldevente/wp-content/uploads/sites/8/2022/05/business-consultant-benefits-image-2-1.jpg',NULL,'560915','attachment-image',NULL,NULL,NULL,'560915','attachment-image',NULL,NULL,NULL,NULL,'2022-05-15 14:47:33','2023-02-13 07:56:48',8,NULL,NULL,NULL,NULL,0,NULL,2,'2022-05-15 14:47:33','2022-05-15 14:47:33'),(307,'http://mentorlystes.com/tunneldevente/wp-content/uploads/sites/8/2022/05/business-consultant-benefits-image-1-1.jpg','113:8cec41f7e4e5489c652d2d51d4ff3d85',560916,'post','attachment',1,0,NULL,NULL,'business-consultant-benefits-image-1.jpg','inherit',0,0,0,NULL,NULL,NULL,NULL,0,0,NULL,0,NULL,NULL,NULL,NULL,'http://mentorlystes.com/tunneldevente/wp-content/uploads/sites/8/2022/05/business-consultant-benefits-image-1-1.jpg',NULL,'560916','attachment-image',NULL,NULL,NULL,'560916','attachment-image',NULL,NULL,NULL,NULL,'2022-05-15 14:47:34','2023-02-13 07:56:48',8,NULL,NULL,NULL,NULL,0,NULL,2,'2022-05-15 14:47:34','2022-05-15 14:47:34'),(308,'http://mentorlystes.com/tunneldevente/wp-content/uploads/sites/8/2022/05/business-consultant-program-cover-image-1.jpg','116:9c3b6dd592d4abfcd02d49d57926db9d',560917,'post','attachment',1,0,NULL,NULL,'business-consultant-program-cover-image.jpg','inherit',0,0,0,NULL,NULL,NULL,NULL,0,0,NULL,0,NULL,NULL,NULL,NULL,'http://mentorlystes.com/tunneldevente/wp-content/uploads/sites/8/2022/05/business-consultant-program-cover-image-1.jpg',NULL,'560917','attachment-image',NULL,NULL,NULL,'560917','attachment-image',NULL,NULL,NULL,NULL,'2022-05-15 14:47:34','2023-02-13 07:56:48',8,NULL,NULL,NULL,NULL,0,NULL,2,'2022-05-15 14:47:34','2022-05-15 14:47:34'),(309,'http://mentorlystes.com/tunneldevente/wp-content/uploads/sites/8/2022/05/business-consulting-featured-in-logo-1-1.svg','115:939da59602c41c5180c1f19f70439c81',560918,'post','attachment',1,0,NULL,NULL,'business-consulting-featured-in-logo-1.svg','inherit',0,0,0,NULL,NULL,NULL,NULL,0,0,NULL,0,NULL,NULL,NULL,NULL,NULL,NULL,NULL,NULL,NULL,NULL,NULL,NULL,NULL,NULL,NULL,NULL,NULL,'2022-05-15 14:47:35','2023-02-13 07:56:48',8,NULL,NULL,NULL,NULL,0,NULL,2,'2022-05-15 14:47:35','2022-05-15 14:47:35'),(310,'http://mentorlystes.com/tunneldevente/wp-content/uploads/sites/8/2022/05/business-consulting-featured-in-logo-2-1.svg','115:7fa491f5d5c02e74a3b30fd9120e7ba6',560919,'post','attachment',1,0,NULL,NULL,'business-consulting-featured-in-logo-2.svg','inherit',0,0,0,NULL,NULL,NULL,NULL,0,0,NULL,0,NULL,NULL,NULL,NULL,NULL,NULL,NULL,NULL,NULL,NULL,NULL,NULL,NULL,NULL,NULL,NULL,NULL,'2022-05-15 14:47:35','2023-02-13 07:56:48',8,NULL,NULL,NULL,NULL,0,NULL,2,'2022-05-15 14:47:35','2022-05-15 14:47:35'),(311,'http://mentorlystes.com/tunneldevente/wp-content/uploads/sites/8/2022/05/business-consulting-featured-in-logo-3-1.svg','115:102c42beac7933c0fb6d3277df10cf19',560920,'post','attachment',1,0,NULL,NULL,'business-consulting-featured-in-logo-3.svg','inherit',0,0,0,NULL,NULL,NULL,NULL,0,0,NULL,0,NULL,NULL,NULL,NULL,NULL,NULL,NULL,NULL,NULL,NULL,NULL,NULL,NULL,NULL,NULL,NULL,NULL,'2022-05-15 14:47:35','2023-02-13 07:56:48',8,NULL,NULL,NULL,NULL,0,NULL,2,'2022-05-15 14:47:35','2022-05-15 14:47:35'),(312,'http://mentorlystes.com/tunneldevente/wp-content/uploads/sites/8/2022/05/business-consulting-featured-in-logo-4-1.svg','115:a7de3f71e6b9782c7af6c3afc59d78b5',560921,'post','attachment',1,0,NULL,NULL,'business-consulting-featured-in-logo-4.svg','inherit',0,0,0,NULL,NULL,NULL,NULL,0,0,NULL,0,NULL,NULL,NULL,NULL,NULL,NULL,NULL,NULL,NULL,NULL,NULL,NULL,NULL,NULL,NULL,NULL,NULL,'2022-05-15 14:47:35','2023-02-13 07:56:48',8,NULL,NULL,NULL,NULL,0,NULL,2,'2022-05-15 14:47:35','2022-05-15 14:47:35'),(313,'http://mentorlystes.com/tunneldevente/wp-content/uploads/sites/8/2022/05/business-consulting-featured-in-logo-5-1.svg','115:74524d2e2e3f7d46d1385088f9ac08c8',560922,'post','attachment',1,0,NULL,NULL,'business-consulting-featured-in-logo-5.svg','inherit',0,0,0,NULL,NULL,NULL,NULL,0,0,NULL,0,NULL,NULL,NULL,NULL,NULL,NULL,NULL,NULL,NULL,NULL,NULL,NULL,NULL,NULL,NULL,NULL,NULL,'2022-05-15 14:47:35','2023-02-13 07:56:48',8,NULL,NULL,NULL,NULL,0,NULL,2,'2022-05-15 14:47:35','2022-05-15 14:47:35'),(314,'http://mentorlystes.com/tunneldevente/wp-content/uploads/sites/8/2022/05/business-consulting-featured-in-logo-6-1.svg','115:7b03743a3cd54dcef3dc9261d04328d6',560923,'post','attachment',1,0,NULL,NULL,'business-consulting-featured-in-logo-6.svg','inherit',0,0,0,NULL,NULL,NULL,NULL,0,0,NULL,0,NULL,NULL,NULL,NULL,NULL,NULL,NULL,NULL,NULL,NULL,NULL,NULL,NULL,NULL,NULL,NULL,NULL,'2022-05-15 14:47:36','2023-02-13 07:56:48',8,NULL,NULL,NULL,NULL,0,NULL,2,'2022-05-15 14:47:35','2022-05-15 14:47:35'),(315,'http://mentorlystes.com/tunneldevente/wp-content/uploads/sites/8/2022/05/business-consultant-trainer-video-1.jpg','110:3acd6b6517660b53ac4d95851a4e1c67',560924,'post','attachment',1,0,NULL,NULL,'business-consultant-trainer-video.jpg','inherit',0,0,0,NULL,NULL,NULL,NULL,0,0,NULL,0,NULL,NULL,NULL,NULL,'http://mentorlystes.com/tunneldevente/wp-content/uploads/sites/8/2022/05/business-consultant-trainer-video-1.jpg',NULL,'560924','attachment-image',NULL,NULL,NULL,'560924','attachment-image',NULL,NULL,NULL,NULL,'2022-05-15 14:47:36','2023-02-13 07:56:48',8,NULL,NULL,NULL,NULL,0,NULL,2,'2022-05-15 14:47:36','2022-05-15 14:47:36'),(316,'http://mentorlystes.com/tunneldevente/wp-content/uploads/sites/8/2022/05/business-consultant-hero-image-1-1.jpg','109:d9544dd8036c7eb26b11ca18d4ac7f5a',560925,'post','attachment',1,0,NULL,NULL,'business-consultant-hero-image-1.jpg','inherit',0,0,0,NULL,NULL,NULL,NULL,0,0,NULL,0,NULL,NULL,NULL,NULL,'http://mentorlystes.com/tunneldevente/wp-content/uploads/sites/8/2022/05/business-consultant-hero-image-1-1.jpg',NULL,'560925','attachment-image',NULL,NULL,NULL,'560925','attachment-image',NULL,NULL,NULL,NULL,'2022-05-15 14:47:39','2023-02-13 07:56:48',8,NULL,NULL,NULL,NULL,0,NULL,2,'2022-05-15 14:47:39','2022-05-15 14:47:39'),(317,'http://mentorlystes.com/tunneldevente/wp-content/uploads/sites/8/2022/05/business-consultant-hero-image-bg-1-1.jpg','112:2daba10c074d832fa53469afeb9ec2b2',560926,'post','attachment',1,0,NULL,NULL,'business-consultant-hero-image-bg-1.jpg','inherit',0,0,0,NULL,NULL,NULL,NULL,0,0,NULL,0,NULL,NULL,NULL,NULL,'http://mentorlystes.com/tunneldevente/wp-content/uploads/sites/8/2022/05/business-consultant-hero-image-bg-1-1.jpg',NULL,'560926','attachment-image',NULL,NULL,NULL,'560926','attachment-image',NULL,NULL,NULL,NULL,'2022-05-15 14:47:39','2023-02-13 07:56:48',8,NULL,NULL,NULL,NULL,0,NULL,2,'2022-05-15 14:47:39','2022-05-15 14:47:39'),(318,'http://mentorlystes.com/tunneldevente/wp-content/uploads/sites/8/2022/05/business-consultant-figure-image-1-1.jpg','111:2cdd7c7e2078570f8aaa4cae073d99d9',560927,'post','attachment',1,0,NULL,NULL,'business-consultant-figure-image-1.jpg','inherit',0,0,0,NULL,NULL,NULL,NULL,0,0,NULL,0,NULL,NULL,NULL,NULL,'http://mentorlystes.com/tunneldevente/wp-content/uploads/sites/8/2022/05/business-consultant-figure-image-1-1.jpg',NULL,'560927','attachment-image',NULL,NULL,NULL,'560927','attachment-image',NULL,NULL,NULL,NULL,'2022-05-15 14:47:40','2023-02-13 07:56:48',8,NULL,NULL,NULL,NULL,0,NULL,2,'2022-05-15 14:47:40','2022-05-15 14:47:40'),(319,'http://mentorlystes.com/tunneldevente/wp-content/uploads/sites/8/2022/05/business-consultant-quote-icon-1-1.svg','109:e9ccdeefaea570728890410d3134f275',560928,'post','attachment',1,0,NULL,NULL,'business-consultant-quote-icon-1.svg','inherit',0,0,0,NULL,NULL,NULL,NULL,0,0,NULL,0,NULL,NULL,NULL,NULL,NULL,NULL,NULL,NULL,NULL,NULL,NULL,NULL,NULL,NULL,NULL,NULL,NULL,'2022-05-15 14:47:41','2023-02-13 07:56:48',8,NULL,NULL,NULL,NULL,0,NULL,2,'2022-05-15 14:47:40','2022-05-15 14:47:40'),(320,'http://mentorlystes.com/tunneldevente/wp-content/uploads/sites/8/2022/05/business-consultant-figure-signature-1-1.png','115:b760a7999d61d72e4dcb372c658f4231',560929,'post','attachment',1,0,NULL,NULL,'business-consultant-figure-signature-1.png','inherit',0,0,0,NULL,NULL,NULL,NULL,0,0,NULL,0,NULL,NULL,NULL,NULL,'http://mentorlystes.com/tunneldevente/wp-content/uploads/sites/8/2022/05/business-consultant-figure-signature-1-1.png',NULL,'560929','attachment-image',NULL,NULL,NULL,'560929','attachment-image',NULL,NULL,NULL,NULL,'2022-05-15 14:47:41','2023-02-13 07:56:48',8,NULL,NULL,NULL,NULL,0,NULL,2,'2022-05-15 14:47:41','2022-05-15 14:47:41'),(321,'http://mentorlystes.com/tunneldevente/wp-content/uploads/sites/8/2022/05/business-consultant-quote-icon-black-1-1.svg','115:2963ad6c107c0be60f38b7e46facacfb',560930,'post','attachment',1,0,NULL,NULL,'business-consultant-quote-icon-black-1.svg','inherit',0,0,0,NULL,NULL,NULL,NULL,0,0,NULL,0,NULL,NULL,NULL,NULL,NULL,NULL,NULL,NULL,NULL,NULL,NULL,NULL,NULL,NULL,NULL,NULL,NULL,'2022-05-15 14:47:41','2023-02-13 07:56:48',8,NULL,NULL,NULL,NULL,0,NULL,2,'2022-05-15 14:47:41','2022-05-15 14:47:41'),(322,'http://mentorlystes.com/tunneldevente/wp-content/uploads/sites/8/2022/05/business-consultant-testimonial-avatar-1-1-1.jpg','119:6ade411804c76922469f0e2d26db65d5',560931,'post','attachment',1,0,NULL,NULL,'business-consultant-testimonial-avatar-1-1.jpg','inherit',0,0,0,NULL,NULL,NULL,NULL,0,0,NULL,0,NULL,NULL,NULL,NULL,'http://mentorlystes.com/tunneldevente/wp-content/uploads/sites/8/2022/05/business-consultant-testimonial-avatar-1-1-1.jpg',NULL,'560931','attachment-image',NULL,NULL,NULL,'560931','attachment-image',NULL,NULL,NULL,NULL,'2022-05-15 14:47:41','2023-02-13 07:56:48',8,NULL,NULL,NULL,NULL,0,NULL,2,'2022-05-15 14:47:41','2022-05-15 14:47:41'),(323,'http://mentorlystes.com/tunneldevente/wp-content/uploads/sites/8/2022/05/business-consultant-program-include-image-1-1.jpg','120:351586d354f8e94816cc72eb2e100a0f',560932,'post','attachment',1,0,NULL,NULL,'business-consultant-program-include-image-1.jpg','inherit',0,0,0,NULL,NULL,NULL,NULL,0,0,NULL,0,NULL,NULL,NULL,NULL,'http://mentorlystes.com/tunneldevente/wp-content/uploads/sites/8/2022/05/business-consultant-program-include-image-1-1.jpg',NULL,'560932','attachment-image',NULL,NULL,NULL,'560932','attachment-image',NULL,NULL,NULL,NULL,'2022-05-15 14:47:41','2023-02-13 07:56:48',8,NULL,NULL,NULL,NULL,0,NULL,2,'2022-05-15 14:47:41','2022-05-15 14:47:41'),(324,'http://mentorlystes.com/tunneldevente/wp-content/uploads/sites/8/2022/05/business-consultant-testimonial-video-image-1-1.jpg','122:4b68a68d496f647d4b42acf85086765c',560933,'post','attachment',1,0,NULL,NULL,'business-consultant-testimonial-video-image-1.jpg','inherit',0,0,0,NULL,NULL,NULL,NULL,0,0,NULL,0,NULL,NULL,NULL,NULL,'http://mentorlystes.com/tunneldevente/wp-content/uploads/sites/8/2022/05/business-consultant-testimonial-video-image-1-1.jpg',NULL,'560933','attachment-image',NULL,NULL,NULL,'560933','attachment-image',NULL,NULL,NULL,NULL,'2022-05-15 14:47:42','2023-02-13 07:56:48',8,NULL,NULL,NULL,NULL,0,NULL,2,'2022-05-15 14:47:42','2022-05-15 14:47:42'),(325,'http://mentorlystes.com/tunneldevente/wp-content/uploads/sites/8/2022/05/business-consultant-testimonial-avatar-image-1-1-1.jpg','125:6a0ce7eff094c22f1b29ae10937f1a6f',560934,'post','attachment',1,0,NULL,NULL,'business-consultant-testimonial-avatar-image-1-1.jpg','inherit',0,0,0,NULL,NULL,NULL,NULL,0,0,NULL,0,NULL,NULL,NULL,NULL,'http://mentorlystes.com/tunneldevente/wp-content/uploads/sites/8/2022/05/business-consultant-testimonial-avatar-image-1-1-1.jpg',NULL,'560934','attachment-image',NULL,NULL,NULL,'560934','attachment-image',NULL,NULL,NULL,NULL,'2022-05-15 14:47:42','2023-02-13 07:56:48',8,NULL,NULL,NULL,NULL,0,NULL,2,'2022-05-15 14:47:42','2022-05-15 14:47:42'),(326,'http://mentorlystes.com/tunneldevente/wp-content/uploads/sites/8/2022/05/business-coach-quote-icon-1-1.svg','104:5f1c9c6fa49056e37825c0abf11da2b7',560935,'post','attachment',1,0,NULL,NULL,'business-coach-quote-icon-1.svg','inherit',0,0,0,NULL,NULL,NULL,NULL,0,0,NULL,0,NULL,NULL,NULL,NULL,NULL,NULL,NULL,NULL,NULL,NULL,NULL,NULL,NULL,NULL,NULL,NULL,NULL,'2022-05-15 14:47:43','2023-02-13 07:56:48',8,NULL,NULL,NULL,NULL,0,NULL,2,'2022-05-15 14:47:43','2022-05-15 14:47:43'),(327,'http://mentorlystes.com/tunneldevente/wp-content/uploads/sites/8/2022/05/business-consultant-testimonial-avatar-image-3-1-1.jpg','125:014661043ec31832a8e6253aadb7ec27',560936,'post','attachment',1,0,NULL,NULL,'business-consultant-testimonial-avatar-image-3-1.jpg','inherit',0,0,0,NULL,NULL,NULL,NULL,0,0,NULL,0,NULL,NULL,NULL,NULL,'http://mentorlystes.com/tunneldevente/wp-content/uploads/sites/8/2022/05/business-consultant-testimonial-avatar-image-3-1-1.jpg',NULL,'560936','attachment-image',NULL,NULL,NULL,'560936','attachment-image',NULL,NULL,NULL,NULL,'2022-05-15 14:47:43','2023-02-13 07:56:48',8,NULL,NULL,NULL,NULL,0,NULL,2,'2022-05-15 14:47:43','2022-05-15 14:47:43'),(328,'http://mentorlystes.com/tunneldevente/wp-content/uploads/sites/8/2022/05/business-consultant-testimonial-avatar-image-2-1-1.jpg','125:9d11d24593e4142c9d62460eb40e5b42',560937,'post','attachment',1,0,NULL,NULL,'business-consultant-testimonial-avatar-image-2-1.jpg','inherit',0,0,0,NULL,NULL,NULL,NULL,0,0,NULL,0,NULL,NULL,NULL,NULL,'http://mentorlystes.com/tunneldevente/wp-content/uploads/sites/8/2022/05/business-consultant-testimonial-avatar-image-2-1-1.jpg',NULL,'560937','attachment-image',NULL,NULL,NULL,'560937','attachment-image',NULL,NULL,NULL,NULL,'2022-05-15 14:47:43','2023-02-13 07:56:48',8,NULL,NULL,NULL,NULL,0,NULL,2,'2022-05-15 14:47:43','2022-05-15 14:47:43'),(329,'http://mentorlystes.com/tunneldevente/wp-content/uploads/sites/8/2022/05/business-consultant-benefits-image-4-1-1.jpg','115:42832a42e8b9cc5531a073f8d4c6152d',560938,'post','attachment',1,0,NULL,NULL,'business-consultant-benefits-image-4-1.jpg','inherit',0,0,0,NULL,NULL,NULL,NULL,0,0,NULL,0,NULL,NULL,NULL,NULL,'http://mentorlystes.com/tunneldevente/wp-content/uploads/sites/8/2022/05/business-consultant-benefits-image-4-1-1.jpg',NULL,'560938','attachment-image',NULL,NULL,NULL,'560938','attachment-image',NULL,NULL,NULL,NULL,'2022-05-15 14:47:44','2023-02-13 07:56:48',8,NULL,NULL,NULL,NULL,0,NULL,2,'2022-05-15 14:47:44','2022-05-15 14:47:44'),(330,'http://mentorlystes.com/tunneldevente/wp-content/uploads/sites/8/2022/05/business-consultant-benefits-image-3-1-1.jpg','115:db027a00f93d4290c6b23d3cdbf8115c',560939,'post','attachment',1,0,NULL,NULL,'business-consultant-benefits-image-3-1.jpg','inherit',0,0,0,NULL,NULL,NULL,NULL,0,0,NULL,0,NULL,NULL,NULL,NULL,'http://mentorlystes.com/tunneldevente/wp-content/uploads/sites/8/2022/05/business-consultant-benefits-image-3-1-1.jpg',NULL,'560939','attachment-image',NULL,NULL,NULL,'560939','attachment-image',NULL,NULL,NULL,NULL,'2022-05-15 14:47:44','2023-02-13 07:56:48',8,NULL,NULL,NULL,NULL,0,NULL,2,'2022-05-15 14:47:44','2022-05-15 14:47:44'),(331,'http://mentorlystes.com/tunneldevente/wp-content/uploads/sites/8/2022/05/business-consultant-benefits-image-2-1-1.jpg','115:b511c366b1383a0a13b931d9d3a4241d',560940,'post','attachment',1,0,NULL,NULL,'business-consultant-benefits-image-2-1.jpg','inherit',0,0,0,NULL,NULL,NULL,NULL,0,0,NULL,0,NULL,NULL,NULL,NULL,'http://mentorlystes.com/tunneldevente/wp-content/uploads/sites/8/2022/05/business-consultant-benefits-image-2-1-1.jpg',NULL,'560940','attachment-image',NULL,NULL,NULL,'560940','attachment-image',NULL,NULL,NULL,NULL,'2022-05-15 14:47:45','2023-02-13 07:56:48',8,NULL,NULL,NULL,NULL,0,NULL,2,'2022-05-15 14:47:45','2022-05-15 14:47:45'),(332,'http://mentorlystes.com/tunneldevente/wp-content/uploads/sites/8/2022/05/business-consultant-benefits-image-1-1-1.jpg','115:837c799ef58ff91820a018972d1f6409',560941,'post','attachment',1,0,NULL,NULL,'business-consultant-benefits-image-1-1.jpg','inherit',0,0,0,NULL,NULL,NULL,NULL,0,0,NULL,0,NULL,NULL,NULL,NULL,'http://mentorlystes.com/tunneldevente/wp-content/uploads/sites/8/2022/05/business-consultant-benefits-image-1-1-1.jpg',NULL,'560941','attachment-image',NULL,NULL,NULL,'560941','attachment-image',NULL,NULL,NULL,NULL,'2022-05-15 14:47:45','2023-02-13 07:56:48',8,NULL,NULL,NULL,NULL,0,NULL,2,'2022-05-15 14:47:45','2022-05-15 14:47:45'),(333,'http://mentorlystes.com/tunneldevente/wp-content/uploads/sites/8/2022/05/business-consultant-program-cover-image-1-1.jpg','118:c6ffbfb759cdcfa4d76550e4fc2cb620',560942,'post','attachment',1,0,NULL,NULL,'business-consultant-program-cover-image-1.jpg','inherit',0,0,0,NULL,NULL,NULL,NULL,0,0,NULL,0,NULL,NULL,NULL,NULL,'http://mentorlystes.com/tunneldevente/wp-content/uploads/sites/8/2022/05/business-consultant-program-cover-image-1-1.jpg',NULL,'560942','attachment-image',NULL,NULL,NULL,'560942','attachment-image',NULL,NULL,NULL,NULL,'2022-05-15 14:47:46','2023-02-13 07:56:48',8,NULL,NULL,NULL,NULL,0,NULL,2,'2022-05-15 14:47:45','2022-05-15 14:47:45'),(334,'http://mentorlystes.com/tunneldevente/wp-content/uploads/sites/8/2022/05/business-consulting-featured-in-logo-1-1-1.svg','117:e933a58af8c2ebee8077269e13611595',560943,'post','attachment',1,0,NULL,NULL,'business-consulting-featured-in-logo-1-1.svg','inherit',0,0,0,NULL,NULL,NULL,NULL,0,0,NULL,0,NULL,NULL,NULL,NULL,NULL,NULL,NULL,NULL,NULL,NULL,NULL,NULL,NULL,NULL,NULL,NULL,NULL,'2022-05-15 14:47:46','2023-02-13 07:56:48',8,NULL,NULL,NULL,NULL,0,NULL,2,'2022-05-15 14:47:46','2022-05-15 14:47:46'),(335,'http://mentorlystes.com/tunneldevente/wp-content/uploads/sites/8/2022/05/business-consulting-featured-in-logo-2-1-1.svg','117:75204aad42a6e3d03aedcc548f817354',560944,'post','attachment',1,0,NULL,NULL,'business-consulting-featured-in-logo-2-1.svg','inherit',0,0,0,NULL,NULL,NULL,NULL,0,0,NULL,0,NULL,NULL,NULL,NULL,NULL,NULL,NULL,NULL,NULL,NULL,NULL,NULL,NULL,NULL,NULL,NULL,NULL,'2022-05-15 14:47:46','2023-02-13 07:56:48',8,NULL,NULL,NULL,NULL,0,NULL,2,'2022-05-15 14:47:46','2022-05-15 14:47:46'),(336,'http://mentorlystes.com/tunneldevente/wp-content/uploads/sites/8/2022/05/business-consulting-featured-in-logo-3-1-1.svg','117:a8a07123df950be6aacb7cf31ec27c4d',560945,'post','attachment',1,0,NULL,NULL,'business-consulting-featured-in-logo-3-1.svg','inherit',0,0,0,NULL,NULL,NULL,NULL,0,0,NULL,0,NULL,NULL,NULL,NULL,NULL,NULL,NULL,NULL,NULL,NULL,NULL,NULL,NULL,NULL,NULL,NULL,NULL,'2022-05-15 14:47:46','2023-02-13 07:56:48',8,NULL,NULL,NULL,NULL,0,NULL,2,'2022-05-15 14:47:46','2022-05-15 14:47:46'),(337,'http://mentorlystes.com/tunneldevente/wp-content/uploads/sites/8/2022/05/business-consulting-featured-in-logo-4-1-1.svg','117:ffa235698d5b7965cc6b52adce4852f3',560946,'post','attachment',1,0,NULL,NULL,'business-consulting-featured-in-logo-4-1.svg','inherit',0,0,0,NULL,NULL,NULL,NULL,0,0,NULL,0,NULL,NULL,NULL,NULL,NULL,NULL,NULL,NULL,NULL,NULL,NULL,NULL,NULL,NULL,NULL,NULL,NULL,'2022-05-15 14:47:47','2023-02-13 07:56:48',8,NULL,NULL,NULL,NULL,0,NULL,2,'2022-05-15 14:47:46','2022-05-15 14:47:46'),(338,'http://mentorlystes.com/tunneldevente/wp-content/uploads/sites/8/2022/05/business-consulting-featured-in-logo-5-1-1.svg','117:ec52ad6438edea27b5729a3200cdff4f',560947,'post','attachment',1,0,NULL,NULL,'business-consulting-featured-in-logo-5-1.svg','inherit',0,0,0,NULL,NULL,NULL,NULL,0,0,NULL,0,NULL,NULL,NULL,NULL,NULL,NULL,NULL,NULL,NULL,NULL,NULL,NULL,NULL,NULL,NULL,NULL,NULL,'2022-05-15 14:47:47','2023-02-13 07:56:48',8,NULL,NULL,NULL,NULL,0,NULL,2,'2022-05-15 14:47:47','2022-05-15 14:47:47'),(339,'http://mentorlystes.com/tunneldevente/wp-content/uploads/sites/8/2022/05/business-consulting-featured-in-logo-6-1-1.svg','117:6b6d9ac92d0332203d24368cd8d4d130',560948,'post','attachment',1,0,NULL,NULL,'business-consulting-featured-in-logo-6-1.svg','inherit',0,0,0,NULL,NULL,NULL,NULL,0,0,NULL,0,NULL,NULL,NULL,NULL,NULL,NULL,NULL,NULL,NULL,NULL,NULL,NULL,NULL,NULL,NULL,NULL,NULL,'2022-05-15 14:47:47','2023-02-13 07:56:48',8,NULL,NULL,NULL,NULL,0,NULL,2,'2022-05-15 14:47:47','2022-05-15 14:47:47'),(340,'http://mentorlystes.com/tunneldevente/wp-content/uploads/sites/8/2022/05/business-consultant-trainer-video-1-1.jpg','112:a8ce47e970c9e09df224798a4788da8c',560949,'post','attachment',1,0,NULL,NULL,'business-consultant-trainer-video-1.jpg','inherit',0,0,0,NULL,NULL,NULL,NULL,0,0,NULL,0,NULL,NULL,NULL,NULL,'http://mentorlystes.com/tunneldevente/wp-content/uploads/sites/8/2022/05/business-consultant-trainer-video-1-1.jpg',NULL,'560949','attachment-image',NULL,NULL,NULL,'560949','attachment-image',NULL,NULL,NULL,NULL,'2022-05-15 14:47:47','2023-02-13 07:56:48',8,NULL,NULL,NULL,NULL,0,NULL,2,'2022-05-15 14:47:47','2022-05-15 14:47:47'),(341,'https://mentorlystes.com/tunneldevente/?cartflows_flow=store-checkout','67:dc56c69655d1ff0b270cc3acd2ec037b',560950,'post','cartflows_flow',1,0,NULL,NULL,'store Checkout','publish',NULL,0,NULL,NULL,NULL,NULL,NULL,0,0,NULL,0,NULL,NULL,NULL,NULL,NULL,NULL,NULL,NULL,NULL,NULL,NULL,NULL,NULL,NULL,0,NULL,NULL,'2022-05-15 14:47:48','2023-02-13 07:56:48',8,NULL,NULL,NULL,NULL,0,NULL,2,'2022-05-15 14:47:48','2022-05-15 14:47:48'),(342,'https://mentorlystes.com/tunneldevente/cartflows_step/store-checkout-04/','70:5357e298490631035d99b258b4f7e607',560951,'post','cartflows_step',1,0,NULL,NULL,'Store Checkout 04','publish',NULL,0,NULL,NULL,NULL,NULL,NULL,0,0,NULL,0,NULL,NULL,NULL,NULL,'',NULL,'53796','featured-image',NULL,NULL,NULL,'53796','featured-image',NULL,3,NULL,NULL,'2022-05-15 14:47:49','2023-02-13 07:56:48',8,NULL,NULL,NULL,NULL,0,NULL,2,'2022-05-15 14:50:27','2022-05-15 14:47:48'),(343,'https://mentorlystes.com/tunneldevente/cartflows_step/store-checkout-thank-you-04/','80:c4f6391be5745b29d402d453ba88a56a',560952,'post','cartflows_step',1,0,NULL,NULL,'Store Checkout Thank You 04','publish',NULL,0,NULL,NULL,NULL,NULL,NULL,0,0,NULL,0,NULL,NULL,NULL,NULL,NULL,NULL,NULL,NULL,NULL,NULL,NULL,NULL,NULL,NULL,0,NULL,NULL,'2022-05-15 14:47:54','2023-02-13 07:56:48',8,NULL,NULL,NULL,NULL,0,NULL,2,'2022-05-15 14:47:54','2022-05-15 14:47:54'),(344,'http://mentorlystes.com/tunneldevente/wp-content/uploads/sites/8/2022/05/global-checkout-template-logo.svg','104:7f8e23bedf7e626a0881f64aa8df3a8a',560953,'post','attachment',1,0,NULL,NULL,'global-checkout-template-logo.svg','inherit',0,0,0,NULL,NULL,NULL,NULL,0,0,NULL,0,NULL,NULL,NULL,NULL,NULL,NULL,NULL,NULL,NULL,NULL,NULL,NULL,NULL,NULL,NULL,NULL,NULL,'2022-05-15 14:47:54','2023-02-13 07:56:48',8,NULL,NULL,NULL,NULL,0,NULL,2,'2022-05-15 14:47:54','2022-05-15 14:47:54'),(345,'http://mentorlystes.com/tunneldevente/wp-content/uploads/sites/8/2022/05/modern-checkout-two-columns-template-avatar.jpg','118:c22e3ace2acc910d2cf1f7f695ba050c',560954,'post','attachment',1,0,NULL,NULL,'modern-checkout-two-columns-template-avatar.jpg','inherit',0,0,0,NULL,NULL,NULL,NULL,0,0,NULL,0,NULL,NULL,NULL,NULL,'http://mentorlystes.com/tunneldevente/wp-content/uploads/sites/8/2022/05/modern-checkout-two-columns-template-avatar.jpg',NULL,'560954','attachment-image',NULL,NULL,NULL,'560954','attachment-image',NULL,NULL,NULL,NULL,'2022-05-15 14:47:54','2023-02-13 07:56:48',8,NULL,NULL,NULL,NULL,0,NULL,2,'2022-05-15 14:47:54','2022-05-15 14:47:54'),(346,'http://mentorlystes.com/tunneldevente/wp-content/uploads/sites/8/2022/05/digital-marketing-guide-avatar-image-2.jpg','113:32cea227462fae94811f24dc9c008a54',560955,'post','attachment',1,0,NULL,NULL,'digital-marketing-guide-avatar-image-2.jpg','inherit',0,0,0,NULL,NULL,NULL,NULL,0,0,NULL,0,NULL,NULL,NULL,NULL,'http://mentorlystes.com/tunneldevente/wp-content/uploads/sites/8/2022/05/digital-marketing-guide-avatar-image-2.jpg',NULL,'560955','attachment-image',NULL,NULL,NULL,'560955','attachment-image',NULL,NULL,NULL,NULL,'2022-05-15 14:47:55','2023-02-13 07:56:48',8,NULL,NULL,NULL,NULL,0,NULL,2,'2022-05-15 14:47:55','2022-05-15 14:47:55'),(347,'http://mentorlystes.com/tunneldevente/wp-content/uploads/sites/8/2022/05/modern-checkout-two-columns-template-guarantee-badge.png','127:da480a1c2ac5fcc8b824728711387a06',560956,'post','attachment',1,0,NULL,NULL,'modern-checkout-two-columns-template-guarantee-badge.png','inherit',0,0,0,NULL,NULL,NULL,NULL,0,0,NULL,0,NULL,NULL,NULL,NULL,'http://mentorlystes.com/tunneldevente/wp-content/uploads/sites/8/2022/05/modern-checkout-two-columns-template-guarantee-badge.png',NULL,'560956','attachment-image',NULL,NULL,NULL,'560956','attachment-image',NULL,NULL,NULL,NULL,'2022-05-15 14:47:55','2023-02-13 07:56:48',8,NULL,NULL,NULL,NULL,0,NULL,2,'2022-05-15 14:47:55','2022-05-15 14:47:55'),(348,'http://mentorlystes.com/tunneldevente/wp-content/uploads/sites/8/2022/05/global-checkout-template-logo-1.svg','106:4c597ea1bbcbf9e11c45086354437110',560957,'post','attachment',1,0,NULL,NULL,'global-checkout-template-logo.svg','inherit',0,0,0,NULL,NULL,NULL,NULL,0,0,NULL,0,NULL,NULL,NULL,NULL,NULL,NULL,NULL,NULL,NULL,NULL,NULL,NULL,NULL,NULL,NULL,NULL,NULL,'2022-05-15 14:47:58','2023-02-13 07:56:48',8,NULL,NULL,NULL,NULL,0,NULL,2,'2022-05-15 14:47:58','2022-05-15 14:47:58'),(349,'http://mentorlystes.com/tunneldevente/wp-content/uploads/sites/8/2022/05/modern-checkout-two-columns-template-avatar-1.jpg','120:d524680b1b2e6e76907b28cfbc9760a8',560958,'post','attachment',1,0,NULL,NULL,'modern-checkout-two-columns-template-avatar.jpg','inherit',0,0,0,NULL,NULL,NULL,NULL,0,0,NULL,0,NULL,NULL,NULL,NULL,'http://mentorlystes.com/tunneldevente/wp-content/uploads/sites/8/2022/05/modern-checkout-two-columns-template-avatar-1.jpg',NULL,'560958','attachment-image',NULL,NULL,NULL,'560958','attachment-image',NULL,NULL,NULL,NULL,'2022-05-15 14:47:58','2023-02-13 07:56:48',8,NULL,NULL,NULL,NULL,0,NULL,2,'2022-05-15 14:47:58','2022-05-15 14:47:58'),(350,'http://mentorlystes.com/tunneldevente/wp-content/uploads/sites/8/2022/05/digital-marketing-guide-avatar-image-2-1.jpg','115:5d44faf121c3eaeb96ce301247723627',560959,'post','attachment',1,0,NULL,NULL,'digital-marketing-guide-avatar-image-2.jpg','inherit',0,0,0,NULL,NULL,NULL,NULL,0,0,NULL,0,NULL,NULL,NULL,NULL,'http://mentorlystes.com/tunneldevente/wp-content/uploads/sites/8/2022/05/digital-marketing-guide-avatar-image-2-1.jpg',NULL,'560959','attachment-image',NULL,NULL,NULL,'560959','attachment-image',NULL,NULL,NULL,NULL,'2022-05-15 14:47:58','2023-02-13 07:56:48',8,NULL,NULL,NULL,NULL,0,NULL,2,'2022-05-15 14:47:58','2022-05-15 14:47:58'),(351,'http://mentorlystes.com/tunneldevente/wp-content/uploads/sites/8/2022/05/modern-checkout-two-columns-template-guarantee-badge-1.png','129:eac2a57235246e9e99034f4012812cef',560960,'post','attachment',1,0,NULL,NULL,'modern-checkout-two-columns-template-guarantee-badge.png','inherit',0,0,0,NULL,NULL,NULL,NULL,0,0,NULL,0,NULL,NULL,NULL,NULL,'http://mentorlystes.com/tunneldevente/wp-content/uploads/sites/8/2022/05/modern-checkout-two-columns-template-guarantee-badge-1.png',NULL,'560960','attachment-image',NULL,NULL,NULL,'560960','attachment-image',NULL,NULL,NULL,NULL,'2022-05-15 14:47:59','2023-02-13 07:56:48',8,NULL,NULL,NULL,NULL,0,NULL,2,'2022-05-15 14:47:58','2022-05-15 14:47:58'),(352,'https://mentorlystes.com/tunneldevente/produit/formation-checkout/','64:1736f5b56d1404fde0e2b9ffbffa7912',560961,'post','product',1,0,NULL,NULL,'formation checkout','publish',NULL,0,NULL,NULL,NULL,NULL,NULL,0,0,NULL,0,NULL,NULL,NULL,NULL,NULL,NULL,NULL,NULL,NULL,NULL,NULL,NULL,NULL,NULL,0,NULL,NULL,'2022-05-15 14:49:55','2023-02-13 07:56:48',8,NULL,NULL,NULL,NULL,0,NULL,2,'2022-05-15 14:50:01','2022-05-15 14:50:00'),(353,NULL,NULL,5,'post',NULL,NULL,NULL,NULL,NULL,NULL,'unindexed',NULL,0,NULL,NULL,NULL,NULL,NULL,NULL,0,0,0,0,0,0,NULL,NULL,NULL,NULL,NULL,NULL,NULL,NULL,NULL,NULL,NULL,NULL,NULL,NULL,'2022-06-11 17:39:55','2022-06-11 15:39:55',7,NULL,NULL,NULL,NULL,0,NULL,2,NULL,NULL),(354,NULL,NULL,NULL,'system-page','search-result',NULL,NULL,'Vous avez cherché %%searchphrase%% %%page%% %%sep%% %%sitename%%',NULL,NULL,NULL,NULL,0,NULL,NULL,NULL,NULL,NULL,NULL,0,1,0,0,0,0,NULL,NULL,NULL,NULL,NULL,NULL,NULL,NULL,NULL,NULL,NULL,NULL,NULL,NULL,'2022-09-14 02:51:18','2022-09-14 00:51:18',8,NULL,NULL,NULL,NULL,0,NULL,1,NULL,NULL),(355,'https://mentorlystes.com/tunneldevente/look/','44:41e0d37a24dc734acc58d4d8aea826af',NULL,'post-type-archive','look',NULL,NULL,'%%pt_plural%% Archive %%page%% %%sep%% %%sitename%%','','Collaborations',NULL,1,0,NULL,NULL,NULL,NULL,NULL,NULL,0,0,0,0,0,0,NULL,NULL,NULL,NULL,NULL,NULL,NULL,NULL,NULL,NULL,NULL,NULL,NULL,NULL,'2023-03-17 05:11:43','2023-03-17 04:11:43',8,NULL,NULL,NULL,NULL,0,NULL,2,NULL,NULL),(356,'https://mentorlystes.com/tunneldevente/categorie-produit/non-classe/','68:ba09a28a585627f9582172e39aca2890',15,'term','product_cat',NULL,NULL,NULL,NULL,'Non classé',NULL,NULL,0,NULL,NULL,NULL,NULL,NULL,NULL,0,NULL,NULL,NULL,NULL,NULL,NULL,NULL,NULL,NULL,NULL,NULL,NULL,NULL,NULL,NULL,NULL,NULL,NULL,NULL,'2023-08-18 19:27:39','2023-08-18 17:27:39',8,NULL,NULL,NULL,NULL,0,NULL,2,'2022-05-15 14:50:01','2022-05-15 08:48:18');

--
-- Table structure for table `wp_8_yoast_indexable_hierarchy`
--

CREATE TABLE `wp_8_yoast_indexable_hierarchy` (
  `indexable_id` int unsigned NOT NULL DEFAULT '0',
  `ancestor_id` int unsigned NOT NULL DEFAULT '0',
  `depth` int unsigned DEFAULT NULL,
  `blog_id` bigint NOT NULL DEFAULT '7',
  PRIMARY KEY (`indexable_id`,`ancestor_id`),
  KEY `indexable_id` (`indexable_id`),
  KEY `ancestor_id` (`ancestor_id`),
  KEY `depth` (`depth`)
) ENGINE=InnoDB DEFAULT CHARSET=utf8mb4 COLLATE=utf8mb4_unicode_ci;

--
-- Dumping data for table `wp_8_yoast_indexable_hierarchy`
--

INSERT INTO `wp_8_yoast_indexable_hierarchy` VALUES (1,0,0,7),(19,0,0,8),(20,0,0,7),(21,0,0,7),(23,0,0,7),(24,0,0,8),(25,0,0,8),(30,0,0,8),(33,0,0,8),(40,0,0,8),(41,0,0,8),(44,0,0,8),(45,0,0,8),(46,0,0,8),(50,0,0,8),(53,0,0,8),(54,0,0,8),(55,0,0,8),(56,0,0,8),(57,0,0,8),(58,0,0,8),(59,0,0,8),(60,0,0,8),(63,0,0,8),(64,0,0,8),(66,0,0,8),(67,0,0,8),(69,0,0,8),(71,0,0,8),(72,0,0,8),(73,0,0,8),(74,0,0,8),(75,0,0,8),(77,0,0,8),(78,0,0,8),(79,0,0,8),(80,0,0,7),(81,0,0,8),(83,0,0,8),(84,0,0,8),(85,0,0,8),(87,0,0,8),(88,0,0,8),(89,0,0,8),(91,0,0,7),(95,0,0,7),(99,0,0,7),(100,0,0,7),(105,0,0,7),(106,0,0,7),(107,0,0,7),(141,0,0,8),(142,0,0,8),(146,0,0,8),(147,0,0,8),(152,0,0,8),(153,0,0,8),(154,0,0,8),(164,0,0,8),(166,0,0,8),(168,0,0,8),(169,0,0,8),(182,0,0,8),(183,0,0,8),(204,0,0,8),(205,0,0,8),(263,0,0,8),(264,0,0,8),(342,0,0,8),(352,0,0,8),(353,0,0,8),(354,0,0,8),(355,0,0,8),(356,0,0,8);

--
-- Table structure for table `wp_8_yoast_migrations`
--

CREATE TABLE `wp_8_yoast_migrations` (
  `id` int unsigned NOT NULL AUTO_INCREMENT,
  `version` varchar(191) CHARACTER SET utf8mb4 COLLATE utf8mb4_unicode_ci DEFAULT NULL,
  PRIMARY KEY (`id`),
  UNIQUE KEY `wp_7_yoast_migrations_version` (`version`)
) ENGINE=InnoDB AUTO_INCREMENT=24 DEFAULT CHARSET=utf8mb4 COLLATE=utf8mb4_unicode_ci;

--
-- Dumping data for table `wp_8_yoast_migrations`
--

INSERT INTO `wp_8_yoast_migrations` VALUES (1,'20171228151840'),(2,'20171228151841'),(3,'20190529075038'),(4,'20191011111109'),(5,'20200408101900'),(6,'20200420073606'),(7,'20200428123747'),(8,'20200428194858'),(9,'20200429105310'),(10,'20200430075614'),(11,'20200430150130'),(12,'20200507054848'),(13,'20200513133401'),(14,'20200609154515'),(15,'20200616130143'),(16,'20200617122511'),(17,'20200702141921'),(18,'20200728095334'),(19,'20201202144329'),(20,'20201216124002'),(21,'20201216141134'),(22,'20210817092415'),(23,'20211020091404');

--
-- Table structure for table `wp_8_yoast_primary_term`
--

CREATE TABLE `wp_8_yoast_primary_term` (
  `id` int unsigned NOT NULL AUTO_INCREMENT,
  `post_id` bigint DEFAULT NULL,
  `term_id` bigint DEFAULT NULL,
  `taxonomy` varchar(32) CHARACTER SET utf8mb4 COLLATE utf8mb4_unicode_ci NOT NULL,
  `created_at` datetime DEFAULT NULL,
  `updated_at` timestamp NOT NULL DEFAULT CURRENT_TIMESTAMP ON UPDATE CURRENT_TIMESTAMP,
  `blog_id` bigint NOT NULL DEFAULT '7',
  PRIMARY KEY (`id`),
  KEY `post_taxonomy` (`post_id`,`taxonomy`),
  KEY `post_term` (`post_id`,`term_id`)
) ENGINE=InnoDB DEFAULT CHARSET=utf8mb4 COLLATE=utf8mb4_unicode_ci;

--
-- Dumping data for table `wp_8_yoast_primary_term`
--


--
-- Table structure for table `wp_8_yoast_seo_links`
--

CREATE TABLE `wp_8_yoast_seo_links` (
  `id` bigint unsigned NOT NULL AUTO_INCREMENT,
  `url` varchar(255) DEFAULT NULL,
  `post_id` bigint unsigned DEFAULT NULL,
  `target_post_id` bigint unsigned DEFAULT NULL,
  `type` varchar(8) DEFAULT NULL,
  `indexable_id` int unsigned DEFAULT NULL,
  `target_indexable_id` int unsigned DEFAULT NULL,
  `height` int unsigned DEFAULT NULL,
  `width` int unsigned DEFAULT NULL,
  `size` int unsigned DEFAULT NULL,
  `language` varchar(32) DEFAULT NULL,
  `region` varchar(32) DEFAULT NULL,
  PRIMARY KEY (`id`),
  KEY `link_direction` (`post_id`,`type`),
  KEY `indexable_link_direction` (`indexable_id`,`type`)
) ENGINE=InnoDB AUTO_INCREMENT=64 DEFAULT CHARSET=utf8mb3;

--
-- Dumping data for table `wp_8_yoast_seo_links`
--

INSERT INTO `wp_8_yoast_seo_links` VALUES (1,'https://mentorlystes.com/wp-content/uploads/2022/03/hello.png',560280,NULL,'image-ex',57,NULL,NULL,NULL,NULL,NULL,NULL),(2,'https://mentorlystes.com/wp-content/uploads/2022/03/hello.png',560280,NULL,'image-ex',57,NULL,NULL,NULL,NULL,NULL,NULL),(4,'https://mentorlystes.com/wp-content/uploads/2022/03/124519570_851990275568260_8848328365585395596_n.jpeg',560280,NULL,'image-ex',57,NULL,NULL,NULL,NULL,NULL,NULL),(5,'https://mentorlystes.com/wp-content/uploads/2022/03/124519570_851990275568260_8848328365585395596_n.jpeg',560280,NULL,'image-ex',57,NULL,NULL,NULL,NULL,NULL,NULL),(6,'https://calendly.com/lynkbiopro/20min?month=2022-02',560591,NULL,'external',58,NULL,NULL,NULL,NULL,NULL,NULL),(7,'https://mentorlystes.com/contact/',560591,NULL,'external',58,NULL,NULL,NULL,NULL,NULL,NULL),(15,'https://calendly.com/lynkbiopro/20min',559625,NULL,'external',66,NULL,NULL,NULL,NULL,NULL,NULL),(16,'https://calendly.com/lynkbiopro/20min',559625,NULL,'external',66,NULL,NULL,NULL,NULL,NULL,NULL),(17,'https://calendly.com/lynkbiopro/20min',559625,NULL,'external',66,NULL,NULL,NULL,NULL,NULL,NULL),(18,'https://mentorlystes.com/wp-content/uploads/2021/11/modernica-manage-pillar-hero@tablet-2x-3ebc29d68441f023cd2257f20d35ab678324f87fb386b0a9ccd56570980caef2.jpeg',23598,NULL,'external',67,NULL,NULL,NULL,NULL,NULL,NULL),(19,'https://mentorlystes.com/wp-content/uploads/2021/11/modernica-manage-pillar-hero@tablet-2x-3ebc29d68441f023cd2257f20d35ab678324f87fb386b0a9ccd56570980caef2.jpeg',23598,NULL,'image-ex',67,NULL,NULL,NULL,NULL,NULL,NULL),(20,'https://mentorlystes.com/wp-content/uploads/2021/11/pexels-ivan-samkov-7620629-scaled.jpg',23598,NULL,'image-ex',67,NULL,NULL,NULL,NULL,NULL,NULL),(22,'https://mentorlystes.com/tunneldevente/wp-content/uploads/sites/8/2022/05/pexels-jack-sparrow-5918183-scaled.jpg',23597,560680,'image-in',30,115,2560,1706,538108,NULL,NULL),(28,'https://mentorlystes.com/tunneldevente/wp-content/uploads/sites/8/2022/05/Capture-décran-2022-03-03-à-23.56.25-811x1024-2-1.png',560280,560706,'image-in',57,138,1024,811,163355,NULL,NULL),(29,'https://mentorlystes.com/tunneldevente/wp-content/uploads/sites/8/2022/05/01-new-2-1.png',560280,560707,'image-in',57,139,1476,1144,497620,NULL,NULL),(30,'https://mentorlystes.com/tunneldevente/wp-content/uploads/sites/8/2022/05/pexels-karolina-grabowska-4491455-1-scaled.jpg',560280,560697,'image-in',57,131,2560,1707,300883,NULL,NULL),(31,'https://calendly.com/lynkbiopro/20min?month=2022-02',23583,NULL,'external',46,NULL,NULL,NULL,NULL,NULL,NULL),(32,'https://mentorlystes.com/contact/',23583,NULL,'external',46,NULL,NULL,NULL,NULL,NULL,NULL),(33,'https://mentorlystes.com/wp-content/uploads/2021/11/modernica-manage-pillar-hero@tablet-2x-3ebc29d68441f023cd2257f20d35ab678324f87fb386b0a9ccd56570980caef2.jpeg',23583,NULL,'external',46,NULL,NULL,NULL,NULL,NULL,NULL),(34,'https://mentorlystes.com/financer/ia/',23583,NULL,'external',46,NULL,NULL,NULL,NULL,NULL,NULL),(35,'https://mentorlystes.com/wp-content/uploads/2021/11/modernica-manage-pillar-hero@tablet-2x-3ebc29d68441f023cd2257f20d35ab678324f87fb386b0a9ccd56570980caef2.jpeg',23583,NULL,'image-ex',46,NULL,NULL,NULL,NULL,NULL,NULL),(36,'https://mentorlystes.com/tunneldevente/wp-content/uploads/sites/8/2022/05/pexels-anna-shvets-5324923-scaled.jpg',23583,560700,'image-in',46,134,2560,1707,609241,NULL,NULL),(37,'https://mentorlystes.com/wp-content/uploads/2021/11/ia.png',23583,NULL,'image-ex',46,NULL,NULL,NULL,NULL,NULL,NULL),(38,'https://mentorlystes.com/tunneldevente/wp-content/uploads/sites/8/2022/05/pexels-jack-sparrow-5918185-scaled.jpg',23597,560681,'image-in',30,116,2560,1706,490640,NULL,NULL),(39,'https://mentorlystes.com/tunneldevente/wp-content/uploads/sites/8/2022/05/pexels-liza-summer-6347921-scaled.jpg',560591,560689,'image-in',58,124,2560,1707,364408,NULL,NULL),(40,'https://mentorlystes.com/tunneldevente/wp-content/uploads/sites/8/2022/05/pexels-anna-shvets-5324923-scaled.jpg',560591,560700,'image-in',58,134,2560,1707,609241,NULL,NULL),(41,'https://mentorlystes.com/tunneldevente/wp-content/uploads/sites/8/2022/05/pexels-canva-studio-3194524-scaled.jpg',560591,560676,'image-in',58,111,2560,1708,358319,NULL,NULL),(42,'http://mentorlystes.com/tunneldevente/wp-content/uploads/sites/8/2022/05/kamarajustine_274522718_1108733943302150_4599876826966874949_n-e1652600155117.jpg',560718,NULL,'image-in',141,NULL,NULL,NULL,NULL,NULL,NULL),(43,'http://mentorlystes.com/tunneldevente/wp-content/uploads/sites/8/2022/05/kamarajustine_274522718_1108733943302150_4599876826966874949_n-e1652600155117.jpg',560718,NULL,'image-in',141,NULL,NULL,NULL,NULL,NULL,NULL),(44,'http://mentorlystes.com/tunneldevente/wp-content/uploads/sites/8/2022/05/marketing-author.jpeg',560718,NULL,'image-in',141,NULL,NULL,NULL,NULL,NULL,NULL),(45,'http://mentorlystes.com/tunneldevente/wp-content/uploads/sites/8/2022/05/kamarajustine_274522718_1108733943302150_4599876826966874949_n-e1652600155117.jpg',560739,NULL,'image-in',146,NULL,NULL,NULL,NULL,NULL,NULL),(46,'http://mentorlystes.com/tunneldevente/wp-content/uploads/sites/8/2022/05/kamarajustine_274522718_1108733943302150_4599876826966874949_n-e1652600155117.jpg',560739,NULL,'image-in',146,NULL,NULL,NULL,NULL,NULL,NULL),(47,'http://mentorlystes.com/tunneldevente/wp-content/uploads/sites/8/2022/05/marketing-author.jpeg',560739,NULL,'image-in',146,NULL,NULL,NULL,NULL,NULL,NULL),(48,'https://templates.cartflows.com/wp-content/uploads/2019/03/Pexels-Videos-1093133.mp4',560753,NULL,'external',154,NULL,NULL,NULL,NULL,NULL,NULL),(49,'http://mentorlystes.com/tunneldevente/wp-content/uploads/sites/8/2022/05/testimonial-1.png',560753,NULL,'image-in',154,NULL,NULL,NULL,NULL,NULL,NULL),(50,'http://mentorlystes.com/tunneldevente/wp-content/uploads/sites/8/2022/05/marketing-author.jpg',560753,NULL,'image-in',154,NULL,NULL,NULL,NULL,NULL,NULL),(51,'http://mentorlystes.com/tunneldevente/wp-content/uploads/sites/8/2022/05/testimonial-1.png',560753,NULL,'image-in',154,NULL,NULL,NULL,NULL,NULL,NULL),(52,'http://mentorlystes.com/tunneldevente/wp-content/uploads/sites/8/2022/05/testimonial-2.png',560753,NULL,'image-in',154,NULL,NULL,NULL,NULL,NULL,NULL),(53,'http://mentorlystes.com/tunneldevente/wp-content/uploads/sites/8/2022/05/testimonial-3.png',560753,NULL,'image-in',154,NULL,NULL,NULL,NULL,NULL,NULL),(54,'http://mentorlystes.com/tunneldevente/wp-content/uploads/sites/8/2022/05/testimonial-1-1.png',560752,560759,'image-in',153,161,150,150,14973,NULL,NULL),(55,'http://mentorlystes.com/tunneldevente/wp-content/uploads/sites/8/2022/05/testimonial-2-1.png',560752,560757,'image-in',153,159,150,150,13708,NULL,NULL),(56,'http://mentorlystes.com/tunneldevente/wp-content/uploads/sites/8/2022/05/marketing-author-1.jpg',560752,560761,'image-in',153,163,800,595,155465,NULL,NULL),(57,'#',560951,NULL,'internal',342,NULL,NULL,NULL,NULL,NULL,NULL),(58,'#',560951,NULL,'internal',342,NULL,NULL,NULL,NULL,NULL,NULL),(59,'#',560951,NULL,'internal',342,NULL,NULL,NULL,NULL,NULL,NULL),(60,'http://mentorlystes.com/tunneldevente/wp-content/uploads/sites/8/2022/05/global-checkout-template-logo-1.svg',560951,NULL,'image-in',342,NULL,NULL,NULL,NULL,NULL,NULL),(61,'http://mentorlystes.com/tunneldevente/wp-content/uploads/sites/8/2022/05/modern-checkout-two-columns-template-avatar-1.jpg',560951,NULL,'image-in',342,NULL,NULL,NULL,NULL,NULL,NULL),(62,'http://mentorlystes.com/tunneldevente/wp-content/uploads/sites/8/2022/05/digital-marketing-guide-avatar-image-2-1.jpg',560951,NULL,'image-in',342,NULL,NULL,NULL,NULL,NULL,NULL),(63,'http://mentorlystes.com/tunneldevente/wp-content/uploads/sites/8/2022/05/modern-checkout-two-columns-template-guarantee-badge-1.png',560951,NULL,'image-in',342,NULL,NULL,NULL,NULL,NULL,NULL);

--
-- Table structure for table `wp_actionscheduler_actions`
--

CREATE TABLE `wp_actionscheduler_actions` (
  `action_id` bigint unsigned NOT NULL AUTO_INCREMENT,
  `hook` varchar(191) CHARACTER SET utf8mb4 COLLATE utf8mb4_unicode_ci NOT NULL,
  `status` varchar(20) CHARACTER SET utf8mb4 COLLATE utf8mb4_unicode_ci NOT NULL,
  `scheduled_date_gmt` datetime DEFAULT '0000-00-00 00:00:00',
  `scheduled_date_local` datetime DEFAULT '0000-00-00 00:00:00',
  `args` varchar(191) CHARACTER SET utf8mb4 COLLATE utf8mb4_unicode_ci DEFAULT NULL,
  `schedule` longtext CHARACTER SET utf8mb4 COLLATE utf8mb4_unicode_ci,
  `group_id` bigint unsigned NOT NULL DEFAULT '0',
  `attempts` int NOT NULL DEFAULT '0',
  `last_attempt_gmt` datetime DEFAULT '0000-00-00 00:00:00',
  `last_attempt_local` datetime DEFAULT '0000-00-00 00:00:00',
  `claim_id` bigint unsigned NOT NULL DEFAULT '0',
  `extended_args` varchar(8000) CHARACTER SET utf8mb4 COLLATE utf8mb4_unicode_ci DEFAULT NULL,
  `priority` tinyint unsigned NOT NULL DEFAULT '10',
  PRIMARY KEY (`action_id`),
  KEY `hook` (`hook`),
  KEY `status` (`status`),
  KEY `scheduled_date_gmt` (`scheduled_date_gmt`),
  KEY `args` (`args`),
  KEY `group_id` (`group_id`),
  KEY `last_attempt_gmt` (`last_attempt_gmt`),
  KEY `claim_id_status_scheduled_date_gmt` (`claim_id`,`status`,`scheduled_date_gmt`),
  KEY `hook_status_scheduled_date_gmt` (`hook`(163),`status`,`scheduled_date_gmt`),
  KEY `status_scheduled_date_gmt` (`status`,`scheduled_date_gmt`)
) ENGINE=InnoDB AUTO_INCREMENT=1156 DEFAULT CHARSET=utf8mb4 COLLATE=utf8mb4_unicode_ci;

--
-- Dumping data for table `wp_actionscheduler_actions`
--

INSERT INTO `wp_actionscheduler_actions` VALUES (1126,'wc_stripe_remove_order_locks','failed','2024-04-25 19:22:12','2024-04-25 21:22:12','[]','O:32:\"ActionScheduler_IntervalSchedule\":5:{s:22:\"\0*\0scheduled_timestamp\";i:1714072932;s:18:\"\0*\0first_timestamp\";i:1650931200;s:13:\"\0*\0recurrence\";i:86400;s:49:\"\0ActionScheduler_IntervalSchedule\0start_timestamp\";i:1714072932;s:53:\"\0ActionScheduler_IntervalSchedule\0interval_in_seconds\";i:86400;}',0,1,'2025-05-13 05:26:59','2025-05-13 07:26:59',0,NULL,10),(1127,'woocommerce_run_product_attribute_lookup_regeneration_callback','complete','2025-05-13 05:20:46','2025-05-13 07:20:46','[]','O:30:\"ActionScheduler_SimpleSchedule\":2:{s:22:\"\0*\0scheduled_timestamp\";i:1747113646;s:41:\"\0ActionScheduler_SimpleSchedule\0timestamp\";i:1747113646;}',3,1,'2025-05-13 05:26:59','2025-05-13 07:26:59',0,NULL,10),(1128,'wc_stripe_remove_order_locks','failed','2025-05-14 05:26:59','2025-05-14 07:26:59','[]','O:32:\"ActionScheduler_IntervalSchedule\":5:{s:22:\"\0*\0scheduled_timestamp\";i:1747200419;s:18:\"\0*\0first_timestamp\";i:1650931200;s:13:\"\0*\0recurrence\";i:86400;s:49:\"\0ActionScheduler_IntervalSchedule\0start_timestamp\";i:1747200419;s:53:\"\0ActionScheduler_IntervalSchedule\0interval_in_seconds\";i:86400;}',4,1,'2025-05-14 12:11:36','2025-05-14 14:11:36',0,NULL,10),(1129,'woocommerce_cleanup_draft_orders','complete','2025-05-13 05:27:40','2025-05-13 07:27:40','[]','O:32:\"ActionScheduler_IntervalSchedule\":5:{s:22:\"\0*\0scheduled_timestamp\";i:1747114060;s:18:\"\0*\0first_timestamp\";i:1747114060;s:13:\"\0*\0recurrence\";i:86400;s:49:\"\0ActionScheduler_IntervalSchedule\0start_timestamp\";i:1747114060;s:53:\"\0ActionScheduler_IntervalSchedule\0interval_in_seconds\";i:86400;}',4,1,'2025-05-13 05:27:43','2025-05-13 07:27:43',0,NULL,10),(1130,'woocommerce_cleanup_draft_orders','complete','2025-05-14 05:27:43','2025-05-14 07:27:43','[]','O:32:\"ActionScheduler_IntervalSchedule\":5:{s:22:\"\0*\0scheduled_timestamp\";i:1747200463;s:18:\"\0*\0first_timestamp\";i:1747114060;s:13:\"\0*\0recurrence\";i:86400;s:49:\"\0ActionScheduler_IntervalSchedule\0start_timestamp\";i:1747200463;s:53:\"\0ActionScheduler_IntervalSchedule\0interval_in_seconds\";i:86400;}',4,1,'2025-05-14 12:11:36','2025-05-14 14:11:36',0,NULL,10),(1131,'wc_stripe_remove_order_locks','failed','2025-05-15 12:11:36','2025-05-15 14:11:36','[]','O:32:\"ActionScheduler_IntervalSchedule\":5:{s:22:\"\0*\0scheduled_timestamp\";i:1747311096;s:18:\"\0*\0first_timestamp\";i:1650931200;s:13:\"\0*\0recurrence\";i:86400;s:49:\"\0ActionScheduler_IntervalSchedule\0start_timestamp\";i:1747311096;s:53:\"\0ActionScheduler_IntervalSchedule\0interval_in_seconds\";i:86400;}',4,1,'2025-05-15 14:51:55','2025-05-15 16:51:55',0,NULL,10),(1132,'woocommerce_cleanup_draft_orders','complete','2025-05-15 12:11:36','2025-05-15 14:11:36','[]','O:32:\"ActionScheduler_IntervalSchedule\":5:{s:22:\"\0*\0scheduled_timestamp\";i:1747311096;s:18:\"\0*\0first_timestamp\";i:1747114060;s:13:\"\0*\0recurrence\";i:86400;s:49:\"\0ActionScheduler_IntervalSchedule\0start_timestamp\";i:1747311096;s:53:\"\0ActionScheduler_IntervalSchedule\0interval_in_seconds\";i:86400;}',4,1,'2025-05-15 14:51:55','2025-05-15 16:51:55',0,NULL,10),(1133,'wc_stripe_remove_order_locks','failed','2025-05-16 14:51:55','2025-05-16 16:51:55','[]','O:32:\"ActionScheduler_IntervalSchedule\":5:{s:22:\"\0*\0scheduled_timestamp\";i:1747407115;s:18:\"\0*\0first_timestamp\";i:1650931200;s:13:\"\0*\0recurrence\";i:86400;s:49:\"\0ActionScheduler_IntervalSchedule\0start_timestamp\";i:1747407115;s:53:\"\0ActionScheduler_IntervalSchedule\0interval_in_seconds\";i:86400;}',4,1,'2025-05-16 15:37:55','2025-05-16 17:37:55',0,NULL,10),(1134,'woocommerce_cleanup_draft_orders','complete','2025-05-16 14:51:55','2025-05-16 16:51:55','[]','O:32:\"ActionScheduler_IntervalSchedule\":5:{s:22:\"\0*\0scheduled_timestamp\";i:1747407115;s:18:\"\0*\0first_timestamp\";i:1747114060;s:13:\"\0*\0recurrence\";i:86400;s:49:\"\0ActionScheduler_IntervalSchedule\0start_timestamp\";i:1747407115;s:53:\"\0ActionScheduler_IntervalSchedule\0interval_in_seconds\";i:86400;}',4,1,'2025-05-16 15:37:55','2025-05-16 17:37:55',0,NULL,10),(1135,'wc_stripe_remove_order_locks','failed','2025-05-17 15:37:55','2025-05-17 17:37:55','[]','O:32:\"ActionScheduler_IntervalSchedule\":5:{s:22:\"\0*\0scheduled_timestamp\";i:1747496275;s:18:\"\0*\0first_timestamp\";i:1650931200;s:13:\"\0*\0recurrence\";i:86400;s:49:\"\0ActionScheduler_IntervalSchedule\0start_timestamp\";i:1747496275;s:53:\"\0ActionScheduler_IntervalSchedule\0interval_in_seconds\";i:86400;}',4,1,'2025-05-17 15:42:29','2025-05-17 17:42:29',0,NULL,10),(1136,'woocommerce_cleanup_draft_orders','complete','2025-05-17 15:37:55','2025-05-17 17:37:55','[]','O:32:\"ActionScheduler_IntervalSchedule\":5:{s:22:\"\0*\0scheduled_timestamp\";i:1747496275;s:18:\"\0*\0first_timestamp\";i:1747114060;s:13:\"\0*\0recurrence\";i:86400;s:49:\"\0ActionScheduler_IntervalSchedule\0start_timestamp\";i:1747496275;s:53:\"\0ActionScheduler_IntervalSchedule\0interval_in_seconds\";i:86400;}',4,1,'2025-05-17 15:42:29','2025-05-17 17:42:29',0,NULL,10),(1137,'woocommerce_cleanup_draft_orders','complete','2025-05-18 15:42:29','2025-05-18 17:42:29','[]','O:32:\"ActionScheduler_IntervalSchedule\":5:{s:22:\"\0*\0scheduled_timestamp\";i:1747582949;s:18:\"\0*\0first_timestamp\";i:1747114060;s:13:\"\0*\0recurrence\";i:86400;s:49:\"\0ActionScheduler_IntervalSchedule\0start_timestamp\";i:1747582949;s:53:\"\0ActionScheduler_IntervalSchedule\0interval_in_seconds\";i:86400;}',4,1,'2025-05-18 15:58:35','2025-05-18 17:58:35',0,NULL,10),(1138,'fetch_patterns','complete','2025-05-18 07:08:37','2025-05-18 09:08:37','[]','O:30:\"ActionScheduler_SimpleSchedule\":2:{s:22:\"\0*\0scheduled_timestamp\";i:1747552117;s:41:\"\0ActionScheduler_SimpleSchedule\0timestamp\";i:1747552117;}',4,1,'2025-05-18 07:08:44','2025-05-18 09:08:44',0,NULL,10),(1139,'fetch_patterns','complete','2025-05-18 08:19:21','2025-05-18 10:19:21','[]','O:30:\"ActionScheduler_SimpleSchedule\":2:{s:22:\"\0*\0scheduled_timestamp\";i:1747556361;s:41:\"\0ActionScheduler_SimpleSchedule\0timestamp\";i:1747556361;}',4,1,'2025-05-18 08:20:11','2025-05-18 10:20:11',0,NULL,10),(1140,'woocommerce_cleanup_draft_orders','complete','2025-05-19 15:58:35','2025-05-19 17:58:35','[]','O:32:\"ActionScheduler_IntervalSchedule\":5:{s:22:\"\0*\0scheduled_timestamp\";i:1747670315;s:18:\"\0*\0first_timestamp\";i:1747114060;s:13:\"\0*\0recurrence\";i:86400;s:49:\"\0ActionScheduler_IntervalSchedule\0start_timestamp\";i:1747670315;s:53:\"\0ActionScheduler_IntervalSchedule\0interval_in_seconds\";i:86400;}',4,1,'2025-05-20 02:28:04','2025-05-20 04:28:04',0,NULL,10),(1141,'woocommerce_cleanup_draft_orders','complete','2025-05-21 02:28:04','2025-05-21 04:28:04','[]','O:32:\"ActionScheduler_IntervalSchedule\":5:{s:22:\"\0*\0scheduled_timestamp\";i:1747794484;s:18:\"\0*\0first_timestamp\";i:1747114060;s:13:\"\0*\0recurrence\";i:86400;s:49:\"\0ActionScheduler_IntervalSchedule\0start_timestamp\";i:1747794484;s:53:\"\0ActionScheduler_IntervalSchedule\0interval_in_seconds\";i:86400;}',4,1,'2025-05-21 11:23:45','2025-05-21 13:23:45',0,NULL,10),(1142,'woocommerce_cleanup_draft_orders','complete','2025-05-22 11:23:45','2025-05-22 13:23:45','[]','O:32:\"ActionScheduler_IntervalSchedule\":5:{s:22:\"\0*\0scheduled_timestamp\";i:1747913025;s:18:\"\0*\0first_timestamp\";i:1747114060;s:13:\"\0*\0recurrence\";i:86400;s:49:\"\0ActionScheduler_IntervalSchedule\0start_timestamp\";i:1747913025;s:53:\"\0ActionScheduler_IntervalSchedule\0interval_in_seconds\";i:86400;}',4,1,'2025-05-22 16:10:50','2025-05-22 18:10:50',0,NULL,10),(1143,'woocommerce_run_product_attribute_lookup_update_callback','complete','2025-05-21 12:08:56','2025-05-21 14:08:56','[22845,3]','O:30:\"ActionScheduler_SimpleSchedule\":2:{s:22:\"\0*\0scheduled_timestamp\";i:1747829336;s:41:\"\0ActionScheduler_SimpleSchedule\0timestamp\";i:1747829336;}',3,1,'2025-05-21 12:08:57','2025-05-21 14:08:57',0,NULL,10),(1144,'woocommerce_cleanup_draft_orders','complete','2025-05-23 16:10:50','2025-05-23 18:10:50','[]','O:32:\"ActionScheduler_IntervalSchedule\":5:{s:22:\"\0*\0scheduled_timestamp\";i:1748016650;s:18:\"\0*\0first_timestamp\";i:1747114060;s:13:\"\0*\0recurrence\";i:86400;s:49:\"\0ActionScheduler_IntervalSchedule\0start_timestamp\";i:1748016650;s:53:\"\0ActionScheduler_IntervalSchedule\0interval_in_seconds\";i:86400;}',4,1,'2025-05-24 03:23:41','2025-05-24 05:23:41',0,NULL,10),(1145,'woocommerce_cleanup_draft_orders','complete','2025-05-25 03:23:41','2025-05-25 05:23:41','[]','O:32:\"ActionScheduler_IntervalSchedule\":5:{s:22:\"\0*\0scheduled_timestamp\";i:1748143421;s:18:\"\0*\0first_timestamp\";i:1747114060;s:13:\"\0*\0recurrence\";i:86400;s:49:\"\0ActionScheduler_IntervalSchedule\0start_timestamp\";i:1748143421;s:53:\"\0ActionScheduler_IntervalSchedule\0interval_in_seconds\";i:86400;}',4,1,'2025-05-25 13:47:47','2025-05-25 15:47:47',0,NULL,10),(1146,'woocommerce_cleanup_draft_orders','complete','2025-05-26 13:47:47','2025-05-26 15:47:47','[]','O:32:\"ActionScheduler_IntervalSchedule\":5:{s:22:\"\0*\0scheduled_timestamp\";i:1748267267;s:18:\"\0*\0first_timestamp\";i:1747114060;s:13:\"\0*\0recurrence\";i:86400;s:49:\"\0ActionScheduler_IntervalSchedule\0start_timestamp\";i:1748267267;s:53:\"\0ActionScheduler_IntervalSchedule\0interval_in_seconds\";i:86400;}',4,1,'2025-05-26 13:48:10','2025-05-26 15:48:10',0,NULL,10),(1147,'woocommerce_cleanup_draft_orders','complete','2025-05-27 13:48:10','2025-05-27 15:48:10','[]','O:32:\"ActionScheduler_IntervalSchedule\":5:{s:22:\"\0*\0scheduled_timestamp\";i:1748353690;s:18:\"\0*\0first_timestamp\";i:1747114060;s:13:\"\0*\0recurrence\";i:86400;s:49:\"\0ActionScheduler_IntervalSchedule\0start_timestamp\";i:1748353690;s:53:\"\0ActionScheduler_IntervalSchedule\0interval_in_seconds\";i:86400;}',4,1,'2025-05-27 16:27:15','2025-05-27 18:27:15',0,NULL,10),(1148,'woocommerce_cleanup_draft_orders','complete','2025-05-28 16:27:15','2025-05-28 18:27:15','[]','O:32:\"ActionScheduler_IntervalSchedule\":5:{s:22:\"\0*\0scheduled_timestamp\";i:1748449635;s:18:\"\0*\0first_timestamp\";i:1747114060;s:13:\"\0*\0recurrence\";i:86400;s:49:\"\0ActionScheduler_IntervalSchedule\0start_timestamp\";i:1748449635;s:53:\"\0ActionScheduler_IntervalSchedule\0interval_in_seconds\";i:86400;}',4,1,'2025-05-28 16:42:43','2025-05-28 18:42:43',0,NULL,10),(1149,'woocommerce_cleanup_draft_orders','complete','2025-05-29 16:42:43','2025-05-29 18:42:43','[]','O:32:\"ActionScheduler_IntervalSchedule\":5:{s:22:\"\0*\0scheduled_timestamp\";i:1748536963;s:18:\"\0*\0first_timestamp\";i:1747114060;s:13:\"\0*\0recurrence\";i:86400;s:49:\"\0ActionScheduler_IntervalSchedule\0start_timestamp\";i:1748536963;s:53:\"\0ActionScheduler_IntervalSchedule\0interval_in_seconds\";i:86400;}',4,1,'2025-05-29 16:52:06','2025-05-29 18:52:06',0,NULL,10),(1150,'woocommerce_cleanup_draft_orders','complete','2025-05-30 16:52:06','2025-05-30 18:52:06','[]','O:32:\"ActionScheduler_IntervalSchedule\":5:{s:22:\"\0*\0scheduled_timestamp\";i:1748623926;s:18:\"\0*\0first_timestamp\";i:1747114060;s:13:\"\0*\0recurrence\";i:86400;s:49:\"\0ActionScheduler_IntervalSchedule\0start_timestamp\";i:1748623926;s:53:\"\0ActionScheduler_IntervalSchedule\0interval_in_seconds\";i:86400;}',4,1,'2025-05-31 04:16:36','2025-05-31 06:16:36',0,NULL,10),(1151,'woocommerce_cleanup_draft_orders','complete','2025-06-01 04:16:36','2025-06-01 06:16:36','[]','O:32:\"ActionScheduler_IntervalSchedule\":5:{s:22:\"\0*\0scheduled_timestamp\";i:1748751396;s:18:\"\0*\0first_timestamp\";i:1747114060;s:13:\"\0*\0recurrence\";i:86400;s:49:\"\0ActionScheduler_IntervalSchedule\0start_timestamp\";i:1748751396;s:53:\"\0ActionScheduler_IntervalSchedule\0interval_in_seconds\";i:86400;}',4,1,'2025-06-01 15:06:27','2025-06-01 17:06:27',0,NULL,10),(1152,'woocommerce_cleanup_draft_orders','complete','2025-06-02 15:06:28','2025-06-02 17:06:28','[]','O:32:\"ActionScheduler_IntervalSchedule\":5:{s:22:\"\0*\0scheduled_timestamp\";i:1748876788;s:18:\"\0*\0first_timestamp\";i:1747114060;s:13:\"\0*\0recurrence\";i:86400;s:49:\"\0ActionScheduler_IntervalSchedule\0start_timestamp\";i:1748876788;s:53:\"\0ActionScheduler_IntervalSchedule\0interval_in_seconds\";i:86400;}',4,1,'2025-06-02 17:00:25','2025-06-02 19:00:25',0,NULL,10),(1153,'woocommerce_cleanup_draft_orders','complete','2025-06-03 17:00:25','2025-06-03 19:00:25','[]','O:32:\"ActionScheduler_IntervalSchedule\":5:{s:22:\"\0*\0scheduled_timestamp\";i:1748970025;s:18:\"\0*\0first_timestamp\";i:1747114060;s:13:\"\0*\0recurrence\";i:86400;s:49:\"\0ActionScheduler_IntervalSchedule\0start_timestamp\";i:1748970025;s:53:\"\0ActionScheduler_IntervalSchedule\0interval_in_seconds\";i:86400;}',4,1,'2025-06-04 07:05:33','2025-06-04 09:05:33',0,NULL,10),(1154,'woocommerce_cleanup_draft_orders','complete','2025-06-05 07:05:33','2025-06-05 09:05:33','[]','O:32:\"ActionScheduler_IntervalSchedule\":5:{s:22:\"\0*\0scheduled_timestamp\";i:1749107133;s:18:\"\0*\0first_timestamp\";i:1747114060;s:13:\"\0*\0recurrence\";i:86400;s:49:\"\0ActionScheduler_IntervalSchedule\0start_timestamp\";i:1749107133;s:53:\"\0ActionScheduler_IntervalSchedule\0interval_in_seconds\";i:86400;}',4,1,'2025-06-05 11:56:02','2025-06-05 13:56:02',0,NULL,10),(1155,'woocommerce_cleanup_draft_orders','pending','2025-06-06 11:56:02','2025-06-06 13:56:02','[]','O:32:\"ActionScheduler_IntervalSchedule\":5:{s:22:\"\0*\0scheduled_timestamp\";i:1749210962;s:18:\"\0*\0first_timestamp\";i:1747114060;s:13:\"\0*\0recurrence\";i:86400;s:49:\"\0ActionScheduler_IntervalSchedule\0start_timestamp\";i:1749210962;s:53:\"\0ActionScheduler_IntervalSchedule\0interval_in_seconds\";i:86400;}',4,0,'0000-00-00 00:00:00','0000-00-00 00:00:00',0,NULL,10);

--
-- Table structure for table `wp_actionscheduler_claims`
--

CREATE TABLE `wp_actionscheduler_claims` (
  `claim_id` bigint unsigned NOT NULL AUTO_INCREMENT,
  `date_created_gmt` datetime DEFAULT '0000-00-00 00:00:00',
  PRIMARY KEY (`claim_id`),
  KEY `date_created_gmt` (`date_created_gmt`)
) ENGINE=InnoDB AUTO_INCREMENT=33014 DEFAULT CHARSET=utf8mb4 COLLATE=utf8mb4_unicode_ci;

--
-- Dumping data for table `wp_actionscheduler_claims`
--


--
-- Table structure for table `wp_actionscheduler_groups`
--

CREATE TABLE `wp_actionscheduler_groups` (
  `group_id` bigint unsigned NOT NULL AUTO_INCREMENT,
  `slug` varchar(255) CHARACTER SET utf8mb4 COLLATE utf8mb4_unicode_ci NOT NULL,
  PRIMARY KEY (`group_id`),
  KEY `slug` (`slug`(191))
) ENGINE=InnoDB AUTO_INCREMENT=5 DEFAULT CHARSET=utf8mb4 COLLATE=utf8mb4_unicode_ci;

--
-- Dumping data for table `wp_actionscheduler_groups`
--

INSERT INTO `wp_actionscheduler_groups` VALUES (1,'action-scheduler-migration'),(2,'wc-admin-data'),(3,'woocommerce-db-updates'),(4,'');

--
-- Table structure for table `wp_actionscheduler_logs`
--

CREATE TABLE `wp_actionscheduler_logs` (
  `log_id` bigint unsigned NOT NULL AUTO_INCREMENT,
  `action_id` bigint unsigned NOT NULL,
  `message` text CHARACTER SET utf8mb4 COLLATE utf8mb4_unicode_ci NOT NULL,
  `log_date_gmt` datetime DEFAULT '0000-00-00 00:00:00',
  `log_date_local` datetime DEFAULT '0000-00-00 00:00:00',
  PRIMARY KEY (`log_id`),
  KEY `action_id` (`action_id`),
  KEY `log_date_gmt` (`log_date_gmt`)
) ENGINE=InnoDB AUTO_INCREMENT=3084 DEFAULT CHARSET=utf8mb4 COLLATE=utf8mb4_unicode_ci;

--
-- Dumping data for table `wp_actionscheduler_logs`
--

INSERT INTO `wp_actionscheduler_logs` VALUES (2995,1126,'action créée','2024-04-24 19:22:12','2024-04-24 21:22:12'),(2996,1127,'action created','2025-05-13 05:20:45','2025-05-13 07:20:45'),(2997,1126,'action lancée via WP Cron','2025-05-13 05:26:59','2025-05-13 07:26:59'),(2998,1126,'échec de l’action via WP Cron : L’action planifiée pour wc_stripe_remove_order_locks ne sera pas exécutée car aucun rappel n’est enregistré.','2025-05-13 05:26:59','2025-05-13 07:26:59'),(2999,1128,'action créée','2025-05-13 05:26:59','2025-05-13 07:26:59'),(3000,1127,'action lancée via WP Cron','2025-05-13 05:26:59','2025-05-13 07:26:59'),(3001,1127,'action terminée via WP Cron','2025-05-13 05:26:59','2025-05-13 07:26:59'),(3002,1129,'action créée','2025-05-13 05:27:40','2025-05-13 07:27:40'),(3003,1129,'action lancée via WP Cron','2025-05-13 05:27:43','2025-05-13 07:27:43'),(3004,1129,'action terminée via WP Cron','2025-05-13 05:27:43','2025-05-13 07:27:43'),(3005,1130,'action créée','2025-05-13 05:27:43','2025-05-13 07:27:43'),(3006,1128,'action lancée via WP Cron','2025-05-14 12:11:36','2025-05-14 14:11:36'),(3007,1128,'échec de l’action via WP Cron : L’action planifiée pour wc_stripe_remove_order_locks ne sera pas exécutée car aucun rappel n’est enregistré.','2025-05-14 12:11:36','2025-05-14 14:11:36'),(3008,1131,'action créée','2025-05-14 12:11:36','2025-05-14 14:11:36'),(3009,1130,'action lancée via WP Cron','2025-05-14 12:11:36','2025-05-14 14:11:36'),(3010,1130,'action terminée via WP Cron','2025-05-14 12:11:36','2025-05-14 14:11:36'),(3011,1132,'action créée','2025-05-14 12:11:36','2025-05-14 14:11:36'),(3012,1131,'action lancée via WP Cron','2025-05-15 14:51:55','2025-05-15 16:51:55'),(3013,1131,'échec de l’action via WP Cron : L’action planifiée pour wc_stripe_remove_order_locks ne sera pas exécutée car aucun rappel n’est enregistré.','2025-05-15 14:51:55','2025-05-15 16:51:55'),(3014,1133,'action créée','2025-05-15 14:51:55','2025-05-15 16:51:55'),(3015,1132,'action lancée via WP Cron','2025-05-15 14:51:55','2025-05-15 16:51:55'),(3016,1132,'action terminée via WP Cron','2025-05-15 14:51:55','2025-05-15 16:51:55'),(3017,1134,'action créée','2025-05-15 14:51:55','2025-05-15 16:51:55'),(3018,1133,'action lancée via WP Cron','2025-05-16 15:37:55','2025-05-16 17:37:55'),(3019,1133,'échec de l’action via WP Cron : L’action planifiée pour wc_stripe_remove_order_locks ne sera pas exécutée car aucun rappel n’est enregistré.','2025-05-16 15:37:55','2025-05-16 17:37:55'),(3020,1135,'action créée','2025-05-16 15:37:55','2025-05-16 17:37:55'),(3021,1134,'action lancée via WP Cron','2025-05-16 15:37:55','2025-05-16 17:37:55'),(3022,1134,'action terminée via WP Cron','2025-05-16 15:37:55','2025-05-16 17:37:55'),(3023,1136,'action créée','2025-05-16 15:37:55','2025-05-16 17:37:55'),(3024,1135,'action lancée via WP Cron','2025-05-17 15:42:29','2025-05-17 17:42:29'),(3025,1135,'échec de l’action via WP Cron : L’action planifiée pour wc_stripe_remove_order_locks ne sera pas exécutée car aucun rappel n’est enregistré.','2025-05-17 15:42:29','2025-05-17 17:42:29'),(3026,1135,'Cette action semble échouer systématiquement. Une nouvelle instance ne sera pas planifiée.','2025-05-17 15:42:29','2025-05-17 17:42:29'),(3027,1136,'action lancée via WP Cron','2025-05-17 15:42:29','2025-05-17 17:42:29'),(3028,1136,'action terminée via WP Cron','2025-05-17 15:42:29','2025-05-17 17:42:29'),(3029,1137,'action créée','2025-05-17 15:42:29','2025-05-17 17:42:29'),(3030,1138,'action created','2025-05-18 07:08:37','2025-05-18 09:08:37'),(3031,1138,'action lancée via WP Cron','2025-05-18 07:08:44','2025-05-18 09:08:44'),(3032,1138,'action terminée via WP Cron','2025-05-18 07:08:44','2025-05-18 09:08:44'),(3033,1139,'action created','2025-05-18 08:19:21','2025-05-18 10:19:21'),(3034,1139,'action started via WP Cron','2025-05-18 08:20:11','2025-05-18 10:20:11'),(3035,1139,'action complete via WP Cron','2025-05-18 08:20:11','2025-05-18 10:20:11'),(3036,1137,'action started via WP Cron','2025-05-18 15:58:35','2025-05-18 17:58:35'),(3037,1137,'action complete via WP Cron','2025-05-18 15:58:35','2025-05-18 17:58:35'),(3038,1140,'action created','2025-05-18 15:58:35','2025-05-18 17:58:35'),(3039,1140,'action started via WP Cron','2025-05-20 02:28:04','2025-05-20 04:28:04'),(3040,1140,'action complete via WP Cron','2025-05-20 02:28:04','2025-05-20 04:28:04'),(3041,1141,'action created','2025-05-20 02:28:04','2025-05-20 04:28:04'),(3042,1141,'action started via WP Cron','2025-05-21 11:23:45','2025-05-21 13:23:45'),(3043,1141,'action complete via WP Cron','2025-05-21 11:23:45','2025-05-21 13:23:45'),(3044,1142,'action created','2025-05-21 11:23:45','2025-05-21 13:23:45'),(3045,1143,'action created','2025-05-21 12:08:55','2025-05-21 14:08:55'),(3046,1143,'action started via Async Request','2025-05-21 12:08:57','2025-05-21 14:08:57'),(3047,1143,'action complete via Async Request','2025-05-21 12:08:57','2025-05-21 14:08:57'),(3048,1142,'action started via WP Cron','2025-05-22 16:10:50','2025-05-22 18:10:50'),(3049,1142,'action complete via WP Cron','2025-05-22 16:10:50','2025-05-22 18:10:50'),(3050,1144,'action created','2025-05-22 16:10:50','2025-05-22 18:10:50'),(3051,1144,'action started via WP Cron','2025-05-24 03:23:41','2025-05-24 05:23:41'),(3052,1144,'action complete via WP Cron','2025-05-24 03:23:41','2025-05-24 05:23:41'),(3053,1145,'action created','2025-05-24 03:23:41','2025-05-24 05:23:41'),(3054,1145,'action started via WP Cron','2025-05-25 13:47:47','2025-05-25 15:47:47'),(3055,1145,'action complete via WP Cron','2025-05-25 13:47:47','2025-05-25 15:47:47'),(3056,1146,'action created','2025-05-25 13:47:47','2025-05-25 15:47:47'),(3057,1146,'action started via WP Cron','2025-05-26 13:48:09','2025-05-26 15:48:09'),(3058,1146,'action complete via WP Cron','2025-05-26 13:48:10','2025-05-26 15:48:10'),(3059,1147,'action created','2025-05-26 13:48:10','2025-05-26 15:48:10'),(3060,1147,'action started via WP Cron','2025-05-27 16:27:15','2025-05-27 18:27:15'),(3061,1147,'action complete via WP Cron','2025-05-27 16:27:15','2025-05-27 18:27:15'),(3062,1148,'action created','2025-05-27 16:27:15','2025-05-27 18:27:15'),(3063,1148,'action started via WP Cron','2025-05-28 16:42:43','2025-05-28 18:42:43'),(3064,1148,'action complete via WP Cron','2025-05-28 16:42:43','2025-05-28 18:42:43'),(3065,1149,'action created','2025-05-28 16:42:43','2025-05-28 18:42:43'),(3066,1149,'action started via WP Cron','2025-05-29 16:52:06','2025-05-29 18:52:06'),(3067,1149,'action complete via WP Cron','2025-05-29 16:52:06','2025-05-29 18:52:06'),(3068,1150,'action created','2025-05-29 16:52:06','2025-05-29 18:52:06'),(3069,1150,'action started via WP Cron','2025-05-31 04:16:36','2025-05-31 06:16:36'),(3070,1150,'action complete via WP Cron','2025-05-31 04:16:36','2025-05-31 06:16:36'),(3071,1151,'action created','2025-05-31 04:16:36','2025-05-31 06:16:36'),(3072,1151,'action started via WP Cron','2025-06-01 15:06:27','2025-06-01 17:06:27'),(3073,1151,'action complete via WP Cron','2025-06-01 15:06:27','2025-06-01 17:06:27'),(3074,1152,'action created','2025-06-01 15:06:28','2025-06-01 17:06:28'),(3075,1152,'action started via WP Cron','2025-06-02 17:00:25','2025-06-02 19:00:25'),(3076,1152,'action complete via WP Cron','2025-06-02 17:00:25','2025-06-02 19:00:25'),(3077,1153,'action created','2025-06-02 17:00:25','2025-06-02 19:00:25'),(3078,1153,'action started via WP Cron','2025-06-04 07:05:33','2025-06-04 09:05:33'),(3079,1153,'action complete via WP Cron','2025-06-04 07:05:33','2025-06-04 09:05:33'),(3080,1154,'action created','2025-06-04 07:05:33','2025-06-04 09:05:33'),(3081,1154,'action started via WP Cron','2025-06-05 11:56:02','2025-06-05 13:56:02'),(3082,1154,'action complete via WP Cron','2025-06-05 11:56:02','2025-06-05 13:56:02'),(3083,1155,'action created','2025-06-05 11:56:02','2025-06-05 13:56:02');

--
