-- Table structure for table `wp_6_terms`
--

CREATE TABLE `wp_6_terms` (
  `term_id` bigint unsigned NOT NULL AUTO_INCREMENT,
  `name` varchar(200) CHARACTER SET utf8mb4 COLLATE utf8mb4_unicode_ci NOT NULL DEFAULT '',
  `slug` varchar(200) CHARACTER SET utf8mb4 COLLATE utf8mb4_unicode_ci NOT NULL DEFAULT '',
  `term_group` bigint NOT NULL DEFAULT '0',
  PRIMARY KEY (`term_id`),
  KEY `slug` (`slug`(191)),
  KEY `name` (`name`(191))
) ENGINE=InnoDB AUTO_INCREMENT=55 DEFAULT CHARSET=utf8mb4 COLLATE=utf8mb4_unicode_ci;

--
-- Dumping data for table `wp_6_terms`
--

INSERT INTO `wp_6_terms` VALUES (1,'Non classé','non-classe',0),(2,'simple','simple',0),(3,'grouped','grouped',0),(4,'variable','variable',0),(5,'external','external',0),(6,'exclude-from-search','exclude-from-search',0),(7,'exclude-from-catalog','exclude-from-catalog',0),(8,'featured','featured',0),(9,'outofstock','outofstock',0),(10,'rated-1','rated-1',0),(11,'rated-2','rated-2',0),(12,'rated-3','rated-3',0),(13,'rated-4','rated-4',0),(14,'rated-5','rated-5',0),(15,'Non classé','non-classe',0),(16,'Chaussures','chaussures',0),(17,'chaussures femmes','chaussures-femmes',0),(18,'BOTTEGA VENETA','bottega-veneta',0),(19,'Femme','femme',0),(20,'PRADA','prada',0),(21,'AMINA MUADDI','amina-muaddi',0),(22,'Maison et lifestyle','maison-et-lifestyle',0),(23,'DIOR','dior',0),(24,'Sacs','sacs',0),(25,'sacs femmes','sacs-femmes',0),(26,'BALENCIAGA','balenciaga',0),(27,'FENDI','fendi',0),(28,'Bijoux et montres','bijoux-et-montres',0),(29,'sacs hommes','sacs-hommes',0),(30,'GUCCI','gucci',0),(31,'MACH &amp; MACH','mach-mach',0),(32,'chaussures hommes','chaussures-hommes',0),(33,'Homme','homme',0),(34,'CHLOÉ','chloe',0),(35,'Mixte','mixte',0),(36,'SAINT LAURENT','saint-laurent',0),(37,'MAX MARA','max-mara',0),(38,'MARINE SERRE','marine-serre',0),(39,'LOEWE','loewe',0),(40,'CELINE','celine',0),(41,'ANINE BING','anine-bing',0),(42,'LOUIS VUITTON','louis-vuitton',0),(43,'ACNE STUDIOS','acne-studios',0),(44,'GOLDEN GOOSE','golden-goose',0),(45,'STELLA MCCARTNEY','stella-mccartney',0),(46,'OFF WHITE','off-white',0),(47,'JACQUEMUS','jacquemus',0),(48,'LEMAIRE','lemaire',0),(49,'DRIES VAN NOTEN','dries-van-noten',0),(50,'COMME DES GARÇONS PLAY','comme-des-garcons-play',0),(51,'NIKE','nike',0),(52,'À propos','a-propos',0),(53,'Boutique','boutique',0),(54,'Service clients','service-clients',0);

--
-- Table structure for table `wp_6_wc_admin_note_actions`
--

CREATE TABLE `wp_6_wc_admin_note_actions` (
  `action_id` bigint unsigned NOT NULL AUTO_INCREMENT,
  `note_id` bigint unsigned NOT NULL,
  `name` varchar(255) CHARACTER SET utf8mb4 COLLATE utf8mb4_unicode_ci NOT NULL,
  `label` varchar(255) CHARACTER SET utf8mb4 COLLATE utf8mb4_unicode_ci NOT NULL,
  `query` longtext CHARACTER SET utf8mb4 COLLATE utf8mb4_unicode_ci NOT NULL,
  `status` varchar(255) CHARACTER SET utf8mb4 COLLATE utf8mb4_unicode_ci NOT NULL,
  `is_primary` tinyint(1) NOT NULL DEFAULT '0',
  `actioned_text` varchar(255) CHARACTER SET utf8mb4 COLLATE utf8mb4_unicode_ci NOT NULL,
  `nonce_action` varchar(255) CHARACTER SET utf8mb4 COLLATE utf8mb4_unicode_ci DEFAULT NULL,
  `nonce_name` varchar(255) CHARACTER SET utf8mb4 COLLATE utf8mb4_unicode_ci DEFAULT NULL,
  PRIMARY KEY (`action_id`),
  KEY `note_id` (`note_id`)
) ENGINE=InnoDB AUTO_INCREMENT=14 DEFAULT CHARSET=utf8mb4 COLLATE=utf8mb4_unicode_ci;

--
-- Dumping data for table `wp_6_wc_admin_note_actions`
--

INSERT INTO `wp_6_wc_admin_note_actions` VALUES (1,1,'connect','Connecter','?page=wc-addons&section=helper','unactioned',0,'',NULL,NULL),(2,2,'enable-navigation','Activer dans les réglages','https://mentorlystes.com/affiliation/wp-admin/admin.php?page=wc-settings&tab=advanced&section=features','actioned',0,'',NULL,NULL),(3,3,'add-store-details','Ajouter les détails de la boutique','https://mentorlystes.com/affiliation/wp-admin/admin.php?page=wc-admin&path=/setup-wizard','actioned',0,'',NULL,NULL),(4,4,'learn-more','En savoir plus','https://woocommerce.com/posts/pre-launch-checklist-the-essentials/?utm_source=inbox&utm_medium=product','actioned',0,'',NULL,NULL),(5,5,'affirm-insight-first-product-and-payment','Oui','','actioned',0,'Merci pour vos retours',NULL,NULL),(6,5,'affirm-insight-first-product-and-payment','Non','','actioned',0,'Merci pour vos retours',NULL,NULL),(7,6,'learn-more','En savoir plus','https://woocommerce.com/mobile/?utm_medium=product','actioned',0,'',NULL,NULL),(8,7,'day-after-first-product','En savoir plus','https://woocommerce.com/document/woocommerce-customizer/?utm_source=inbox&utm_medium=product','actioned',0,'',NULL,NULL),(9,8,'update-store-details','Mettre à jour les informations sur la boutique','https://mentorlystes.com/affiliation/wp-admin/admin.php?page=wc-admin&path=/setup-wizard','actioned',0,'',NULL,NULL),(10,9,'learn-more','En savoir plus','https://woocommerce.com/mobile/?utm_source=inbox&utm_medium=product','actioned',0,'',NULL,NULL),(11,10,'learn-more','En savoir plus','https://woocommerce.com/mobile/?utm_source=inbox&utm_medium=product','actioned',0,'',NULL,NULL),(12,11,'learn-more','En savoir plus','https://woocommerce.com/mobile/?utm_source=inbox&utm_medium=product','actioned',0,'',NULL,NULL),(13,12,'learn-more','En savoir plus','https://woocommerce.com/mobile/?utm_source=inbox&utm_medium=product','actioned',0,'',NULL,NULL);

--
-- Table structure for table `wp_6_wc_admin_notes`
--

CREATE TABLE `wp_6_wc_admin_notes` (
  `note_id` bigint unsigned NOT NULL AUTO_INCREMENT,
  `name` varchar(255) CHARACTER SET utf8mb4 COLLATE utf8mb4_unicode_ci NOT NULL,
  `type` varchar(20) CHARACTER SET utf8mb4 COLLATE utf8mb4_unicode_ci NOT NULL,
  `locale` varchar(20) CHARACTER SET utf8mb4 COLLATE utf8mb4_unicode_ci NOT NULL,
  `title` longtext CHARACTER SET utf8mb4 COLLATE utf8mb4_unicode_ci NOT NULL,
  `content` longtext CHARACTER SET utf8mb4 COLLATE utf8mb4_unicode_ci NOT NULL,
  `content_data` longtext CHARACTER SET utf8mb4 COLLATE utf8mb4_unicode_ci,
  `status` varchar(200) CHARACTER SET utf8mb4 COLLATE utf8mb4_unicode_ci NOT NULL,
  `source` varchar(200) CHARACTER SET utf8mb4 COLLATE utf8mb4_unicode_ci NOT NULL,
  `date_created` datetime NOT NULL DEFAULT '0000-00-00 00:00:00',
  `date_reminder` datetime DEFAULT NULL,
  `is_snoozable` tinyint(1) NOT NULL DEFAULT '0',
  `layout` varchar(20) CHARACTER SET utf8mb4 COLLATE utf8mb4_unicode_ci NOT NULL DEFAULT '',
  `image` varchar(200) CHARACTER SET utf8mb4 COLLATE utf8mb4_unicode_ci DEFAULT NULL,
  `is_deleted` tinyint(1) NOT NULL DEFAULT '0',
  `is_read` tinyint(1) NOT NULL DEFAULT '0',
  `icon` varchar(200) CHARACTER SET utf8mb4 COLLATE utf8mb4_unicode_ci NOT NULL DEFAULT 'info',
  PRIMARY KEY (`note_id`)
) ENGINE=InnoDB AUTO_INCREMENT=13 DEFAULT CHARSET=utf8mb4 COLLATE=utf8mb4_unicode_ci;

--
-- Dumping data for table `wp_6_wc_admin_notes`
--

INSERT INTO `wp_6_wc_admin_notes` VALUES (1,'wc-admin-wc-helper-connection','info','en_US','Se connecter à WooCommerce.com','Connectez-vous pour obtenir des notifications et des mises à jour importantes sur les produits.','{}','unactioned','woocommerce-admin','2022-04-24 20:36:09',NULL,0,'plain','',0,0,'info'),(2,'wc-admin-navigation-nudge','info','en_US','Vous avez maintenant accès à la navigation WooCommerce','Nous introduisons une nouvelle navigation pour une expérience utilisateur plus intuitive et améliorée. Vous pouvez activer la version bêta de la nouvelle expérience dans les paramètres avancés. Activez-le maintenant pour votre boutique.','{}','unactioned','woocommerce-admin','2022-04-24 20:39:48',NULL,0,'plain','',0,0,'info'),(3,'wc-admin-complete-store-details','info','en_US','Ajoutez les informations sur votre boutique pour terminer sa configuration.','Ajoutez toutes les informations importantes pour configurer votre boutique, par exemple son adresse de base.','{}','unactioned','woocommerce-admin','2022-04-24 20:39:48',NULL,0,'plain','',0,0,'info'),(4,'wc-admin-launch-checklist','info','en_US','Prêt à lancer votre boutique ?','Pour ne jamais ressentir cette sensation d’avoir oublié quelque chose, nous avons conçu une liste de contrôle reprenant les points essentiels avant lancement.','{}','unactioned','woocommerce-admin','2022-04-25 20:39:56',NULL,0,'plain','',0,0,'info'),(5,'wc-admin-insight-first-product-and-payment','survey','en_US','Tendances','Plus de 80 % des nouveaux commerçants ajoutent leur premier produit et configurent au moins un moyen de paiement durant la première semaine.<br><br>Trouvez-vous ce type d’information utile ?','{}','unactioned','woocommerce-admin','2022-04-25 20:39:56',NULL,0,'plain','',0,0,'info'),(6,'wc-admin-mobile-app','info','en_US','Installer l’application mobile Woo','Installez l’application mobile WooCommerce pour gérer les commandes, recevoir des notifications de vente et afficher les statistiques principales où que vous soyez.','{}','unactioned','woocommerce-admin','2022-04-27 00:06:11',NULL,0,'plain','',0,0,'info'),(7,'wc-admin-customizing-product-catalog','info','en_US','Comment personnaliser votre catalogue de produits','Vous souhaitez soigner l’apparence de vos images et de votre catalogue de produits tout en vous conformant à votre marque. Ce guide contient tous les conseils dont vous avez besoin pour mettre en valeur vos produits dans votre boutique.','{}','unactioned','woocommerce-admin','2022-04-27 00:06:11',NULL,0,'plain','',0,0,'info'),(8,'wc-admin-update-store-details','info','en_US','En cas de besoin, modifiez les informations sur votre boutique.','Félicitations, vous avez terminé de créer le profil de votre boutique ! Au besoin, vous pouvez à tout moment revenir en arrière et modifier les informations partagées.','{}','unactioned','woocommerce-admin','2022-07-06 19:31:02',NULL,0,'plain','',0,0,'info'),(9,'wc-admin-real-time-order-alerts','info','en_US','Obtenir des alertes de commande en temps réel n’importe où','Obtenez des notifications sur l’activité de votre boutique, notamment des nouvelles commandes et des avis sur vos produits, directement sur vos appareils mobiles grâce à l’application Woo.','{}','unactioned','woocommerce-admin','2022-07-23 22:03:47',NULL,0,'plain','',0,0,'info'),(10,'wc-admin-manage-orders-on-the-go','info','en_US','Gérez vos commandes à la volée','Recherchez des commandes et des informations sur les clients, et effectuez des remboursements en un clic à l’aide de l’application Woo.','{}','unactioned','woocommerce-admin','2022-10-22 04:14:44',NULL,0,'plain','',0,0,'info'),(11,'wc-admin-performance-on-mobile','info','en_US','Suivre les performances de votre boutique sur mobile','Suivez vos ventes et performances de vos produits avec l’application Woo.','{}','unactioned','woocommerce-admin','2023-01-21 22:43:06',NULL,0,'plain','',0,0,'info'),(12,'wc-admin-edit-products-on-the-move','info','en_US','Modifier les produits en étant mobile','Modifier et créer des nouveaux produits depuis votre application mobile avec l’application WooCommerce','{}','unactioned','woocommerce-admin','2023-04-24 21:59:18',NULL,0,'plain','',0,0,'info');

--
-- Table structure for table `wp_6_wc_category_lookup`
--

CREATE TABLE `wp_6_wc_category_lookup` (
  `category_tree_id` bigint unsigned NOT NULL,
  `category_id` bigint unsigned NOT NULL,
  PRIMARY KEY (`category_tree_id`,`category_id`)
) ENGINE=InnoDB DEFAULT CHARSET=utf8mb4 COLLATE=utf8mb4_unicode_ci;

--
-- Dumping data for table `wp_6_wc_category_lookup`
--

INSERT INTO `wp_6_wc_category_lookup` VALUES (15,15),(16,16),(16,17),(16,32),(17,17),(19,19),(22,22),(24,24),(24,25),(24,29),(25,25),(28,28),(29,29),(32,32),(33,33),(35,35);

--
-- Table structure for table `wp_6_wc_customer_lookup`
--

CREATE TABLE `wp_6_wc_customer_lookup` (
  `customer_id` bigint unsigned NOT NULL AUTO_INCREMENT,
  `user_id` bigint unsigned DEFAULT NULL,
  `username` varchar(60) CHARACTER SET utf8mb4 COLLATE utf8mb4_unicode_ci NOT NULL DEFAULT '',
  `first_name` varchar(255) CHARACTER SET utf8mb4 COLLATE utf8mb4_unicode_ci NOT NULL,
  `last_name` varchar(255) CHARACTER SET utf8mb4 COLLATE utf8mb4_unicode_ci NOT NULL,
  `email` varchar(100) CHARACTER SET utf8mb4 COLLATE utf8mb4_unicode_ci DEFAULT NULL,
  `date_last_active` timestamp NULL DEFAULT NULL,
  `date_registered` timestamp NULL DEFAULT NULL,
  `country` char(2) CHARACTER SET utf8mb4 COLLATE utf8mb4_unicode_ci NOT NULL DEFAULT '',
  `postcode` varchar(20) CHARACTER SET utf8mb4 COLLATE utf8mb4_unicode_ci NOT NULL DEFAULT '',
  `city` varchar(100) CHARACTER SET utf8mb4 COLLATE utf8mb4_unicode_ci NOT NULL DEFAULT '',
  `state` varchar(100) CHARACTER SET utf8mb4 COLLATE utf8mb4_unicode_ci NOT NULL DEFAULT '',
  PRIMARY KEY (`customer_id`),
  UNIQUE KEY `user_id` (`user_id`),
  KEY `email` (`email`)
) ENGINE=InnoDB DEFAULT CHARSET=utf8mb4 COLLATE=utf8mb4_unicode_ci;

--
-- Dumping data for table `wp_6_wc_customer_lookup`
--


--
-- Table structure for table `wp_6_wc_download_log`
--

CREATE TABLE `wp_6_wc_download_log` (
  `download_log_id` bigint unsigned NOT NULL AUTO_INCREMENT,
  `timestamp` datetime NOT NULL,
  `permission_id` bigint unsigned NOT NULL,
  `user_id` bigint unsigned DEFAULT NULL,
  `user_ip_address` varchar(100) CHARACTER SET utf8mb4 COLLATE utf8mb4_unicode_ci DEFAULT '',
  PRIMARY KEY (`download_log_id`),
  KEY `permission_id` (`permission_id`),
  KEY `timestamp` (`timestamp`),
  CONSTRAINT `fk_wp_6_wc_download_log_permission_id` FOREIGN KEY (`permission_id`) REFERENCES `wp_6_woocommerce_downloadable_product_permissions` (`permission_id`) ON DELETE CASCADE
) ENGINE=InnoDB DEFAULT CHARSET=utf8mb4 COLLATE=utf8mb4_unicode_ci;

--
-- Dumping data for table `wp_6_wc_download_log`
--


--
-- Table structure for table `wp_6_wc_order_coupon_lookup`
--

CREATE TABLE `wp_6_wc_order_coupon_lookup` (
  `order_id` bigint unsigned NOT NULL,
  `coupon_id` bigint NOT NULL,
  `date_created` datetime NOT NULL DEFAULT '0000-00-00 00:00:00',
  `discount_amount` double NOT NULL DEFAULT '0',
  PRIMARY KEY (`order_id`,`coupon_id`),
  KEY `coupon_id` (`coupon_id`),
  KEY `date_created` (`date_created`)
) ENGINE=InnoDB DEFAULT CHARSET=utf8mb4 COLLATE=utf8mb4_unicode_ci;

--
-- Dumping data for table `wp_6_wc_order_coupon_lookup`
--


--
-- Table structure for table `wp_6_wc_order_product_lookup`
--

CREATE TABLE `wp_6_wc_order_product_lookup` (
  `order_item_id` bigint unsigned NOT NULL,
  `order_id` bigint unsigned NOT NULL,
  `product_id` bigint unsigned NOT NULL,
  `variation_id` bigint unsigned NOT NULL,
  `customer_id` bigint unsigned DEFAULT NULL,
  `date_created` datetime NOT NULL DEFAULT '0000-00-00 00:00:00',
  `product_qty` int NOT NULL,
  `product_net_revenue` double NOT NULL DEFAULT '0',
  `product_gross_revenue` double NOT NULL DEFAULT '0',
  `coupon_amount` double NOT NULL DEFAULT '0',
  `tax_amount` double NOT NULL DEFAULT '0',
  `shipping_amount` double NOT NULL DEFAULT '0',
  `shipping_tax_amount` double NOT NULL DEFAULT '0',
  PRIMARY KEY (`order_item_id`),
  KEY `order_id` (`order_id`),
  KEY `product_id` (`product_id`),
  KEY `customer_id` (`customer_id`),
  KEY `date_created` (`date_created`)
) ENGINE=InnoDB DEFAULT CHARSET=utf8mb4 COLLATE=utf8mb4_unicode_ci;

--
-- Dumping data for table `wp_6_wc_order_product_lookup`
--


--
-- Table structure for table `wp_6_wc_order_stats`
--

CREATE TABLE `wp_6_wc_order_stats` (
  `order_id` bigint unsigned NOT NULL,
  `parent_id` bigint unsigned NOT NULL DEFAULT '0',
  `date_created` datetime NOT NULL DEFAULT '0000-00-00 00:00:00',
  `date_created_gmt` datetime NOT NULL DEFAULT '0000-00-00 00:00:00',
  `num_items_sold` int NOT NULL DEFAULT '0',
  `total_sales` double NOT NULL DEFAULT '0',
  `tax_total` double NOT NULL DEFAULT '0',
  `shipping_total` double NOT NULL DEFAULT '0',
  `net_total` double NOT NULL DEFAULT '0',
  `returning_customer` tinyint(1) DEFAULT NULL,
  `status` varchar(200) CHARACTER SET utf8mb4 COLLATE utf8mb4_unicode_ci NOT NULL,
  `customer_id` bigint unsigned NOT NULL,
  PRIMARY KEY (`order_id`),
  KEY `date_created` (`date_created`),
  KEY `customer_id` (`customer_id`),
  KEY `status` (`status`(191))
) ENGINE=InnoDB DEFAULT CHARSET=utf8mb4 COLLATE=utf8mb4_unicode_ci;

--
-- Dumping data for table `wp_6_wc_order_stats`
--


--
-- Table structure for table `wp_6_wc_order_tax_lookup`
--

CREATE TABLE `wp_6_wc_order_tax_lookup` (
  `order_id` bigint unsigned NOT NULL,
  `tax_rate_id` bigint unsigned NOT NULL,
  `date_created` datetime NOT NULL DEFAULT '0000-00-00 00:00:00',
  `shipping_tax` double NOT NULL DEFAULT '0',
  `order_tax` double NOT NULL DEFAULT '0',
  `total_tax` double NOT NULL DEFAULT '0',
  PRIMARY KEY (`order_id`,`tax_rate_id`),
  KEY `tax_rate_id` (`tax_rate_id`),
  KEY `date_created` (`date_created`)
) ENGINE=InnoDB DEFAULT CHARSET=utf8mb4 COLLATE=utf8mb4_unicode_ci;

--
-- Dumping data for table `wp_6_wc_order_tax_lookup`
--


--
-- Table structure for table `wp_6_wc_product_attributes_lookup`
--

CREATE TABLE `wp_6_wc_product_attributes_lookup` (
  `product_id` bigint NOT NULL,
  `product_or_parent_id` bigint NOT NULL,
  `taxonomy` varchar(32) CHARACTER SET utf8mb4 COLLATE utf8mb4_unicode_ci NOT NULL,
  `term_id` bigint NOT NULL,
  `is_variation_attribute` tinyint(1) NOT NULL,
  `in_stock` tinyint(1) NOT NULL,
  PRIMARY KEY (`product_or_parent_id`,`term_id`,`product_id`,`taxonomy`),
  KEY `is_variation_attribute_term_id` (`is_variation_attribute`,`term_id`)
) ENGINE=InnoDB DEFAULT CHARSET=utf8mb4 COLLATE=utf8mb4_unicode_ci;

--
-- Dumping data for table `wp_6_wc_product_attributes_lookup`
--


--
-- Table structure for table `wp_6_wc_product_download_directories`
--

CREATE TABLE `wp_6_wc_product_download_directories` (
  `url_id` bigint unsigned NOT NULL AUTO_INCREMENT,
  `url` varchar(256) CHARACTER SET utf8mb4 COLLATE utf8mb4_unicode_ci NOT NULL,
  `enabled` tinyint(1) NOT NULL DEFAULT '0',
  PRIMARY KEY (`url_id`),
  KEY `url` (`url`(191))
) ENGINE=InnoDB DEFAULT CHARSET=utf8mb4 COLLATE=utf8mb4_unicode_ci;

--
-- Dumping data for table `wp_6_wc_product_download_directories`
--


--
-- Table structure for table `wp_6_wc_product_meta_lookup`
--

CREATE TABLE `wp_6_wc_product_meta_lookup` (
  `product_id` bigint NOT NULL,
  `sku` varchar(100) CHARACTER SET utf8mb4 COLLATE utf8mb4_unicode_ci DEFAULT '',
  `virtual` tinyint(1) DEFAULT '0',
  `downloadable` tinyint(1) DEFAULT '0',
  `min_price` decimal(19,4) DEFAULT NULL,
  `max_price` decimal(19,4) DEFAULT NULL,
  `onsale` tinyint(1) DEFAULT '0',
  `stock_quantity` double DEFAULT NULL,
  `stock_status` varchar(100) CHARACTER SET utf8mb4 COLLATE utf8mb4_unicode_ci DEFAULT 'instock',
  `rating_count` bigint DEFAULT '0',
  `average_rating` decimal(3,2) DEFAULT '0.00',
  `total_sales` bigint DEFAULT '0',
  `tax_status` varchar(100) CHARACTER SET utf8mb4 COLLATE utf8mb4_unicode_ci DEFAULT 'taxable',
  `tax_class` varchar(100) CHARACTER SET utf8mb4 COLLATE utf8mb4_unicode_ci DEFAULT '',
  PRIMARY KEY (`product_id`),
  KEY `virtual` (`virtual`),
  KEY `downloadable` (`downloadable`),
  KEY `stock_status` (`stock_status`),
  KEY `stock_quantity` (`stock_quantity`),
  KEY `onsale` (`onsale`),
  KEY `min_max_price` (`min_price`,`max_price`)
) ENGINE=InnoDB DEFAULT CHARSET=utf8mb4 COLLATE=utf8mb4_unicode_ci;

--
-- Dumping data for table `wp_6_wc_product_meta_lookup`
--

INSERT INTO `wp_6_wc_product_meta_lookup` VALUES (12,'',0,0,950.0000,950.0000,0,NULL,'instock',0,0.00,0,'taxable',''),(13,'',0,0,950.0000,950.0000,0,NULL,'instock',0,0.00,0,'taxable','parent'),(14,'',0,0,460.0000,460.0000,0,NULL,'instock',0,0.00,0,'taxable',''),(15,'',0,0,460.0000,460.0000,0,NULL,'instock',0,0.00,0,'taxable','parent'),(16,'',0,0,460.0000,460.0000,0,NULL,'instock',0,0.00,0,'taxable','parent'),(17,'',0,0,460.0000,460.0000,0,NULL,'instock',0,0.00,0,'taxable','parent'),(18,'',0,0,460.0000,460.0000,0,NULL,'instock',0,0.00,0,'taxable','parent'),(19,'',0,0,778.0000,778.0000,0,NULL,'instock',0,0.00,0,'taxable',''),(20,'',0,0,778.0000,778.0000,0,NULL,'instock',0,0.00,0,'taxable','parent'),(21,'',0,0,778.0000,778.0000,0,NULL,'instock',0,0.00,0,'taxable','parent'),(22,'',0,0,778.0000,778.0000,0,NULL,'instock',0,0.00,0,'taxable','parent'),(23,'',0,0,778.0000,778.0000,0,NULL,'instock',0,0.00,0,'taxable','parent'),(24,'',0,0,990.0000,990.0000,0,NULL,'instock',0,0.00,0,'taxable',''),(25,'',0,0,990.0000,990.0000,0,NULL,'instock',0,0.00,0,'taxable','parent'),(26,'',0,0,550.0000,550.0000,0,NULL,'instock',0,0.00,0,'taxable',''),(27,'',0,0,550.0000,550.0000,0,NULL,'instock',0,0.00,0,'taxable','parent'),(28,'',0,0,550.0000,550.0000,0,NULL,'instock',0,0.00,0,'taxable','parent'),(29,'',0,0,550.0000,550.0000,0,NULL,'instock',0,0.00,0,'taxable','parent'),(30,'',0,0,550.0000,550.0000,0,NULL,'instock',0,0.00,0,'taxable','parent'),(31,'',0,0,4000.0000,4000.0000,0,NULL,'instock',0,0.00,0,'taxable',''),(32,'',0,0,850.0000,850.0000,0,NULL,'instock',0,0.00,0,'taxable',''),(33,'',0,0,850.0000,850.0000,0,NULL,'instock',0,0.00,0,'taxable','parent'),(34,'',0,0,2600.0000,2600.0000,0,NULL,'instock',0,0.00,0,'taxable',''),(35,'',0,0,1100.0000,1100.0000,0,NULL,'instock',0,0.00,0,'taxable',''),(36,'',0,0,2500.0000,2500.0000,0,NULL,'instock',0,0.00,0,'taxable',''),(37,'',0,0,850.0000,850.0000,0,NULL,'instock',0,0.00,0,'taxable',''),(38,'',0,0,850.0000,850.0000,0,NULL,'instock',0,0.00,0,'taxable','parent'),(39,'',0,0,770.0000,770.0000,0,NULL,'instock',0,0.00,0,'taxable',''),(40,'',0,0,770.0000,770.0000,0,NULL,'instock',0,0.00,0,'taxable','parent'),(41,'',0,0,820.0000,820.0000,0,NULL,'instock',0,0.00,0,'taxable',''),(45,'',0,0,2500.0000,2500.0000,0,NULL,'instock',0,0.00,0,'taxable',''),(46,'',0,0,2500.0000,2500.0000,0,NULL,'instock',0,0.00,0,'taxable','parent'),(47,'',0,0,1600.0000,1600.0000,0,NULL,'instock',0,0.00,0,'taxable',''),(48,'',0,0,1600.0000,1600.0000,0,NULL,'instock',0,0.00,0,'taxable','parent'),(49,'',0,0,1150.0000,1150.0000,0,NULL,'instock',0,0.00,0,'taxable',''),(50,'',0,0,1150.0000,1150.0000,0,NULL,'instock',0,0.00,0,'taxable','parent'),(51,'',0,0,1979.0000,1979.0000,0,NULL,'instock',0,0.00,0,'taxable',''),(52,'',0,0,1979.0000,1979.0000,0,NULL,'instock',0,0.00,0,'taxable','parent'),(56,'',0,0,930.0000,930.0000,0,NULL,'instock',0,0.00,0,'taxable',''),(57,'',0,0,930.0000,930.0000,0,NULL,'instock',0,0.00,0,'taxable','parent'),(58,'',0,0,2200.0000,2200.0000,0,NULL,'instock',0,0.00,0,'taxable',''),(59,'',0,0,2200.0000,2200.0000,0,NULL,'instock',0,0.00,0,'taxable','parent'),(60,'',0,0,850.0000,850.0000,0,NULL,'instock',0,0.00,0,'taxable',''),(61,'',0,0,850.0000,850.0000,0,NULL,'instock',0,0.00,0,'taxable','parent'),(62,'',0,0,1395.0000,1395.0000,0,NULL,'instock',0,0.00,0,'taxable',''),(63,'',0,0,1395.0000,1395.0000,0,NULL,'instock',0,0.00,0,'taxable','parent'),(64,'',0,0,2217.0000,2217.0000,0,NULL,'instock',0,0.00,0,'taxable',''),(65,'',0,0,2217.0000,2217.0000,0,NULL,'instock',0,0.00,0,'taxable','parent'),(66,'',0,0,690.0000,690.0000,0,NULL,'instock',0,0.00,0,'taxable',''),(67,'',0,0,690.0000,690.0000,0,NULL,'instock',0,0.00,0,'taxable','parent'),(76,'',0,0,590.0000,590.0000,0,NULL,'instock',0,0.00,0,'taxable',''),(77,'',0,0,590.0000,590.0000,0,NULL,'instock',0,0.00,0,'taxable','parent'),(78,'',0,0,620.0000,620.0000,0,NULL,'instock',0,0.00,0,'taxable',''),(79,'',0,0,620.0000,620.0000,0,NULL,'instock',0,0.00,0,'taxable','parent'),(80,'',0,0,169.0000,169.0000,0,NULL,'instock',0,0.00,0,'taxable',''),(87,'',0,0,169.0000,169.0000,0,NULL,'instock',0,0.00,0,'taxable','parent'),(88,'',0,0,355.0000,355.0000,0,NULL,'instock',0,0.00,0,'taxable',''),(89,'',0,0,815.0000,815.0000,0,NULL,'instock',0,0.00,0,'taxable',''),(90,'',0,0,815.0000,815.0000,0,NULL,'instock',0,0.00,0,'taxable','parent'),(91,'',0,0,375.0000,375.0000,0,NULL,'instock',0,0.00,0,'taxable',''),(99,'',0,0,375.0000,375.0000,0,NULL,'instock',0,0.00,0,'taxable','parent'),(100,'',0,0,775.0000,775.0000,0,NULL,'instock',0,0.00,0,'taxable',''),(101,'',0,0,775.0000,775.0000,0,NULL,'instock',0,0.00,0,'taxable','parent'),(102,'',0,0,390.0000,390.0000,0,NULL,'instock',0,0.00,0,'taxable',''),(103,'',0,0,390.0000,390.0000,0,NULL,'instock',0,0.00,0,'taxable','parent'),(111,'',0,0,230.0000,230.0000,0,NULL,'instock',0,0.00,0,'taxable',''),(112,'',0,0,230.0000,230.0000,0,NULL,'instock',0,0.00,0,'taxable','parent'),(113,'',0,0,730.0000,730.0000,0,NULL,'instock',0,0.00,0,'taxable',''),(114,'',0,0,730.0000,730.0000,0,NULL,'instock',0,0.00,0,'taxable','parent'),(115,'',0,0,1996.0000,1996.0000,0,NULL,'instock',0,0.00,0,'taxable',''),(116,'',0,0,1996.0000,1996.0000,0,NULL,'instock',0,0.00,0,'taxable','parent'),(117,'',0,0,455.0000,455.0000,0,NULL,'instock',0,0.00,0,'taxable',''),(118,'',0,0,455.0000,455.0000,0,NULL,'instock',0,0.00,0,'taxable','parent'),(125,'',0,0,230.0000,230.0000,0,NULL,'instock',0,0.00,0,'taxable',''),(126,'',0,0,230.0000,230.0000,0,NULL,'instock',0,0.00,0,'taxable','parent'),(127,'',0,0,995.0000,995.0000,0,NULL,'instock',0,0.00,0,'taxable',''),(128,'',0,0,995.0000,995.0000,0,NULL,'instock',0,0.00,0,'taxable','parent'),(129,'',0,0,200.0000,200.0000,0,NULL,'instock',0,0.00,0,'taxable',''),(130,'',0,0,200.0000,200.0000,0,NULL,'instock',0,0.00,0,'taxable','parent'),(131,'',0,0,450.0000,450.0000,0,NULL,'instock',0,0.00,0,'taxable','');

--
-- Table structure for table `wp_6_wc_rate_limits`
--

CREATE TABLE `wp_6_wc_rate_limits` (
  `rate_limit_id` bigint unsigned NOT NULL AUTO_INCREMENT,
  `rate_limit_key` varchar(200) CHARACTER SET utf8mb4 COLLATE utf8mb4_unicode_ci NOT NULL,
  `rate_limit_expiry` bigint unsigned NOT NULL,
  `rate_limit_remaining` smallint NOT NULL DEFAULT '0',
  PRIMARY KEY (`rate_limit_id`),
  UNIQUE KEY `rate_limit_key` (`rate_limit_key`(191))
) ENGINE=InnoDB DEFAULT CHARSET=utf8mb4 COLLATE=utf8mb4_unicode_ci;

--
-- Dumping data for table `wp_6_wc_rate_limits`
--


--
-- Table structure for table `wp_6_wc_reserved_stock`
--

CREATE TABLE `wp_6_wc_reserved_stock` (
  `order_id` bigint NOT NULL,
  `product_id` bigint NOT NULL,
  `stock_quantity` double NOT NULL DEFAULT '0',
  `timestamp` datetime NOT NULL DEFAULT '0000-00-00 00:00:00',
  `expires` datetime NOT NULL DEFAULT '0000-00-00 00:00:00',
  PRIMARY KEY (`order_id`,`product_id`)
) ENGINE=InnoDB DEFAULT CHARSET=utf8mb4 COLLATE=utf8mb4_unicode_ci;

--
-- Dumping data for table `wp_6_wc_reserved_stock`
--


--
-- Table structure for table `wp_6_wc_tax_rate_classes`
--

CREATE TABLE `wp_6_wc_tax_rate_classes` (
  `tax_rate_class_id` bigint unsigned NOT NULL AUTO_INCREMENT,
  `name` varchar(200) CHARACTER SET utf8mb4 COLLATE utf8mb4_unicode_ci NOT NULL DEFAULT '',
  `slug` varchar(200) CHARACTER SET utf8mb4 COLLATE utf8mb4_unicode_ci NOT NULL DEFAULT '',
  PRIMARY KEY (`tax_rate_class_id`),
  UNIQUE KEY `slug` (`slug`(191))
) ENGINE=InnoDB AUTO_INCREMENT=3 DEFAULT CHARSET=utf8mb4 COLLATE=utf8mb4_unicode_ci;

--
-- Dumping data for table `wp_6_wc_tax_rate_classes`
--

INSERT INTO `wp_6_wc_tax_rate_classes` VALUES (1,'Taux réduit','taux-reduit'),(2,'Taux zéro','taux-zero');

--
-- Table structure for table `wp_6_wc_webhooks`
--

CREATE TABLE `wp_6_wc_webhooks` (
  `webhook_id` bigint unsigned NOT NULL AUTO_INCREMENT,
  `status` varchar(200) CHARACTER SET utf8mb4 COLLATE utf8mb4_unicode_ci NOT NULL,
  `name` text CHARACTER SET utf8mb4 COLLATE utf8mb4_unicode_ci NOT NULL,
  `user_id` bigint unsigned NOT NULL,
  `delivery_url` text CHARACTER SET utf8mb4 COLLATE utf8mb4_unicode_ci NOT NULL,
  `secret` text CHARACTER SET utf8mb4 COLLATE utf8mb4_unicode_ci NOT NULL,
  `topic` varchar(200) CHARACTER SET utf8mb4 COLLATE utf8mb4_unicode_ci NOT NULL,
  `date_created` datetime NOT NULL DEFAULT '0000-00-00 00:00:00',
  `date_created_gmt` datetime NOT NULL DEFAULT '0000-00-00 00:00:00',
  `date_modified` datetime NOT NULL DEFAULT '0000-00-00 00:00:00',
  `date_modified_gmt` datetime NOT NULL DEFAULT '0000-00-00 00:00:00',
  `api_version` smallint NOT NULL,
  `failure_count` smallint NOT NULL DEFAULT '0',
  `pending_delivery` tinyint(1) NOT NULL DEFAULT '0',
  PRIMARY KEY (`webhook_id`),
  KEY `user_id` (`user_id`)
) ENGINE=InnoDB DEFAULT CHARSET=utf8mb4 COLLATE=utf8mb4_unicode_ci;

--
-- Dumping data for table `wp_6_wc_webhooks`
--


--
-- Table structure for table `wp_6_woocommerce_api_keys`
--

CREATE TABLE `wp_6_woocommerce_api_keys` (
  `key_id` bigint unsigned NOT NULL AUTO_INCREMENT,
  `user_id` bigint unsigned NOT NULL,
  `description` varchar(200) CHARACTER SET utf8mb4 COLLATE utf8mb4_unicode_ci DEFAULT NULL,
  `permissions` varchar(10) CHARACTER SET utf8mb4 COLLATE utf8mb4_unicode_ci NOT NULL,
  `consumer_key` char(64) CHARACTER SET utf8mb4 COLLATE utf8mb4_unicode_ci NOT NULL,
  `consumer_secret` char(43) CHARACTER SET utf8mb4 COLLATE utf8mb4_unicode_ci NOT NULL,
  `nonces` longtext CHARACTER SET utf8mb4 COLLATE utf8mb4_unicode_ci,
  `truncated_key` char(7) CHARACTER SET utf8mb4 COLLATE utf8mb4_unicode_ci NOT NULL,
  `last_access` datetime DEFAULT NULL,
  PRIMARY KEY (`key_id`),
  KEY `consumer_key` (`consumer_key`),
  KEY `consumer_secret` (`consumer_secret`)
) ENGINE=InnoDB DEFAULT CHARSET=utf8mb4 COLLATE=utf8mb4_unicode_ci;

--
-- Dumping data for table `wp_6_woocommerce_api_keys`
--


--
-- Table structure for table `wp_6_woocommerce_attribute_taxonomies`
--

CREATE TABLE `wp_6_woocommerce_attribute_taxonomies` (
  `attribute_id` bigint unsigned NOT NULL AUTO_INCREMENT,
  `attribute_name` varchar(200) CHARACTER SET utf8mb4 COLLATE utf8mb4_unicode_ci NOT NULL,
  `attribute_label` varchar(200) CHARACTER SET utf8mb4 COLLATE utf8mb4_unicode_ci DEFAULT NULL,
  `attribute_type` varchar(20) CHARACTER SET utf8mb4 COLLATE utf8mb4_unicode_ci NOT NULL,
  `attribute_orderby` varchar(20) CHARACTER SET utf8mb4 COLLATE utf8mb4_unicode_ci NOT NULL,
  `attribute_public` int NOT NULL DEFAULT '1',
  PRIMARY KEY (`attribute_id`),
  KEY `attribute_name` (`attribute_name`(20))
) ENGINE=InnoDB AUTO_INCREMENT=4 DEFAULT CHARSET=utf8mb4 COLLATE=utf8mb4_unicode_ci;

--
-- Dumping data for table `wp_6_woocommerce_attribute_taxonomies`
--

INSERT INTO `wp_6_woocommerce_attribute_taxonomies` VALUES (1,'pointure','pa_pointure','select','menu_order',0),(2,'taille','pa_taille','select','menu_order',0),(3,'couleur','pa_couleur','select','menu_order',0);

--
-- Table structure for table `wp_6_woocommerce_downloadable_product_permissions`
--

CREATE TABLE `wp_6_woocommerce_downloadable_product_permissions` (
  `permission_id` bigint unsigned NOT NULL AUTO_INCREMENT,
  `download_id` varchar(36) CHARACTER SET utf8mb4 COLLATE utf8mb4_unicode_ci NOT NULL,
  `product_id` bigint unsigned NOT NULL,
  `order_id` bigint unsigned NOT NULL DEFAULT '0',
  `order_key` varchar(200) CHARACTER SET utf8mb4 COLLATE utf8mb4_unicode_ci NOT NULL,
  `user_email` varchar(200) CHARACTER SET utf8mb4 COLLATE utf8mb4_unicode_ci NOT NULL,
  `user_id` bigint unsigned DEFAULT NULL,
  `downloads_remaining` varchar(9) CHARACTER SET utf8mb4 COLLATE utf8mb4_unicode_ci DEFAULT NULL,
  `access_granted` datetime NOT NULL DEFAULT '0000-00-00 00:00:00',
  `access_expires` datetime DEFAULT NULL,
  `download_count` bigint unsigned NOT NULL DEFAULT '0',
  PRIMARY KEY (`permission_id`),
  KEY `download_order_key_product` (`product_id`,`order_id`,`order_key`(16),`download_id`),
  KEY `download_order_product` (`download_id`,`order_id`,`product_id`),
  KEY `order_id` (`order_id`),
  KEY `user_order_remaining_expires` (`user_id`,`order_id`,`downloads_remaining`,`access_expires`)
) ENGINE=InnoDB DEFAULT CHARSET=utf8mb4 COLLATE=utf8mb4_unicode_ci;

--
-- Dumping data for table `wp_6_woocommerce_downloadable_product_permissions`
--


--
-- Table structure for table `wp_6_woocommerce_log`
--

CREATE TABLE `wp_6_woocommerce_log` (
  `log_id` bigint unsigned NOT NULL AUTO_INCREMENT,
  `timestamp` datetime NOT NULL,
  `level` smallint NOT NULL,
  `source` varchar(200) CHARACTER SET utf8mb4 COLLATE utf8mb4_unicode_ci NOT NULL,
  `message` longtext CHARACTER SET utf8mb4 COLLATE utf8mb4_unicode_ci NOT NULL,
  `context` longtext CHARACTER SET utf8mb4 COLLATE utf8mb4_unicode_ci,
  PRIMARY KEY (`log_id`),
  KEY `level` (`level`)
) ENGINE=InnoDB DEFAULT CHARSET=utf8mb4 COLLATE=utf8mb4_unicode_ci;

--
-- Dumping data for table `wp_6_woocommerce_log`
--


--
-- Table structure for table `wp_6_woocommerce_order_itemmeta`
--

CREATE TABLE `wp_6_woocommerce_order_itemmeta` (
  `meta_id` bigint unsigned NOT NULL AUTO_INCREMENT,
  `order_item_id` bigint unsigned NOT NULL,
  `meta_key` varchar(255) CHARACTER SET utf8mb4 COLLATE utf8mb4_unicode_ci DEFAULT NULL,
  `meta_value` longtext CHARACTER SET utf8mb4 COLLATE utf8mb4_unicode_ci,
  PRIMARY KEY (`meta_id`),
  KEY `order_item_id` (`order_item_id`),
  KEY `meta_key` (`meta_key`(32))
) ENGINE=InnoDB DEFAULT CHARSET=utf8mb4 COLLATE=utf8mb4_unicode_ci;

--
-- Dumping data for table `wp_6_woocommerce_order_itemmeta`
--


--
-- Table structure for table `wp_6_woocommerce_order_items`
--

CREATE TABLE `wp_6_woocommerce_order_items` (
  `order_item_id` bigint unsigned NOT NULL AUTO_INCREMENT,
  `order_item_name` text CHARACTER SET utf8mb4 COLLATE utf8mb4_unicode_ci NOT NULL,
  `order_item_type` varchar(200) CHARACTER SET utf8mb4 COLLATE utf8mb4_unicode_ci NOT NULL DEFAULT '',
  `order_id` bigint unsigned NOT NULL,
  PRIMARY KEY (`order_item_id`),
  KEY `order_id` (`order_id`)
) ENGINE=InnoDB DEFAULT CHARSET=utf8mb4 COLLATE=utf8mb4_unicode_ci;

--
-- Dumping data for table `wp_6_woocommerce_order_items`
--


--
-- Table structure for table `wp_6_woocommerce_payment_tokenmeta`
--

CREATE TABLE `wp_6_woocommerce_payment_tokenmeta` (
  `meta_id` bigint unsigned NOT NULL AUTO_INCREMENT,
  `payment_token_id` bigint unsigned NOT NULL,
  `meta_key` varchar(255) CHARACTER SET utf8mb4 COLLATE utf8mb4_unicode_ci DEFAULT NULL,
  `meta_value` longtext CHARACTER SET utf8mb4 COLLATE utf8mb4_unicode_ci,
  PRIMARY KEY (`meta_id`),
  KEY `payment_token_id` (`payment_token_id`),
  KEY `meta_key` (`meta_key`(32))
) ENGINE=InnoDB DEFAULT CHARSET=utf8mb4 COLLATE=utf8mb4_unicode_ci;

--
-- Dumping data for table `wp_6_woocommerce_payment_tokenmeta`
--


--
-- Table structure for table `wp_6_woocommerce_payment_tokens`
--

CREATE TABLE `wp_6_woocommerce_payment_tokens` (
  `token_id` bigint unsigned NOT NULL AUTO_INCREMENT,
  `gateway_id` varchar(200) CHARACTER SET utf8mb4 COLLATE utf8mb4_unicode_ci NOT NULL,
  `token` text CHARACTER SET utf8mb4 COLLATE utf8mb4_unicode_ci NOT NULL,
  `user_id` bigint unsigned NOT NULL DEFAULT '0',
  `type` varchar(200) CHARACTER SET utf8mb4 COLLATE utf8mb4_unicode_ci NOT NULL,
  `is_default` tinyint(1) NOT NULL DEFAULT '0',
  PRIMARY KEY (`token_id`),
  KEY `user_id` (`user_id`)
) ENGINE=InnoDB DEFAULT CHARSET=utf8mb4 COLLATE=utf8mb4_unicode_ci;

--
-- Dumping data for table `wp_6_woocommerce_payment_tokens`
--


--
-- Table structure for table `wp_6_woocommerce_sessions`
--

CREATE TABLE `wp_6_woocommerce_sessions` (
  `session_id` bigint unsigned NOT NULL AUTO_INCREMENT,
  `session_key` char(32) CHARACTER SET utf8mb4 COLLATE utf8mb4_unicode_ci NOT NULL,
  `session_value` longtext CHARACTER SET utf8mb4 COLLATE utf8mb4_unicode_ci NOT NULL,
  `session_expiry` bigint unsigned NOT NULL,
  PRIMARY KEY (`session_id`),
  UNIQUE KEY `session_key` (`session_key`)
) ENGINE=InnoDB DEFAULT CHARSET=utf8mb4 COLLATE=utf8mb4_unicode_ci;

--
-- Dumping data for table `wp_6_woocommerce_sessions`
--


--
-- Table structure for table `wp_6_woocommerce_shipping_zone_locations`
--

CREATE TABLE `wp_6_woocommerce_shipping_zone_locations` (
  `location_id` bigint unsigned NOT NULL AUTO_INCREMENT,
  `zone_id` bigint unsigned NOT NULL,
  `location_code` varchar(200) CHARACTER SET utf8mb4 COLLATE utf8mb4_unicode_ci NOT NULL,
  `location_type` varchar(40) CHARACTER SET utf8mb4 COLLATE utf8mb4_unicode_ci NOT NULL,
  PRIMARY KEY (`location_id`),
  KEY `location_id` (`location_id`),
  KEY `location_type_code` (`location_type`(10),`location_code`(20))
) ENGINE=InnoDB DEFAULT CHARSET=utf8mb4 COLLATE=utf8mb4_unicode_ci;

--
-- Dumping data for table `wp_6_woocommerce_shipping_zone_locations`
--


--
-- Table structure for table `wp_6_woocommerce_shipping_zone_methods`
--

CREATE TABLE `wp_6_woocommerce_shipping_zone_methods` (
  `zone_id` bigint unsigned NOT NULL,
  `instance_id` bigint unsigned NOT NULL AUTO_INCREMENT,
  `method_id` varchar(200) CHARACTER SET utf8mb4 COLLATE utf8mb4_unicode_ci NOT NULL,
  `method_order` bigint unsigned NOT NULL,
  `is_enabled` tinyint(1) NOT NULL DEFAULT '1',
  PRIMARY KEY (`instance_id`)
) ENGINE=InnoDB DEFAULT CHARSET=utf8mb4 COLLATE=utf8mb4_unicode_ci;

--
-- Dumping data for table `wp_6_woocommerce_shipping_zone_methods`
--


--
-- Table structure for table `wp_6_woocommerce_shipping_zones`
--

CREATE TABLE `wp_6_woocommerce_shipping_zones` (
  `zone_id` bigint unsigned NOT NULL AUTO_INCREMENT,
  `zone_name` varchar(200) CHARACTER SET utf8mb4 COLLATE utf8mb4_unicode_ci NOT NULL,
  `zone_order` bigint unsigned NOT NULL,
  PRIMARY KEY (`zone_id`)
) ENGINE=InnoDB DEFAULT CHARSET=utf8mb4 COLLATE=utf8mb4_unicode_ci;

--
-- Dumping data for table `wp_6_woocommerce_shipping_zones`
--


--
-- Table structure for table `wp_6_woocommerce_tax_rate_locations`
--

CREATE TABLE `wp_6_woocommerce_tax_rate_locations` (
  `location_id` bigint unsigned NOT NULL AUTO_INCREMENT,
  `location_code` varchar(200) CHARACTER SET utf8mb4 COLLATE utf8mb4_unicode_ci NOT NULL,
  `tax_rate_id` bigint unsigned NOT NULL,
  `location_type` varchar(40) CHARACTER SET utf8mb4 COLLATE utf8mb4_unicode_ci NOT NULL,
  PRIMARY KEY (`location_id`),
  KEY `tax_rate_id` (`tax_rate_id`),
  KEY `location_type_code` (`location_type`(10),`location_code`(20))
) ENGINE=InnoDB DEFAULT CHARSET=utf8mb4 COLLATE=utf8mb4_unicode_ci;

--
-- Dumping data for table `wp_6_woocommerce_tax_rate_locations`
--


--
-- Table structure for table `wp_6_woocommerce_tax_rates`
--

CREATE TABLE `wp_6_woocommerce_tax_rates` (
  `tax_rate_id` bigint unsigned NOT NULL AUTO_INCREMENT,
  `tax_rate_country` varchar(2) CHARACTER SET utf8mb4 COLLATE utf8mb4_unicode_ci NOT NULL DEFAULT '',
  `tax_rate_state` varchar(200) CHARACTER SET utf8mb4 COLLATE utf8mb4_unicode_ci NOT NULL DEFAULT '',
  `tax_rate` varchar(8) CHARACTER SET utf8mb4 COLLATE utf8mb4_unicode_ci NOT NULL DEFAULT '',
  `tax_rate_name` varchar(200) CHARACTER SET utf8mb4 COLLATE utf8mb4_unicode_ci NOT NULL DEFAULT '',
  `tax_rate_priority` bigint unsigned NOT NULL,
  `tax_rate_compound` int NOT NULL DEFAULT '0',
  `tax_rate_shipping` int NOT NULL DEFAULT '1',
  `tax_rate_order` bigint unsigned NOT NULL,
  `tax_rate_class` varchar(200) CHARACTER SET utf8mb4 COLLATE utf8mb4_unicode_ci NOT NULL DEFAULT '',
  PRIMARY KEY (`tax_rate_id`),
  KEY `tax_rate_country` (`tax_rate_country`),
  KEY `tax_rate_state` (`tax_rate_state`(2)),
  KEY `tax_rate_class` (`tax_rate_class`(10)),
  KEY `tax_rate_priority` (`tax_rate_priority`)
) ENGINE=InnoDB AUTO_INCREMENT=2 DEFAULT CHARSET=utf8mb4 COLLATE=utf8mb4_unicode_ci;

--
-- Dumping data for table `wp_6_woocommerce_tax_rates`
--

INSERT INTO `wp_6_woocommerce_tax_rates` VALUES (1,'','','20.0000','TVA',1,0,1,0,'');

--
-- Table structure for table `wp_6_yith_wcwl`
--

CREATE TABLE `wp_6_yith_wcwl` (
  `ID` bigint NOT NULL AUTO_INCREMENT,
  `prod_id` bigint NOT NULL,
  `quantity` int NOT NULL,
  `user_id` bigint DEFAULT NULL,
  `wishlist_id` bigint DEFAULT NULL,
  `position` int DEFAULT '0',
  `original_price` decimal(9,3) DEFAULT NULL,
  `original_currency` char(3) DEFAULT NULL,
  `dateadded` timestamp NOT NULL DEFAULT CURRENT_TIMESTAMP,
  `on_sale` tinyint NOT NULL DEFAULT '0',
  PRIMARY KEY (`ID`),
  KEY `prod_id` (`prod_id`)
) ENGINE=InnoDB DEFAULT CHARSET=utf8mb3;

--
-- Dumping data for table `wp_6_yith_wcwl`
--


--
-- Table structure for table `wp_6_yith_wcwl_lists`
--

CREATE TABLE `wp_6_yith_wcwl_lists` (
  `ID` bigint NOT NULL AUTO_INCREMENT,
  `user_id` bigint DEFAULT NULL,
  `session_id` varchar(255) DEFAULT NULL,
  `wishlist_slug` varchar(200) NOT NULL,
  `wishlist_name` text,
  `wishlist_token` varchar(64) NOT NULL,
  `wishlist_privacy` tinyint(1) NOT NULL DEFAULT '0',
  `is_default` tinyint(1) NOT NULL DEFAULT '0',
  `dateadded` timestamp NOT NULL DEFAULT CURRENT_TIMESTAMP,
  `expiration` timestamp NULL DEFAULT NULL,
  PRIMARY KEY (`ID`),
  UNIQUE KEY `wishlist_token` (`wishlist_token`),
  KEY `wishlist_slug` (`wishlist_slug`)
) ENGINE=InnoDB DEFAULT CHARSET=utf8mb3;

--
-- Dumping data for table `wp_6_yith_wcwl_lists`
--


--
-- Table structure for table `wp_6_yoast_indexable`
--

CREATE TABLE `wp_6_yoast_indexable` (
  `id` int unsigned NOT NULL AUTO_INCREMENT,
  `permalink` longtext CHARACTER SET utf8mb4 COLLATE utf8mb4_unicode_ci,
  `permalink_hash` varchar(40) CHARACTER SET utf8mb4 COLLATE utf8mb4_unicode_ci DEFAULT NULL,
  `object_id` bigint DEFAULT NULL,
  `object_type` varchar(32) CHARACTER SET utf8mb4 COLLATE utf8mb4_unicode_ci NOT NULL,
  `object_sub_type` varchar(32) CHARACTER SET utf8mb4 COLLATE utf8mb4_unicode_ci DEFAULT NULL,
  `author_id` bigint DEFAULT NULL,
  `post_parent` bigint DEFAULT NULL,
  `title` text CHARACTER SET utf8mb4 COLLATE utf8mb4_unicode_ci,
  `description` mediumtext CHARACTER SET utf8mb4 COLLATE utf8mb4_unicode_ci,
  `breadcrumb_title` text CHARACTER SET utf8mb4 COLLATE utf8mb4_unicode_ci,
  `post_status` varchar(20) CHARACTER SET utf8mb4 COLLATE utf8mb4_unicode_ci DEFAULT NULL,
  `is_public` tinyint(1) DEFAULT NULL,
  `is_protected` tinyint(1) DEFAULT '0',
  `has_public_posts` tinyint(1) DEFAULT NULL,
  `number_of_pages` int unsigned DEFAULT NULL,
  `canonical` longtext CHARACTER SET utf8mb4 COLLATE utf8mb4_unicode_ci,
  `primary_focus_keyword` varchar(191) CHARACTER SET utf8mb4 COLLATE utf8mb4_unicode_ci DEFAULT NULL,
  `primary_focus_keyword_score` int DEFAULT NULL,
  `readability_score` int DEFAULT NULL,
  `is_cornerstone` tinyint(1) DEFAULT '0',
  `is_robots_noindex` tinyint(1) DEFAULT '0',
  `is_robots_nofollow` tinyint(1) DEFAULT '0',
  `is_robots_noarchive` tinyint(1) DEFAULT '0',
  `is_robots_noimageindex` tinyint(1) DEFAULT '0',
  `is_robots_nosnippet` tinyint(1) DEFAULT '0',
  `twitter_title` text CHARACTER SET utf8mb4 COLLATE utf8mb4_unicode_ci,
  `twitter_image` longtext CHARACTER SET utf8mb4 COLLATE utf8mb4_unicode_ci,
  `twitter_description` longtext CHARACTER SET utf8mb4 COLLATE utf8mb4_unicode_ci,
  `twitter_image_id` varchar(191) CHARACTER SET utf8mb4 COLLATE utf8mb4_unicode_ci DEFAULT NULL,
  `twitter_image_source` text CHARACTER SET utf8mb4 COLLATE utf8mb4_unicode_ci,
  `open_graph_title` text CHARACTER SET utf8mb4 COLLATE utf8mb4_unicode_ci,
  `open_graph_description` longtext CHARACTER SET utf8mb4 COLLATE utf8mb4_unicode_ci,
  `open_graph_image` longtext CHARACTER SET utf8mb4 COLLATE utf8mb4_unicode_ci,
  `open_graph_image_id` varchar(191) CHARACTER SET utf8mb4 COLLATE utf8mb4_unicode_ci DEFAULT NULL,
  `open_graph_image_source` text CHARACTER SET utf8mb4 COLLATE utf8mb4_unicode_ci,
  `open_graph_image_meta` mediumtext CHARACTER SET utf8mb4 COLLATE utf8mb4_unicode_ci,
  `link_count` int DEFAULT NULL,
  `incoming_link_count` int DEFAULT NULL,
  `prominent_words_version` int unsigned DEFAULT NULL,
  `created_at` datetime DEFAULT NULL,
  `updated_at` timestamp NOT NULL DEFAULT CURRENT_TIMESTAMP ON UPDATE CURRENT_TIMESTAMP,
  `blog_id` bigint NOT NULL DEFAULT '6',
  `language` varchar(32) CHARACTER SET utf8mb4 COLLATE utf8mb4_unicode_ci DEFAULT NULL,
  `region` varchar(32) CHARACTER SET utf8mb4 COLLATE utf8mb4_unicode_ci DEFAULT NULL,
  `schema_page_type` varchar(64) CHARACTER SET utf8mb4 COLLATE utf8mb4_unicode_ci DEFAULT NULL,
  `schema_article_type` varchar(64) CHARACTER SET utf8mb4 COLLATE utf8mb4_unicode_ci DEFAULT NULL,
  `has_ancestors` tinyint(1) DEFAULT '0',
  `estimated_reading_time_minutes` int DEFAULT NULL,
  `version` int DEFAULT '1',
  `object_last_modified` datetime DEFAULT NULL,
  `object_published_at` datetime DEFAULT NULL,
  PRIMARY KEY (`id`),
  KEY `object_type_and_sub_type` (`object_type`,`object_sub_type`),
  KEY `object_id_and_type` (`object_id`,`object_type`),
  KEY `permalink_hash_and_object_type` (`permalink_hash`,`object_type`),
  KEY `subpages` (`post_parent`,`object_type`,`post_status`,`object_id`),
  KEY `prominent_words` (`prominent_words_version`,`object_type`,`object_sub_type`,`post_status`),
  KEY `published_sitemap_index` (`object_published_at`,`is_robots_noindex`,`object_type`,`object_sub_type`)
) ENGINE=InnoDB AUTO_INCREMENT=168 DEFAULT CHARSET=utf8mb4 COLLATE=utf8mb4_unicode_ci;

--
-- Dumping data for table `wp_6_yoast_indexable`
--

INSERT INTO `wp_6_yoast_indexable` VALUES (1,'https://mentorlystes.com/affiliation/author/admin/','48:2b719b36ebbd2a2a3ec8f8f3f48612f9',1,'user',NULL,NULL,NULL,NULL,NULL,NULL,NULL,NULL,0,0,NULL,NULL,NULL,NULL,NULL,0,0,NULL,NULL,NULL,NULL,NULL,'https://secure.gravatar.com/avatar/0b82798fcb2beaa4fa046e0ef800a1dd?s=500&d=mm&r=g',NULL,NULL,'gravatar-image',NULL,NULL,'https://secure.gravatar.com/avatar/0b82798fcb2beaa4fa046e0ef800a1dd?s=500&d=mm&r=g',NULL,'gravatar-image',NULL,NULL,NULL,NULL,'2022-04-25 12:52:52','2023-02-13 07:56:38',6,NULL,NULL,NULL,NULL,0,NULL,2,'2022-04-25 23:38:39','2022-04-24 14:47:06'),(2,'https://mentorlystes.com/affiliation/','32:945de3d137db2ea521dfa5ff0c79c637',5,'post','page',1,0,NULL,NULL,'Boutique','publish',NULL,0,NULL,NULL,NULL,NULL,NULL,0,0,NULL,0,NULL,NULL,NULL,NULL,NULL,NULL,NULL,NULL,NULL,NULL,NULL,NULL,NULL,NULL,NULL,NULL,NULL,'2022-04-25 12:52:52','2023-02-13 07:56:38',6,NULL,NULL,NULL,NULL,0,NULL,2,'2022-04-24 20:35:38','2022-04-24 20:35:38'),(3,'https://mentorlystes.com/affiliation/','35:6f88b07440cebadbcb51d9140473d79a',NULL,'home-page',NULL,NULL,NULL,'%%sitename%% %%page%% %%sep%% %%sitedesc%%','Un site utilisant Les sites de Mentorlystes','Accueil',NULL,NULL,0,NULL,NULL,NULL,NULL,NULL,NULL,0,0,0,0,0,0,NULL,NULL,NULL,NULL,NULL,'%%sitename%%','','','0',NULL,NULL,NULL,NULL,NULL,'2022-04-25 12:52:52','2023-02-13 07:56:38',6,NULL,NULL,NULL,NULL,0,NULL,2,'2022-04-25 23:38:39',NULL),(4,'https://mentorlystes.com/affiliation/boutique/','44:8600d760f181f015188b0609b8233763',NULL,'post-type-archive','product',NULL,NULL,'%%pt_plural%% Archive %%page%% %%sep%% %%sitename%%','','Produits',NULL,1,0,NULL,NULL,NULL,NULL,NULL,NULL,0,0,0,0,0,0,NULL,NULL,NULL,NULL,NULL,NULL,NULL,NULL,NULL,NULL,NULL,NULL,NULL,NULL,'2022-04-25 16:13:33','2023-02-13 07:56:38',6,NULL,NULL,NULL,NULL,0,NULL,2,'2022-04-25 21:44:13','2022-04-25 05:20:55'),(5,'https://mentorlystes.com/affiliation/portfolio/','42:86e164397a9d274086d1d2dcb97967a2',NULL,'post-type-archive','portfolio',NULL,NULL,'%%pt_plural%% Archive %%page%% %%sep%% %%sitename%%','','Portfolio',NULL,1,0,NULL,NULL,NULL,NULL,NULL,NULL,0,0,0,0,0,0,NULL,NULL,NULL,NULL,NULL,NULL,NULL,NULL,NULL,NULL,NULL,NULL,NULL,NULL,'2022-04-25 16:13:33','2023-02-13 07:56:38',6,NULL,NULL,NULL,NULL,0,NULL,2,NULL,NULL),(7,NULL,NULL,NULL,'system-page','404',NULL,NULL,'Page non trouvée %%sep%% %%sitename%%',NULL,'Erreur 404 : Page introuvable',NULL,NULL,0,NULL,NULL,NULL,NULL,NULL,NULL,0,1,0,0,0,0,NULL,NULL,NULL,NULL,NULL,NULL,NULL,NULL,NULL,NULL,NULL,NULL,NULL,NULL,'2022-04-25 16:14:18','2022-04-25 14:14:18',6,NULL,NULL,NULL,NULL,0,NULL,1,NULL,NULL),(8,'https://mentorlystes.com/affiliation/produit/balenciaga-baskets-track/','65:9a54fb12dc1f5e6dda7ec9b08989bb3f',32,'post','product',1,0,NULL,NULL,'BALENCIAGA Baskets Track','publish',NULL,0,NULL,NULL,NULL,NULL,NULL,0,0,NULL,0,NULL,NULL,NULL,NULL,'https://mentorlystes.com/affiliation/wp-content/uploads/sites/6/2022/04/72DEBEF5-2876-4175-BFF7-039E4E15183A.png',NULL,'68','featured-image',NULL,NULL,'https://mentorlystes.com/affiliation/wp-content/uploads/sites/6/2022/04/72DEBEF5-2876-4175-BFF7-039E4E15183A.png','68','featured-image','{\"width\":1080,\"height\":1350,\"url\":\"https://mentorlystes.com/affiliation/wp-content/uploads/sites/6/2022/04/72DEBEF5-2876-4175-BFF7-039E4E15183A.png\",\"path\":\"/homepages/32/d908619354/htdocs/mentorlystes/wp-content/uploads/sites/6/2022/04/72DEBEF5-2876-4175-BFF7-039E4E15183A.png\",\"size\":\"full\",\"id\":68,\"alt\":\"\",\"pixels\":1458000,\"type\":\"image/png\"}',NULL,NULL,NULL,'2022-04-25 16:26:39','2023-02-13 07:56:39',6,NULL,NULL,NULL,NULL,0,NULL,2,'2022-04-25 05:23:56','2022-04-25 05:21:38'),(9,'https://mentorlystes.com/affiliation/produit/amina-muaddi-lupita-heels/','66:ae5211bddf45c9cec1b95a6645ce22a0',24,'post','product',1,0,NULL,NULL,'Amina Muaddi Lupita heels','publish',NULL,0,NULL,NULL,NULL,NULL,NULL,0,0,NULL,0,NULL,NULL,NULL,NULL,'https://mentorlystes.com/affiliation/wp-content/uploads/sites/6/2022/04/3DF14F3F-F20A-41F7-960D-07D2F2351F69.png',NULL,'53','featured-image',NULL,NULL,'https://mentorlystes.com/affiliation/wp-content/uploads/sites/6/2022/04/3DF14F3F-F20A-41F7-960D-07D2F2351F69.png','53','featured-image','{\"width\":1080,\"height\":1350,\"url\":\"https://mentorlystes.com/affiliation/wp-content/uploads/sites/6/2022/04/3DF14F3F-F20A-41F7-960D-07D2F2351F69.png\",\"path\":\"/homepages/32/d908619354/htdocs/mentorlystes/wp-content/uploads/sites/6/2022/04/3DF14F3F-F20A-41F7-960D-07D2F2351F69.png\",\"size\":\"full\",\"id\":53,\"alt\":\"\",\"pixels\":1458000,\"type\":\"image/png\"}',NULL,NULL,NULL,'2022-04-25 16:43:30','2023-02-13 07:56:39',6,NULL,NULL,NULL,NULL,0,NULL,2,'2022-04-25 05:23:07','2022-04-25 05:21:18'),(11,'https://mentorlystes.com/affiliation/?post_type=acf-field-group&p=188','64:3dbce554bb9a25826c051a49b6a60259',188,'post','acf-field-group',1,0,NULL,NULL,'Profil','publish',NULL,0,NULL,NULL,NULL,NULL,NULL,0,0,NULL,0,NULL,NULL,NULL,NULL,NULL,NULL,NULL,NULL,NULL,NULL,NULL,NULL,NULL,NULL,0,NULL,NULL,'2022-04-25 16:53:15','2023-02-13 07:56:38',6,NULL,NULL,NULL,NULL,0,NULL,2,'2022-04-25 16:53:28','2022-04-25 07:26:42'),(15,'https://mentorlystes.com/affiliation/?page_id=217','44:96b18b988b1579b29eeaf533f2526e0a',217,'post','page',1,0,NULL,NULL,'Politique de confidentialité','draft',0,0,NULL,NULL,NULL,NULL,NULL,0,0,NULL,0,NULL,NULL,NULL,NULL,NULL,NULL,NULL,NULL,NULL,NULL,NULL,NULL,NULL,NULL,NULL,NULL,NULL,'2022-04-25 17:34:45','2023-02-13 07:56:38',6,NULL,NULL,NULL,NULL,0,NULL,2,'2022-01-14 10:49:34','2022-01-14 10:49:34'),(17,'https://mentorlystes.com/affiliation/panier-2/','41:ee06062558ae2523372c9e4bbdcc9ec9',219,'post','page',1,0,NULL,NULL,'Panier','publish',NULL,0,NULL,NULL,NULL,NULL,NULL,0,0,NULL,0,NULL,NULL,NULL,NULL,NULL,NULL,NULL,NULL,NULL,NULL,NULL,NULL,NULL,NULL,0,NULL,NULL,'2022-04-25 17:34:45','2023-02-13 07:56:38',6,NULL,NULL,NULL,NULL,0,NULL,2,'2022-01-14 10:50:07','2022-01-14 10:50:07'),(22,'https://mentorlystes.com/affiliation/mag/','36:c4883cf183c1c4f29bb326eca1829a5c',224,'post','page',1,0,NULL,NULL,'Mag','publish',NULL,0,NULL,NULL,NULL,NULL,NULL,0,0,NULL,0,NULL,NULL,NULL,NULL,NULL,NULL,NULL,NULL,NULL,NULL,NULL,NULL,NULL,NULL,0,NULL,NULL,'2022-04-25 17:34:46','2023-02-13 07:56:38',6,NULL,NULL,NULL,NULL,0,NULL,2,'2022-01-14 11:05:24','2022-01-14 11:05:24'),(23,'https://mentorlystes.com/affiliation/mentorlystes/','42:8d060cbfafbc7366df62ff8847968676',225,'post','page',1,0,'%%title%% %%page%% %%sep%% Votre personal shopper','Découvrez toutes les nouveautés des marques de luxe, et offrez-vous vos articles instantanément grâce au paiement en plusieurs fois.','Iconique Paris','publish',NULL,0,NULL,NULL,NULL,NULL,NULL,90,0,NULL,0,NULL,NULL,NULL,NULL,'https://iconiqueparis.com/wp-content/uploads/2022/04/goat_273412171_480511923509938_3997740516160215410_n.jpg',NULL,NULL,'first-content-image',NULL,NULL,'https://iconiqueparis.com/wp-content/uploads/2022/04/goat_273412171_480511923509938_3997740516160215410_n.jpg',NULL,'first-content-image',NULL,12,NULL,NULL,'2022-04-25 17:34:47','2023-02-13 07:56:38',6,NULL,NULL,NULL,NULL,0,2,2,'2022-01-14 11:10:14','2022-01-14 11:10:14'),(24,'https://mentorlystes.com/affiliation/produit/prada-doudoune-courte/','62:47bc155ccbb8997c3cf0ad50ca4c18bc',19,'post','product',1,0,NULL,NULL,'PRADA Doudoune courte','publish',NULL,0,NULL,NULL,NULL,NULL,NULL,0,0,NULL,0,NULL,NULL,NULL,NULL,'https://mentorlystes.com/affiliation/wp-content/uploads/sites/6/2022/04/7EB3D6EB-01F9-406C-8AD5-EF2A6DE636F0.png',NULL,'44','featured-image',NULL,NULL,'https://mentorlystes.com/affiliation/wp-content/uploads/sites/6/2022/04/7EB3D6EB-01F9-406C-8AD5-EF2A6DE636F0.png','44','featured-image','{\"width\":1080,\"height\":1350,\"url\":\"https://mentorlystes.com/affiliation/wp-content/uploads/sites/6/2022/04/7EB3D6EB-01F9-406C-8AD5-EF2A6DE636F0.png\",\"path\":\"/homepages/32/d908619354/htdocs/mentorlystes/wp-content/uploads/sites/6/2022/04/7EB3D6EB-01F9-406C-8AD5-EF2A6DE636F0.png\",\"size\":\"full\",\"id\":44,\"alt\":\"\",\"pixels\":1458000,\"type\":\"image/png\"}',NULL,0,NULL,'2022-04-25 17:34:47','2023-02-13 07:56:39',6,NULL,NULL,NULL,NULL,0,NULL,2,'2022-04-25 05:23:06','2022-04-25 05:21:08'),(27,'https://mentorlystes.com/affiliation/produit/prada-mocassins-chocolate/','66:1971b34fd52af42e20a28d0b5bb1e90f',39,'post','product',1,0,NULL,NULL,'PRADA Mocassins Chocolate','publish',NULL,0,NULL,NULL,NULL,NULL,NULL,0,0,NULL,0,NULL,NULL,NULL,NULL,'https://mentorlystes.com/affiliation/wp-content/uploads/sites/6/2022/04/38B0C93D-2D51-4FA8-825B-758E21E17563.png',NULL,'83','featured-image',NULL,NULL,'https://mentorlystes.com/affiliation/wp-content/uploads/sites/6/2022/04/38B0C93D-2D51-4FA8-825B-758E21E17563.png','83','featured-image','{\"width\":1080,\"height\":1350,\"url\":\"https://mentorlystes.com/affiliation/wp-content/uploads/sites/6/2022/04/38B0C93D-2D51-4FA8-825B-758E21E17563.png\",\"path\":\"/homepages/32/d908619354/htdocs/mentorlystes/wp-content/uploads/sites/6/2022/04/38B0C93D-2D51-4FA8-825B-758E21E17563.png\",\"size\":\"full\",\"id\":83,\"alt\":\"\",\"pixels\":1458000,\"type\":\"image/png\"}',NULL,0,NULL,'2022-04-25 17:34:47','2023-02-13 07:56:39',6,NULL,NULL,NULL,NULL,0,NULL,2,'2022-04-25 05:24:30','2022-04-25 05:21:51'),(28,'https://mentorlystes.com/affiliation/wp-content/uploads/sites/6/2022/04/7EB3D6EB-01F9-406C-8AD5-EF2A6DE636F0.png','107:a8af05406079a8f5ed3bb9a3e9b11552',44,'post','attachment',1,19,NULL,NULL,'7EB3D6EB-01F9-406C-8AD5-EF2A6DE636F0.png','inherit',NULL,0,NULL,NULL,NULL,NULL,NULL,0,0,NULL,0,NULL,NULL,NULL,NULL,'https://mentorlystes.com/affiliation/wp-content/uploads/sites/6/2022/04/7EB3D6EB-01F9-406C-8AD5-EF2A6DE636F0.png',NULL,'44','attachment-image',NULL,NULL,'https://mentorlystes.com/affiliation/wp-content/uploads/sites/6/2022/04/7EB3D6EB-01F9-406C-8AD5-EF2A6DE636F0.png','44','attachment-image','{\"width\":1080,\"height\":1350,\"url\":\"https://mentorlystes.com/affiliation/wp-content/uploads/sites/6/2022/04/7EB3D6EB-01F9-406C-8AD5-EF2A6DE636F0.png\",\"path\":\"/homepages/32/d908619354/htdocs/mentorlystes/wp-content/uploads/sites/6/2022/04/7EB3D6EB-01F9-406C-8AD5-EF2A6DE636F0.png\",\"size\":\"full\",\"id\":44,\"alt\":\"\",\"pixels\":1458000,\"type\":\"image/png\"}',NULL,0,NULL,'2022-04-25 17:34:48','2023-02-13 07:56:39',6,NULL,NULL,NULL,NULL,0,NULL,2,'2022-04-25 05:22:17','2022-04-25 05:22:17'),(29,'https://mentorlystes.com/affiliation/wp-content/uploads/sites/6/2022/04/96763D74-18FB-4D0F-9D37-F66D3D18F69A.png','107:783a6d7ea471d95c1ec64cb2261f0f1c',139,'post','attachment',1,91,NULL,NULL,'96763D74-18FB-4D0F-9D37-F66D3D18F69A.png','inherit',NULL,0,0,NULL,NULL,NULL,NULL,0,0,NULL,0,NULL,NULL,NULL,NULL,'https://mentorlystes.com/affiliation/wp-content/uploads/sites/6/2022/04/96763D74-18FB-4D0F-9D37-F66D3D18F69A.png',NULL,'139','attachment-image',NULL,NULL,'https://mentorlystes.com/affiliation/wp-content/uploads/sites/6/2022/04/96763D74-18FB-4D0F-9D37-F66D3D18F69A.png','139','attachment-image','{\"width\":1080,\"height\":1350,\"url\":\"https://mentorlystes.com/affiliation/wp-content/uploads/sites/6/2022/04/96763D74-18FB-4D0F-9D37-F66D3D18F69A.png\",\"path\":\"/homepages/32/d908619354/htdocs/mentorlystes/wp-content/uploads/sites/6/2022/04/96763D74-18FB-4D0F-9D37-F66D3D18F69A.png\",\"size\":\"full\",\"id\":139,\"alt\":\"\",\"pixels\":1458000,\"type\":\"image/png\"}',NULL,0,NULL,'2022-04-25 17:34:48','2023-02-13 07:56:39',6,NULL,NULL,NULL,NULL,0,NULL,2,'2022-04-25 05:26:55','2022-04-25 05:26:55'),(30,'https://mentorlystes.com/affiliation/wp-content/uploads/sites/6/2022/04/7978CB13-AB0C-423F-9C82-DE9C92399D6F.png','107:e3249d9d8812427c670b2ab06fc5d92d',140,'post','attachment',1,91,NULL,NULL,'7978CB13-AB0C-423F-9C82-DE9C92399D6F.png','inherit',NULL,0,0,NULL,NULL,NULL,NULL,0,0,NULL,0,NULL,NULL,NULL,NULL,'https://mentorlystes.com/affiliation/wp-content/uploads/sites/6/2022/04/7978CB13-AB0C-423F-9C82-DE9C92399D6F.png',NULL,'140','attachment-image',NULL,NULL,'https://mentorlystes.com/affiliation/wp-content/uploads/sites/6/2022/04/7978CB13-AB0C-423F-9C82-DE9C92399D6F.png','140','attachment-image','{\"width\":1080,\"height\":1350,\"url\":\"https://mentorlystes.com/affiliation/wp-content/uploads/sites/6/2022/04/7978CB13-AB0C-423F-9C82-DE9C92399D6F.png\",\"path\":\"/homepages/32/d908619354/htdocs/mentorlystes/wp-content/uploads/sites/6/2022/04/7978CB13-AB0C-423F-9C82-DE9C92399D6F.png\",\"size\":\"full\",\"id\":140,\"alt\":\"\",\"pixels\":1458000,\"type\":\"image/png\"}',NULL,0,NULL,'2022-04-25 17:34:48','2023-02-13 07:56:39',6,NULL,NULL,NULL,NULL,0,NULL,2,'2022-04-25 05:26:56','2022-04-25 05:26:56'),(31,'https://mentorlystes.com/affiliation/wp-content/uploads/sites/6/2022/04/BB52C187-584A-4364-A64A-FCF4AD66BE5A.png','107:30b7490200b3b118104cf53c5a049960',122,'post','attachment',1,66,NULL,NULL,'BB52C187-584A-4364-A64A-FCF4AD66BE5A.png','inherit',NULL,0,0,NULL,NULL,NULL,NULL,0,0,NULL,0,NULL,NULL,NULL,NULL,'https://mentorlystes.com/affiliation/wp-content/uploads/sites/6/2022/04/BB52C187-584A-4364-A64A-FCF4AD66BE5A.png',NULL,'122','attachment-image',NULL,NULL,'https://mentorlystes.com/affiliation/wp-content/uploads/sites/6/2022/04/BB52C187-584A-4364-A64A-FCF4AD66BE5A.png','122','attachment-image','{\"width\":1080,\"height\":1350,\"url\":\"https://mentorlystes.com/affiliation/wp-content/uploads/sites/6/2022/04/BB52C187-584A-4364-A64A-FCF4AD66BE5A.png\",\"path\":\"/homepages/32/d908619354/htdocs/mentorlystes/wp-content/uploads/sites/6/2022/04/BB52C187-584A-4364-A64A-FCF4AD66BE5A.png\",\"size\":\"full\",\"id\":122,\"alt\":\"\",\"pixels\":1458000,\"type\":\"image/png\"}',NULL,0,NULL,'2022-04-25 17:34:48','2023-02-13 07:56:39',6,NULL,NULL,NULL,NULL,0,NULL,2,'2022-04-25 05:26:10','2022-04-25 05:26:10'),(32,'https://mentorlystes.com/affiliation/wp-content/uploads/sites/6/2022/04/38B0C93D-2D51-4FA8-825B-758E21E17563.png','107:51311af3c63798ad3eebdb504a8f6c65',83,'post','attachment',1,39,NULL,NULL,'38B0C93D-2D51-4FA8-825B-758E21E17563.png','inherit',NULL,0,NULL,NULL,NULL,NULL,NULL,0,0,NULL,0,NULL,NULL,NULL,NULL,'https://mentorlystes.com/affiliation/wp-content/uploads/sites/6/2022/04/38B0C93D-2D51-4FA8-825B-758E21E17563.png',NULL,'83','attachment-image',NULL,NULL,'https://mentorlystes.com/affiliation/wp-content/uploads/sites/6/2022/04/38B0C93D-2D51-4FA8-825B-758E21E17563.png','83','attachment-image','{\"width\":1080,\"height\":1350,\"url\":\"https://mentorlystes.com/affiliation/wp-content/uploads/sites/6/2022/04/38B0C93D-2D51-4FA8-825B-758E21E17563.png\",\"path\":\"/homepages/32/d908619354/htdocs/mentorlystes/wp-content/uploads/sites/6/2022/04/38B0C93D-2D51-4FA8-825B-758E21E17563.png\",\"size\":\"full\",\"id\":83,\"alt\":\"\",\"pixels\":1458000,\"type\":\"image/png\"}',NULL,0,NULL,'2022-04-25 17:34:48','2023-02-13 07:56:39',6,NULL,NULL,NULL,NULL,0,NULL,2,'2022-04-25 05:24:15','2022-04-25 05:24:15'),(33,'https://mentorlystes.com/affiliation/wp-content/uploads/sites/6/2022/04/08A663E8-1F4C-42E6-8E5F-F79D07F27DC0.png','107:cb748488d6358c4b7c53e445693b328f',84,'post','attachment',1,39,NULL,NULL,'08A663E8-1F4C-42E6-8E5F-F79D07F27DC0.png','inherit',NULL,0,NULL,NULL,NULL,NULL,NULL,0,0,NULL,0,NULL,NULL,NULL,NULL,'https://mentorlystes.com/affiliation/wp-content/uploads/sites/6/2022/04/08A663E8-1F4C-42E6-8E5F-F79D07F27DC0.png',NULL,'84','attachment-image',NULL,NULL,'https://mentorlystes.com/affiliation/wp-content/uploads/sites/6/2022/04/08A663E8-1F4C-42E6-8E5F-F79D07F27DC0.png','84','attachment-image','{\"width\":1080,\"height\":1350,\"url\":\"https://mentorlystes.com/affiliation/wp-content/uploads/sites/6/2022/04/08A663E8-1F4C-42E6-8E5F-F79D07F27DC0.png\",\"path\":\"/homepages/32/d908619354/htdocs/mentorlystes/wp-content/uploads/sites/6/2022/04/08A663E8-1F4C-42E6-8E5F-F79D07F27DC0.png\",\"size\":\"full\",\"id\":84,\"alt\":\"\",\"pixels\":1458000,\"type\":\"image/png\"}',NULL,0,NULL,'2022-04-25 17:34:48','2023-02-13 07:56:39',6,NULL,NULL,NULL,NULL,0,NULL,2,'2022-04-25 05:24:17','2022-04-25 05:24:17'),(34,'https://mentorlystes.com/affiliation/candidature/','44:b23f9f503741c268fe0a3f1175dca846',226,'post','page',1,0,NULL,NULL,'Candidature','publish',NULL,0,NULL,NULL,NULL,NULL,NULL,30,0,NULL,0,NULL,NULL,NULL,NULL,'http://lynkbio.fr/vali/wp-content/uploads/2021/04/business-coach-digital-marketer-female-owners-creatives-natania-029.jpeg',NULL,NULL,'first-content-image',NULL,NULL,'http://lynkbio.fr/vali/wp-content/uploads/2021/04/business-coach-digital-marketer-female-owners-creatives-natania-029.jpeg',NULL,'first-content-image',NULL,0,NULL,NULL,'2022-04-25 17:34:49','2023-02-13 07:56:38',6,NULL,NULL,NULL,NULL,0,NULL,2,'2022-01-14 11:14:07','2022-01-14 11:14:07'),(35,'https://mentorlystes.com/affiliation/mention-legales/','48:094e9a8dbf89bf71be82804179c181b9',227,'post','page',1,0,NULL,NULL,'Mention légales','publish',NULL,0,NULL,NULL,NULL,NULL,NULL,90,0,NULL,0,NULL,NULL,NULL,NULL,NULL,NULL,NULL,NULL,NULL,NULL,NULL,NULL,NULL,NULL,0,NULL,NULL,'2022-04-25 17:34:50','2023-02-13 07:56:38',6,NULL,NULL,NULL,NULL,0,NULL,2,'2022-01-14 11:22:05','2022-01-14 11:22:05'),(36,'https://mentorlystes.com/affiliation/conditions-generales-de-vente/','62:70c6d2286843505f3a69acc347fd3ed4',228,'post','page',1,0,NULL,NULL,'Conditions générales de vente','publish',NULL,0,NULL,NULL,NULL,NULL,NULL,30,0,NULL,0,NULL,NULL,NULL,NULL,NULL,NULL,NULL,NULL,NULL,NULL,NULL,NULL,NULL,NULL,0,NULL,NULL,'2022-04-25 17:34:51','2023-02-13 07:56:38',6,NULL,NULL,NULL,NULL,0,NULL,2,'2022-01-14 11:23:26','2022-01-14 11:23:26'),(37,'https://mentorlystes.com/affiliation/livraison-et-expedition/','56:fad8f2c5c783c547c23b36f577c99b08',229,'post','page',1,0,NULL,NULL,'Livraison et expédition','publish',NULL,0,NULL,NULL,NULL,NULL,NULL,0,0,NULL,0,NULL,NULL,NULL,NULL,NULL,NULL,NULL,NULL,NULL,NULL,NULL,NULL,NULL,NULL,0,NULL,NULL,'2022-04-25 17:34:52','2023-02-13 07:56:38',6,NULL,NULL,NULL,NULL,0,NULL,2,'2022-01-14 11:23:42','2022-01-14 11:23:42'),(38,'https://mentorlystes.com/affiliation/listedesouhaits/','48:e42b46f73570730a5cd9fee4b02a6439',10,'post','page',1,0,NULL,NULL,'Liste de souhaits','publish',NULL,0,NULL,NULL,NULL,NULL,NULL,0,0,NULL,0,NULL,NULL,NULL,NULL,NULL,NULL,NULL,NULL,NULL,NULL,NULL,NULL,NULL,NULL,NULL,NULL,NULL,'2022-04-25 17:34:52','2023-02-13 07:56:38',6,NULL,NULL,NULL,NULL,0,NULL,2,'2022-04-24 20:36:08','2022-04-24 20:36:08'),(39,'https://mentorlystes.com/affiliation/mon-compte/','43:bcad21d7ba08ddaffbf8c740b9e9935c',8,'post','page',1,0,NULL,NULL,'Mon compte','publish',NULL,0,NULL,NULL,NULL,NULL,NULL,0,0,NULL,0,NULL,NULL,NULL,NULL,NULL,NULL,NULL,NULL,NULL,NULL,NULL,NULL,NULL,NULL,NULL,NULL,NULL,'2022-04-25 17:34:52','2023-02-13 07:56:38',6,NULL,NULL,NULL,NULL,0,NULL,2,'2022-04-24 20:35:39','2022-04-24 20:35:39'),(41,'https://mentorlystes.com/affiliation/panier/','39:8365d64cf1d9280cdb16fafc997d36c2',6,'post','page',1,0,NULL,NULL,'Panier','publish',NULL,0,NULL,NULL,NULL,NULL,NULL,0,0,NULL,0,NULL,NULL,NULL,NULL,NULL,NULL,NULL,NULL,NULL,NULL,NULL,NULL,NULL,NULL,NULL,NULL,NULL,'2022-04-25 17:34:52','2023-02-13 07:56:38',6,NULL,NULL,NULL,NULL,0,NULL,2,'2022-04-24 20:35:39','2022-04-24 20:35:39'),(43,'https://mentorlystes.com/affiliation/commander/','42:e05d223b28bca232fbbf5a5fb83e2392',7,'post','page',1,0,NULL,NULL,'Validation de la commande','publish',NULL,0,NULL,NULL,NULL,NULL,NULL,0,0,NULL,0,NULL,NULL,NULL,NULL,NULL,NULL,NULL,NULL,NULL,NULL,NULL,NULL,NULL,NULL,NULL,NULL,NULL,'2022-04-25 17:34:53','2023-02-13 07:56:38',6,NULL,NULL,NULL,NULL,0,NULL,2,'2022-04-24 20:35:39','2022-04-24 20:35:39'),(44,'https://mentorlystes.com/affiliation/delais-de-livraison/','52:27593c5c4c220fa31e693dbbc51489b6',230,'post','page',1,0,NULL,NULL,'Délais de livraison','publish',NULL,0,NULL,NULL,NULL,NULL,NULL,60,0,NULL,0,NULL,NULL,NULL,NULL,NULL,NULL,NULL,NULL,NULL,NULL,NULL,NULL,NULL,NULL,0,NULL,NULL,'2022-04-25 17:34:53','2023-02-13 07:56:38',6,NULL,NULL,NULL,NULL,0,2,2,'2022-01-14 11:24:38','2022-01-14 11:24:38'),(45,'https://mentorlystes.com/affiliation/?page_id=231','44:63aa37e6c8754117782975eb6daad1a4',231,'post','page',1,0,NULL,NULL,'Shop','draft',0,0,NULL,NULL,NULL,NULL,NULL,0,0,NULL,0,NULL,NULL,NULL,NULL,NULL,NULL,NULL,NULL,NULL,NULL,NULL,NULL,NULL,NULL,NULL,NULL,NULL,'2022-04-25 17:34:54','2023-02-13 07:56:38',6,NULL,NULL,NULL,NULL,0,NULL,2,'0000-00-00 00:00:00','0000-00-00 00:00:00'),(46,'https://mentorlystes.com/affiliation/contact/','40:ad8e3fab807741d982d31e74cd14f55f',931,'post','page',1,0,NULL,NULL,'Contact','publish',NULL,0,NULL,NULL,NULL,NULL,NULL,90,0,NULL,0,NULL,NULL,NULL,NULL,NULL,NULL,NULL,NULL,NULL,NULL,NULL,NULL,NULL,NULL,0,NULL,NULL,'2022-04-25 17:34:54','2023-02-13 07:56:38',6,NULL,NULL,NULL,NULL,0,1,2,'2022-01-16 15:46:35','2022-01-16 15:46:35'),(47,'https://mentorlystes.com/affiliation/conciergerie/','45:88c35603401ef7dc165568a8a9c5da23',21490,'post','page',1,0,NULL,NULL,'Conciergerie','publish',NULL,0,NULL,NULL,NULL,NULL,NULL,60,0,NULL,0,NULL,NULL,NULL,NULL,NULL,NULL,NULL,NULL,NULL,NULL,NULL,NULL,NULL,NULL,0,NULL,NULL,'2022-04-25 17:34:55','2023-02-13 07:56:38',6,NULL,NULL,NULL,NULL,0,NULL,2,'2022-01-17 20:55:56','2022-01-17 20:55:56'),(48,'https://mentorlystes.com/affiliation/suivre-ma-commande/','51:43616d7004ea892d192a3756ee2699e7',21494,'post','page',1,0,NULL,NULL,'Suivre ma commande','publish',NULL,0,NULL,NULL,NULL,NULL,NULL,0,0,NULL,0,NULL,NULL,NULL,NULL,NULL,NULL,NULL,NULL,NULL,NULL,NULL,NULL,NULL,NULL,0,NULL,NULL,'2022-04-25 17:34:56','2023-02-13 07:56:38',6,NULL,NULL,NULL,NULL,0,NULL,2,'2022-01-17 23:05:50','2022-01-17 23:05:50'),(49,'https://mentorlystes.com/affiliation/retour-et-remboursement/','56:93403c9a10faac4ca64e1e72a2ab64e3',21608,'post','page',1,0,NULL,NULL,'Retour et remboursement','publish',NULL,0,NULL,NULL,NULL,NULL,NULL,60,0,NULL,0,NULL,NULL,NULL,NULL,NULL,NULL,NULL,NULL,NULL,NULL,NULL,NULL,NULL,NULL,0,NULL,NULL,'2022-04-25 17:34:56','2023-02-13 07:56:38',6,NULL,NULL,NULL,NULL,0,3,2,'2022-01-31 16:21:53','2022-01-31 16:21:53'),(50,'https://mentorlystes.com/affiliation/mentorlystes-concept-store/','56:aa9c2f5730c16c7581d5e8ab8e4ffd2b',23154,'post','page',1,0,NULL,NULL,'mentorlystes Concept store','publish',NULL,0,NULL,NULL,NULL,NULL,NULL,90,0,NULL,0,NULL,NULL,NULL,NULL,'https://mentorlystes.store/wp-content/uploads/2022/03/3976-nerd-chair-concept-image-203305093330-1.webp',NULL,NULL,'first-content-image',NULL,NULL,'https://mentorlystes.store/wp-content/uploads/2022/03/3976-nerd-chair-concept-image-203305093330-1.webp',NULL,'first-content-image',NULL,34,NULL,NULL,'2022-04-25 17:34:57','2023-02-13 07:56:38',6,NULL,NULL,NULL,NULL,0,3,2,'2022-03-18 08:40:07','2022-03-18 08:40:07'),(51,'https://mentorlystes.com/affiliation/produit/karl-lagerfeld-pantalon-a-effet-verni/','78:107cb924636513281fdecf824d8baf00',131,'post','product',1,0,NULL,NULL,'KARL LAGERFELD pantalon à effet verni','publish',NULL,0,NULL,NULL,NULL,NULL,NULL,60,0,NULL,0,NULL,NULL,NULL,NULL,'https://mentorlystes.com/affiliation/wp-content/uploads/sites/6/2022/04/B522DC90-FF53-4314-B77F-572B4E94DAD4.png',NULL,'158','featured-image',NULL,NULL,'https://mentorlystes.com/affiliation/wp-content/uploads/sites/6/2022/04/B522DC90-FF53-4314-B77F-572B4E94DAD4.png','158','featured-image','{\"width\":1080,\"height\":1350,\"url\":\"https://mentorlystes.com/affiliation/wp-content/uploads/sites/6/2022/04/B522DC90-FF53-4314-B77F-572B4E94DAD4.png\",\"path\":\"/homepages/32/d908619354/htdocs/mentorlystes/wp-content/uploads/sites/6/2022/04/B522DC90-FF53-4314-B77F-572B4E94DAD4.png\",\"size\":\"full\",\"id\":158,\"alt\":\"\",\"pixels\":1458000,\"type\":\"image/png\"}',0,4,NULL,'2022-04-25 17:34:58','2023-02-13 07:56:39',6,NULL,NULL,NULL,NULL,0,NULL,2,'2022-04-25 21:24:57','2022-04-25 05:26:35'),(52,'https://mentorlystes.com/affiliation/produit/nike-dunk-low-black-and-white/','70:b3fda46b2b13b4a311a55707c874f97e',129,'post','product',1,0,NULL,NULL,'NIKE Dunk low black and white','publish',NULL,0,NULL,NULL,NULL,NULL,NULL,0,0,NULL,0,NULL,NULL,NULL,NULL,'https://mentorlystes.com/affiliation/wp-content/uploads/sites/6/2022/04/A2373703-CBD3-4AFF-BF53-7984D0EC0B60.png',NULL,'157','featured-image',NULL,NULL,'https://mentorlystes.com/affiliation/wp-content/uploads/sites/6/2022/04/A2373703-CBD3-4AFF-BF53-7984D0EC0B60.png','157','featured-image','{\"width\":1080,\"height\":1350,\"url\":\"https://mentorlystes.com/affiliation/wp-content/uploads/sites/6/2022/04/A2373703-CBD3-4AFF-BF53-7984D0EC0B60.png\",\"path\":\"/homepages/32/d908619354/htdocs/mentorlystes/wp-content/uploads/sites/6/2022/04/A2373703-CBD3-4AFF-BF53-7984D0EC0B60.png\",\"size\":\"full\",\"id\":157,\"alt\":\"\",\"pixels\":1458000,\"type\":\"image/png\"}',NULL,6,NULL,'2022-04-25 17:34:58','2023-02-13 07:56:39',6,NULL,NULL,NULL,NULL,0,NULL,2,'2022-04-25 05:28:11','2022-04-25 05:26:33'),(53,'https://mentorlystes.com/affiliation/produit/lemaire-veste-droite-boxy/','66:4e01f7ebe3b19f8cd64af80a77b7664a',113,'post','product',1,0,NULL,NULL,'LEMAIRE Veste droite Boxy','publish',NULL,0,NULL,NULL,NULL,NULL,NULL,0,0,NULL,0,NULL,NULL,NULL,NULL,'https://mentorlystes.com/affiliation/wp-content/uploads/sites/6/2022/04/4757AC78-9E5A-432D-ABEE-605BC8451135.png',NULL,'147','featured-image',NULL,NULL,'https://mentorlystes.com/affiliation/wp-content/uploads/sites/6/2022/04/4757AC78-9E5A-432D-ABEE-605BC8451135.png','147','featured-image','{\"width\":1080,\"height\":1350,\"url\":\"https://mentorlystes.com/affiliation/wp-content/uploads/sites/6/2022/04/4757AC78-9E5A-432D-ABEE-605BC8451135.png\",\"path\":\"/homepages/32/d908619354/htdocs/mentorlystes/wp-content/uploads/sites/6/2022/04/4757AC78-9E5A-432D-ABEE-605BC8451135.png\",\"size\":\"full\",\"id\":147,\"alt\":\"\",\"pixels\":1458000,\"type\":\"image/png\"}',NULL,6,NULL,'2022-04-25 17:34:58','2023-02-13 07:56:39',6,NULL,NULL,NULL,NULL,0,NULL,2,'2022-04-25 05:27:54','2022-04-25 05:25:51'),(56,'https://mentorlystes.com/affiliation/produit/celine-sneakers-ct-02/','62:2a8450f52c22e07357e652f105b5e08d',78,'post','product',1,0,NULL,NULL,'CÉLINE Sneakers CT-02','publish',NULL,0,NULL,NULL,NULL,NULL,NULL,0,0,NULL,0,NULL,NULL,NULL,NULL,'https://mentorlystes.com/affiliation/wp-content/uploads/sites/6/2022/04/67583651-AD15-4C44-85EE-535653C30715.png',NULL,'132','featured-image',NULL,NULL,'https://mentorlystes.com/affiliation/wp-content/uploads/sites/6/2022/04/67583651-AD15-4C44-85EE-535653C30715.png','132','featured-image','{\"width\":1080,\"height\":1350,\"url\":\"https://mentorlystes.com/affiliation/wp-content/uploads/sites/6/2022/04/67583651-AD15-4C44-85EE-535653C30715.png\",\"path\":\"/homepages/32/d908619354/htdocs/mentorlystes/wp-content/uploads/sites/6/2022/04/67583651-AD15-4C44-85EE-535653C30715.png\",\"size\":\"full\",\"id\":132,\"alt\":\"\",\"pixels\":1458000,\"type\":\"image/png\"}',NULL,3,NULL,'2022-04-25 17:34:58','2023-02-13 07:56:39',6,NULL,NULL,NULL,NULL,0,NULL,2,'2022-04-25 05:27:02','2022-04-25 05:24:02'),(58,'https://mentorlystes.com/affiliation/produit/anine-bing-evan-sweatshirt/','67:ab7432459d5de6f930e44c473f240a8d',80,'post','product',1,0,NULL,NULL,'ANINE BING Evan Sweatshirt','publish',NULL,0,NULL,NULL,NULL,NULL,NULL,0,0,NULL,0,NULL,NULL,NULL,NULL,'https://mentorlystes.com/affiliation/wp-content/uploads/sites/6/2022/04/B24E4349-A366-44E1-9221-222494AA2D08.png',NULL,'134','featured-image',NULL,NULL,'https://mentorlystes.com/affiliation/wp-content/uploads/sites/6/2022/04/B24E4349-A366-44E1-9221-222494AA2D08.png','134','featured-image','{\"width\":1080,\"height\":1350,\"url\":\"https://mentorlystes.com/affiliation/wp-content/uploads/sites/6/2022/04/B24E4349-A366-44E1-9221-222494AA2D08.png\",\"path\":\"/homepages/32/d908619354/htdocs/mentorlystes/wp-content/uploads/sites/6/2022/04/B24E4349-A366-44E1-9221-222494AA2D08.png\",\"size\":\"full\",\"id\":134,\"alt\":\"\",\"pixels\":1458000,\"type\":\"image/png\"}',NULL,3,NULL,'2022-04-25 17:34:58','2023-02-13 07:56:39',6,NULL,NULL,NULL,NULL,0,NULL,2,'2022-04-25 05:27:03','2022-04-25 05:24:06'),(59,'https://mentorlystes.com/affiliation/wp-content/uploads/sites/6/2022/04/B522DC90-FF53-4314-B77F-572B4E94DAD4.png','107:820b92465cfe85d086a36155b27247a9',158,'post','attachment',1,131,NULL,NULL,'B522DC90-FF53-4314-B77F-572B4E94DAD4.png','inherit',NULL,0,NULL,NULL,NULL,NULL,NULL,0,0,NULL,0,NULL,NULL,NULL,NULL,'https://mentorlystes.com/affiliation/wp-content/uploads/sites/6/2022/04/B522DC90-FF53-4314-B77F-572B4E94DAD4.png',NULL,'158','attachment-image',NULL,NULL,'https://mentorlystes.com/affiliation/wp-content/uploads/sites/6/2022/04/B522DC90-FF53-4314-B77F-572B4E94DAD4.png','158','attachment-image','{\"width\":1080,\"height\":1350,\"url\":\"https://mentorlystes.com/affiliation/wp-content/uploads/sites/6/2022/04/B522DC90-FF53-4314-B77F-572B4E94DAD4.png\",\"path\":\"/homepages/32/d908619354/htdocs/mentorlystes/wp-content/uploads/sites/6/2022/04/B522DC90-FF53-4314-B77F-572B4E94DAD4.png\",\"size\":\"full\",\"id\":158,\"alt\":\"\",\"pixels\":1458000,\"type\":\"image/png\"}',NULL,2,NULL,'2022-04-25 17:34:58','2023-02-13 07:56:39',6,NULL,NULL,NULL,NULL,0,NULL,2,'2022-04-25 05:28:06','2022-04-25 05:28:06'),(60,'https://mentorlystes.com/affiliation/wp-content/uploads/sites/6/2022/04/DE01BD61-66C2-4CEC-B0ED-374DB4ECF1D5.png','107:33065f346eab4cee940dddda9abfa2a5',159,'post','attachment',1,131,NULL,NULL,'DE01BD61-66C2-4CEC-B0ED-374DB4ECF1D5.png','inherit',NULL,0,NULL,NULL,NULL,NULL,NULL,0,0,NULL,0,NULL,NULL,NULL,NULL,'https://mentorlystes.com/affiliation/wp-content/uploads/sites/6/2022/04/DE01BD61-66C2-4CEC-B0ED-374DB4ECF1D5.png',NULL,'159','attachment-image',NULL,NULL,'https://mentorlystes.com/affiliation/wp-content/uploads/sites/6/2022/04/DE01BD61-66C2-4CEC-B0ED-374DB4ECF1D5.png','159','attachment-image','{\"width\":1080,\"height\":1350,\"url\":\"https://mentorlystes.com/affiliation/wp-content/uploads/sites/6/2022/04/DE01BD61-66C2-4CEC-B0ED-374DB4ECF1D5.png\",\"path\":\"/homepages/32/d908619354/htdocs/mentorlystes/wp-content/uploads/sites/6/2022/04/DE01BD61-66C2-4CEC-B0ED-374DB4ECF1D5.png\",\"size\":\"full\",\"id\":159,\"alt\":\"\",\"pixels\":1458000,\"type\":\"image/png\"}',NULL,2,NULL,'2022-04-25 17:34:58','2023-02-13 07:56:39',6,NULL,NULL,NULL,NULL,0,NULL,2,'2022-04-25 05:28:08','2022-04-25 05:28:08'),(61,'https://mentorlystes.com/affiliation/wp-content/uploads/sites/6/2022/04/A2373703-CBD3-4AFF-BF53-7984D0EC0B60.png','107:6e4021f70357067f645aeb56d496dc3a',157,'post','attachment',1,129,NULL,NULL,'A2373703-CBD3-4AFF-BF53-7984D0EC0B60.png','inherit',NULL,0,NULL,NULL,NULL,NULL,NULL,0,0,NULL,0,NULL,NULL,NULL,NULL,'https://mentorlystes.com/affiliation/wp-content/uploads/sites/6/2022/04/A2373703-CBD3-4AFF-BF53-7984D0EC0B60.png',NULL,'157','attachment-image',NULL,NULL,'https://mentorlystes.com/affiliation/wp-content/uploads/sites/6/2022/04/A2373703-CBD3-4AFF-BF53-7984D0EC0B60.png','157','attachment-image','{\"width\":1080,\"height\":1350,\"url\":\"https://mentorlystes.com/affiliation/wp-content/uploads/sites/6/2022/04/A2373703-CBD3-4AFF-BF53-7984D0EC0B60.png\",\"path\":\"/homepages/32/d908619354/htdocs/mentorlystes/wp-content/uploads/sites/6/2022/04/A2373703-CBD3-4AFF-BF53-7984D0EC0B60.png\",\"size\":\"full\",\"id\":157,\"alt\":\"\",\"pixels\":1458000,\"type\":\"image/png\"}',NULL,2,NULL,'2022-04-25 17:34:58','2023-02-13 07:56:39',6,NULL,NULL,NULL,NULL,0,NULL,2,'2022-04-25 05:28:03','2022-04-25 05:28:03'),(62,'https://mentorlystes.com/affiliation/wp-content/uploads/sites/6/2022/04/4757AC78-9E5A-432D-ABEE-605BC8451135.png','107:c50eb7d2d38ebc4d6e5c186fb444357d',147,'post','attachment',1,113,NULL,NULL,'4757AC78-9E5A-432D-ABEE-605BC8451135.png','inherit',NULL,0,NULL,NULL,NULL,NULL,NULL,0,0,NULL,0,NULL,NULL,NULL,NULL,'https://mentorlystes.com/affiliation/wp-content/uploads/sites/6/2022/04/4757AC78-9E5A-432D-ABEE-605BC8451135.png',NULL,'147','attachment-image',NULL,NULL,'https://mentorlystes.com/affiliation/wp-content/uploads/sites/6/2022/04/4757AC78-9E5A-432D-ABEE-605BC8451135.png','147','attachment-image','{\"width\":1080,\"height\":1350,\"url\":\"https://mentorlystes.com/affiliation/wp-content/uploads/sites/6/2022/04/4757AC78-9E5A-432D-ABEE-605BC8451135.png\",\"path\":\"/homepages/32/d908619354/htdocs/mentorlystes/wp-content/uploads/sites/6/2022/04/4757AC78-9E5A-432D-ABEE-605BC8451135.png\",\"size\":\"full\",\"id\":147,\"alt\":\"\",\"pixels\":1458000,\"type\":\"image/png\"}',NULL,2,NULL,'2022-04-25 17:34:58','2023-02-13 07:56:39',6,NULL,NULL,NULL,NULL,0,NULL,2,'2022-04-25 05:27:24','2022-04-25 05:27:24'),(63,'https://mentorlystes.com/affiliation/wp-content/uploads/sites/6/2022/04/278AB1B6-AEEE-4133-BF81-51A6518361A8.png','107:0fe06b72628257ac992e0df5c7554c4a',148,'post','attachment',1,113,NULL,NULL,'278AB1B6-AEEE-4133-BF81-51A6518361A8.png','inherit',NULL,0,NULL,NULL,NULL,NULL,NULL,0,0,NULL,0,NULL,NULL,NULL,NULL,'https://mentorlystes.com/affiliation/wp-content/uploads/sites/6/2022/04/278AB1B6-AEEE-4133-BF81-51A6518361A8.png',NULL,'148','attachment-image',NULL,NULL,'https://mentorlystes.com/affiliation/wp-content/uploads/sites/6/2022/04/278AB1B6-AEEE-4133-BF81-51A6518361A8.png','148','attachment-image','{\"width\":1080,\"height\":1350,\"url\":\"https://mentorlystes.com/affiliation/wp-content/uploads/sites/6/2022/04/278AB1B6-AEEE-4133-BF81-51A6518361A8.png\",\"path\":\"/homepages/32/d908619354/htdocs/mentorlystes/wp-content/uploads/sites/6/2022/04/278AB1B6-AEEE-4133-BF81-51A6518361A8.png\",\"size\":\"full\",\"id\":148,\"alt\":\"\",\"pixels\":1458000,\"type\":\"image/png\"}',NULL,2,NULL,'2022-04-25 17:34:58','2023-02-13 07:56:39',6,NULL,NULL,NULL,NULL,0,NULL,2,'2022-04-25 05:27:26','2022-04-25 05:27:26'),(64,'https://mentorlystes.com/affiliation/wp-content/uploads/sites/6/2022/04/75C0F4D1-4161-4438-A08C-7DBD0A514C3C.png','107:578a518ede818c2a68d6bdd59f34a587',145,'post','attachment',1,111,NULL,NULL,'75C0F4D1-4161-4438-A08C-7DBD0A514C3C.png','inherit',NULL,0,0,NULL,NULL,NULL,NULL,0,0,NULL,0,NULL,NULL,NULL,NULL,'https://mentorlystes.com/affiliation/wp-content/uploads/sites/6/2022/04/75C0F4D1-4161-4438-A08C-7DBD0A514C3C.png',NULL,'145','attachment-image',NULL,NULL,'https://mentorlystes.com/affiliation/wp-content/uploads/sites/6/2022/04/75C0F4D1-4161-4438-A08C-7DBD0A514C3C.png','145','attachment-image','{\"width\":1080,\"height\":1350,\"url\":\"https://mentorlystes.com/affiliation/wp-content/uploads/sites/6/2022/04/75C0F4D1-4161-4438-A08C-7DBD0A514C3C.png\",\"path\":\"/homepages/32/d908619354/htdocs/mentorlystes/wp-content/uploads/sites/6/2022/04/75C0F4D1-4161-4438-A08C-7DBD0A514C3C.png\",\"size\":\"full\",\"id\":145,\"alt\":\"\",\"pixels\":1458000,\"type\":\"image/png\"}',NULL,3,NULL,'2022-04-25 17:34:59','2023-02-13 07:56:39',6,NULL,NULL,NULL,NULL,0,NULL,2,'2022-04-25 05:27:18','2022-04-25 05:27:18'),(65,'https://mentorlystes.com/affiliation/wp-content/uploads/sites/6/2022/04/9A01DC9E-2A37-4D97-8B90-A4B5905F02CF.png','107:9c18955b0cd2d43461cca7fa70ecada8',146,'post','attachment',1,111,NULL,NULL,'9A01DC9E-2A37-4D97-8B90-A4B5905F02CF.png','inherit',NULL,0,0,NULL,NULL,NULL,NULL,0,0,NULL,0,NULL,NULL,NULL,NULL,'https://mentorlystes.com/affiliation/wp-content/uploads/sites/6/2022/04/9A01DC9E-2A37-4D97-8B90-A4B5905F02CF.png',NULL,'146','attachment-image',NULL,NULL,NULL,'146','attachment-image',NULL,NULL,3,NULL,'2022-04-25 17:34:59','2023-02-13 07:56:38',6,NULL,NULL,NULL,NULL,0,NULL,2,'2022-04-25 05:27:20','2022-04-25 05:27:20'),(66,'https://mentorlystes.com/affiliation/wp-content/uploads/sites/6/2022/04/151B29C4-7F9F-4E18-930C-36FA763E15F5.png','107:e2944a891bc309f1a1d814f0b385548b',155,'post','attachment',1,127,NULL,NULL,'151B29C4-7F9F-4E18-930C-36FA763E15F5.png','inherit',NULL,0,0,NULL,NULL,NULL,NULL,0,0,NULL,0,NULL,NULL,NULL,NULL,'https://mentorlystes.com/affiliation/wp-content/uploads/sites/6/2022/04/151B29C4-7F9F-4E18-930C-36FA763E15F5.png',NULL,'155','attachment-image',NULL,NULL,'https://mentorlystes.com/affiliation/wp-content/uploads/sites/6/2022/04/151B29C4-7F9F-4E18-930C-36FA763E15F5.png','155','attachment-image','{\"width\":1080,\"height\":1350,\"url\":\"https://mentorlystes.com/affiliation/wp-content/uploads/sites/6/2022/04/151B29C4-7F9F-4E18-930C-36FA763E15F5.png\",\"path\":\"/homepages/32/d908619354/htdocs/mentorlystes/wp-content/uploads/sites/6/2022/04/151B29C4-7F9F-4E18-930C-36FA763E15F5.png\",\"size\":\"full\",\"id\":155,\"alt\":\"\",\"pixels\":1458000,\"type\":\"image/png\"}',NULL,1,NULL,'2022-04-25 17:34:59','2023-02-13 07:56:39',6,NULL,NULL,NULL,NULL,0,NULL,2,'2022-04-25 05:27:57','2022-04-25 05:27:57'),(67,'https://mentorlystes.com/affiliation/wp-content/uploads/sites/6/2022/04/E4E86CD8-70D3-4C13-B2D4-4A99BF267612.png','107:3638e4e8e9ca9154b62bc80da8087031',156,'post','attachment',1,127,NULL,NULL,'E4E86CD8-70D3-4C13-B2D4-4A99BF267612.png','inherit',NULL,0,0,NULL,NULL,NULL,NULL,0,0,NULL,0,NULL,NULL,NULL,NULL,'https://mentorlystes.com/affiliation/wp-content/uploads/sites/6/2022/04/E4E86CD8-70D3-4C13-B2D4-4A99BF267612.png',NULL,'156','attachment-image',NULL,NULL,'https://mentorlystes.com/affiliation/wp-content/uploads/sites/6/2022/04/E4E86CD8-70D3-4C13-B2D4-4A99BF267612.png','156','attachment-image','{\"width\":1080,\"height\":1350,\"url\":\"https://mentorlystes.com/affiliation/wp-content/uploads/sites/6/2022/04/E4E86CD8-70D3-4C13-B2D4-4A99BF267612.png\",\"path\":\"/homepages/32/d908619354/htdocs/mentorlystes/wp-content/uploads/sites/6/2022/04/E4E86CD8-70D3-4C13-B2D4-4A99BF267612.png\",\"size\":\"full\",\"id\":156,\"alt\":\"\",\"pixels\":1458000,\"type\":\"image/png\"}',NULL,1,NULL,'2022-04-25 17:34:59','2023-02-13 07:56:39',6,NULL,NULL,NULL,NULL,0,NULL,2,'2022-04-25 05:27:59','2022-04-25 05:27:59'),(68,'https://mentorlystes.com/affiliation/wp-content/uploads/sites/6/2022/04/67583651-AD15-4C44-85EE-535653C30715.png','107:47d20fe26d8bbe712349cc577475bc6c',132,'post','attachment',1,78,NULL,NULL,'67583651-AD15-4C44-85EE-535653C30715.png','inherit',NULL,0,NULL,NULL,NULL,NULL,NULL,0,0,NULL,0,NULL,NULL,NULL,NULL,'https://mentorlystes.com/affiliation/wp-content/uploads/sites/6/2022/04/67583651-AD15-4C44-85EE-535653C30715.png',NULL,'132','attachment-image',NULL,NULL,'https://mentorlystes.com/affiliation/wp-content/uploads/sites/6/2022/04/67583651-AD15-4C44-85EE-535653C30715.png','132','attachment-image','{\"width\":1080,\"height\":1350,\"url\":\"https://mentorlystes.com/affiliation/wp-content/uploads/sites/6/2022/04/67583651-AD15-4C44-85EE-535653C30715.png\",\"path\":\"/homepages/32/d908619354/htdocs/mentorlystes/wp-content/uploads/sites/6/2022/04/67583651-AD15-4C44-85EE-535653C30715.png\",\"size\":\"full\",\"id\":132,\"alt\":\"\",\"pixels\":1458000,\"type\":\"image/png\"}',NULL,1,NULL,'2022-04-25 17:34:59','2023-02-13 07:56:39',6,NULL,NULL,NULL,NULL,0,NULL,2,'2022-04-25 05:26:37','2022-04-25 05:26:37'),(69,'https://mentorlystes.com/affiliation/wp-content/uploads/sites/6/2022/04/37D3BD5B-55D7-4C82-8DF4-1D5A3A7980C0.png','107:3b59d38bc4f457038288cbb849c0d13f',133,'post','attachment',1,78,NULL,NULL,'37D3BD5B-55D7-4C82-8DF4-1D5A3A7980C0.png','inherit',NULL,0,NULL,NULL,NULL,NULL,NULL,0,0,NULL,0,NULL,NULL,NULL,NULL,'https://mentorlystes.com/affiliation/wp-content/uploads/sites/6/2022/04/37D3BD5B-55D7-4C82-8DF4-1D5A3A7980C0.png',NULL,'133','attachment-image',NULL,NULL,'https://mentorlystes.com/affiliation/wp-content/uploads/sites/6/2022/04/37D3BD5B-55D7-4C82-8DF4-1D5A3A7980C0.png','133','attachment-image','{\"width\":1080,\"height\":1350,\"url\":\"https://mentorlystes.com/affiliation/wp-content/uploads/sites/6/2022/04/37D3BD5B-55D7-4C82-8DF4-1D5A3A7980C0.png\",\"path\":\"/homepages/32/d908619354/htdocs/mentorlystes/wp-content/uploads/sites/6/2022/04/37D3BD5B-55D7-4C82-8DF4-1D5A3A7980C0.png\",\"size\":\"full\",\"id\":133,\"alt\":\"\",\"pixels\":1458000,\"type\":\"image/png\"}',NULL,1,NULL,'2022-04-25 17:34:59','2023-02-13 07:56:39',6,NULL,NULL,NULL,NULL,0,NULL,2,'2022-04-25 05:26:38','2022-04-25 05:26:38'),(70,'https://mentorlystes.com/affiliation/wp-content/uploads/sites/6/2022/04/1B93B098-967D-493F-9977-56DA45363795.png','107:cfae3daa7ec6636b333ec218c0c2a43b',137,'post','attachment',1,89,NULL,NULL,'1B93B098-967D-493F-9977-56DA45363795.png','inherit',NULL,0,0,NULL,NULL,NULL,NULL,0,0,NULL,0,NULL,NULL,NULL,NULL,'https://mentorlystes.com/affiliation/wp-content/uploads/sites/6/2022/04/1B93B098-967D-493F-9977-56DA45363795.png',NULL,'137','attachment-image',NULL,NULL,'https://mentorlystes.com/affiliation/wp-content/uploads/sites/6/2022/04/1B93B098-967D-493F-9977-56DA45363795.png','137','attachment-image','{\"width\":1080,\"height\":1350,\"url\":\"https://mentorlystes.com/affiliation/wp-content/uploads/sites/6/2022/04/1B93B098-967D-493F-9977-56DA45363795.png\",\"path\":\"/homepages/32/d908619354/htdocs/mentorlystes/wp-content/uploads/sites/6/2022/04/1B93B098-967D-493F-9977-56DA45363795.png\",\"size\":\"full\",\"id\":137,\"alt\":\"\",\"pixels\":1458000,\"type\":\"image/png\"}',NULL,1,NULL,'2022-04-25 17:34:59','2023-02-13 07:56:39',6,NULL,NULL,NULL,NULL,0,NULL,2,'2022-04-25 05:26:50','2022-04-25 05:26:50'),(71,'https://mentorlystes.com/affiliation/wp-content/uploads/sites/6/2022/04/E2B8AE5D-B37F-4D4F-BF64-734AB6B0122F.png','107:4c1f6dd26be1d1d55d6284cbe34b01ac',138,'post','attachment',1,89,NULL,NULL,'E2B8AE5D-B37F-4D4F-BF64-734AB6B0122F.png','inherit',NULL,0,0,NULL,NULL,NULL,NULL,0,0,NULL,0,NULL,NULL,NULL,NULL,'https://mentorlystes.com/affiliation/wp-content/uploads/sites/6/2022/04/E2B8AE5D-B37F-4D4F-BF64-734AB6B0122F.png',NULL,'138','attachment-image',NULL,NULL,'https://mentorlystes.com/affiliation/wp-content/uploads/sites/6/2022/04/E2B8AE5D-B37F-4D4F-BF64-734AB6B0122F.png','138','attachment-image','{\"width\":1080,\"height\":1350,\"url\":\"https://mentorlystes.com/affiliation/wp-content/uploads/sites/6/2022/04/E2B8AE5D-B37F-4D4F-BF64-734AB6B0122F.png\",\"path\":\"/homepages/32/d908619354/htdocs/mentorlystes/wp-content/uploads/sites/6/2022/04/E2B8AE5D-B37F-4D4F-BF64-734AB6B0122F.png\",\"size\":\"full\",\"id\":138,\"alt\":\"\",\"pixels\":1458000,\"type\":\"image/png\"}',NULL,1,NULL,'2022-04-25 17:34:59','2023-02-13 07:56:39',6,NULL,NULL,NULL,NULL,0,NULL,2,'2022-04-25 05:26:52','2022-04-25 05:26:52'),(72,'https://mentorlystes.com/affiliation/wp-content/uploads/sites/6/2022/04/B24E4349-A366-44E1-9221-222494AA2D08.png','107:9bf535443a165a3ef62f398776bed9a1',134,'post','attachment',1,80,NULL,NULL,'B24E4349-A366-44E1-9221-222494AA2D08.png','inherit',NULL,0,NULL,NULL,NULL,NULL,NULL,0,0,NULL,0,NULL,NULL,NULL,NULL,'https://mentorlystes.com/affiliation/wp-content/uploads/sites/6/2022/04/B24E4349-A366-44E1-9221-222494AA2D08.png',NULL,'134','attachment-image',NULL,NULL,'https://mentorlystes.com/affiliation/wp-content/uploads/sites/6/2022/04/B24E4349-A366-44E1-9221-222494AA2D08.png','134','attachment-image','{\"width\":1080,\"height\":1350,\"url\":\"https://mentorlystes.com/affiliation/wp-content/uploads/sites/6/2022/04/B24E4349-A366-44E1-9221-222494AA2D08.png\",\"path\":\"/homepages/32/d908619354/htdocs/mentorlystes/wp-content/uploads/sites/6/2022/04/B24E4349-A366-44E1-9221-222494AA2D08.png\",\"size\":\"full\",\"id\":134,\"alt\":\"\",\"pixels\":1458000,\"type\":\"image/png\"}',NULL,1,NULL,'2022-04-25 17:34:59','2023-02-13 07:56:39',6,NULL,NULL,NULL,NULL,0,NULL,2,'2022-04-25 05:26:42','2022-04-25 05:26:42'),(73,'https://mentorlystes.com/affiliation/wp-content/uploads/sites/6/2022/04/42B4B78F-C9E9-4A42-BF94-FD150552C093.png','107:2c4368afb5c04efeea01cd877f075774',135,'post','attachment',1,80,NULL,NULL,'42B4B78F-C9E9-4A42-BF94-FD150552C093.png','inherit',NULL,0,NULL,NULL,NULL,NULL,NULL,0,0,NULL,0,NULL,NULL,NULL,NULL,'https://mentorlystes.com/affiliation/wp-content/uploads/sites/6/2022/04/42B4B78F-C9E9-4A42-BF94-FD150552C093.png',NULL,'135','attachment-image',NULL,NULL,'https://mentorlystes.com/affiliation/wp-content/uploads/sites/6/2022/04/42B4B78F-C9E9-4A42-BF94-FD150552C093.png','135','attachment-image','{\"width\":1080,\"height\":1350,\"url\":\"https://mentorlystes.com/affiliation/wp-content/uploads/sites/6/2022/04/42B4B78F-C9E9-4A42-BF94-FD150552C093.png\",\"path\":\"/homepages/32/d908619354/htdocs/mentorlystes/wp-content/uploads/sites/6/2022/04/42B4B78F-C9E9-4A42-BF94-FD150552C093.png\",\"size\":\"full\",\"id\":135,\"alt\":\"\",\"pixels\":1458000,\"type\":\"image/png\"}',NULL,1,NULL,'2022-04-25 17:34:59','2023-02-13 07:56:39',6,NULL,NULL,NULL,NULL,0,NULL,2,'2022-04-25 05:26:44','2022-04-25 05:26:44'),(74,'https://mentorlystes.com/affiliation/produit/off-white-baskets-basses-out-of-office/','79:3f40710a72485b8b40bf67099632f3a5',102,'post','product',1,0,NULL,NULL,'OFF WHITE Baskets basses Out Of Office','publish',NULL,0,NULL,NULL,NULL,NULL,NULL,0,0,NULL,0,NULL,NULL,NULL,NULL,'https://mentorlystes.com/affiliation/wp-content/uploads/sites/6/2022/04/C80F179D-388C-488F-A1A1-445622F8984C.png',NULL,'143','featured-image',NULL,NULL,'https://mentorlystes.com/affiliation/wp-content/uploads/sites/6/2022/04/C80F179D-388C-488F-A1A1-445622F8984C.png','143','featured-image','{\"width\":1080,\"height\":1350,\"url\":\"https://mentorlystes.com/affiliation/wp-content/uploads/sites/6/2022/04/C80F179D-388C-488F-A1A1-445622F8984C.png\",\"path\":\"/homepages/32/d908619354/htdocs/mentorlystes/wp-content/uploads/sites/6/2022/04/C80F179D-388C-488F-A1A1-445622F8984C.png\",\"size\":\"full\",\"id\":143,\"alt\":\"\",\"pixels\":1458000,\"type\":\"image/png\"}',NULL,3,NULL,'2022-04-25 17:35:02','2023-02-13 07:56:39',6,NULL,NULL,NULL,NULL,0,NULL,2,'2022-04-25 05:27:31','2022-04-25 05:25:19'),(77,'https://mentorlystes.com/affiliation/wp-content/uploads/sites/6/2022/04/C80F179D-388C-488F-A1A1-445622F8984C.png','107:bca2491271c913959d362ec03dd19605',143,'post','attachment',1,102,NULL,NULL,'C80F179D-388C-488F-A1A1-445622F8984C.png','inherit',NULL,0,NULL,NULL,NULL,NULL,NULL,0,0,NULL,0,NULL,NULL,NULL,NULL,'https://mentorlystes.com/affiliation/wp-content/uploads/sites/6/2022/04/C80F179D-388C-488F-A1A1-445622F8984C.png',NULL,'143','attachment-image',NULL,NULL,'https://mentorlystes.com/affiliation/wp-content/uploads/sites/6/2022/04/C80F179D-388C-488F-A1A1-445622F8984C.png','143','attachment-image','{\"width\":1080,\"height\":1350,\"url\":\"https://mentorlystes.com/affiliation/wp-content/uploads/sites/6/2022/04/C80F179D-388C-488F-A1A1-445622F8984C.png\",\"path\":\"/homepages/32/d908619354/htdocs/mentorlystes/wp-content/uploads/sites/6/2022/04/C80F179D-388C-488F-A1A1-445622F8984C.png\",\"size\":\"full\",\"id\":143,\"alt\":\"\",\"pixels\":1458000,\"type\":\"image/png\"}',NULL,1,NULL,'2022-04-25 17:35:02','2023-02-13 07:56:39',6,NULL,NULL,NULL,NULL,0,NULL,2,'2022-04-25 05:27:13','2022-04-25 05:27:13'),(78,'https://mentorlystes.com/affiliation/wp-content/uploads/sites/6/2022/04/824F70EA-E412-4B78-9226-2E1D6F951D8C.png','107:f16d406e1124a5437e67bacca10f7b43',144,'post','attachment',1,102,NULL,NULL,'824F70EA-E412-4B78-9226-2E1D6F951D8C.png','inherit',NULL,0,NULL,NULL,NULL,NULL,NULL,0,0,NULL,0,NULL,NULL,NULL,NULL,'https://mentorlystes.com/affiliation/wp-content/uploads/sites/6/2022/04/824F70EA-E412-4B78-9226-2E1D6F951D8C.png',NULL,'144','attachment-image',NULL,NULL,'https://mentorlystes.com/affiliation/wp-content/uploads/sites/6/2022/04/824F70EA-E412-4B78-9226-2E1D6F951D8C.png','144','attachment-image','{\"width\":1080,\"height\":1350,\"url\":\"https://mentorlystes.com/affiliation/wp-content/uploads/sites/6/2022/04/824F70EA-E412-4B78-9226-2E1D6F951D8C.png\",\"path\":\"/homepages/32/d908619354/htdocs/mentorlystes/wp-content/uploads/sites/6/2022/04/824F70EA-E412-4B78-9226-2E1D6F951D8C.png\",\"size\":\"full\",\"id\":144,\"alt\":\"\",\"pixels\":1458000,\"type\":\"image/png\"}',NULL,1,NULL,'2022-04-25 17:35:02','2023-02-13 07:56:39',6,NULL,NULL,NULL,NULL,0,NULL,2,'2022-04-25 05:27:14','2022-04-25 05:27:14'),(79,'https://mentorlystes.com/affiliation/wp-content/uploads/sites/6/2022/04/89700B3C-A126-4044-943B-AF294982E852.png','107:779a6c7c28dcbef5536402045256df59',153,'post','attachment',1,125,NULL,NULL,'89700B3C-A126-4044-943B-AF294982E852.png','inherit',NULL,0,0,NULL,NULL,NULL,NULL,0,0,NULL,0,NULL,NULL,NULL,NULL,'https://mentorlystes.com/affiliation/wp-content/uploads/sites/6/2022/04/89700B3C-A126-4044-943B-AF294982E852.png',NULL,'153','attachment-image',NULL,NULL,'https://mentorlystes.com/affiliation/wp-content/uploads/sites/6/2022/04/89700B3C-A126-4044-943B-AF294982E852.png','153','attachment-image','{\"width\":1080,\"height\":1350,\"url\":\"https://mentorlystes.com/affiliation/wp-content/uploads/sites/6/2022/04/89700B3C-A126-4044-943B-AF294982E852.png\",\"path\":\"/homepages/32/d908619354/htdocs/mentorlystes/wp-content/uploads/sites/6/2022/04/89700B3C-A126-4044-943B-AF294982E852.png\",\"size\":\"full\",\"id\":153,\"alt\":\"\",\"pixels\":1458000,\"type\":\"image/png\"}',NULL,1,NULL,'2022-04-25 17:35:02','2023-02-13 07:56:39',6,NULL,NULL,NULL,NULL,0,NULL,2,'2022-04-25 05:27:48','2022-04-25 05:27:48'),(80,'https://mentorlystes.com/affiliation/wp-content/uploads/sites/6/2022/04/956AEB53-DE3B-467F-ACA5-08EC3F49D696.png','107:aa52decb57f518a4ed7503a01779d312',154,'post','attachment',1,125,NULL,NULL,'956AEB53-DE3B-467F-ACA5-08EC3F49D696.png','inherit',NULL,0,0,NULL,NULL,NULL,NULL,0,0,NULL,0,NULL,NULL,NULL,NULL,'https://mentorlystes.com/affiliation/wp-content/uploads/sites/6/2022/04/956AEB53-DE3B-467F-ACA5-08EC3F49D696.png',NULL,'154','attachment-image',NULL,NULL,'https://mentorlystes.com/affiliation/wp-content/uploads/sites/6/2022/04/956AEB53-DE3B-467F-ACA5-08EC3F49D696.png','154','attachment-image','{\"width\":1080,\"height\":1350,\"url\":\"https://mentorlystes.com/affiliation/wp-content/uploads/sites/6/2022/04/956AEB53-DE3B-467F-ACA5-08EC3F49D696.png\",\"path\":\"/homepages/32/d908619354/htdocs/mentorlystes/wp-content/uploads/sites/6/2022/04/956AEB53-DE3B-467F-ACA5-08EC3F49D696.png\",\"size\":\"full\",\"id\":154,\"alt\":\"\",\"pixels\":1458000,\"type\":\"image/png\"}',NULL,1,NULL,'2022-04-25 17:35:02','2023-02-13 07:56:39',6,NULL,NULL,NULL,NULL,0,NULL,2,'2022-04-25 05:27:50','2022-04-25 05:27:50'),(81,'https://mentorlystes.com/affiliation/wp-content/uploads/sites/6/2022/04/86C60ECD-24CB-4908-920F-089814F1CE76.png','107:cbe1229ecc7af98f27f29c84718489c7',149,'post','attachment',1,115,NULL,NULL,'86C60ECD-24CB-4908-920F-089814F1CE76.png','inherit',NULL,0,0,NULL,NULL,NULL,NULL,0,0,NULL,0,NULL,NULL,NULL,NULL,'https://mentorlystes.com/affiliation/wp-content/uploads/sites/6/2022/04/86C60ECD-24CB-4908-920F-089814F1CE76.png',NULL,'149','attachment-image',NULL,NULL,'https://mentorlystes.com/affiliation/wp-content/uploads/sites/6/2022/04/86C60ECD-24CB-4908-920F-089814F1CE76.png','149','attachment-image','{\"width\":1080,\"height\":1350,\"url\":\"https://mentorlystes.com/affiliation/wp-content/uploads/sites/6/2022/04/86C60ECD-24CB-4908-920F-089814F1CE76.png\",\"path\":\"/homepages/32/d908619354/htdocs/mentorlystes/wp-content/uploads/sites/6/2022/04/86C60ECD-24CB-4908-920F-089814F1CE76.png\",\"size\":\"full\",\"id\":149,\"alt\":\"\",\"pixels\":1458000,\"type\":\"image/png\"}',NULL,1,NULL,'2022-04-25 17:35:02','2023-02-13 07:56:39',6,NULL,NULL,NULL,NULL,0,NULL,2,'2022-04-25 05:27:36','2022-04-25 05:27:36'),(82,'https://mentorlystes.com/affiliation/wp-content/uploads/sites/6/2022/04/64379784-C142-4A61-AC72-5AD0CAFBFD9A.png','107:c8c06116213cd9aa0526c11ba4aac763',150,'post','attachment',1,115,NULL,NULL,'64379784-C142-4A61-AC72-5AD0CAFBFD9A.png','inherit',NULL,0,0,NULL,NULL,NULL,NULL,0,0,NULL,0,NULL,NULL,NULL,NULL,'https://mentorlystes.com/affiliation/wp-content/uploads/sites/6/2022/04/64379784-C142-4A61-AC72-5AD0CAFBFD9A.png',NULL,'150','attachment-image',NULL,NULL,'https://mentorlystes.com/affiliation/wp-content/uploads/sites/6/2022/04/64379784-C142-4A61-AC72-5AD0CAFBFD9A.png','150','attachment-image','{\"width\":1080,\"height\":1350,\"url\":\"https://mentorlystes.com/affiliation/wp-content/uploads/sites/6/2022/04/64379784-C142-4A61-AC72-5AD0CAFBFD9A.png\",\"path\":\"/homepages/32/d908619354/htdocs/mentorlystes/wp-content/uploads/sites/6/2022/04/64379784-C142-4A61-AC72-5AD0CAFBFD9A.png\",\"size\":\"full\",\"id\":150,\"alt\":\"\",\"pixels\":1458000,\"type\":\"image/png\"}',NULL,1,NULL,'2022-04-25 17:35:02','2023-02-13 07:56:39',6,NULL,NULL,NULL,NULL,0,NULL,2,'2022-04-25 05:27:38','2022-04-25 05:27:38'),(83,'https://mentorlystes.com/affiliation/2022/04/25/a-propos/','52:009b3e7bbd9c727dedd17c7e49dc2def',23162,'post','nav_menu_item',1,0,NULL,NULL,'À propos','publish',NULL,0,NULL,NULL,NULL,NULL,NULL,0,0,NULL,0,NULL,NULL,NULL,NULL,NULL,NULL,NULL,NULL,NULL,NULL,NULL,NULL,NULL,NULL,0,NULL,NULL,'2022-04-25 17:39:41','2023-02-13 07:56:38',6,NULL,NULL,NULL,NULL,0,NULL,2,'2022-04-25 17:40:31','2022-04-25 17:40:31'),(84,'https://mentorlystes.com/affiliation/2022/04/25/mag/','47:1e7dc9655d09a62b8fe2f7ee0230f830',23163,'post','nav_menu_item',1,0,NULL,NULL,'Mag','publish',NULL,0,NULL,NULL,NULL,NULL,NULL,0,0,NULL,0,NULL,NULL,NULL,NULL,NULL,NULL,NULL,NULL,NULL,NULL,NULL,NULL,NULL,NULL,0,NULL,NULL,'2022-04-25 17:40:00','2023-02-13 07:56:38',6,NULL,NULL,NULL,NULL,0,NULL,2,'2022-04-25 17:40:32','2022-04-25 17:40:32'),(85,'https://mentorlystes.com/affiliation/2022/04/25/presse/','50:1ad5bfa520d02a58adc98923866d8dc1',23164,'post','nav_menu_item',1,0,NULL,NULL,'Presse','publish',NULL,0,NULL,NULL,NULL,NULL,NULL,0,0,NULL,0,NULL,NULL,NULL,NULL,NULL,NULL,NULL,NULL,NULL,NULL,NULL,NULL,NULL,NULL,0,NULL,NULL,'2022-04-25 17:40:10','2023-02-13 07:56:38',6,NULL,NULL,NULL,NULL,0,NULL,2,'2022-04-25 17:40:32','2022-04-25 17:40:32'),(86,'https://mentorlystes.com/affiliation/2022/04/25/on-recrute/','54:e80d24eac98801a58fe58ecb63bd00c0',23165,'post','nav_menu_item',1,0,NULL,NULL,'On recrute !','publish',NULL,0,NULL,NULL,NULL,NULL,NULL,0,0,NULL,0,NULL,NULL,NULL,NULL,NULL,NULL,NULL,NULL,NULL,NULL,NULL,NULL,NULL,NULL,0,NULL,NULL,'2022-04-25 17:40:22','2023-02-13 07:56:38',6,NULL,NULL,NULL,NULL,0,NULL,2,'2022-04-25 17:40:33','2022-04-25 17:40:33'),(87,'https://mentorlystes.com/affiliation/2022/04/25/23166/','49:42295ea475993fbd473fd19cef4b36de',23166,'post','nav_menu_item',1,0,NULL,NULL,'','publish',NULL,0,NULL,NULL,NULL,NULL,NULL,0,0,NULL,0,NULL,NULL,NULL,NULL,NULL,NULL,NULL,NULL,NULL,NULL,NULL,NULL,NULL,NULL,0,NULL,NULL,'2022-04-25 17:40:28','2023-02-13 07:56:38',6,NULL,NULL,NULL,NULL,0,NULL,2,'2022-04-25 17:40:33','2022-04-25 17:40:33'),(88,'https://mentorlystes.com/affiliation/2022/04/26/23167/','49:49ce4872a7d9db6ca557fa68e446f65c',23167,'post','nav_menu_item',1,0,NULL,NULL,'','publish',NULL,0,NULL,NULL,NULL,NULL,NULL,0,0,NULL,0,NULL,NULL,NULL,NULL,NULL,NULL,NULL,NULL,NULL,NULL,NULL,NULL,NULL,NULL,0,NULL,NULL,'2022-04-25 17:41:51','2023-02-13 07:56:38',6,NULL,NULL,NULL,NULL,0,NULL,2,'2022-04-25 23:38:38','2022-04-25 17:42:03'),(89,'https://mentorlystes.com/affiliation/2022/04/26/23168/','49:b7d2994d4b35dba95e2dec604c67aaa0',23168,'post','nav_menu_item',1,0,NULL,NULL,'','publish',NULL,0,NULL,NULL,NULL,NULL,NULL,0,0,NULL,0,NULL,NULL,NULL,NULL,NULL,NULL,NULL,NULL,NULL,NULL,NULL,NULL,NULL,NULL,0,NULL,NULL,'2022-04-25 17:41:52','2023-02-13 07:56:38',6,NULL,NULL,NULL,NULL,0,NULL,2,'2022-04-25 23:38:38','2022-04-25 17:42:04'),(90,'https://mentorlystes.com/affiliation/2022/04/26/23169/','49:ba58ed55343257c20c1f13e5228813ba',23169,'post','nav_menu_item',1,0,NULL,NULL,'','publish',NULL,0,NULL,NULL,NULL,NULL,NULL,0,0,NULL,0,NULL,NULL,NULL,NULL,NULL,NULL,NULL,NULL,NULL,NULL,NULL,NULL,NULL,NULL,0,NULL,NULL,'2022-04-25 17:41:52','2023-02-13 07:56:38',6,NULL,NULL,NULL,NULL,0,NULL,2,'2022-04-25 23:38:38','2022-04-25 17:42:03'),(92,'https://mentorlystes.com/affiliation/2022/04/26/23171/','49:3fcbf181830a4f3abc2211fbdebb7674',23171,'post','nav_menu_item',1,0,NULL,NULL,'','publish',NULL,0,NULL,NULL,NULL,NULL,NULL,0,0,NULL,0,NULL,NULL,NULL,NULL,NULL,NULL,NULL,NULL,NULL,NULL,NULL,NULL,NULL,NULL,0,NULL,NULL,'2022-04-25 17:41:53','2023-02-13 07:56:38',6,NULL,NULL,NULL,NULL,0,NULL,2,'2022-04-25 23:38:39','2022-04-25 17:42:04'),(93,'https://mentorlystes.com/affiliation/2022/04/25/23172/','49:6d0fadaac0fffdb13e112a54154238ba',23172,'post','nav_menu_item',1,0,NULL,NULL,'','publish',NULL,0,NULL,NULL,NULL,NULL,NULL,0,0,NULL,0,NULL,NULL,NULL,NULL,NULL,NULL,NULL,NULL,NULL,NULL,NULL,NULL,NULL,NULL,0,NULL,NULL,'2022-04-25 17:43:39','2023-02-13 07:56:38',6,NULL,NULL,NULL,NULL,0,NULL,2,'2022-04-25 17:44:01','2022-04-25 17:44:01'),(94,'https://mentorlystes.com/affiliation/2022/04/25/23173/','49:12dfe1b2b8ac2811ae91b05c57ea38b0',23173,'post','nav_menu_item',1,0,NULL,NULL,'','publish',NULL,0,NULL,NULL,NULL,NULL,NULL,0,0,NULL,0,NULL,NULL,NULL,NULL,NULL,NULL,NULL,NULL,NULL,NULL,NULL,NULL,NULL,NULL,0,NULL,NULL,'2022-04-25 17:43:39','2023-02-13 07:56:38',6,NULL,NULL,NULL,NULL,0,NULL,2,'2022-04-25 17:44:01','2022-04-25 17:44:01'),(95,'https://mentorlystes.com/affiliation/2022/04/25/23174/','49:9c7b777ce946ceb518a5ad660d89592a',23174,'post','nav_menu_item',1,0,NULL,NULL,'','publish',NULL,0,NULL,NULL,NULL,NULL,NULL,0,0,NULL,0,NULL,NULL,NULL,NULL,NULL,NULL,NULL,NULL,NULL,NULL,NULL,NULL,NULL,NULL,0,NULL,NULL,'2022-04-25 17:43:40','2023-02-13 07:56:38',6,NULL,NULL,NULL,NULL,0,NULL,2,'2022-04-25 17:44:02','2022-04-25 17:44:02'),(96,'https://mentorlystes.com/affiliation/2022/04/25/23175/','49:5bfc9b20b007e38a0954f656b94e5c80',23175,'post','nav_menu_item',1,0,NULL,NULL,'','publish',NULL,0,NULL,NULL,NULL,NULL,NULL,0,0,NULL,0,NULL,NULL,NULL,NULL,NULL,NULL,NULL,NULL,NULL,NULL,NULL,NULL,NULL,NULL,0,NULL,NULL,'2022-04-25 17:43:40','2023-02-13 07:56:38',6,NULL,NULL,NULL,NULL,0,NULL,2,'2022-04-25 17:44:03','2022-04-25 17:44:03'),(97,'https://mentorlystes.com/affiliation/category/non-classe/','52:a29a4ee2ddb99287acd686d2e0062544',1,'term','category',NULL,NULL,NULL,NULL,'Non classé',NULL,NULL,0,NULL,NULL,NULL,NULL,NULL,NULL,0,NULL,NULL,NULL,NULL,NULL,NULL,NULL,NULL,NULL,NULL,NULL,NULL,NULL,NULL,NULL,NULL,NULL,NULL,NULL,'2022-04-25 17:44:39','2023-02-13 07:56:38',6,NULL,NULL,NULL,NULL,0,NULL,2,'2022-04-25 16:53:28','2022-04-25 07:26:42'),(102,'https://mentorlystes.com/affiliation/produit/stella-mccartney-pull-en-laine-melangee/','80:5d30ad5ca568a42a3d9d1e26acfb5d7b',100,'post','product',1,0,NULL,NULL,'STELLA MCCARTNEY Pull en laine mélangée','publish',NULL,0,NULL,NULL,NULL,NULL,NULL,0,0,NULL,0,NULL,NULL,NULL,NULL,'https://mentorlystes.com/affiliation/wp-content/uploads/sites/6/2022/04/50631DA8-3BCA-4B9A-8BD6-E09499C3D713.png',NULL,'141','featured-image',NULL,NULL,'https://mentorlystes.com/affiliation/wp-content/uploads/sites/6/2022/04/50631DA8-3BCA-4B9A-8BD6-E09499C3D713.png','141','featured-image','{\"width\":1080,\"height\":1350,\"url\":\"https://mentorlystes.com/affiliation/wp-content/uploads/sites/6/2022/04/50631DA8-3BCA-4B9A-8BD6-E09499C3D713.png\",\"path\":\"/homepages/32/d908619354/htdocs/mentorlystes/wp-content/uploads/sites/6/2022/04/50631DA8-3BCA-4B9A-8BD6-E09499C3D713.png\",\"size\":\"full\",\"id\":141,\"alt\":\"\",\"pixels\":1458000,\"type\":\"image/png\"}',NULL,NULL,NULL,'2022-04-25 21:26:36','2023-02-13 07:56:39',6,NULL,NULL,NULL,NULL,0,NULL,2,'2022-04-25 05:27:30','2022-04-25 05:25:15'),(103,'https://mentorlystes.com/affiliation/produit/louis-vuitton-bracelet-blooming/','72:1e0f51652e01184fe2792f4be4b40698',88,'post','product',1,0,NULL,NULL,'LOUIS VUITTON Bracelet Blooming','publish',NULL,0,NULL,NULL,NULL,NULL,NULL,0,0,NULL,0,NULL,NULL,NULL,NULL,'https://mentorlystes.com/affiliation/wp-content/uploads/sites/6/2022/04/57F2665E-B73F-4011-83D6-5AB1C3048876.png',NULL,'136','featured-image',NULL,NULL,'https://mentorlystes.com/affiliation/wp-content/uploads/sites/6/2022/04/57F2665E-B73F-4011-83D6-5AB1C3048876.png','136','featured-image','{\"width\":1080,\"height\":1350,\"url\":\"https://mentorlystes.com/affiliation/wp-content/uploads/sites/6/2022/04/57F2665E-B73F-4011-83D6-5AB1C3048876.png\",\"path\":\"/homepages/32/d908619354/htdocs/mentorlystes/wp-content/uploads/sites/6/2022/04/57F2665E-B73F-4011-83D6-5AB1C3048876.png\",\"size\":\"full\",\"id\":136,\"alt\":\"\",\"pixels\":1458000,\"type\":\"image/png\"}',NULL,NULL,NULL,'2022-04-25 21:26:36','2023-02-13 07:56:39',6,NULL,NULL,NULL,NULL,0,NULL,2,'2022-04-25 05:26:49','2022-04-25 05:24:36'),(104,'https://mentorlystes.com/affiliation/produit/celine-sweat-loose-a-capuche/','69:5f636b90b4cc5a976876e4af4f649b2a',76,'post','product',1,0,NULL,NULL,'CÉLINE Sweat Loose à capuche','publish',NULL,0,NULL,NULL,NULL,NULL,NULL,0,0,NULL,0,NULL,NULL,NULL,NULL,'https://mentorlystes.com/affiliation/wp-content/uploads/sites/6/2022/04/D9A85450-6BAB-4883-9CA1-33FE20DBC37B.png',NULL,'123','featured-image',NULL,NULL,'https://mentorlystes.com/affiliation/wp-content/uploads/sites/6/2022/04/D9A85450-6BAB-4883-9CA1-33FE20DBC37B.png','123','featured-image','{\"width\":1080,\"height\":1350,\"url\":\"https://mentorlystes.com/affiliation/wp-content/uploads/sites/6/2022/04/D9A85450-6BAB-4883-9CA1-33FE20DBC37B.png\",\"path\":\"/homepages/32/d908619354/htdocs/mentorlystes/wp-content/uploads/sites/6/2022/04/D9A85450-6BAB-4883-9CA1-33FE20DBC37B.png\",\"size\":\"full\",\"id\":123,\"alt\":\"\",\"pixels\":1458000,\"type\":\"image/png\"}',NULL,NULL,NULL,'2022-04-25 21:26:36','2023-02-13 07:56:39',6,NULL,NULL,NULL,NULL,0,NULL,2,'2022-04-25 05:27:01','2022-04-25 05:23:58'),(105,'https://mentorlystes.com/affiliation/produit/gucci-cardigan-imprime/','63:d4bc1a14521a3f842db44fa5bdf0ad33',64,'post','product',1,0,NULL,NULL,'GUCCI cardigan imprimé','publish',NULL,0,NULL,NULL,NULL,NULL,NULL,0,0,NULL,0,NULL,NULL,NULL,NULL,'https://mentorlystes.com/affiliation/wp-content/uploads/sites/6/2022/04/1BE1F918-54FF-46F6-A51A-9CD7B11DA23F.png',NULL,'120','featured-image',NULL,NULL,'https://mentorlystes.com/affiliation/wp-content/uploads/sites/6/2022/04/1BE1F918-54FF-46F6-A51A-9CD7B11DA23F.png','120','featured-image','{\"width\":1080,\"height\":1350,\"url\":\"https://mentorlystes.com/affiliation/wp-content/uploads/sites/6/2022/04/1BE1F918-54FF-46F6-A51A-9CD7B11DA23F.png\",\"path\":\"/homepages/32/d908619354/htdocs/mentorlystes/wp-content/uploads/sites/6/2022/04/1BE1F918-54FF-46F6-A51A-9CD7B11DA23F.png\",\"size\":\"full\",\"id\":120,\"alt\":\"\",\"pixels\":1458000,\"type\":\"image/png\"}',NULL,NULL,NULL,'2022-04-25 21:26:36','2023-02-13 07:56:39',6,NULL,NULL,NULL,NULL,0,NULL,2,'2022-04-25 05:26:22','2022-04-25 05:23:26'),(106,'https://mentorlystes.com/affiliation/produit/saint-laurent-opyum-bottines/','69:eb06354d2416eaafe294cd406504b1bd',62,'post','product',1,0,NULL,NULL,'SAINT LAURENT Opyum bottines','publish',NULL,0,NULL,NULL,NULL,NULL,NULL,0,0,NULL,0,NULL,NULL,NULL,NULL,'https://mentorlystes.com/affiliation/wp-content/uploads/sites/6/2022/04/36DB7884-AA04-4938-8855-4874C572D25B.png',NULL,'119','featured-image',NULL,NULL,'https://mentorlystes.com/affiliation/wp-content/uploads/sites/6/2022/04/36DB7884-AA04-4938-8855-4874C572D25B.png','119','featured-image','{\"width\":1080,\"height\":1350,\"url\":\"https://mentorlystes.com/affiliation/wp-content/uploads/sites/6/2022/04/36DB7884-AA04-4938-8855-4874C572D25B.png\",\"path\":\"/homepages/32/d908619354/htdocs/mentorlystes/wp-content/uploads/sites/6/2022/04/36DB7884-AA04-4938-8855-4874C572D25B.png\",\"size\":\"full\",\"id\":119,\"alt\":\"\",\"pixels\":1458000,\"type\":\"image/png\"}',NULL,NULL,NULL,'2022-04-25 21:26:36','2023-02-13 07:56:39',6,NULL,NULL,NULL,NULL,0,NULL,2,'2022-04-25 05:26:21','2022-04-25 05:23:21'),(107,'https://mentorlystes.com/affiliation/produit/marine-serre-combinaison-moon/','70:e976492fb4d390671f9cb92afe6d34c5',60,'post','product',1,0,NULL,NULL,'MARINE SERRE combinaison moon','publish',NULL,0,NULL,NULL,NULL,NULL,NULL,0,0,NULL,0,NULL,NULL,NULL,NULL,'https://mentorlystes.com/affiliation/wp-content/uploads/sites/6/2022/04/C8BAD2AD-9785-4F42-B6B9-1C600AB967CE.png',NULL,'109','featured-image',NULL,NULL,'https://mentorlystes.com/affiliation/wp-content/uploads/sites/6/2022/04/C8BAD2AD-9785-4F42-B6B9-1C600AB967CE.png','109','featured-image','{\"width\":1080,\"height\":1350,\"url\":\"https://mentorlystes.com/affiliation/wp-content/uploads/sites/6/2022/04/C8BAD2AD-9785-4F42-B6B9-1C600AB967CE.png\",\"path\":\"/homepages/32/d908619354/htdocs/mentorlystes/wp-content/uploads/sites/6/2022/04/C8BAD2AD-9785-4F42-B6B9-1C600AB967CE.png\",\"size\":\"full\",\"id\":109,\"alt\":\"\",\"pixels\":1458000,\"type\":\"image/png\"}',NULL,NULL,NULL,'2022-04-25 21:26:37','2023-02-13 07:56:39',6,NULL,NULL,NULL,NULL,0,NULL,2,'2022-04-25 05:26:21','2022-04-25 05:23:18'),(108,'https://mentorlystes.com/affiliation/produit/gucci-x-the-north-face-doudoune/','72:15f9ca19d4a0926196e88b1b13d02fd4',58,'post','product',1,0,NULL,NULL,'GUCCI x THE NORTH FACE doudoune','publish',NULL,0,NULL,NULL,NULL,NULL,NULL,0,0,NULL,0,NULL,NULL,NULL,NULL,'https://mentorlystes.com/affiliation/wp-content/uploads/sites/6/2022/04/8101376F-D07A-4B6A-84BC-D7806C5D2D18.png',NULL,'107','featured-image',NULL,NULL,'https://mentorlystes.com/affiliation/wp-content/uploads/sites/6/2022/04/8101376F-D07A-4B6A-84BC-D7806C5D2D18.png','107','featured-image','{\"width\":1080,\"height\":1350,\"url\":\"https://mentorlystes.com/affiliation/wp-content/uploads/sites/6/2022/04/8101376F-D07A-4B6A-84BC-D7806C5D2D18.png\",\"path\":\"/homepages/32/d908619354/htdocs/mentorlystes/wp-content/uploads/sites/6/2022/04/8101376F-D07A-4B6A-84BC-D7806C5D2D18.png\",\"size\":\"full\",\"id\":107,\"alt\":\"\",\"pixels\":1458000,\"type\":\"image/png\"}',NULL,NULL,NULL,'2022-04-25 21:26:37','2023-02-13 07:56:39',6,NULL,NULL,NULL,NULL,0,NULL,2,'2022-04-25 05:25:48','2022-04-25 05:23:15'),(110,'https://mentorlystes.com/affiliation/produit/dior-baskets-b23-haute/','63:b4f30ea93b2a219a926946eea42ea5d7',56,'post','product',1,0,NULL,NULL,'DIOR Baskets B23 Haute','publish',NULL,0,NULL,NULL,NULL,NULL,NULL,0,0,NULL,0,NULL,NULL,NULL,NULL,'https://mentorlystes.com/affiliation/wp-content/uploads/sites/6/2022/04/2F314019-A669-458D-8A72-F21A404C38A0.png',NULL,'106','featured-image',NULL,NULL,'https://mentorlystes.com/affiliation/wp-content/uploads/sites/6/2022/04/2F314019-A669-458D-8A72-F21A404C38A0.png','106','featured-image','{\"width\":1080,\"height\":1350,\"url\":\"https://mentorlystes.com/affiliation/wp-content/uploads/sites/6/2022/04/2F314019-A669-458D-8A72-F21A404C38A0.png\",\"path\":\"/homepages/32/d908619354/htdocs/mentorlystes/wp-content/uploads/sites/6/2022/04/2F314019-A669-458D-8A72-F21A404C38A0.png\",\"size\":\"full\",\"id\":106,\"alt\":\"\",\"pixels\":1458000,\"type\":\"image/png\"}',NULL,NULL,NULL,'2022-04-25 21:26:47','2023-02-13 07:56:39',6,NULL,NULL,NULL,NULL,0,NULL,2,'2022-04-25 05:25:47','2022-04-25 05:23:10'),(112,'https://mentorlystes.com/affiliation/produit/max-mara-manteau-teddy-bear/','68:6bf9a5c7c6c695db576499684a0a87bd',51,'post','product',1,0,NULL,NULL,'MAX MARA Manteau Teddy Bear','publish',NULL,0,NULL,NULL,NULL,NULL,NULL,0,0,NULL,0,NULL,NULL,NULL,NULL,'https://mentorlystes.com/affiliation/wp-content/uploads/sites/6/2022/04/530551D4-D32A-4EBE-8BF0-7EA2BF897294.png',NULL,'104','featured-image',NULL,NULL,'https://mentorlystes.com/affiliation/wp-content/uploads/sites/6/2022/04/530551D4-D32A-4EBE-8BF0-7EA2BF897294.png','104','featured-image','{\"width\":1080,\"height\":1350,\"url\":\"https://mentorlystes.com/affiliation/wp-content/uploads/sites/6/2022/04/530551D4-D32A-4EBE-8BF0-7EA2BF897294.png\",\"path\":\"/homepages/32/d908619354/htdocs/mentorlystes/wp-content/uploads/sites/6/2022/04/530551D4-D32A-4EBE-8BF0-7EA2BF897294.png\",\"size\":\"full\",\"id\":104,\"alt\":\"\",\"pixels\":1458000,\"type\":\"image/png\"}',NULL,NULL,NULL,'2022-04-25 21:26:53','2023-02-13 07:56:39',6,NULL,NULL,NULL,NULL,0,NULL,2,'2022-04-25 05:25:47','2022-04-25 05:22:39'),(114,'https://mentorlystes.com/affiliation/produit/saint-laurent-sac-noe/','62:addd40154af0fa61d7b31849ce4bfdaf',49,'post','product',1,0,NULL,NULL,'SAINT LAURENT Sac Noe','publish',NULL,0,NULL,NULL,NULL,NULL,NULL,0,0,NULL,0,NULL,NULL,NULL,NULL,'https://mentorlystes.com/affiliation/wp-content/uploads/sites/6/2022/04/D9B2C5D0-A7B9-49D1-A617-F7BE7B07F9AD.png',NULL,'96','featured-image',NULL,NULL,'https://mentorlystes.com/affiliation/wp-content/uploads/sites/6/2022/04/D9B2C5D0-A7B9-49D1-A617-F7BE7B07F9AD.png','96','featured-image','{\"width\":1080,\"height\":1350,\"url\":\"https://mentorlystes.com/affiliation/wp-content/uploads/sites/6/2022/04/D9B2C5D0-A7B9-49D1-A617-F7BE7B07F9AD.png\",\"path\":\"/homepages/32/d908619354/htdocs/mentorlystes/wp-content/uploads/sites/6/2022/04/D9B2C5D0-A7B9-49D1-A617-F7BE7B07F9AD.png\",\"size\":\"full\",\"id\":96,\"alt\":\"\",\"pixels\":1458000,\"type\":\"image/png\"}',NULL,NULL,NULL,'2022-04-25 21:42:42','2023-02-13 07:56:39',6,NULL,NULL,NULL,NULL,0,NULL,2,'2022-04-25 05:25:46','2022-04-25 05:22:34'),(116,'https://mentorlystes.com/affiliation/produit/chrisian-dior-atelier-surchemise/','73:511c9d2fc9492ebced6ebec2b1669929',47,'post','product',1,0,NULL,NULL,'CHRISIAN DIOR ATELIER Surchemise','publish',NULL,0,NULL,NULL,NULL,NULL,NULL,0,0,NULL,0,NULL,NULL,NULL,NULL,'https://mentorlystes.com/affiliation/wp-content/uploads/sites/6/2022/04/5625094F-F231-4DEB-B818-4D19A9E2AB94.png',NULL,'94','featured-image',NULL,NULL,'https://mentorlystes.com/affiliation/wp-content/uploads/sites/6/2022/04/5625094F-F231-4DEB-B818-4D19A9E2AB94.png','94','featured-image','{\"width\":1080,\"height\":1350,\"url\":\"https://mentorlystes.com/affiliation/wp-content/uploads/sites/6/2022/04/5625094F-F231-4DEB-B818-4D19A9E2AB94.png\",\"path\":\"/homepages/32/d908619354/htdocs/mentorlystes/wp-content/uploads/sites/6/2022/04/5625094F-F231-4DEB-B818-4D19A9E2AB94.png\",\"size\":\"full\",\"id\":94,\"alt\":\"\",\"pixels\":1458000,\"type\":\"image/png\"}',NULL,NULL,NULL,'2022-04-25 21:42:44','2023-02-13 07:56:39',6,NULL,NULL,NULL,NULL,0,NULL,2,'2022-04-25 05:25:09','2022-04-25 05:22:29'),(118,'https://mentorlystes.com/affiliation/produit/gucci-doudoune-jacquard/','64:7a1eb3e7b8b3ac83e7c5f31b4b4621b3',45,'post','product',1,0,NULL,NULL,'GUCCI Doudoune Jacquard','publish',NULL,0,NULL,NULL,NULL,NULL,NULL,0,0,NULL,0,NULL,NULL,NULL,NULL,'https://mentorlystes.com/affiliation/wp-content/uploads/sites/6/2022/04/0844081D-C601-4903-AFA4-58AA352205ED.png',NULL,'92','featured-image',NULL,NULL,'https://mentorlystes.com/affiliation/wp-content/uploads/sites/6/2022/04/0844081D-C601-4903-AFA4-58AA352205ED.png','92','featured-image','{\"width\":1080,\"height\":1350,\"url\":\"https://mentorlystes.com/affiliation/wp-content/uploads/sites/6/2022/04/0844081D-C601-4903-AFA4-58AA352205ED.png\",\"path\":\"/homepages/32/d908619354/htdocs/mentorlystes/wp-content/uploads/sites/6/2022/04/0844081D-C601-4903-AFA4-58AA352205ED.png\",\"size\":\"full\",\"id\":92,\"alt\":\"\",\"pixels\":1458000,\"type\":\"image/png\"}',NULL,NULL,NULL,'2022-04-25 21:42:49','2023-02-13 07:56:39',6,NULL,NULL,NULL,NULL,0,NULL,2,'2022-04-25 05:25:08','2022-04-25 05:22:24'),(120,'https://mentorlystes.com/affiliation/produit/chloe-sac-woody-small/','62:f64bce77606c45956e8a2633668ff74a',41,'post','product',1,0,NULL,NULL,'CHLOÉ Sac Woody Small','publish',NULL,0,NULL,NULL,NULL,NULL,NULL,0,0,NULL,0,NULL,NULL,NULL,NULL,'https://mentorlystes.com/affiliation/wp-content/uploads/sites/6/2022/04/54E11CEB-F98A-4081-A4D4-EAFEE5986CF4.png',NULL,'85','featured-image',NULL,NULL,'https://mentorlystes.com/affiliation/wp-content/uploads/sites/6/2022/04/54E11CEB-F98A-4081-A4D4-EAFEE5986CF4.png','85','featured-image','{\"width\":1080,\"height\":1350,\"url\":\"https://mentorlystes.com/affiliation/wp-content/uploads/sites/6/2022/04/54E11CEB-F98A-4081-A4D4-EAFEE5986CF4.png\",\"path\":\"/homepages/32/d908619354/htdocs/mentorlystes/wp-content/uploads/sites/6/2022/04/54E11CEB-F98A-4081-A4D4-EAFEE5986CF4.png\",\"size\":\"full\",\"id\":85,\"alt\":\"\",\"pixels\":1458000,\"type\":\"image/png\"}',NULL,NULL,NULL,'2022-04-25 21:44:02','2023-02-13 07:56:39',6,NULL,NULL,NULL,NULL,0,NULL,2,'2022-04-25 05:24:27','2022-04-25 05:21:56'),(126,'https://mentorlystes.com/affiliation/wp-content/uploads/sites/6/2022/04/cc-logo-1.png','80:b2aa11185f49cf6e861eee2583ea5d55',23183,'post','attachment',1,0,NULL,NULL,'cc-logo (1)','inherit',0,0,0,NULL,NULL,NULL,NULL,0,0,NULL,0,NULL,NULL,NULL,NULL,'https://mentorlystes.com/affiliation/wp-content/uploads/sites/6/2022/04/cc-logo-1.png',NULL,'23183','attachment-image',NULL,NULL,NULL,'23183','attachment-image',NULL,NULL,NULL,NULL,'2022-04-25 22:28:37','2023-02-13 07:56:38',6,NULL,NULL,NULL,NULL,0,NULL,2,'2022-04-25 22:28:37','2022-04-25 22:28:37'),(128,'https://mentorlystes.com/affiliation/look/','40:04969b95669464e781496d7e90a7622f',NULL,'post-type-archive','look',NULL,NULL,'%%pt_plural%% Archive %%page%% %%sep%% %%sitename%%','','Collaborations',NULL,1,0,NULL,NULL,NULL,NULL,NULL,NULL,0,0,0,0,0,0,NULL,NULL,NULL,NULL,NULL,NULL,NULL,NULL,NULL,NULL,NULL,NULL,NULL,NULL,'2022-08-08 05:56:54','2023-02-13 07:56:38',6,NULL,NULL,NULL,NULL,0,NULL,2,NULL,NULL),(129,'https://mentorlystes.com/affiliation/categorie-produit/sacs/','58:fcf2c96884962941fddf8f411f333176',24,'term','product_cat',NULL,NULL,NULL,NULL,'Sacs',NULL,NULL,0,NULL,NULL,NULL,NULL,NULL,NULL,0,NULL,NULL,NULL,NULL,NULL,NULL,NULL,NULL,NULL,NULL,NULL,NULL,NULL,NULL,NULL,NULL,NULL,NULL,NULL,'2022-08-11 12:47:45','2023-02-13 07:56:38',6,NULL,NULL,NULL,NULL,0,NULL,2,'2022-04-25 05:25:46','2022-04-25 05:21:35'),(130,'https://mentorlystes.com/affiliation/categorie-produit/sacs/sacs-hommes/','70:0f96930677953ec6532762dbff3c89ff',29,'term','product_cat',NULL,NULL,NULL,NULL,'sacs hommes',NULL,NULL,0,NULL,NULL,NULL,NULL,NULL,NULL,0,NULL,NULL,NULL,NULL,NULL,NULL,NULL,NULL,NULL,NULL,NULL,NULL,NULL,NULL,NULL,NULL,NULL,NULL,NULL,'2022-08-11 12:47:46','2023-02-13 07:56:38',6,NULL,NULL,NULL,NULL,1,NULL,2,'2022-04-25 05:25:46','2022-04-25 05:21:45'),(131,'https://mentorlystes.com/affiliation/produit/fendi-sac-way-grand-format/','70:3409e7e5ace6c72ed9e8d16e6b97ef2e',34,'post','product',1,0,NULL,NULL,'FENDI Sac Way Grand Format','publish',NULL,0,NULL,NULL,NULL,NULL,NULL,0,0,NULL,0,NULL,NULL,NULL,NULL,'https://mentorlystes.com/affiliation/wp-content/uploads/sites/6/2022/04/FFE6BE64-F43A-44FB-B36F-45DE2C285919.png',NULL,'70','featured-image',NULL,NULL,'https://mentorlystes.com/affiliation/wp-content/uploads/sites/6/2022/04/FFE6BE64-F43A-44FB-B36F-45DE2C285919.png','70','featured-image','{\"width\":1080,\"height\":1350,\"url\":\"https://mentorlystes.com/affiliation/wp-content/uploads/sites/6/2022/04/FFE6BE64-F43A-44FB-B36F-45DE2C285919.png\",\"path\":\"/homepages/32/d908619354/htdocs/mentorlystes/wp-content/uploads/sites/6/2022/04/FFE6BE64-F43A-44FB-B36F-45DE2C285919.png\",\"size\":\"full\",\"id\":70,\"alt\":\"\",\"pixels\":1458000,\"type\":\"image/png\"}',NULL,NULL,NULL,'2022-08-13 22:26:01','2023-02-13 07:56:39',6,NULL,NULL,NULL,NULL,0,NULL,2,'2022-04-25 05:23:44','2022-04-25 05:21:42'),(132,'https://mentorlystes.com/affiliation/etiquette-produit/chloe/','59:dc8c640cf7b9e391d702fe126200a501',34,'term','product_tag',NULL,NULL,NULL,NULL,'CHLOÉ',NULL,NULL,0,NULL,NULL,NULL,NULL,NULL,NULL,0,NULL,NULL,NULL,NULL,NULL,NULL,NULL,NULL,NULL,NULL,NULL,NULL,NULL,NULL,NULL,NULL,NULL,NULL,NULL,'2022-08-15 04:23:32','2023-02-13 07:56:38',6,NULL,NULL,NULL,NULL,0,NULL,2,'2022-04-25 05:24:27','2022-04-25 05:21:56'),(133,'https://mentorlystes.com/affiliation/etiquette-produit/marine-serre/','66:79f8b125acecc6116c4dfd5430381d97',38,'term','product_tag',NULL,NULL,NULL,NULL,'MARINE SERRE',NULL,NULL,0,NULL,NULL,NULL,NULL,NULL,NULL,0,NULL,NULL,NULL,NULL,NULL,NULL,NULL,NULL,NULL,NULL,NULL,NULL,NULL,NULL,NULL,NULL,NULL,NULL,NULL,'2022-08-15 04:23:32','2023-02-13 07:56:38',6,NULL,NULL,NULL,NULL,0,NULL,2,'2022-04-25 05:26:21','2022-04-25 05:23:18'),(134,'https://mentorlystes.com/affiliation/etiquette-produit/bottega-veneta/','68:02bbd489612e144cc7d12f34a613c779',18,'term','product_tag',NULL,NULL,NULL,NULL,'BOTTEGA VENETA',NULL,NULL,0,NULL,NULL,NULL,NULL,NULL,NULL,0,NULL,NULL,NULL,NULL,NULL,NULL,NULL,NULL,NULL,NULL,NULL,NULL,NULL,NULL,NULL,NULL,NULL,NULL,NULL,'2022-08-15 04:23:33','2023-02-13 07:56:38',6,NULL,NULL,NULL,NULL,0,NULL,2,'2022-04-25 05:22:21','2022-04-25 05:20:55'),(135,'https://mentorlystes.com/affiliation/etiquette-produit/stella-mccartney/','70:c9bd24256b24768c81400cc7fc4a147f',45,'term','product_tag',NULL,NULL,NULL,NULL,'STELLA MCCARTNEY',NULL,NULL,0,NULL,NULL,NULL,NULL,NULL,NULL,0,NULL,NULL,NULL,NULL,NULL,NULL,NULL,NULL,NULL,NULL,NULL,NULL,NULL,NULL,NULL,NULL,NULL,NULL,NULL,'2022-08-15 04:23:33','2023-02-13 07:56:38',6,NULL,NULL,NULL,NULL,0,NULL,2,'2022-04-25 05:27:30','2022-04-25 05:25:15'),(136,'https://mentorlystes.com/affiliation/etiquette-produit/louis-vuitton/','67:f3958fff05b3b520646d5c4163387eb0',42,'term','product_tag',NULL,NULL,NULL,NULL,'LOUIS VUITTON',NULL,NULL,0,NULL,NULL,NULL,NULL,NULL,NULL,0,NULL,NULL,NULL,NULL,NULL,NULL,NULL,NULL,NULL,NULL,NULL,NULL,NULL,NULL,NULL,NULL,NULL,NULL,NULL,'2022-08-15 04:23:56','2023-02-13 07:56:38',6,NULL,NULL,NULL,NULL,0,NULL,2,'2022-04-25 05:26:49','2022-04-25 05:24:36'),(137,'https://mentorlystes.com/affiliation/etiquette-produit/lemaire/','61:521a0bcf87dcc667362720258d2aefde',48,'term','product_tag',NULL,NULL,NULL,NULL,'LEMAIRE',NULL,NULL,0,NULL,NULL,NULL,NULL,NULL,NULL,0,NULL,NULL,NULL,NULL,NULL,NULL,NULL,NULL,NULL,NULL,NULL,NULL,NULL,NULL,NULL,NULL,NULL,NULL,NULL,'2022-08-15 04:23:58','2023-02-13 07:56:38',6,NULL,NULL,NULL,NULL,0,NULL,2,'2022-04-25 05:27:54','2022-04-25 05:25:51'),(138,'https://mentorlystes.com/affiliation/etiquette-produit/anine-bing/','64:286de2413546cd00a5b28d5906ec11d9',41,'term','product_tag',NULL,NULL,NULL,NULL,'ANINE BING',NULL,NULL,0,NULL,NULL,NULL,NULL,NULL,NULL,0,NULL,NULL,NULL,NULL,NULL,NULL,NULL,NULL,NULL,NULL,NULL,NULL,NULL,NULL,NULL,NULL,NULL,NULL,NULL,'2022-08-15 04:23:58','2023-02-13 07:56:38',6,NULL,NULL,NULL,NULL,0,NULL,2,'2022-04-25 05:27:03','2022-04-25 05:24:06'),(139,'https://mentorlystes.com/affiliation/etiquette-produit/dior/','58:a6ddd80f1b9610bd43c8543fe40c5178',23,'term','product_tag',NULL,NULL,NULL,NULL,'DIOR',NULL,NULL,0,NULL,NULL,NULL,NULL,NULL,NULL,0,NULL,NULL,NULL,NULL,NULL,NULL,NULL,NULL,NULL,NULL,NULL,NULL,NULL,NULL,NULL,NULL,NULL,NULL,NULL,'2022-08-15 04:23:59','2023-02-13 07:56:38',6,NULL,NULL,NULL,NULL,0,NULL,2,'2022-04-25 05:25:47','2022-04-25 05:21:22'),(140,'https://mentorlystes.com/affiliation/etiquette-produit/off-white/','63:f7ff85c20e54de651d834bfb35b89c70',46,'term','product_tag',NULL,NULL,NULL,NULL,'OFF WHITE',NULL,NULL,0,NULL,NULL,NULL,NULL,NULL,NULL,0,NULL,NULL,NULL,NULL,NULL,NULL,NULL,NULL,NULL,NULL,NULL,NULL,NULL,NULL,NULL,NULL,NULL,NULL,NULL,'2022-08-15 04:24:00','2023-02-13 07:56:38',6,NULL,NULL,NULL,NULL,0,NULL,2,'2022-04-25 05:27:31','2022-04-25 05:25:19'),(141,'https://mentorlystes.com/affiliation/etiquette-produit/prada/','59:e6d0f363bd7083c1e54969db1be64e68',20,'term','product_tag',NULL,NULL,NULL,NULL,'PRADA',NULL,NULL,0,NULL,NULL,NULL,NULL,NULL,NULL,0,NULL,NULL,NULL,NULL,NULL,NULL,NULL,NULL,NULL,NULL,NULL,NULL,NULL,NULL,NULL,NULL,NULL,NULL,NULL,'2022-08-15 04:24:00','2023-02-13 07:56:38',6,NULL,NULL,NULL,NULL,0,NULL,2,'2022-04-25 05:24:30','2022-04-25 05:21:08'),(142,'https://mentorlystes.com/affiliation/etiquette-produit/gucci/','59:3e0e3819bf6581a2a42dc6387667c2da',30,'term','product_tag',NULL,NULL,NULL,NULL,'GUCCI',NULL,NULL,0,NULL,NULL,NULL,NULL,NULL,NULL,0,NULL,NULL,NULL,NULL,NULL,NULL,NULL,NULL,NULL,NULL,NULL,NULL,NULL,NULL,NULL,NULL,NULL,NULL,NULL,'2022-08-15 04:24:01','2023-02-13 07:56:38',6,NULL,NULL,NULL,NULL,0,NULL,2,'2022-04-25 05:25:48','2022-04-25 05:21:45'),(143,'https://mentorlystes.com/affiliation/etiquette-produit/balenciaga/','64:3c3811223fdb804a93dc0bdc1a0fe317',26,'term','product_tag',NULL,NULL,NULL,NULL,'BALENCIAGA',NULL,NULL,0,NULL,NULL,NULL,NULL,NULL,NULL,0,NULL,NULL,NULL,NULL,NULL,NULL,NULL,NULL,NULL,NULL,NULL,NULL,NULL,NULL,NULL,NULL,NULL,NULL,NULL,'2022-08-15 04:24:01','2023-02-13 07:56:38',6,NULL,NULL,NULL,NULL,0,NULL,2,'2022-04-25 05:23:56','2022-04-25 05:21:38'),(144,'https://mentorlystes.com/affiliation/etiquette-produit/mach-mach/','63:2748fd79b61fa0fa28d4103cc967c9e6',31,'term','product_tag',NULL,NULL,NULL,NULL,'MACH &amp; MACH',NULL,NULL,0,NULL,NULL,NULL,NULL,NULL,NULL,0,NULL,NULL,NULL,NULL,NULL,NULL,NULL,NULL,NULL,NULL,NULL,NULL,NULL,NULL,NULL,NULL,NULL,NULL,NULL,'2022-08-15 04:24:02','2023-02-13 07:56:38',6,NULL,NULL,NULL,NULL,0,NULL,2,'2022-04-25 05:24:29','2022-04-25 05:21:47'),(145,'https://mentorlystes.com/affiliation/etiquette-produit/max-mara/','62:4eafbb3069899a61f4bd33847a034ea1',37,'term','product_tag',NULL,NULL,NULL,NULL,'MAX MARA',NULL,NULL,0,NULL,NULL,NULL,NULL,NULL,NULL,0,NULL,NULL,NULL,NULL,NULL,NULL,NULL,NULL,NULL,NULL,NULL,NULL,NULL,NULL,NULL,NULL,NULL,NULL,NULL,'2022-08-15 04:24:03','2023-02-13 07:56:38',6,NULL,NULL,NULL,NULL,0,NULL,2,'2022-04-25 05:25:47','2022-04-25 05:22:39'),(146,'https://mentorlystes.com/affiliation/etiquette-produit/fendi/','59:1d485638adc0a9d2cf03b253bf73f221',27,'term','product_tag',NULL,NULL,NULL,NULL,'FENDI',NULL,NULL,0,NULL,NULL,NULL,NULL,NULL,NULL,0,NULL,NULL,NULL,NULL,NULL,NULL,NULL,NULL,NULL,NULL,NULL,NULL,NULL,NULL,NULL,NULL,NULL,NULL,NULL,'2022-08-15 04:24:04','2023-02-13 07:56:38',6,NULL,NULL,NULL,NULL,0,NULL,2,'2022-04-25 05:23:50','2022-04-25 05:21:42'),(147,'https://mentorlystes.com/affiliation/etiquette-produit/saint-laurent/','67:d5f69b4c4c5871cc10526f36cb0b04e7',36,'term','product_tag',NULL,NULL,NULL,NULL,'SAINT LAURENT',NULL,NULL,0,NULL,NULL,NULL,NULL,NULL,NULL,0,NULL,NULL,NULL,NULL,NULL,NULL,NULL,NULL,NULL,NULL,NULL,NULL,NULL,NULL,NULL,NULL,NULL,NULL,NULL,'2022-08-15 04:24:04','2023-02-13 07:56:38',6,NULL,NULL,NULL,NULL,0,NULL,2,'2022-04-25 05:26:21','2022-04-25 05:22:34'),(148,'https://mentorlystes.com/affiliation/categorie-produit/homme/','59:5356da03525e322a96935f9cba941158',33,'term','product_cat',NULL,NULL,NULL,NULL,'Homme',NULL,NULL,0,NULL,NULL,NULL,NULL,NULL,NULL,0,NULL,NULL,NULL,NULL,NULL,NULL,NULL,NULL,NULL,NULL,NULL,NULL,NULL,NULL,NULL,NULL,NULL,NULL,NULL,'2022-08-19 23:53:09','2023-02-13 07:56:38',6,NULL,NULL,NULL,NULL,0,NULL,2,'2022-04-25 05:27:02','2022-04-25 05:21:51'),(149,'https://mentorlystes.com/affiliation/categorie-produit/chaussures/','64:29188562e95ec0e60bdddad2912d829f',16,'term','product_cat',NULL,NULL,NULL,NULL,'Chaussures',NULL,NULL,0,NULL,NULL,NULL,NULL,NULL,NULL,0,NULL,NULL,NULL,NULL,NULL,NULL,NULL,NULL,NULL,NULL,NULL,NULL,NULL,NULL,NULL,NULL,NULL,NULL,NULL,'2022-08-22 08:57:28','2023-02-13 07:56:38',6,NULL,NULL,NULL,NULL,0,NULL,2,'2022-04-25 05:28:11','2022-04-25 05:20:55'),(150,'https://mentorlystes.com/affiliation/categorie-produit/chaussures/chaussures-hommes/','82:1f24fd3c773a0bc303bdbd2797d404a1',32,'term','product_cat',NULL,NULL,NULL,NULL,'chaussures hommes',NULL,NULL,0,NULL,NULL,NULL,NULL,NULL,NULL,0,NULL,NULL,NULL,NULL,NULL,NULL,NULL,NULL,NULL,NULL,NULL,NULL,NULL,NULL,NULL,NULL,NULL,NULL,NULL,'2022-08-22 08:57:28','2023-02-13 07:56:38',6,NULL,NULL,NULL,NULL,1,NULL,2,'2022-04-25 05:27:02','2022-04-25 05:21:51'),(151,'https://mentorlystes.com/affiliation/produit/balenciaga-x-gucci-sac-hacker/','73:673fd6be4439f18cf1db9d6384d828e3',36,'post','product',1,0,NULL,NULL,'BALENCIAGA x GUCCI Sac Hacker','publish',NULL,0,NULL,NULL,NULL,NULL,NULL,0,0,NULL,0,NULL,NULL,NULL,NULL,'https://mentorlystes.com/affiliation/wp-content/uploads/sites/6/2022/04/F06F1EEB-C746-45B9-82ED-D1029F9A516E.png',NULL,'74','featured-image',NULL,NULL,'https://mentorlystes.com/affiliation/wp-content/uploads/sites/6/2022/04/F06F1EEB-C746-45B9-82ED-D1029F9A516E.png','74','featured-image','{\"width\":1080,\"height\":1350,\"filesize\":779936,\"url\":\"https://mentorlystes.com/affiliation/wp-content/uploads/sites/6/2022/04/F06F1EEB-C746-45B9-82ED-D1029F9A516E.png\",\"path\":\"/homepages/32/d908619354/htdocs/mentorlystes/wp-content/uploads/sites/6/2022/04/F06F1EEB-C746-45B9-82ED-D1029F9A516E.png\",\"size\":\"full\",\"id\":74,\"alt\":\"\",\"pixels\":1458000,\"type\":\"image/png\"}',NULL,NULL,NULL,'2022-08-26 06:14:36','2023-02-13 07:56:39',6,NULL,NULL,NULL,NULL,0,NULL,2,'2022-04-25 05:23:54','2022-04-25 05:21:45'),(152,'https://mentorlystes.com/affiliation/categorie-produit/bijoux-et-montres/','71:8e203f2525dfb493f0c589367536fcd7',28,'term','product_cat',NULL,NULL,NULL,NULL,'Bijoux et montres',NULL,NULL,0,NULL,NULL,NULL,NULL,NULL,NULL,0,NULL,NULL,NULL,NULL,NULL,NULL,NULL,NULL,NULL,NULL,NULL,NULL,NULL,NULL,NULL,NULL,NULL,NULL,NULL,'2022-08-27 22:35:37','2023-02-13 07:56:38',6,NULL,NULL,NULL,NULL,0,NULL,2,'2022-04-25 05:26:49','2022-04-25 05:21:43'),(153,'https://mentorlystes.com/affiliation/categorie-produit/maison-et-lifestyle/','73:adc3f5de68ddbcd2938ae08f05a464bb',22,'term','product_cat',NULL,NULL,NULL,NULL,'Maison et lifestyle',NULL,NULL,0,NULL,NULL,NULL,NULL,NULL,NULL,0,NULL,NULL,NULL,NULL,NULL,NULL,NULL,NULL,NULL,NULL,NULL,NULL,NULL,NULL,NULL,NULL,NULL,NULL,NULL,'2022-09-01 06:00:17','2023-02-13 07:56:38',6,NULL,NULL,NULL,NULL,0,NULL,2,'2022-04-25 05:23:09','2022-04-25 05:21:22'),(154,'https://mentorlystes.com/affiliation/produit/dior-bougie-toile-de-jouy/','69:64bc6c0f0ba08c5ae01e1c3a10152acc',26,'post','product',1,0,NULL,NULL,'DIOR Bougie toile de jouy','publish',NULL,0,NULL,NULL,NULL,NULL,NULL,0,0,NULL,0,NULL,NULL,NULL,NULL,'https://mentorlystes.com/affiliation/wp-content/uploads/sites/6/2022/04/D0C329A4-7C8A-445B-AE93-45474DC829AA.png',NULL,'54','featured-image',NULL,NULL,'https://mentorlystes.com/affiliation/wp-content/uploads/sites/6/2022/04/D0C329A4-7C8A-445B-AE93-45474DC829AA.png','54','featured-image','{\"width\":1080,\"height\":1350,\"filesize\":774812,\"url\":\"https://mentorlystes.com/affiliation/wp-content/uploads/sites/6/2022/04/D0C329A4-7C8A-445B-AE93-45474DC829AA.png\",\"path\":\"/homepages/32/d908619354/htdocs/mentorlystes/wp-content/uploads/sites/6/2022/04/D0C329A4-7C8A-445B-AE93-45474DC829AA.png\",\"size\":\"full\",\"id\":54,\"alt\":\"\",\"pixels\":1458000,\"type\":\"image/png\"}',NULL,NULL,NULL,'2022-09-01 06:00:18','2023-02-13 07:56:39',6,NULL,NULL,NULL,NULL,0,NULL,2,'2022-04-25 05:23:09','2022-04-25 05:21:22'),(155,'https://mentorlystes.com/affiliation/produit/bottega-veneta-bottes/','65:b7b865d37230aaaf81549134f26f96a9',12,'post','product',1,0,NULL,NULL,'BOTTEGA VENETA bottes','publish',NULL,0,NULL,NULL,NULL,NULL,NULL,0,0,NULL,0,NULL,NULL,NULL,NULL,'https://mentorlystes.com/affiliation/wp-content/uploads/sites/6/2022/04/B7CC58C7-4E88-4826-A4F4-DF8B0734A7D6.png',NULL,'42','featured-image',NULL,NULL,'https://mentorlystes.com/affiliation/wp-content/uploads/sites/6/2022/04/B7CC58C7-4E88-4826-A4F4-DF8B0734A7D6.png','42','featured-image','{\"width\":1080,\"height\":1350,\"filesize\":484656,\"url\":\"https://mentorlystes.com/affiliation/wp-content/uploads/sites/6/2022/04/B7CC58C7-4E88-4826-A4F4-DF8B0734A7D6.png\",\"path\":\"/homepages/32/d908619354/htdocs/mentorlystes/wp-content/uploads/sites/6/2022/04/B7CC58C7-4E88-4826-A4F4-DF8B0734A7D6.png\",\"size\":\"full\",\"id\":42,\"alt\":\"\",\"pixels\":1458000,\"type\":\"image/png\"}',NULL,NULL,NULL,'2022-09-01 07:31:11','2023-02-13 07:56:39',6,NULL,NULL,NULL,NULL,0,NULL,2,'2022-04-25 05:22:21','2022-04-25 05:20:55'),(156,'https://mentorlystes.com/affiliation/etiquette-produit/celine/','60:c36e14a5b5e530b0f64cb7659e5ee018',40,'term','product_tag',NULL,NULL,NULL,NULL,'CELINE',NULL,NULL,0,NULL,NULL,NULL,NULL,NULL,NULL,0,NULL,NULL,NULL,NULL,NULL,NULL,NULL,NULL,NULL,NULL,NULL,NULL,NULL,NULL,NULL,NULL,NULL,NULL,NULL,'2022-09-01 11:25:14','2023-02-13 07:56:38',6,NULL,NULL,NULL,NULL,0,NULL,2,'2022-04-25 05:27:02','2022-04-25 05:23:58'),(157,'https://mentorlystes.com/affiliation/categorie-produit/sacs/sacs-femmes/','70:e22981958ffa18861a5aaaf0bd40ed8b',25,'term','product_cat',NULL,NULL,NULL,NULL,'sacs femmes',NULL,NULL,0,NULL,NULL,NULL,NULL,NULL,NULL,0,NULL,NULL,NULL,NULL,NULL,NULL,NULL,NULL,NULL,NULL,NULL,NULL,NULL,NULL,NULL,NULL,NULL,NULL,NULL,'2022-09-01 14:45:01','2023-02-13 07:56:38',6,NULL,NULL,NULL,NULL,1,NULL,2,'2022-04-25 05:24:27','2022-04-25 05:21:35'),(158,'https://mentorlystes.com/affiliation/etiquette-produit/amina-muaddi/','66:ad81b1af299761ab9c29c60e5ba51d87',21,'term','product_tag',NULL,NULL,NULL,NULL,'AMINA MUADDI',NULL,NULL,0,NULL,NULL,NULL,NULL,NULL,NULL,0,NULL,NULL,NULL,NULL,NULL,NULL,NULL,NULL,NULL,NULL,NULL,NULL,NULL,NULL,NULL,NULL,NULL,NULL,NULL,'2022-09-01 16:42:02','2023-02-13 07:56:38',6,NULL,NULL,NULL,NULL,0,NULL,2,'2022-04-25 05:23:07','2022-04-25 05:21:18'),(159,'https://mentorlystes.com/affiliation/produit/balenciaga-sac-hourglass-strass/','75:e5899388d44733fde634aad291222902',31,'post','product',1,0,NULL,NULL,'BALENCIAGA sac hourglass strass','publish',NULL,0,NULL,NULL,NULL,NULL,NULL,0,0,NULL,0,NULL,NULL,NULL,NULL,'https://mentorlystes.com/affiliation/wp-content/uploads/sites/6/2022/04/47E24A23-3487-4B86-AECC-60A2B62A5624.png',NULL,'55','featured-image',NULL,NULL,'https://mentorlystes.com/affiliation/wp-content/uploads/sites/6/2022/04/47E24A23-3487-4B86-AECC-60A2B62A5624.png','55','featured-image','{\"width\":1080,\"height\":1350,\"filesize\":719796,\"url\":\"https://mentorlystes.com/affiliation/wp-content/uploads/sites/6/2022/04/47E24A23-3487-4B86-AECC-60A2B62A5624.png\",\"path\":\"/homepages/32/d908619354/htdocs/mentorlystes/wp-content/uploads/sites/6/2022/04/47E24A23-3487-4B86-AECC-60A2B62A5624.png\",\"size\":\"full\",\"id\":55,\"alt\":\"\",\"pixels\":1458000,\"type\":\"image/png\"}',NULL,NULL,NULL,'2022-09-02 11:46:02','2023-02-13 07:56:39',6,NULL,NULL,NULL,NULL,0,NULL,2,'2022-04-25 05:23:03','2022-04-25 05:21:35'),(160,'https://mentorlystes.com/affiliation/produit/mach-mach-escarpins-noeuds/','70:7b06a3cf6e83a4e1e0b027c6f63c8cde',37,'post','product',1,0,NULL,NULL,'MACH &#038; MACH escarpins noeuds','publish',NULL,0,NULL,NULL,NULL,NULL,NULL,0,0,NULL,0,NULL,NULL,NULL,NULL,'https://mentorlystes.com/affiliation/wp-content/uploads/sites/6/2022/04/2385BAE6-F606-47D0-BA1B-DDCE648C13AC.png',NULL,'81','featured-image',NULL,NULL,'https://mentorlystes.com/affiliation/wp-content/uploads/sites/6/2022/04/2385BAE6-F606-47D0-BA1B-DDCE648C13AC.png','81','featured-image','{\"width\":1080,\"height\":1350,\"filesize\":273690,\"url\":\"https://mentorlystes.com/affiliation/wp-content/uploads/sites/6/2022/04/2385BAE6-F606-47D0-BA1B-DDCE648C13AC.png\",\"path\":\"/homepages/32/d908619354/htdocs/mentorlystes/wp-content/uploads/sites/6/2022/04/2385BAE6-F606-47D0-BA1B-DDCE648C13AC.png\",\"size\":\"full\",\"id\":81,\"alt\":\"\",\"pixels\":1458000,\"type\":\"image/png\"}',NULL,NULL,NULL,'2022-09-06 19:48:34','2023-02-13 07:56:39',6,NULL,NULL,NULL,NULL,0,NULL,2,'2022-04-25 05:24:29','2022-04-25 05:21:47'),(161,NULL,NULL,NULL,'system-page','search-result',NULL,NULL,'Vous avez cherché %%searchphrase%% %%page%% %%sep%% %%sitename%%',NULL,NULL,NULL,NULL,0,NULL,NULL,NULL,NULL,NULL,NULL,0,1,0,0,0,0,NULL,NULL,NULL,NULL,NULL,NULL,NULL,NULL,NULL,NULL,NULL,NULL,NULL,NULL,'2022-09-14 02:58:11','2022-09-14 00:58:11',6,NULL,NULL,NULL,NULL,0,NULL,1,NULL,NULL),(162,'https://mentorlystes.com/affiliation/produit/fendi-montre-run-away/','65:f5bccb3c0d18b30e1ce1b822607eacaa',35,'post','product',1,0,NULL,NULL,'FENDI Montre Run Away','publish',NULL,0,NULL,NULL,NULL,NULL,NULL,0,0,NULL,0,NULL,NULL,NULL,NULL,'https://mentorlystes.com/affiliation/wp-content/uploads/sites/6/2022/04/076BD3E4-521C-4971-A73C-CC5311123D4B.png',NULL,'72','featured-image',NULL,NULL,'https://mentorlystes.com/affiliation/wp-content/uploads/sites/6/2022/04/076BD3E4-521C-4971-A73C-CC5311123D4B.png','72','featured-image','{\"width\":1080,\"height\":1350,\"filesize\":308533,\"url\":\"https://mentorlystes.com/affiliation/wp-content/uploads/sites/6/2022/04/076BD3E4-521C-4971-A73C-CC5311123D4B.png\",\"path\":\"/homepages/32/d908619354/htdocs/mentorlystes/wp-content/uploads/sites/6/2022/04/076BD3E4-521C-4971-A73C-CC5311123D4B.png\",\"size\":\"full\",\"id\":72,\"alt\":\"\",\"pixels\":1458000,\"type\":\"image/png\"}',NULL,NULL,NULL,'2022-09-18 07:09:37','2023-02-13 07:56:39',6,NULL,NULL,NULL,NULL,0,NULL,2,'2022-04-25 05:23:50','2022-04-25 05:21:43'),(163,'https://mentorlystes.com/affiliation/produit/courreges-veste-zippee-vernie/','73:f0e7a29563b5cdc0e79587819d5f8ed0',14,'post','product',1,0,NULL,NULL,'COURREGES Veste zippée vernie','publish',NULL,0,NULL,NULL,NULL,NULL,NULL,0,0,NULL,0,NULL,NULL,NULL,NULL,'https://mentorlystes.com/affiliation/wp-content/uploads/sites/6/2022/04/9842C81D-972E-4554-9E50-FEB281204A3E.png',NULL,'43','featured-image',NULL,NULL,'https://mentorlystes.com/affiliation/wp-content/uploads/sites/6/2022/04/9842C81D-972E-4554-9E50-FEB281204A3E.png','43','featured-image','{\"width\":1080,\"height\":1350,\"filesize\":452015,\"url\":\"https://mentorlystes.com/affiliation/wp-content/uploads/sites/6/2022/04/9842C81D-972E-4554-9E50-FEB281204A3E.png\",\"path\":\"/homepages/32/d908619354/htdocs/mentorlystes/wp-content/uploads/sites/6/2022/04/9842C81D-972E-4554-9E50-FEB281204A3E.png\",\"size\":\"full\",\"id\":43,\"alt\":\"\",\"pixels\":1458000,\"type\":\"image/png\"}',NULL,NULL,NULL,'2022-09-19 08:49:25','2023-02-13 07:56:39',6,NULL,NULL,NULL,NULL,0,NULL,2,'2022-04-25 05:22:22','2022-04-25 05:20:59'),(164,'https://mentorlystes.com/affiliation/categorie-produit/chaussures/chaussures-femmes/','82:cd7abeeee1536ede9e8ff9fab34153ef',17,'term','product_cat',NULL,NULL,NULL,NULL,'chaussures femmes',NULL,NULL,0,NULL,NULL,NULL,NULL,NULL,NULL,0,NULL,NULL,NULL,NULL,NULL,NULL,NULL,NULL,NULL,NULL,NULL,NULL,NULL,NULL,NULL,NULL,NULL,NULL,NULL,'2022-09-28 22:16:27','2023-02-13 07:56:38',6,NULL,NULL,NULL,NULL,1,NULL,2,'2022-04-25 05:28:11','2022-04-25 05:20:55'),(165,'https://mentorlystes.com/affiliation/categorie-produit/femme/','59:08390ebd291e832d9c42359fe9766ef1',19,'term','product_cat',NULL,NULL,NULL,NULL,'Femme',NULL,NULL,0,NULL,NULL,NULL,NULL,NULL,NULL,0,NULL,NULL,NULL,NULL,NULL,NULL,NULL,NULL,NULL,NULL,NULL,NULL,NULL,NULL,NULL,NULL,NULL,NULL,NULL,'2022-10-08 09:04:01','2023-02-13 07:56:38',6,NULL,NULL,NULL,NULL,0,NULL,2,'2022-04-25 21:24:57','2022-04-25 05:20:59'),(166,'https://mentorlystes.com/affiliation/categorie-produit/mixte/','61:16122492583cd573622254e8dac9bb72',35,'term','product_cat',NULL,NULL,NULL,NULL,'Mixte',NULL,NULL,0,NULL,NULL,NULL,NULL,NULL,NULL,0,NULL,NULL,NULL,NULL,NULL,NULL,NULL,NULL,NULL,NULL,NULL,NULL,NULL,NULL,NULL,NULL,NULL,NULL,NULL,'2023-05-02 09:32:37','2023-05-02 07:32:37',6,NULL,NULL,NULL,NULL,0,NULL,2,'2022-04-25 05:27:02','2022-04-25 05:22:34'),(167,'https://mentorlystes.com/affiliation/etiquette-produit/nike/','60:9760eeacdf3b34d9ab0414ca9af59817',51,'term','product_tag',NULL,NULL,NULL,NULL,'NIKE',NULL,NULL,0,NULL,NULL,NULL,NULL,NULL,NULL,0,NULL,NULL,NULL,NULL,NULL,NULL,NULL,NULL,NULL,NULL,NULL,NULL,NULL,NULL,NULL,NULL,NULL,NULL,NULL,'2023-07-28 09:34:29','2023-07-28 07:34:29',6,NULL,NULL,NULL,NULL,0,NULL,2,'2022-04-25 05:28:11','2022-04-25 05:26:33');

--
-- Table structure for table `wp_6_yoast_indexable_hierarchy`
--

CREATE TABLE `wp_6_yoast_indexable_hierarchy` (
  `indexable_id` int unsigned NOT NULL DEFAULT '0',
  `ancestor_id` int unsigned NOT NULL DEFAULT '0',
  `depth` int unsigned DEFAULT NULL,
  `blog_id` bigint NOT NULL DEFAULT '6',
  PRIMARY KEY (`indexable_id`,`ancestor_id`),
  KEY `indexable_id` (`indexable_id`),
  KEY `ancestor_id` (`ancestor_id`),
  KEY `depth` (`depth`)
) ENGINE=InnoDB DEFAULT CHARSET=utf8mb4 COLLATE=utf8mb4_unicode_ci;

--
-- Dumping data for table `wp_6_yoast_indexable_hierarchy`
--

INSERT INTO `wp_6_yoast_indexable_hierarchy` VALUES (1,0,0,6),(2,0,0,6),(3,0,0,6),(4,0,0,6),(5,0,0,6),(8,0,0,6),(9,0,0,6),(11,0,0,6),(17,0,0,6),(22,0,0,6),(23,0,0,6),(24,0,0,6),(27,0,0,6),(34,0,0,6),(35,0,0,6),(36,0,0,6),(37,0,0,6),(38,0,0,6),(39,0,0,6),(41,0,0,6),(44,0,0,6),(46,0,0,6),(47,0,0,6),(48,0,0,6),(49,0,0,6),(50,0,0,6),(51,0,0,6),(52,0,0,6),(53,0,0,6),(56,0,0,6),(58,0,0,6),(74,0,0,6),(83,0,0,6),(84,0,0,6),(85,0,0,6),(86,0,0,6),(87,0,0,6),(88,0,0,6),(89,0,0,6),(90,0,0,6),(92,0,0,6),(93,0,0,6),(94,0,0,6),(95,0,0,6),(96,0,0,6),(97,0,0,6),(102,0,0,6),(103,0,0,6),(104,0,0,6),(105,0,0,6),(106,0,0,6),(107,0,0,6),(108,0,0,6),(110,0,0,6),(112,0,0,6),(114,0,0,6),(116,0,0,6),(118,0,0,6),(120,0,0,6),(128,0,0,6),(129,0,0,6),(130,129,1,6),(131,0,0,6),(132,0,0,6),(133,0,0,6),(134,0,0,6),(135,0,0,6),(136,0,0,6),(137,0,0,6),(138,0,0,6),(139,0,0,6),(140,0,0,6),(141,0,0,6),(142,0,0,6),(143,0,0,6),(144,0,0,6),(145,0,0,6),(146,0,0,6),(147,0,0,6),(148,0,0,6),(149,0,0,6),(150,149,1,6),(151,0,0,6),(152,0,0,6),(153,0,0,6),(154,0,0,6),(155,0,0,6),(156,0,0,6),(157,129,1,6),(158,0,0,6),(159,0,0,6),(160,0,0,6),(161,0,0,6),(162,0,0,6),(163,0,0,6),(164,149,1,6),(165,0,0,6),(166,0,0,6),(167,0,0,6);

--
-- Table structure for table `wp_6_yoast_migrations`
--

CREATE TABLE `wp_6_yoast_migrations` (
  `id` int unsigned NOT NULL AUTO_INCREMENT,
  `version` varchar(191) CHARACTER SET utf8mb4 COLLATE utf8mb4_unicode_ci DEFAULT NULL,
  PRIMARY KEY (`id`),
  UNIQUE KEY `wp_6_yoast_migrations_version` (`version`)
) ENGINE=InnoDB AUTO_INCREMENT=24 DEFAULT CHARSET=utf8mb4 COLLATE=utf8mb4_unicode_ci;

--
-- Dumping data for table `wp_6_yoast_migrations`
--

INSERT INTO `wp_6_yoast_migrations` VALUES (1,'20171228151840'),(2,'20171228151841'),(3,'20190529075038'),(4,'20191011111109'),(5,'20200408101900'),(6,'20200420073606'),(7,'20200428123747'),(8,'20200428194858'),(9,'20200429105310'),(10,'20200430075614'),(11,'20200430150130'),(12,'20200507054848'),(13,'20200513133401'),(14,'20200609154515'),(15,'20200616130143'),(16,'20200617122511'),(17,'20200702141921'),(18,'20200728095334'),(19,'20201202144329'),(20,'20201216124002'),(21,'20201216141134'),(22,'20210817092415'),(23,'20211020091404');

--
-- Table structure for table `wp_6_yoast_primary_term`
--

CREATE TABLE `wp_6_yoast_primary_term` (
  `id` int unsigned NOT NULL AUTO_INCREMENT,
  `post_id` bigint DEFAULT NULL,
  `term_id` bigint DEFAULT NULL,
  `taxonomy` varchar(32) CHARACTER SET utf8mb4 COLLATE utf8mb4_unicode_ci NOT NULL,
  `created_at` datetime DEFAULT NULL,
  `updated_at` timestamp NOT NULL DEFAULT CURRENT_TIMESTAMP ON UPDATE CURRENT_TIMESTAMP,
  `blog_id` bigint NOT NULL DEFAULT '6',
  PRIMARY KEY (`id`),
  KEY `post_taxonomy` (`post_id`,`taxonomy`),
  KEY `post_term` (`post_id`,`term_id`)
) ENGINE=InnoDB DEFAULT CHARSET=utf8mb4 COLLATE=utf8mb4_unicode_ci;

--
-- Dumping data for table `wp_6_yoast_primary_term`
--


--
-- Table structure for table `wp_6_yoast_seo_links`
--

CREATE TABLE `wp_6_yoast_seo_links` (
  `id` bigint unsigned NOT NULL AUTO_INCREMENT,
  `url` varchar(255) DEFAULT NULL,
  `post_id` bigint unsigned DEFAULT NULL,
  `target_post_id` bigint unsigned DEFAULT NULL,
  `type` varchar(8) DEFAULT NULL,
  `indexable_id` int unsigned DEFAULT NULL,
  `target_indexable_id` int unsigned DEFAULT NULL,
  `height` int unsigned DEFAULT NULL,
  `width` int unsigned DEFAULT NULL,
  `size` int unsigned DEFAULT NULL,
  `language` varchar(32) DEFAULT NULL,
  `region` varchar(32) DEFAULT NULL,
  PRIMARY KEY (`id`),
  KEY `link_direction` (`post_id`,`type`),
  KEY `indexable_link_direction` (`indexable_id`,`type`)
) ENGINE=InnoDB AUTO_INCREMENT=104 DEFAULT CHARSET=utf8mb3;

--
-- Dumping data for table `wp_6_yoast_seo_links`
--

INSERT INTO `wp_6_yoast_seo_links` VALUES (7,'https://iconiqueparis.com/categorie-produit/homme/',225,NULL,'external',23,NULL,NULL,NULL,NULL,NULL,NULL),(14,'https://iconiqueparis.com/#:~:text=Homme-,Femme,-CHAUSSURES%20FEMMES',225,NULL,'external',23,NULL,NULL,NULL,NULL,NULL,NULL),(18,'https://iconiqueparis.com/wp-content/uploads/2022/04/goat_273412171_480511923509938_3997740516160215410_n.jpg',225,NULL,'image-ex',23,NULL,NULL,NULL,NULL,NULL,NULL),(19,'https://iconiqueparis.com/wp-content/uploads/2022/04/goat_273387968_873077806764931_2918594967437305823_n.jpg',225,NULL,'image-ex',23,NULL,NULL,NULL,NULL,NULL,NULL),(23,'https://mentorlystes.com/affiliation/produit/karl-lagerfeld-pantalon-a-effet-verni/',23154,131,'internal',50,51,NULL,NULL,NULL,NULL,NULL),(24,'https://mentorlystes.com/affiliation/produit/karl-lagerfeld-pantalon-a-effet-verni/',23154,131,'internal',50,51,NULL,NULL,NULL,NULL,NULL),(25,'https://mentorlystes.com/affiliation/produit/nike-dunk-low-black-and-white/',23154,129,'internal',50,52,NULL,NULL,NULL,NULL,NULL),(26,'https://mentorlystes.com/affiliation/produit/nike-dunk-low-black-and-white/',23154,129,'internal',50,52,NULL,NULL,NULL,NULL,NULL),(27,'https://mentorlystes.com/affiliation/produit/nike-dunk-low-black-and-white/',23154,129,'internal',50,52,NULL,NULL,NULL,NULL,NULL),(28,'https://mentorlystes.com/affiliation/produit/lemaire-veste-droite-boxy/',23154,113,'internal',50,53,NULL,NULL,NULL,NULL,NULL),(29,'https://mentorlystes.com/affiliation/produit/lemaire-veste-droite-boxy/',23154,113,'internal',50,53,NULL,NULL,NULL,NULL,NULL),(30,'https://mentorlystes.com/affiliation/produit/lemaire-veste-droite-boxy/',23154,113,'internal',50,53,NULL,NULL,NULL,NULL,NULL),(31,'https://mentorlystes.com/affiliation/produit/jacquemus-la-maille-neve/',23154,111,'internal',50,54,NULL,NULL,NULL,NULL,NULL),(32,'https://mentorlystes.com/affiliation/produit/jacquemus-la-maille-neve/',23154,111,'internal',50,54,NULL,NULL,NULL,NULL,NULL),(33,'https://mentorlystes.com/affiliation/produit/jacquemus-la-maille-neve/',23154,111,'internal',50,54,NULL,NULL,NULL,NULL,NULL),(34,'https://mentorlystes.com/affiliation/produit/bottega-veneta-bottes-the-lug/',23154,127,'internal',50,55,NULL,NULL,NULL,NULL,NULL),(35,'https://mentorlystes.com/affiliation/produit/bottega-veneta-bottes-the-lug/',23154,127,'internal',50,55,NULL,NULL,NULL,NULL,NULL),(36,'https://mentorlystes.com/affiliation/produit/bottega-veneta-bottes-the-lug/',23154,127,'internal',50,55,NULL,NULL,NULL,NULL,NULL),(37,'https://mentorlystes.com/affiliation/produit/celine-sneakers-ct-02/',23154,78,'internal',50,56,NULL,NULL,NULL,NULL,NULL),(38,'https://mentorlystes.com/affiliation/produit/celine-sneakers-ct-02/',23154,78,'internal',50,56,NULL,NULL,NULL,NULL,NULL),(39,'https://mentorlystes.com/affiliation/produit/celine-sneakers-ct-02/',23154,78,'internal',50,56,NULL,NULL,NULL,NULL,NULL),(40,'https://mentorlystes.store/categorie-produit/seating/',23154,NULL,'external',50,NULL,NULL,NULL,NULL,NULL,NULL),(41,'https://mentorlystes.com/affiliation/produit/acne-studios-evia-pink-coat/',23154,89,'internal',50,57,NULL,NULL,NULL,NULL,NULL),(42,'https://mentorlystes.com/affiliation/produit/acne-studios-evia-pink-coat/',23154,89,'internal',50,57,NULL,NULL,NULL,NULL,NULL),(43,'https://mentorlystes.com/affiliation/produit/acne-studios-evia-pink-coat/',23154,89,'internal',50,57,NULL,NULL,NULL,NULL,NULL),(44,'https://mentorlystes.com/affiliation/produit/anine-bing-evan-sweatshirt/',23154,80,'internal',50,58,NULL,NULL,NULL,NULL,NULL),(45,'https://mentorlystes.com/affiliation/produit/anine-bing-evan-sweatshirt/',23154,80,'internal',50,58,NULL,NULL,NULL,NULL,NULL),(46,'https://mentorlystes.com/affiliation/produit/anine-bing-evan-sweatshirt/',23154,80,'internal',50,58,NULL,NULL,NULL,NULL,NULL),(47,'https://mentorlystes.store/categorie-produit/sofa/',23154,NULL,'external',50,NULL,NULL,NULL,NULL,NULL,NULL),(48,'https://mentorlystes.com/affiliation/produit/karl-lagerfeld-pantalon-a-effet-verni/',23154,131,'internal',50,51,NULL,NULL,NULL,NULL,NULL),(49,'https://mentorlystes.com/affiliation/produit/karl-lagerfeld-pantalon-a-effet-verni/',23154,131,'internal',50,51,NULL,NULL,NULL,NULL,NULL),(50,'https://mentorlystes.com/affiliation/produit/nike-dunk-low-black-and-white/',23154,129,'internal',50,52,NULL,NULL,NULL,NULL,NULL),(51,'https://mentorlystes.com/affiliation/produit/nike-dunk-low-black-and-white/',23154,129,'internal',50,52,NULL,NULL,NULL,NULL,NULL),(52,'https://mentorlystes.com/affiliation/produit/nike-dunk-low-black-and-white/',23154,129,'internal',50,52,NULL,NULL,NULL,NULL,NULL),(53,'https://mentorlystes.com/affiliation/produit/lemaire-veste-droite-boxy/',23154,113,'internal',50,53,NULL,NULL,NULL,NULL,NULL),(54,'https://mentorlystes.com/affiliation/produit/lemaire-veste-droite-boxy/',23154,113,'internal',50,53,NULL,NULL,NULL,NULL,NULL),(55,'https://mentorlystes.com/affiliation/produit/lemaire-veste-droite-boxy/',23154,113,'internal',50,53,NULL,NULL,NULL,NULL,NULL),(56,'https://mentorlystes.com/affiliation/produit/jacquemus-la-maille-neve/',23154,111,'internal',50,54,NULL,NULL,NULL,NULL,NULL),(57,'https://mentorlystes.com/affiliation/produit/jacquemus-la-maille-neve/',23154,111,'internal',50,54,NULL,NULL,NULL,NULL,NULL),(58,'https://mentorlystes.com/affiliation/produit/jacquemus-la-maille-neve/',23154,111,'internal',50,54,NULL,NULL,NULL,NULL,NULL),(59,'https://mentorlystes.com/affiliation/wp-content/uploads/sites/6/2022/04/B522DC90-FF53-4314-B77F-572B4E94DAD4.png',23154,158,'image-in',50,59,1350,1080,503542,NULL,NULL),(60,'https://mentorlystes.com/affiliation/wp-content/uploads/sites/6/2022/04/DE01BD61-66C2-4CEC-B0ED-374DB4ECF1D5.png',23154,159,'image-in',50,60,1350,1080,781993,NULL,NULL),(61,'https://mentorlystes.com/affiliation/wp-content/uploads/sites/6/2022/04/A2373703-CBD3-4AFF-BF53-7984D0EC0B60.png',23154,157,'image-in',50,61,1350,1080,302687,NULL,NULL),(62,'https://mentorlystes.com/affiliation/wp-content/uploads/sites/6/2022/04/4757AC78-9E5A-432D-ABEE-605BC8451135.png',23154,147,'image-in',50,62,1350,1080,751596,NULL,NULL),(63,'https://mentorlystes.com/affiliation/wp-content/uploads/sites/6/2022/04/278AB1B6-AEEE-4133-BF81-51A6518361A8.png',23154,148,'image-in',50,63,1350,1080,1474921,NULL,NULL),(64,'https://mentorlystes.com/affiliation/wp-content/uploads/sites/6/2022/04/75C0F4D1-4161-4438-A08C-7DBD0A514C3C.png',23154,145,'image-in',50,64,1350,1080,645947,NULL,NULL),(65,'https://mentorlystes.com/affiliation/wp-content/uploads/sites/6/2022/04/9A01DC9E-2A37-4D97-8B90-A4B5905F02CF.png',23154,146,'image-in',50,65,1350,1080,4171589,NULL,NULL),(66,'https://mentorlystes.com/affiliation/wp-content/uploads/sites/6/2022/04/151B29C4-7F9F-4E18-930C-36FA763E15F5.png',23154,155,'image-in',50,66,1350,1080,471870,NULL,NULL),(67,'https://mentorlystes.com/affiliation/wp-content/uploads/sites/6/2022/04/E4E86CD8-70D3-4C13-B2D4-4A99BF267612.png',23154,156,'image-in',50,67,1350,1080,950454,NULL,NULL),(68,'https://mentorlystes.com/affiliation/wp-content/uploads/sites/6/2022/04/67583651-AD15-4C44-85EE-535653C30715.png',23154,132,'image-in',50,68,1350,1080,152164,NULL,NULL),(69,'https://mentorlystes.com/affiliation/wp-content/uploads/sites/6/2022/04/37D3BD5B-55D7-4C82-8DF4-1D5A3A7980C0.png',23154,133,'image-in',50,69,1350,1080,140058,NULL,NULL),(70,'https://mentorlystes.store/wp-content/uploads/2022/03/3976-nerd-chair-concept-image-203305093330-1.webp',23154,NULL,'image-ex',50,NULL,NULL,NULL,NULL,NULL,NULL),(71,'https://mentorlystes.store/wp-content/uploads/2022/03/4936-in-situ-modular-sofa-concept-image-204305094352.webp',23154,NULL,'image-ex',50,NULL,NULL,NULL,NULL,NULL,NULL),(72,'https://mentorlystes.com/affiliation/wp-content/uploads/sites/6/2022/04/1B93B098-967D-493F-9977-56DA45363795.png',23154,137,'image-in',50,70,1350,1080,1129259,NULL,NULL),(73,'https://mentorlystes.com/affiliation/wp-content/uploads/sites/6/2022/04/E2B8AE5D-B37F-4D4F-BF64-734AB6B0122F.png',23154,138,'image-in',50,71,1350,1080,764575,NULL,NULL),(74,'https://mentorlystes.com/affiliation/wp-content/uploads/sites/6/2022/04/B24E4349-A366-44E1-9221-222494AA2D08.png',23154,134,'image-in',50,72,1350,1080,369373,NULL,NULL),(75,'https://mentorlystes.com/affiliation/wp-content/uploads/sites/6/2022/04/42B4B78F-C9E9-4A42-BF94-FD150552C093.png',23154,135,'image-in',50,73,1350,1080,1629387,NULL,NULL),(76,'https://mentorlystes.store/wp-content/uploads/2022/03/4936-in-situ-modular-sofa-concept-image-204305094352.webp',23154,NULL,'image-ex',50,NULL,NULL,NULL,NULL,NULL,NULL),(77,'https://mentorlystes.com/affiliation/wp-content/uploads/sites/6/2022/04/B522DC90-FF53-4314-B77F-572B4E94DAD4.png',23154,158,'image-in',50,59,1350,1080,503542,NULL,NULL),(78,'https://mentorlystes.com/affiliation/wp-content/uploads/sites/6/2022/04/DE01BD61-66C2-4CEC-B0ED-374DB4ECF1D5.png',23154,159,'image-in',50,60,1350,1080,781993,NULL,NULL),(79,'https://mentorlystes.com/affiliation/wp-content/uploads/sites/6/2022/04/A2373703-CBD3-4AFF-BF53-7984D0EC0B60.png',23154,157,'image-in',50,61,1350,1080,302687,NULL,NULL),(80,'https://mentorlystes.com/affiliation/wp-content/uploads/sites/6/2022/04/4757AC78-9E5A-432D-ABEE-605BC8451135.png',23154,147,'image-in',50,62,1350,1080,751596,NULL,NULL),(81,'https://mentorlystes.com/affiliation/wp-content/uploads/sites/6/2022/04/278AB1B6-AEEE-4133-BF81-51A6518361A8.png',23154,148,'image-in',50,63,1350,1080,1474921,NULL,NULL),(82,'https://mentorlystes.com/affiliation/wp-content/uploads/sites/6/2022/04/75C0F4D1-4161-4438-A08C-7DBD0A514C3C.png',23154,145,'image-in',50,64,1350,1080,645947,NULL,NULL),(83,'https://mentorlystes.com/affiliation/wp-content/uploads/sites/6/2022/04/9A01DC9E-2A37-4D97-8B90-A4B5905F02CF.png',23154,146,'image-in',50,65,1350,1080,4171589,NULL,NULL),(84,'https://mentorlystes.com/affiliation/produit/jacquemus-la-maille-neve/',225,111,'internal',23,54,NULL,NULL,NULL,NULL,NULL),(85,'https://mentorlystes.com/affiliation/produit/jacquemus-la-maille-neve/',225,111,'internal',23,54,NULL,NULL,NULL,NULL,NULL),(86,'https://mentorlystes.com/affiliation/produit/jacquemus-la-maille-neve/',225,111,'internal',23,54,NULL,NULL,NULL,NULL,NULL),(87,'https://mentorlystes.com/affiliation/produit/off-white-baskets-basses-out-of-office/',225,102,'internal',23,74,NULL,NULL,NULL,NULL,NULL),(88,'https://mentorlystes.com/affiliation/produit/off-white-baskets-basses-out-of-office/',225,102,'internal',23,74,NULL,NULL,NULL,NULL,NULL),(89,'https://mentorlystes.com/affiliation/produit/off-white-baskets-basses-out-of-office/',225,102,'internal',23,74,NULL,NULL,NULL,NULL,NULL),(90,'https://mentorlystes.com/affiliation/produit/comme-des-garcons-play-hoodiemolleton/',225,125,'internal',23,75,NULL,NULL,NULL,NULL,NULL),(91,'https://mentorlystes.com/affiliation/produit/comme-des-garcons-play-hoodiemolleton/',225,125,'internal',23,75,NULL,NULL,NULL,NULL,NULL),(92,'https://mentorlystes.com/affiliation/produit/comme-des-garcons-play-hoodiemolleton/',225,125,'internal',23,75,NULL,NULL,NULL,NULL,NULL),(93,'https://mentorlystes.com/affiliation/produit/dries-van-noten-manteau-rarson/',225,115,'internal',23,76,NULL,NULL,NULL,NULL,NULL),(94,'https://mentorlystes.com/affiliation/produit/dries-van-noten-manteau-rarson/',225,115,'internal',23,76,NULL,NULL,NULL,NULL,NULL),(95,'https://mentorlystes.com/affiliation/produit/dries-van-noten-manteau-rarson/',225,115,'internal',23,76,NULL,NULL,NULL,NULL,NULL),(96,'https://mentorlystes.com/affiliation/wp-content/uploads/sites/6/2022/04/75C0F4D1-4161-4438-A08C-7DBD0A514C3C.png',225,145,'image-in',23,64,1350,1080,645947,NULL,NULL),(97,'https://mentorlystes.com/affiliation/wp-content/uploads/sites/6/2022/04/9A01DC9E-2A37-4D97-8B90-A4B5905F02CF.png',225,146,'image-in',23,65,1350,1080,4171589,NULL,NULL),(98,'https://mentorlystes.com/affiliation/wp-content/uploads/sites/6/2022/04/C80F179D-388C-488F-A1A1-445622F8984C.png',225,143,'image-in',23,77,1350,1080,277248,NULL,NULL),(99,'https://mentorlystes.com/affiliation/wp-content/uploads/sites/6/2022/04/824F70EA-E412-4B78-9226-2E1D6F951D8C.png',225,144,'image-in',23,78,1350,1080,977253,NULL,NULL),(100,'https://mentorlystes.com/affiliation/wp-content/uploads/sites/6/2022/04/89700B3C-A126-4044-943B-AF294982E852.png',225,153,'image-in',23,79,1350,1080,656322,NULL,NULL),(101,'https://mentorlystes.com/affiliation/wp-content/uploads/sites/6/2022/04/956AEB53-DE3B-467F-ACA5-08EC3F49D696.png',225,154,'image-in',23,80,1350,1080,1401670,NULL,NULL),(102,'https://mentorlystes.com/affiliation/wp-content/uploads/sites/6/2022/04/86C60ECD-24CB-4908-920F-089814F1CE76.png',225,149,'image-in',23,81,1350,1080,984112,NULL,NULL),(103,'https://mentorlystes.com/affiliation/wp-content/uploads/sites/6/2022/04/64379784-C142-4A61-AC72-5AD0CAFBFD9A.png',225,150,'image-in',23,82,1350,1080,1825311,NULL,NULL);

--
-- Table structure for table `wp_7_actionscheduler_actions`
--

CREATE TABLE `wp_7_actionscheduler_actions` (
  `action_id` bigint unsigned NOT NULL AUTO_INCREMENT,
  `hook` varchar(191) CHARACTER SET utf8mb4 COLLATE utf8mb4_unicode_ci NOT NULL,
  `status` varchar(20) CHARACTER SET utf8mb4 COLLATE utf8mb4_unicode_ci NOT NULL,
  `scheduled_date_gmt` datetime DEFAULT '0000-00-00 00:00:00',
  `scheduled_date_local` datetime DEFAULT '0000-00-00 00:00:00',
  `args` varchar(191) CHARACTER SET utf8mb4 COLLATE utf8mb4_unicode_ci DEFAULT NULL,
  `schedule` longtext CHARACTER SET utf8mb4 COLLATE utf8mb4_unicode_ci,
  `group_id` bigint unsigned NOT NULL DEFAULT '0',
  `attempts` int NOT NULL DEFAULT '0',
  `last_attempt_gmt` datetime DEFAULT '0000-00-00 00:00:00',
  `last_attempt_local` datetime DEFAULT '0000-00-00 00:00:00',
  `claim_id` bigint unsigned NOT NULL DEFAULT '0',
  `extended_args` varchar(8000) CHARACTER SET utf8mb4 COLLATE utf8mb4_unicode_ci DEFAULT NULL,
  `priority` tinyint unsigned NOT NULL DEFAULT '10',
  PRIMARY KEY (`action_id`),
  KEY `hook` (`hook`),
  KEY `status` (`status`),
  KEY `scheduled_date_gmt` (`scheduled_date_gmt`),
  KEY `args` (`args`),
  KEY `group_id` (`group_id`),
  KEY `last_attempt_gmt` (`last_attempt_gmt`),
  KEY `claim_id_status_scheduled_date_gmt` (`claim_id`,`status`,`scheduled_date_gmt`),
  KEY `hook_status_scheduled_date_gmt` (`hook`(163),`status`,`scheduled_date_gmt`),
  KEY `status_scheduled_date_gmt` (`status`,`scheduled_date_gmt`)
) ENGINE=InnoDB AUTO_INCREMENT=5375 DEFAULT CHARSET=utf8mb4 COLLATE=utf8mb4_unicode_ci;

--
-- Dumping data for table `wp_7_actionscheduler_actions`
--

INSERT INTO `wp_7_actionscheduler_actions` VALUES (5349,'wc_stripe_remove_order_locks','complete','2024-04-25 01:28:48','2024-04-25 03:28:48','[]','O:32:\"ActionScheduler_IntervalSchedule\":5:{s:22:\"\0*\0scheduled_timestamp\";i:1714008528;s:18:\"\0*\0first_timestamp\";i:1650844800;s:13:\"\0*\0recurrence\";i:86400;s:49:\"\0ActionScheduler_IntervalSchedule\0start_timestamp\";i:1714008528;s:53:\"\0ActionScheduler_IntervalSchedule\0interval_in_seconds\";i:86400;}',0,1,'2025-05-15 14:56:57','2025-05-15 16:56:57',0,NULL,10),(5354,'wpo_ips_semaphore_lock_cleanup','complete','2025-05-15 14:56:56','2025-05-15 16:56:56','[]','O:32:\"ActionScheduler_IntervalSchedule\":5:{s:22:\"\0*\0scheduled_timestamp\";i:1747321016;s:18:\"\0*\0first_timestamp\";i:1747321016;s:13:\"\0*\0recurrence\";i:2592000;s:49:\"\0ActionScheduler_IntervalSchedule\0start_timestamp\";i:1747321016;s:53:\"\0ActionScheduler_IntervalSchedule\0interval_in_seconds\";i:2592000;}',3,1,'2025-05-15 14:56:57','2025-05-15 16:56:57',0,NULL,10),(5355,'facebook_for_woocommerce_hourly_heartbeat','complete','2025-05-15 14:56:57','2025-05-15 16:56:57','[]','O:30:\"ActionScheduler_SimpleSchedule\":2:{s:22:\"\0*\0scheduled_timestamp\";i:1747321017;s:41:\"\0ActionScheduler_SimpleSchedule\0timestamp\";i:1747321017;}',3,1,'2025-05-15 14:56:57','2025-05-15 16:56:57',0,NULL,10),(5356,'wc_stripe_remove_order_locks','complete','2025-05-16 14:56:57','2025-05-16 16:56:57','[]','O:32:\"ActionScheduler_IntervalSchedule\":5:{s:22:\"\0*\0scheduled_timestamp\";i:1747407417;s:18:\"\0*\0first_timestamp\";i:1650844800;s:13:\"\0*\0recurrence\";i:86400;s:49:\"\0ActionScheduler_IntervalSchedule\0start_timestamp\";i:1747407417;s:53:\"\0ActionScheduler_IntervalSchedule\0interval_in_seconds\";i:86400;}',3,1,'2025-05-16 16:11:50','2025-05-16 18:11:50',0,NULL,10),(5357,'wpo_ips_semaphore_lock_cleanup','pending','2025-06-14 14:56:57','2025-06-14 16:56:57','[]','O:32:\"ActionScheduler_IntervalSchedule\":5:{s:22:\"\0*\0scheduled_timestamp\";i:1749913017;s:18:\"\0*\0first_timestamp\";i:1747321016;s:13:\"\0*\0recurrence\";i:2592000;s:49:\"\0ActionScheduler_IntervalSchedule\0start_timestamp\";i:1749913017;s:53:\"\0ActionScheduler_IntervalSchedule\0interval_in_seconds\";i:2592000;}',3,0,'0000-00-00 00:00:00','0000-00-00 00:00:00',0,NULL,10),(5358,'facebook_for_woocommerce_daily_heartbeat','complete','2025-05-15 14:56:57','2025-05-15 16:56:57','[]','O:30:\"ActionScheduler_SimpleSchedule\":2:{s:22:\"\0*\0scheduled_timestamp\";i:1747321017;s:41:\"\0ActionScheduler_SimpleSchedule\0timestamp\";i:1747321017;}',3,1,'2025-05-16 16:11:50','2025-05-16 18:11:50',0,NULL,10),(5359,'wc_stripe_remove_order_locks','complete','2025-05-17 16:11:50','2025-05-17 18:11:50','[]','O:32:\"ActionScheduler_IntervalSchedule\":5:{s:22:\"\0*\0scheduled_timestamp\";i:1747498310;s:18:\"\0*\0first_timestamp\";i:1650844800;s:13:\"\0*\0recurrence\";i:86400;s:49:\"\0ActionScheduler_IntervalSchedule\0start_timestamp\";i:1747498310;s:53:\"\0ActionScheduler_IntervalSchedule\0interval_in_seconds\";i:86400;}',3,1,'2025-05-22 16:41:40','2025-05-22 18:41:40',0,NULL,10),(5360,'facebook_for_woocommerce_hourly_heartbeat','complete','2025-05-16 16:11:50','2025-05-16 18:11:50','[]','O:30:\"ActionScheduler_SimpleSchedule\":2:{s:22:\"\0*\0scheduled_timestamp\";i:1747411910;s:41:\"\0ActionScheduler_SimpleSchedule\0timestamp\";i:1747411910;}',3,1,'2025-05-16 16:11:54','2025-05-16 18:11:54',0,NULL,10),(5361,'facebook_for_woocommerce_daily_heartbeat','complete','2025-05-16 16:11:50','2025-05-16 18:11:50','[]','O:30:\"ActionScheduler_SimpleSchedule\":2:{s:22:\"\0*\0scheduled_timestamp\";i:1747411910;s:41:\"\0ActionScheduler_SimpleSchedule\0timestamp\";i:1747411910;}',3,1,'2025-05-16 16:11:54','2025-05-16 18:11:54',0,NULL,10),(5362,'woocommerce_cleanup_draft_orders','complete','2025-05-16 16:11:52','2025-05-16 18:11:52','[]','O:32:\"ActionScheduler_IntervalSchedule\":5:{s:22:\"\0*\0scheduled_timestamp\";i:1747411912;s:18:\"\0*\0first_timestamp\";i:1747411912;s:13:\"\0*\0recurrence\";i:86400;s:49:\"\0ActionScheduler_IntervalSchedule\0start_timestamp\";i:1747411912;s:53:\"\0ActionScheduler_IntervalSchedule\0interval_in_seconds\";i:86400;}',3,1,'2025-05-16 16:11:54','2025-05-16 18:11:54',0,NULL,10),(5363,'woocommerce_cleanup_draft_orders','complete','2025-05-17 16:11:54','2025-05-17 18:11:54','[]','O:32:\"ActionScheduler_IntervalSchedule\":5:{s:22:\"\0*\0scheduled_timestamp\";i:1747498314;s:18:\"\0*\0first_timestamp\";i:1747411912;s:13:\"\0*\0recurrence\";i:86400;s:49:\"\0ActionScheduler_IntervalSchedule\0start_timestamp\";i:1747498314;s:53:\"\0ActionScheduler_IntervalSchedule\0interval_in_seconds\";i:86400;}',3,1,'2025-05-22 16:41:40','2025-05-22 18:41:40',0,NULL,10),(5364,'facebook_for_woocommerce_hourly_heartbeat','complete','2025-05-16 16:11:54','2025-05-16 18:11:54','[]','O:30:\"ActionScheduler_SimpleSchedule\":2:{s:22:\"\0*\0scheduled_timestamp\";i:1747411914;s:41:\"\0ActionScheduler_SimpleSchedule\0timestamp\";i:1747411914;}',3,1,'2025-05-16 16:11:54','2025-05-16 18:11:54',0,NULL,10),(5365,'facebook_for_woocommerce_daily_heartbeat','complete','2025-05-16 16:11:54','2025-05-16 18:11:54','[]','O:30:\"ActionScheduler_SimpleSchedule\":2:{s:22:\"\0*\0scheduled_timestamp\";i:1747411914;s:41:\"\0ActionScheduler_SimpleSchedule\0timestamp\";i:1747411914;}',3,1,'2025-05-16 16:12:00','2025-05-16 18:12:00',0,NULL,10),(5366,'wc_stripe_remove_order_locks','complete','2025-05-23 16:41:40','2025-05-23 18:41:40','[]','O:32:\"ActionScheduler_IntervalSchedule\":5:{s:22:\"\0*\0scheduled_timestamp\";i:1748018500;s:18:\"\0*\0first_timestamp\";i:1650844800;s:13:\"\0*\0recurrence\";i:86400;s:49:\"\0ActionScheduler_IntervalSchedule\0start_timestamp\";i:1748018500;s:53:\"\0ActionScheduler_IntervalSchedule\0interval_in_seconds\";i:86400;}',3,1,'2025-05-26 12:02:34','2025-05-26 14:02:34',0,NULL,10),(5367,'woocommerce_cleanup_draft_orders','complete','2025-05-23 16:41:40','2025-05-23 18:41:40','[]','O:32:\"ActionScheduler_IntervalSchedule\":5:{s:22:\"\0*\0scheduled_timestamp\";i:1748018500;s:18:\"\0*\0first_timestamp\";i:1747411912;s:13:\"\0*\0recurrence\";i:86400;s:49:\"\0ActionScheduler_IntervalSchedule\0start_timestamp\";i:1748018500;s:53:\"\0ActionScheduler_IntervalSchedule\0interval_in_seconds\";i:86400;}',3,1,'2025-05-26 12:02:34','2025-05-26 14:02:34',0,NULL,10),(5368,'facebook_for_woocommerce_hourly_heartbeat','complete','2025-05-22 16:41:40','2025-05-22 18:41:40','[]','O:30:\"ActionScheduler_SimpleSchedule\":2:{s:22:\"\0*\0scheduled_timestamp\";i:1747932100;s:41:\"\0ActionScheduler_SimpleSchedule\0timestamp\";i:1747932100;}',3,1,'2025-05-22 16:41:43','2025-05-22 18:41:43',0,NULL,10),(5369,'facebook_for_woocommerce_daily_heartbeat','complete','2025-05-22 16:41:40','2025-05-22 18:41:40','[]','O:30:\"ActionScheduler_SimpleSchedule\":2:{s:22:\"\0*\0scheduled_timestamp\";i:1747932100;s:41:\"\0ActionScheduler_SimpleSchedule\0timestamp\";i:1747932100;}',3,1,'2025-05-22 16:41:43','2025-05-22 18:41:43',0,NULL,10),(5370,'wc_stripe_remove_order_locks','pending','2025-05-27 12:02:34','2025-05-27 14:02:34','[]','O:32:\"ActionScheduler_IntervalSchedule\":5:{s:22:\"\0*\0scheduled_timestamp\";i:1748347354;s:18:\"\0*\0first_timestamp\";i:1650844800;s:13:\"\0*\0recurrence\";i:86400;s:49:\"\0ActionScheduler_IntervalSchedule\0start_timestamp\";i:1748347354;s:53:\"\0ActionScheduler_IntervalSchedule\0interval_in_seconds\";i:86400;}',3,0,'0000-00-00 00:00:00','0000-00-00 00:00:00',0,NULL,10),(5371,'woocommerce_cleanup_draft_orders','pending','2025-05-27 12:02:34','2025-05-27 14:02:34','[]','O:32:\"ActionScheduler_IntervalSchedule\":5:{s:22:\"\0*\0scheduled_timestamp\";i:1748347354;s:18:\"\0*\0first_timestamp\";i:1747411912;s:13:\"\0*\0recurrence\";i:86400;s:49:\"\0ActionScheduler_IntervalSchedule\0start_timestamp\";i:1748347354;s:53:\"\0ActionScheduler_IntervalSchedule\0interval_in_seconds\";i:86400;}',3,0,'0000-00-00 00:00:00','0000-00-00 00:00:00',0,NULL,10),(5372,'facebook_for_woocommerce_hourly_heartbeat','complete','2025-05-26 12:02:34','2025-05-26 14:02:34','[]','O:30:\"ActionScheduler_SimpleSchedule\":2:{s:22:\"\0*\0scheduled_timestamp\";i:1748260954;s:41:\"\0ActionScheduler_SimpleSchedule\0timestamp\";i:1748260954;}',3,1,'2025-05-26 12:02:39','2025-05-26 14:02:39',0,NULL,10),(5373,'facebook_for_woocommerce_daily_heartbeat','complete','2025-05-26 12:02:35','2025-05-26 14:02:35','[]','O:30:\"ActionScheduler_SimpleSchedule\":2:{s:22:\"\0*\0scheduled_timestamp\";i:1748260955;s:41:\"\0ActionScheduler_SimpleSchedule\0timestamp\";i:1748260955;}',3,1,'2025-05-26 12:02:39','2025-05-26 14:02:39',0,NULL,10),(5374,'facebook_for_woocommerce_hourly_heartbeat','complete','2025-05-26 19:27:12','2025-05-26 21:27:12','[]','O:30:\"ActionScheduler_SimpleSchedule\":2:{s:22:\"\0*\0scheduled_timestamp\";i:1748287632;s:41:\"\0ActionScheduler_SimpleSchedule\0timestamp\";i:1748287632;}',3,1,'2025-05-26 19:27:17','2025-05-26 21:27:17',0,NULL,10);

--
-- Table structure for table `wp_7_actionscheduler_claims`
--

CREATE TABLE `wp_7_actionscheduler_claims` (
  `claim_id` bigint unsigned NOT NULL AUTO_INCREMENT,
  `date_created_gmt` datetime DEFAULT '0000-00-00 00:00:00',
  PRIMARY KEY (`claim_id`),
  KEY `date_created_gmt` (`date_created_gmt`)
) ENGINE=InnoDB AUTO_INCREMENT=3084 DEFAULT CHARSET=utf8mb4 COLLATE=utf8mb4_unicode_ci;

--
-- Dumping data for table `wp_7_actionscheduler_claims`
--


--
-- Table structure for table `wp_7_actionscheduler_groups`
--

CREATE TABLE `wp_7_actionscheduler_groups` (
  `group_id` bigint unsigned NOT NULL AUTO_INCREMENT,
  `slug` varchar(255) CHARACTER SET utf8mb4 COLLATE utf8mb4_unicode_ci NOT NULL,
  PRIMARY KEY (`group_id`),
  KEY `slug` (`slug`(191))
) ENGINE=InnoDB AUTO_INCREMENT=4 DEFAULT CHARSET=utf8mb4 COLLATE=utf8mb4_unicode_ci;

--
-- Dumping data for table `wp_7_actionscheduler_groups`
--

INSERT INTO `wp_7_actionscheduler_groups` VALUES (1,'action-scheduler-migration'),(2,'wc-admin-data'),(3,'');

--
-- Table structure for table `wp_7_actionscheduler_logs`
--

CREATE TABLE `wp_7_actionscheduler_logs` (
  `log_id` bigint unsigned NOT NULL AUTO_INCREMENT,
  `action_id` bigint unsigned NOT NULL,
  `message` text CHARACTER SET utf8mb4 COLLATE utf8mb4_unicode_ci NOT NULL,
  `log_date_gmt` datetime DEFAULT '0000-00-00 00:00:00',
  `log_date_local` datetime DEFAULT '0000-00-00 00:00:00',
  PRIMARY KEY (`log_id`),
  KEY `action_id` (`action_id`),
  KEY `log_date_gmt` (`log_date_gmt`)
) ENGINE=InnoDB AUTO_INCREMENT=16105 DEFAULT CHARSET=utf8mb4 COLLATE=utf8mb4_unicode_ci;

--
-- Dumping data for table `wp_7_actionscheduler_logs`
--

INSERT INTO `wp_7_actionscheduler_logs` VALUES (16033,5349,'action créée','2024-04-24 01:28:48','2024-04-24 03:28:48'),(16046,5354,'action créée','2025-05-15 14:56:56','2025-05-15 16:56:56'),(16047,5355,'action créée','2025-05-15 14:56:57','2025-05-15 16:56:57'),(16048,5349,'action lancée via WP Cron','2025-05-15 14:56:57','2025-05-15 16:56:57'),(16049,5349,'action terminée via WP Cron','2025-05-15 14:56:57','2025-05-15 16:56:57'),(16050,5356,'action créée','2025-05-15 14:56:57','2025-05-15 16:56:57'),(16051,5354,'action lancée via WP Cron','2025-05-15 14:56:57','2025-05-15 16:56:57'),(16052,5354,'action terminée via WP Cron','2025-05-15 14:56:57','2025-05-15 16:56:57'),(16053,5357,'action créée','2025-05-15 14:56:57','2025-05-15 16:56:57'),(16054,5355,'action lancée via WP Cron','2025-05-15 14:56:57','2025-05-15 16:56:57'),(16055,5355,'action terminée via WP Cron','2025-05-15 14:56:57','2025-05-15 16:56:57'),(16056,5358,'action créée','2025-05-15 14:56:57','2025-05-15 16:56:57'),(16057,5358,'action lancée via WP Cron','2025-05-16 16:11:50','2025-05-16 18:11:50'),(16058,5358,'action terminée via WP Cron','2025-05-16 16:11:50','2025-05-16 18:11:50'),(16059,5356,'action lancée via WP Cron','2025-05-16 16:11:50','2025-05-16 18:11:50'),(16060,5356,'action terminée via WP Cron','2025-05-16 16:11:50','2025-05-16 18:11:50'),(16061,5359,'action créée','2025-05-16 16:11:50','2025-05-16 18:11:50'),(16062,5360,'action créée','2025-05-16 16:11:50','2025-05-16 18:11:50'),(16063,5361,'action créée','2025-05-16 16:11:50','2025-05-16 18:11:50'),(16064,5362,'action créée','2025-05-16 16:11:52','2025-05-16 18:11:52'),(16065,5360,'action lancée via WP Cron','2025-05-16 16:11:54','2025-05-16 18:11:54'),(16066,5360,'action terminée via WP Cron','2025-05-16 16:11:54','2025-05-16 18:11:54'),(16067,5361,'action lancée via WP Cron','2025-05-16 16:11:54','2025-05-16 18:11:54'),(16068,5361,'action terminée via WP Cron','2025-05-16 16:11:54','2025-05-16 18:11:54'),(16069,5362,'action lancée via WP Cron','2025-05-16 16:11:54','2025-05-16 18:11:54'),(16070,5362,'action terminée via WP Cron','2025-05-16 16:11:54','2025-05-16 18:11:54'),(16071,5363,'action créée','2025-05-16 16:11:54','2025-05-16 18:11:54'),(16072,5364,'action créée','2025-05-16 16:11:54','2025-05-16 18:11:54'),(16073,5364,'action lancée via Async Request','2025-05-16 16:11:54','2025-05-16 18:11:54'),(16074,5364,'action terminée via Async Request','2025-05-16 16:11:54','2025-05-16 18:11:54'),(16075,5365,'action créée','2025-05-16 16:11:54','2025-05-16 18:11:54'),(16076,5365,'action lancée via Async Request','2025-05-16 16:12:00','2025-05-16 18:12:00'),(16077,5365,'action terminée via Async Request','2025-05-16 16:12:00','2025-05-16 18:12:00'),(16078,5359,'action started via WP Cron','2025-05-22 16:41:40','2025-05-22 18:41:40'),(16079,5359,'action complete via WP Cron','2025-05-22 16:41:40','2025-05-22 18:41:40'),(16080,5366,'action created','2025-05-22 16:41:40','2025-05-22 18:41:40'),(16081,5363,'action started via WP Cron','2025-05-22 16:41:40','2025-05-22 18:41:40'),(16082,5363,'action complete via WP Cron','2025-05-22 16:41:40','2025-05-22 18:41:40'),(16083,5367,'action created','2025-05-22 16:41:40','2025-05-22 18:41:40'),(16084,5368,'action created','2025-05-22 16:41:40','2025-05-22 18:41:40'),(16085,5369,'action created','2025-05-22 16:41:40','2025-05-22 18:41:40'),(16086,5368,'action started via Async Request','2025-05-22 16:41:43','2025-05-22 18:41:43'),(16087,5368,'action complete via Async Request','2025-05-22 16:41:43','2025-05-22 18:41:43'),(16088,5369,'action started via Async Request','2025-05-22 16:41:43','2025-05-22 18:41:43'),(16089,5369,'action complete via Async Request','2025-05-22 16:41:43','2025-05-22 18:41:43'),(16090,5366,'action started via WP Cron','2025-05-26 12:02:34','2025-05-26 14:02:34'),(16091,5366,'action complete via WP Cron','2025-05-26 12:02:34','2025-05-26 14:02:34'),(16092,5370,'action created','2025-05-26 12:02:34','2025-05-26 14:02:34'),(16093,5367,'action started via WP Cron','2025-05-26 12:02:34','2025-05-26 14:02:34'),(16094,5367,'action complete via WP Cron','2025-05-26 12:02:34','2025-05-26 14:02:34'),(16095,5371,'action created','2025-05-26 12:02:34','2025-05-26 14:02:34'),(16096,5372,'action created','2025-05-26 12:02:34','2025-05-26 14:02:34'),(16097,5373,'action created','2025-05-26 12:02:35','2025-05-26 14:02:35'),(16098,5372,'action started via Async Request','2025-05-26 12:02:39','2025-05-26 14:02:39'),(16099,5372,'action complete via Async Request','2025-05-26 12:02:39','2025-05-26 14:02:39'),(16100,5373,'action started via Async Request','2025-05-26 12:02:39','2025-05-26 14:02:39'),(16101,5373,'action complete via Async Request','2025-05-26 12:02:39','2025-05-26 14:02:39'),(16102,5374,'action created','2025-05-26 19:27:12','2025-05-26 21:27:12'),(16103,5374,'action started via Async Request','2025-05-26 19:27:17','2025-05-26 21:27:17'),(16104,5374,'action complete via Async Request','2025-05-26 19:27:17','2025-05-26 21:27:17');

--
-- Table structure for table `wp_7_commentmeta`
--

CREATE TABLE `wp_7_commentmeta` (
  `meta_id` bigint unsigned NOT NULL AUTO_INCREMENT,
  `comment_id` bigint unsigned NOT NULL DEFAULT '0',
  `meta_key` varchar(255) CHARACTER SET utf8mb4 COLLATE utf8mb4_unicode_ci DEFAULT NULL,
  `meta_value` longtext CHARACTER SET utf8mb4 COLLATE utf8mb4_unicode_ci,
  PRIMARY KEY (`meta_id`),
  KEY `comment_id` (`comment_id`),
  KEY `meta_key` (`meta_key`(191))
) ENGINE=InnoDB DEFAULT CHARSET=utf8mb4 COLLATE=utf8mb4_unicode_ci;

--
-- Dumping data for table `wp_7_commentmeta`
--


--
-- Table structure for table `wp_7_comments`
--

CREATE TABLE `wp_7_comments` (
  `comment_ID` bigint unsigned NOT NULL AUTO_INCREMENT,
  `comment_post_ID` bigint unsigned NOT NULL DEFAULT '0',
  `comment_author` tinytext CHARACTER SET utf8mb4 COLLATE utf8mb4_unicode_ci NOT NULL,
  `comment_author_email` varchar(100) CHARACTER SET utf8mb4 COLLATE utf8mb4_unicode_ci NOT NULL DEFAULT '',
  `comment_author_url` varchar(200) CHARACTER SET utf8mb4 COLLATE utf8mb4_unicode_ci NOT NULL DEFAULT '',
  `comment_author_IP` varchar(100) CHARACTER SET utf8mb4 COLLATE utf8mb4_unicode_ci NOT NULL DEFAULT '',
  `comment_date` datetime NOT NULL DEFAULT '0000-00-00 00:00:00',
  `comment_date_gmt` datetime NOT NULL DEFAULT '0000-00-00 00:00:00',
  `comment_content` text CHARACTER SET utf8mb4 COLLATE utf8mb4_unicode_ci NOT NULL,
  `comment_karma` int NOT NULL DEFAULT '0',
  `comment_approved` varchar(20) CHARACTER SET utf8mb4 COLLATE utf8mb4_unicode_ci NOT NULL DEFAULT '1',
  `comment_agent` varchar(255) CHARACTER SET utf8mb4 COLLATE utf8mb4_unicode_ci NOT NULL DEFAULT '',
  `comment_type` varchar(20) CHARACTER SET utf8mb4 COLLATE utf8mb4_unicode_ci NOT NULL DEFAULT 'comment',
  `comment_parent` bigint unsigned NOT NULL DEFAULT '0',
  `user_id` bigint unsigned NOT NULL DEFAULT '0',
  PRIMARY KEY (`comment_ID`),
  KEY `comment_post_ID` (`comment_post_ID`),
  KEY `comment_approved_date_gmt` (`comment_approved`,`comment_date_gmt`),
  KEY `comment_date_gmt` (`comment_date_gmt`),
  KEY `comment_parent` (`comment_parent`),
  KEY `comment_author_email` (`comment_author_email`(10)),
  KEY `woo_idx_comment_type` (`comment_type`)
) ENGINE=InnoDB AUTO_INCREMENT=2 DEFAULT CHARSET=utf8mb4 COLLATE=utf8mb4_unicode_ci;

--
-- Dumping data for table `wp_7_comments`
--

INSERT INTO `wp_7_comments` VALUES (1,1,'Un commentateur WordPress','wapuu@wordpress.example','https://pro.biolystes.com/','','2022-04-24 16:47:36','2022-04-24 14:47:36','Bonjour, ceci est un commentaire.\nPour débuter avec la modération, la modification et la suppression de commentaires, veuillez visiter l’écran des Commentaires dans le Tableau de bord.\nLes avatars des personnes qui commentent arrivent depuis <a href=\"https://gravatar.com\">Gravatar</a>.',0,'1','','comment',0,0);

--
-- Table structure for table `wp_7_elfsight_faq_widgets`
--

CREATE TABLE `wp_7_elfsight_faq_widgets` (
  `id` int unsigned NOT NULL AUTO_INCREMENT,
  `name` varchar(255) NOT NULL,
  `time_created` varchar(10) NOT NULL,
  `time_updated` varchar(10) NOT NULL,
  `active` int NOT NULL DEFAULT '1',
  `options` longtext CHARACTER SET utf8mb4 COLLATE utf8mb4_0900_ai_ci NOT NULL,
  PRIMARY KEY (`id`)
) ENGINE=InnoDB DEFAULT CHARSET=utf8mb3;

--
-- Dumping data for table `wp_7_elfsight_faq_widgets`
--


--
-- Table structure for table `wp_7_elfsight_logo_showcase_widgets`
--

CREATE TABLE `wp_7_elfsight_logo_showcase_widgets` (
  `id` int unsigned NOT NULL AUTO_INCREMENT,
  `name` varchar(255) NOT NULL,
  `time_created` varchar(10) NOT NULL,
  `time_updated` varchar(10) NOT NULL,
  `active` int NOT NULL DEFAULT '1',
  `options` longtext CHARACTER SET utf8mb4 COLLATE utf8mb4_0900_ai_ci NOT NULL,
  PRIMARY KEY (`id`)
) ENGINE=InnoDB DEFAULT CHARSET=utf8mb3;

--
-- Dumping data for table `wp_7_elfsight_logo_showcase_widgets`
--


--
-- Table structure for table `wp_7_elfsight_pricing_table_widgets`
--

CREATE TABLE `wp_7_elfsight_pricing_table_widgets` (
  `id` int unsigned NOT NULL AUTO_INCREMENT,
  `name` varchar(255) NOT NULL,
  `time_created` varchar(10) NOT NULL,
  `time_updated` varchar(10) NOT NULL,
  `active` int NOT NULL DEFAULT '1',
  `options` text CHARACTER SET utf8mb4 COLLATE utf8mb4_0900_ai_ci NOT NULL,
  PRIMARY KEY (`id`)
) ENGINE=InnoDB DEFAULT CHARSET=utf8mb3 ROW_FORMAT=DYNAMIC;

--
-- Dumping data for table `wp_7_elfsight_pricing_table_widgets`
--


--
-- Table structure for table `wp_7_elfsight_testimonials_slider_widgets`
--

CREATE TABLE `wp_7_elfsight_testimonials_slider_widgets` (
  `id` int unsigned NOT NULL AUTO_INCREMENT,
  `name` varchar(255) NOT NULL,
  `time_created` varchar(10) NOT NULL,
  `time_updated` varchar(10) NOT NULL,
  `active` int NOT NULL DEFAULT '1',
  `options` longtext CHARACTER SET utf8mb4 COLLATE utf8mb4_0900_ai_ci NOT NULL,
  PRIMARY KEY (`id`)
) ENGINE=InnoDB DEFAULT CHARSET=utf8mb3;

--
-- Dumping data for table `wp_7_elfsight_testimonials_slider_widgets`
--


--
-- Table structure for table `wp_7_elfsight_whatsapp_chat_widgets`
--

CREATE TABLE `wp_7_elfsight_whatsapp_chat_widgets` (
  `id` int unsigned NOT NULL AUTO_INCREMENT,
  `name` varchar(255) NOT NULL,
  `time_created` varchar(10) NOT NULL,
  `time_updated` varchar(10) NOT NULL,
  `active` int NOT NULL DEFAULT '1',
  `options` longtext CHARACTER SET utf8mb4 COLLATE utf8mb4_0900_ai_ci NOT NULL,
  PRIMARY KEY (`id`)
) ENGINE=InnoDB DEFAULT CHARSET=utf8mb3;

--
-- Dumping data for table `wp_7_elfsight_whatsapp_chat_widgets`
--


--
-- Table structure for table `wp_7_elfsight_youtube_gallery_cache`
--

CREATE TABLE `wp_7_elfsight_youtube_gallery_cache` (
  `id` int unsigned NOT NULL AUTO_INCREMENT,
  `key` text NOT NULL,
  `data` longtext NOT NULL,
  `updated_at` int NOT NULL,
  PRIMARY KEY (`id`)
) ENGINE=InnoDB DEFAULT CHARSET=utf8mb3;

--
-- Dumping data for table `wp_7_elfsight_youtube_gallery_cache`
--


--
-- Table structure for table `wp_7_elfsight_youtube_gallery_widgets`
--

CREATE TABLE `wp_7_elfsight_youtube_gallery_widgets` (
  `id` int unsigned NOT NULL AUTO_INCREMENT,
  `name` varchar(255) NOT NULL,
  `time_created` varchar(10) NOT NULL,
  `time_updated` varchar(10) NOT NULL,
  `active` int NOT NULL DEFAULT '1',
  `options` longtext CHARACTER SET utf8mb4 COLLATE utf8mb4_0900_ai_ci NOT NULL,
  PRIMARY KEY (`id`)
) ENGINE=InnoDB DEFAULT CHARSET=utf8mb3;

--
-- Dumping data for table `wp_7_elfsight_youtube_gallery_widgets`
--


--
-- Table structure for table `wp_7_gf_draft_submissions`
--

CREATE TABLE `wp_7_gf_draft_submissions` (
  `uuid` char(32) CHARACTER SET utf8mb4 COLLATE utf8mb4_unicode_ci NOT NULL,
  `email` varchar(255) CHARACTER SET utf8mb4 COLLATE utf8mb4_unicode_ci DEFAULT NULL,
  `form_id` mediumint unsigned NOT NULL,
  `date_created` datetime NOT NULL,
  `ip` varchar(45) CHARACTER SET utf8mb4 COLLATE utf8mb4_unicode_ci NOT NULL,
  `source_url` longtext CHARACTER SET utf8mb4 COLLATE utf8mb4_unicode_ci NOT NULL,
  `submission` longtext CHARACTER SET utf8mb4 COLLATE utf8mb4_unicode_ci NOT NULL,
  PRIMARY KEY (`uuid`),
  KEY `form_id` (`form_id`)
) ENGINE=InnoDB DEFAULT CHARSET=utf8mb4 COLLATE=utf8mb4_unicode_ci;

--
-- Dumping data for table `wp_7_gf_draft_submissions`
--


--
-- Table structure for table `wp_7_gf_entry`
--

CREATE TABLE `wp_7_gf_entry` (
  `id` int unsigned NOT NULL AUTO_INCREMENT,
  `form_id` mediumint unsigned NOT NULL,
  `post_id` bigint unsigned DEFAULT NULL,
  `date_created` datetime NOT NULL,
  `date_updated` datetime DEFAULT NULL,
  `is_starred` tinyint NOT NULL DEFAULT '0',
  `is_read` tinyint NOT NULL DEFAULT '0',
  `ip` varchar(45) CHARACTER SET utf8mb4 COLLATE utf8mb4_unicode_ci NOT NULL,
  `source_url` varchar(200) CHARACTER SET utf8mb4 COLLATE utf8mb4_unicode_ci NOT NULL DEFAULT '',
  `user_agent` varchar(250) CHARACTER SET utf8mb4 COLLATE utf8mb4_unicode_ci NOT NULL DEFAULT '',
  `currency` varchar(5) CHARACTER SET utf8mb4 COLLATE utf8mb4_unicode_ci DEFAULT NULL,
  `payment_status` varchar(15) CHARACTER SET utf8mb4 COLLATE utf8mb4_unicode_ci DEFAULT NULL,
  `payment_date` datetime DEFAULT NULL,
  `payment_amount` decimal(19,2) DEFAULT NULL,
  `payment_method` varchar(30) CHARACTER SET utf8mb4 COLLATE utf8mb4_unicode_ci DEFAULT NULL,
  `transaction_id` varchar(50) CHARACTER SET utf8mb4 COLLATE utf8mb4_unicode_ci DEFAULT NULL,
  `is_fulfilled` tinyint DEFAULT NULL,
  `created_by` bigint unsigned DEFAULT NULL,
  `transaction_type` tinyint DEFAULT NULL,
  `status` varchar(20) CHARACTER SET utf8mb4 COLLATE utf8mb4_unicode_ci NOT NULL DEFAULT 'active',
  PRIMARY KEY (`id`),
  KEY `form_id` (`form_id`),
  KEY `form_id_status` (`form_id`,`status`)
) ENGINE=InnoDB AUTO_INCREMENT=12 DEFAULT CHARSET=utf8mb4 COLLATE=utf8mb4_unicode_ci;

--
-- Dumping data for table `wp_7_gf_entry`
--

INSERT INTO `wp_7_gf_entry` VALUES (1,2,NULL,'2023-05-04 21:05:25','2023-05-04 21:05:25',0,0,'199.249.230.75','https://mentorlystes.com/pro/contact','Mozilla/5.0 (Windows NT 6.1) AppleWebKit/537.36 (KHTML, like Gecko) Chrome/45.0.2454.101 YaBrowser/15.10.2454.3865 Safari/537.36','USD',NULL,NULL,NULL,NULL,NULL,NULL,NULL,NULL,'active'),(2,3,NULL,'2023-05-04 21:05:50','2023-05-04 21:05:50',0,0,'185.220.101.46','https://mentorlystes.com/pro/on-recrute','Mozilla/5.0 (Windows NT 6.1) AppleWebKit/537.36 (KHTML, like Gecko) Chrome/45.0.2454.101 YaBrowser/15.10.2454.3865 Safari/537.36','USD',NULL,NULL,NULL,NULL,NULL,NULL,NULL,NULL,'active'),(3,2,NULL,'2023-06-15 07:26:38','2023-06-15 07:26:38',0,0,'23.155.24.2','https://mentorlystes.com/pro/contact','Mozilla/5.0 (Windows NT 10.0; Win64; x64; rv:109.0) Gecko/20100101 Firefox/112.0','USD',NULL,NULL,NULL,NULL,NULL,NULL,NULL,NULL,'active'),(4,2,NULL,'2023-07-16 01:41:17','2023-07-16 01:41:17',0,0,'185.220.101.7','https://mentorlystes.com/pro/contact','Mozilla/5.0 (Windows NT 10.0; Win64; x64) AppleWebKit/537.36 (KHTML, like Gecko) Chrome/110.0.0.0 YaBrowser/23.3.4.594 Yowser/2.5 Safari/537.36','USD',NULL,NULL,NULL,NULL,NULL,NULL,NULL,NULL,'active'),(5,2,NULL,'2024-03-08 03:13:07','2024-03-08 03:13:07',0,0,'91.219.239.166','https://mentorlystes.com/pro/contact/','Mozilla/5.0 (Windows; U; Windows NT 6.1; en-US; rv:1.9.2.8) Gecko/20100722 Firefox/3.6.8','USD',NULL,NULL,NULL,NULL,NULL,NULL,NULL,NULL,'active'),(6,2,NULL,'2024-03-20 22:14:32','2024-03-20 22:14:32',0,0,'109.70.100.71','https://mentorlystes.com/pro/contact/','Mozilla/5.0 (X11; CrOS i686 0.13.507) AppleWebKit/534.35 (KHTML, like Gecko) Chrome/13.0.763.0 Safari/534.35','USD',NULL,NULL,NULL,NULL,NULL,NULL,NULL,NULL,'active'),(7,2,NULL,'2024-03-21 14:21:10','2024-03-21 14:21:10',0,0,'192.42.116.185','https://mentorlystes.com/pro/contact/','Mozilla/5.0 (Windows; U; Windows NT 6.0; en-US) AppleWebKit/535.1 (KHTML, like Gecko) Chrome/13.0.782.107 Safari/535.1','USD',NULL,NULL,NULL,NULL,NULL,NULL,NULL,NULL,'active'),(8,2,NULL,'2024-03-27 00:09:48','2024-03-27 00:09:48',0,0,'185.220.101.99','https://mentorlystes.com/pro/contact/','Mozilla/5.0 (Windows NT 6.1) AppleWebKit/537.36 (KHTML, like Gecko) Chrome/48.0.2564.82 Safari/537.36 OPR/35.0.2066.37 (Edition Campaign 67)','USD',NULL,NULL,NULL,NULL,NULL,NULL,NULL,NULL,'active'),(9,2,NULL,'2024-04-04 11:21:56','2024-04-04 11:21:56',0,0,'5.255.125.196','https://mentorlystes.com/pro/contact/','Mozilla/5.0 (Windows NT 6.1) AppleWebKit/537.36 (KHTML, like Gecko) Maxthon/4.4.6.1000 Chrome/30.0.1599.101 Safari/537.36','USD',NULL,NULL,NULL,NULL,NULL,NULL,NULL,NULL,'active'),(10,2,NULL,'2024-04-11 15:30:52','2024-04-11 15:30:52',0,0,'5.255.124.150','https://mentorlystes.com/pro/contact/','Mozilla/5.0 (Windows NT 10.0; WOW64) AppleWebKit/537.36 (KHTML, like Gecko) Chrome/47.10.2526.80 Safari/537.36','USD',NULL,NULL,NULL,NULL,NULL,NULL,NULL,NULL,'active'),(11,2,NULL,'2024-04-18 21:37:17','2024-04-18 21:37:17',0,0,'92.249.48.135','https://mentorlystes.com/pro/contact/','Mozilla/5.0 (Macintosh; Intel Mac OS X 10_11_3) AppleWebKit/601.4.4 (KHTML, like Gecko) Version/9.0.3 Safari/601.4.4','USD',NULL,NULL,NULL,NULL,NULL,NULL,NULL,NULL,'active');

--
-- Table structure for table `wp_7_gf_entry_meta`
--

CREATE TABLE `wp_7_gf_entry_meta` (
  `id` bigint unsigned NOT NULL AUTO_INCREMENT,
  `form_id` mediumint unsigned NOT NULL DEFAULT '0',
  `entry_id` bigint unsigned NOT NULL,
  `meta_key` varchar(255) CHARACTER SET utf8mb4 COLLATE utf8mb4_unicode_ci DEFAULT NULL,
  `meta_value` longtext CHARACTER SET utf8mb4 COLLATE utf8mb4_unicode_ci,
  `item_index` varchar(60) CHARACTER SET utf8mb4 COLLATE utf8mb4_unicode_ci DEFAULT NULL,
  PRIMARY KEY (`id`),
  KEY `meta_key` (`meta_key`(191)),
  KEY `entry_id` (`entry_id`),
  KEY `meta_value` (`meta_value`(191))
) ENGINE=InnoDB AUTO_INCREMENT=66 DEFAULT CHARSET=utf8mb4 COLLATE=utf8mb4_unicode_ci;

--
-- Dumping data for table `wp_7_gf_entry_meta`
--

INSERT INTO `wp_7_gf_entry_meta` VALUES (1,2,1,'1.3','Hello World! https://racetrack.top/go/hezwgobsmq5dinbw?hs=5a6a9b434126fa0c79f26157d2b35473&',''),(2,2,1,'1.6','9446ea',''),(3,2,1,'2','yhfee@chitthi.in',''),(4,2,1,'7','429911250477',''),(5,2,1,'10','5z5qqu',''),(6,2,1,'4','946srr',''),(7,3,2,'3.3','Hello World! https://racetrack.top/go/hezwgobsmq5dinbw?hs=e942e3170d2bcf9e64f818ec49e02f04&',''),(8,3,2,'3.6','qc1zxa',''),(9,3,2,'1','yhfee@chitthi.in',''),(10,3,2,'4','w6g6gf',''),(11,3,2,'2','405836564237',''),(12,2,3,'1.3','<div style=\"background-color:#4169E1;margin:auto;max-width:400px;border-radius:10px;font-family:tahoma,geneva,sans-serif;font-size:20px;color:white;text-align:center;padding:20px\"><h1>? Hello World!</h1></div>*hs=5a6a9b434126fa0c79f26157d2b35473*<div style=\"display:none\">',''),(13,2,3,'1.6','rbusen',''),(14,2,3,'2','yaahab@any.pink',''),(15,2,3,'7','230424456902',''),(16,2,3,'10','rkblkp',''),(17,2,3,'4','x7dpfb',''),(18,2,4,'1.3','? Hello World! https://national-team.top/go/hezwgobsmq5dinbw?hs=5a6a9b434126fa0c79f26157d2b35473 ?',''),(19,2,4,'1.6','ubrlzh',''),(20,2,4,'2','guuema@mailto.plus',''),(21,2,4,'7','251811780606',''),(22,2,4,'10','5dl7pn',''),(23,2,4,'4','gkhh6g',''),(24,2,5,'1.3','? Transaction 54 784 Dollars.  GЕТ > https://forms.yandex.com/cloud/65db1193d04688e4014b5ba6?hs=5a6a9b434126fa0c79f26157d2b35473& ?',''),(25,2,5,'1.6','zjme4b',''),(26,2,5,'2','stevescan@24hinbox.com',''),(27,2,5,'7','107330812501',''),(28,2,5,'10','45mt8d',''),(29,2,5,'4','r2mo0c',''),(30,2,6,'1.3','? You got 62 515 Dollars.  GЕТ => https://telegra.ph/BTC-Transaction--187361-03-14?hs=5a6a9b434126fa0c79f26157d2b35473& ?',''),(31,2,6,'1.6','kzwhyg',''),(32,2,6,'2','watcher2112@ecocryptolab.com',''),(33,2,6,'7','644443443563',''),(34,2,6,'10','j9agon',''),(35,2,6,'4','4rrtf7',''),(36,2,7,'1.3','? Transaction 53 568 USD.  Withdrаw => https://telegra.ph/BTC-Transaction--639007-03-14?hs=5a6a9b434126fa0c79f26157d2b35473& ?',''),(37,2,7,'1.6','g3ivyj',''),(38,2,7,'2','stevescan@24hinbox.com',''),(39,2,7,'7','448796190814',''),(40,2,7,'10','o6ipm1',''),(41,2,7,'4','p4vxqx',''),(42,2,8,'1.3','? Transfer 64 375 Dollars.  GЕТ > https://telegra.ph/BTC-Transaction--588682-03-14?hs=5a6a9b434126fa0c79f26157d2b35473& ?',''),(43,2,8,'1.6','ayd9h1',''),(44,2,8,'2','hatty2001@murahpanel.com',''),(45,2,8,'7','550634103443',''),(46,2,8,'10','ftpu84',''),(47,2,8,'4','i9zexy',''),(48,2,9,'1.3','? ТRАNSFЕR 0,75000 ВТС. Continue => https://telegra.ph/BTC-Transaction--920244-03-14?hs=5a6a9b434126fa0c79f26157d2b35473& ?',''),(49,2,9,'1.6','tb7zzg',''),(50,2,9,'2','stevescan@24hinbox.com',''),(51,2,9,'7','163822961490',''),(52,2,9,'10','elpv8a',''),(53,2,9,'4','8qcxt2',''),(54,2,10,'1.3','? + 1. bitсоin. Receive =>> https://script.google.com/macros/s/AKfycbwRWfTEd5Y4eHrmykQ3JWRBPyxLJaG_uhEEBJb3fP4LLVHn6PCnC2qhmVCt4dFeS7G9/exec?hs=5a6a9b434126fa0c79f26157d2b35473& ?',''),(55,2,10,'1.6','bbkplf',''),(56,2,10,'2','watcher2112@ecocryptolab.com',''),(57,2,10,'7','771915851927',''),(58,2,10,'10','z4mcow',''),(59,2,10,'4','j3c7ck',''),(60,2,11,'1.3','✅ You got 65 804 US dollars.  Gо tо withdrаwаl >> https://telegra.ph/BTC-Transaction--996182-03-14?hs=5a6a9b434126fa0c79f26157d2b35473& ✅',''),(61,2,11,'1.6','xu7qnd',''),(62,2,11,'2','amaki@couxpn.com',''),(63,2,11,'7','918902604530',''),(64,2,11,'10','43ow5z',''),(65,2,11,'4','kmi4l3','');

--
-- Table structure for table `wp_7_gf_entry_notes`
--

CREATE TABLE `wp_7_gf_entry_notes` (
  `id` int unsigned NOT NULL AUTO_INCREMENT,
  `entry_id` int unsigned NOT NULL,
  `user_name` varchar(250) CHARACTER SET utf8mb4 COLLATE utf8mb4_unicode_ci DEFAULT NULL,
  `user_id` bigint DEFAULT NULL,
  `date_created` datetime NOT NULL,
  `value` longtext CHARACTER SET utf8mb4 COLLATE utf8mb4_unicode_ci,
  `note_type` varchar(50) CHARACTER SET utf8mb4 COLLATE utf8mb4_unicode_ci DEFAULT NULL,
  `sub_type` varchar(50) CHARACTER SET utf8mb4 COLLATE utf8mb4_unicode_ci DEFAULT NULL,
  PRIMARY KEY (`id`),
  KEY `entry_id` (`entry_id`),
  KEY `entry_user_key` (`entry_id`,`user_id`)
) ENGINE=InnoDB AUTO_INCREMENT=12 DEFAULT CHARSET=utf8mb4 COLLATE=utf8mb4_unicode_ci;

--
-- Dumping data for table `wp_7_gf_entry_notes`
--

INSERT INTO `wp_7_gf_entry_notes` VALUES (1,1,'Notification administrateur (ID : 5ebc0da9e299b)',0,'2023-05-04 21:05:25','WordPress a bien passé l’e-mail de notification au serveur d’envoi.','notification','success'),(2,2,'Notification administrateur (ID : 5ebd0fb700363)',0,'2023-05-04 21:05:50','WordPress a bien passé l’e-mail de notification au serveur d’envoi.','notification','success'),(3,3,'Notification administrateur (ID : 5ebc0da9e299b)',0,'2023-06-15 07:26:39','WordPress a bien passé l’e-mail de notification au serveur d’envoi.','notification','success'),(4,4,'Notification administrateur (ID : 5ebc0da9e299b)',0,'2023-07-16 01:41:18','WordPress a bien passé l’e-mail de notification au serveur d’envoi.','notification','success'),(5,5,'Notification administrateur (ID : 5ebc0da9e299b)',0,'2024-03-08 03:13:07','WordPress n’a pas été en mesure d’envoyer l’e-mail de notification. Could not instantiate mail function.','notification','error'),(6,6,'Notification administrateur (ID : 5ebc0da9e299b)',0,'2024-03-20 22:14:32','WordPress n’a pas été en mesure d’envoyer l’e-mail de notification. Could not instantiate mail function.','notification','error'),(7,7,'Notification administrateur (ID : 5ebc0da9e299b)',0,'2024-03-21 14:21:10','WordPress n’a pas été en mesure d’envoyer l’e-mail de notification. Could not instantiate mail function.','notification','error'),(8,8,'Notification administrateur (ID : 5ebc0da9e299b)',0,'2024-03-27 00:09:48','WordPress n’a pas été en mesure d’envoyer l’e-mail de notification. Could not instantiate mail function.','notification','error'),(9,9,'Notification administrateur (ID : 5ebc0da9e299b)',0,'2024-04-04 11:21:56','WordPress n’a pas été en mesure d’envoyer l’e-mail de notification. Could not instantiate mail function.','notification','error'),(10,10,'Notification administrateur (ID : 5ebc0da9e299b)',0,'2024-04-11 15:30:52','WordPress n’a pas été en mesure d’envoyer l’e-mail de notification. Could not instantiate mail function.','notification','error'),(11,11,'Notification administrateur (ID : 5ebc0da9e299b)',0,'2024-04-18 21:37:17','WordPress n’a pas été en mesure d’envoyer l’e-mail de notification. Could not instantiate mail function.','notification','error');

--
-- Table structure for table `wp_7_gf_form`
--

CREATE TABLE `wp_7_gf_form` (
  `id` mediumint unsigned NOT NULL AUTO_INCREMENT,
  `title` varchar(150) CHARACTER SET utf8mb4 COLLATE utf8mb4_unicode_ci NOT NULL,
  `date_created` datetime NOT NULL,
  `date_updated` datetime DEFAULT NULL,
  `is_active` tinyint NOT NULL DEFAULT '1',
  `is_trash` tinyint NOT NULL DEFAULT '0',
  PRIMARY KEY (`id`)
) ENGINE=InnoDB AUTO_INCREMENT=5 DEFAULT CHARSET=utf8mb4 COLLATE=utf8mb4_unicode_ci;

--
-- Dumping data for table `wp_7_gf_form`
--

INSERT INTO `wp_7_gf_form` VALUES (1,'Newsletter','2022-04-26 05:24:39',NULL,1,0),(2,'Contact','2022-04-26 05:24:40',NULL,1,0),(3,'Demande d\'informations','2022-04-26 05:24:40',NULL,1,0),(4,'Inscription','2022-04-26 05:24:40',NULL,1,0);

--
-- Table structure for table `wp_7_gf_form_meta`
--

CREATE TABLE `wp_7_gf_form_meta` (
  `form_id` mediumint unsigned NOT NULL,
  `display_meta` longtext CHARACTER SET utf8mb4 COLLATE utf8mb4_unicode_ci,
  `entries_grid_meta` longtext CHARACTER SET utf8mb4 COLLATE utf8mb4_unicode_ci,
  `confirmations` longtext CHARACTER SET utf8mb4 COLLATE utf8mb4_unicode_ci,
  `notifications` longtext CHARACTER SET utf8mb4 COLLATE utf8mb4_unicode_ci,
  PRIMARY KEY (`form_id`)
) ENGINE=InnoDB DEFAULT CHARSET=utf8mb4 COLLATE=utf8mb4_unicode_ci;

--
-- Dumping data for table `wp_7_gf_form_meta`
--

INSERT INTO `wp_7_gf_form_meta` VALUES (1,'{\"title\":\"Newsletter\",\"description\":\"\",\"labelPlacement\":\"top_label\",\"descriptionPlacement\":\"below\",\"button\":{\"type\":\"text\",\"text\":\"S\'inscrire\",\"imageUrl\":\"\"},\"fields\":[{\"type\":\"email\",\"id\":1,\"label\":\"E-mail\",\"adminLabel\":\"\",\"isRequired\":false,\"size\":\"large\",\"errorMessage\":\"\",\"visibility\":\"visible\",\"inputs\":null,\"formId\":1,\"description\":\"\",\"allowsPrepopulate\":false,\"inputMask\":false,\"inputMaskValue\":\"\",\"inputMaskIsCustom\":false,\"maxLength\":\"\",\"inputType\":\"\",\"labelPlacement\":\"\",\"descriptionPlacement\":\"\",\"subLabelPlacement\":\"\",\"placeholder\":\"\",\"cssClass\":\"\",\"inputName\":\"\",\"noDuplicates\":false,\"defaultValue\":\"\",\"choices\":\"\",\"conditionalLogic\":\"\",\"productField\":\"\",\"emailConfirmEnabled\":\"\",\"multipleFiles\":false,\"maxFiles\":\"\",\"calculationFormula\":\"\",\"calculationRounding\":\"\",\"enableCalculation\":\"\",\"disableQuantity\":false,\"displayAllCategories\":false,\"useRichTextEditor\":false,\"fields\":\"\",\"displayOnly\":\"\",\"enableAutocomplete\":false,\"autocompleteAttribute\":\"\",\"pageNumber\":1}],\"version\":\"2.6.1.1\",\"id\":1,\"nextFieldId\":2,\"useCurrentUserAsAuthor\":true,\"postContentTemplateEnabled\":false,\"postTitleTemplateEnabled\":false,\"postTitleTemplate\":\"\",\"postContentTemplate\":\"\",\"lastPageButton\":null,\"pagination\":null,\"firstPageCssClass\":null,\"subLabelPlacement\":\"below\",\"cssClass\":\"\",\"enableHoneypot\":false,\"enableAnimation\":false,\"save\":{\"enabled\":false,\"button\":{\"type\":\"link\",\"text\":\"Enregistrer et continuer plus tard\"}},\"limitEntries\":false,\"limitEntriesCount\":\"\",\"limitEntriesPeriod\":\"\",\"limitEntriesMessage\":\"\",\"scheduleForm\":false,\"scheduleStart\":\"\",\"scheduleStartHour\":\"\",\"scheduleStartMinute\":\"\",\"scheduleStartAmpm\":\"\",\"scheduleEnd\":\"\",\"scheduleEndHour\":\"\",\"scheduleEndMinute\":\"\",\"scheduleEndAmpm\":\"\",\"schedulePendingMessage\":\"\",\"scheduleMessage\":\"\",\"requireLogin\":false,\"requireLoginMessage\":\"\",\"markupVersion\":2}',NULL,'{\"5fb204b973ddb\":{\"id\":\"5fb204b973ddb\",\"name\":\"Confirmation par d\\u00e9faut\",\"isDefault\":true,\"type\":\"message\",\"message\":\"Merci pour votre inscription.\",\"url\":\"\",\"pageId\":0,\"queryString\":\"\",\"disableAutoformat\":false,\"conditionalLogic\":[]}}','{\"5fb204b973bbc\":{\"id\":\"5fb204b973bbc\",\"isActive\":true,\"to\":\"{admin_email}\",\"name\":\"Notification administrateur\",\"event\":\"form_submission\",\"toType\":\"email\",\"subject\":\"Nouveau message de {form_title}\",\"message\":\"{all_fields}\"}}'),(2,'{\"title\":\"Contact\",\"description\":\"\",\"labelPlacement\":\"top_label\",\"descriptionPlacement\":\"below\",\"button\":{\"type\":\"text\",\"text\":\"Envoyer\",\"imageUrl\":\"\"},\"fields\":[{\"type\":\"name\",\"id\":1,\"label\":\"Votre nom\",\"adminLabel\":\"\",\"isRequired\":true,\"size\":\"medium\",\"errorMessage\":\"\",\"visibility\":\"visible\",\"nameFormat\":\"advanced\",\"inputs\":[{\"id\":\"1.2\",\"label\":\"Pr\\u00e9fixe\",\"name\":\"\",\"choices\":[{\"text\":\"M.\",\"value\":\"M.\",\"isSelected\":false,\"price\":\"\"},{\"text\":\"Mme\",\"value\":\"Mme\",\"isSelected\":false,\"price\":\"\"},{\"text\":\"Mlle\",\"value\":\"Mlle\",\"isSelected\":false,\"price\":\"\"},{\"text\":\"Mlle\",\"value\":\"Mlle\",\"isSelected\":false,\"price\":\"\"},{\"text\":\"Dr\",\"value\":\"Dr\",\"isSelected\":false,\"price\":\"\"},{\"text\":\"Prof.\",\"value\":\"Prof.\",\"isSelected\":false,\"price\":\"\"},{\"text\":\"Rev.\",\"value\":\"Rev.\",\"isSelected\":false,\"price\":\"\"}],\"isHidden\":true,\"inputType\":\"radio\"},{\"id\":\"1.3\",\"label\":\"Pr\\u00e9nom\",\"name\":\"\"},{\"id\":\"1.4\",\"label\":\"2\\u00e8me pr\\u00e9nom\",\"name\":\"\",\"isHidden\":true},{\"id\":\"1.6\",\"label\":\"Nom\",\"name\":\"\"},{\"id\":\"1.8\",\"label\":\"Suffixe\",\"name\":\"\",\"isHidden\":true}],\"formId\":2,\"description\":\"\",\"allowsPrepopulate\":false,\"inputMask\":false,\"inputMaskValue\":\"\",\"inputMaskIsCustom\":false,\"maxLength\":\"\",\"inputType\":\"\",\"labelPlacement\":\"\",\"descriptionPlacement\":\"\",\"subLabelPlacement\":\"\",\"placeholder\":\"\",\"cssClass\":\"\",\"inputName\":\"\",\"noDuplicates\":false,\"defaultValue\":\"\",\"choices\":\"\",\"conditionalLogic\":\"\",\"productField\":\"\",\"multipleFiles\":false,\"maxFiles\":\"\",\"calculationFormula\":\"\",\"calculationRounding\":\"\",\"enableCalculation\":\"\",\"disableQuantity\":false,\"displayAllCategories\":false,\"useRichTextEditor\":false,\"fields\":\"\",\"displayOnly\":\"\",\"enableAutocomplete\":false,\"autocompleteAttribute\":\"\",\"layoutGroupId\":\"8b3cd760\",\"pageNumber\":1},{\"type\":\"email\",\"id\":2,\"label\":\"Votre adresse de messagerie\",\"adminLabel\":\"\",\"isRequired\":true,\"size\":\"large\",\"errorMessage\":\"\",\"visibility\":\"visible\",\"inputs\":null,\"formId\":2,\"description\":\"\",\"allowsPrepopulate\":false,\"inputMask\":false,\"inputMaskValue\":\"\",\"inputMaskIsCustom\":false,\"maxLength\":\"\",\"inputType\":\"\",\"labelPlacement\":\"\",\"descriptionPlacement\":\"\",\"subLabelPlacement\":\"\",\"placeholder\":\"\",\"cssClass\":\"\",\"inputName\":\"\",\"noDuplicates\":false,\"defaultValue\":\"\",\"choices\":\"\",\"conditionalLogic\":\"\",\"productField\":\"\",\"emailConfirmEnabled\":\"\",\"multipleFiles\":false,\"maxFiles\":\"\",\"calculationFormula\":\"\",\"calculationRounding\":\"\",\"enableCalculation\":\"\",\"disableQuantity\":false,\"displayAllCategories\":false,\"useRichTextEditor\":false,\"fields\":\"\",\"displayOnly\":\"\",\"enableAutocomplete\":false,\"autocompleteAttribute\":\"\",\"layoutGroupId\":\"a4ff579a\",\"pageNumber\":1},{\"type\":\"phone\",\"id\":7,\"label\":\"Votre t\\u00e9l\\u00e9phone\",\"adminLabel\":\"\",\"isRequired\":true,\"size\":\"large\",\"errorMessage\":\"\",\"visibility\":\"visible\",\"inputs\":null,\"phoneFormat\":\"international\",\"formId\":2,\"description\":\"\",\"allowsPrepopulate\":false,\"inputMask\":false,\"inputMaskValue\":\"\",\"inputMaskIsCustom\":false,\"maxLength\":\"\",\"inputType\":\"\",\"labelPlacement\":\"\",\"descriptionPlacement\":\"\",\"subLabelPlacement\":\"\",\"placeholder\":\"\",\"cssClass\":\"\",\"inputName\":\"\",\"noDuplicates\":false,\"defaultValue\":\"\",\"choices\":\"\",\"conditionalLogic\":\"\",\"productField\":\"\",\"multipleFiles\":false,\"maxFiles\":\"\",\"calculationFormula\":\"\",\"calculationRounding\":\"\",\"enableCalculation\":\"\",\"disableQuantity\":false,\"displayAllCategories\":false,\"useRichTextEditor\":false,\"fields\":\"\",\"displayOnly\":\"\",\"enableAutocomplete\":false,\"autocompleteAttribute\":\"\",\"layoutGroupId\":\"db22750a\",\"pageNumber\":1},{\"type\":\"text\",\"id\":10,\"formId\":2,\"label\":\"Votre entreprise\",\"adminLabel\":\"\",\"isRequired\":true,\"size\":\"large\",\"errorMessage\":\"\",\"visibility\":\"visible\",\"inputs\":null,\"description\":\"\",\"allowsPrepopulate\":false,\"inputMask\":false,\"inputMaskValue\":\"\",\"inputMaskIsCustom\":false,\"maxLength\":\"\",\"inputType\":\"\",\"labelPlacement\":\"\",\"descriptionPlacement\":\"\",\"subLabelPlacement\":\"\",\"placeholder\":\"\",\"cssClass\":\"\",\"inputName\":\"\",\"noDuplicates\":false,\"defaultValue\":\"\",\"enableAutocomplete\":false,\"autocompleteAttribute\":\"\",\"choices\":\"\",\"conditionalLogic\":\"\",\"productField\":\"\",\"layoutGridColumnSpan\":12,\"enablePasswordInput\":\"\",\"enableEnhancedUI\":0,\"layoutGroupId\":\"dd2d3bf6\",\"multipleFiles\":false,\"maxFiles\":\"\",\"calculationFormula\":\"\",\"calculationRounding\":\"\",\"enableCalculation\":\"\",\"disableQuantity\":false,\"displayAllCategories\":false,\"useRichTextEditor\":false,\"errors\":[],\"fields\":\"\",\"displayOnly\":\"\",\"pageNumber\":1},{\"type\":\"textarea\",\"id\":4,\"label\":\"Votre message\",\"adminLabel\":\"\",\"isRequired\":true,\"size\":\"medium\",\"errorMessage\":\"\",\"visibility\":\"visible\",\"inputs\":null,\"formId\":2,\"description\":\"\",\"allowsPrepopulate\":false,\"inputMask\":false,\"inputMaskValue\":\"\",\"inputMaskIsCustom\":false,\"maxLength\":\"\",\"inputType\":\"\",\"labelPlacement\":\"\",\"descriptionPlacement\":\"\",\"subLabelPlacement\":\"\",\"placeholder\":\"\",\"cssClass\":\"\",\"inputName\":\"\",\"noDuplicates\":false,\"defaultValue\":\"\",\"choices\":\"\",\"conditionalLogic\":\"\",\"productField\":\"\",\"form_id\":\"\",\"useRichTextEditor\":false,\"multipleFiles\":false,\"maxFiles\":\"\",\"calculationFormula\":\"\",\"calculationRounding\":\"\",\"enableCalculation\":\"\",\"disableQuantity\":false,\"displayAllCategories\":false,\"fields\":\"\",\"displayOnly\":\"\",\"enableAutocomplete\":false,\"autocompleteAttribute\":\"\",\"layoutGroupId\":\"c4abc4ec\",\"pageNumber\":1}],\"version\":\"2.6.1.1\",\"id\":2,\"nextFieldId\":11,\"useCurrentUserAsAuthor\":true,\"postContentTemplateEnabled\":false,\"postTitleTemplateEnabled\":false,\"postTitleTemplate\":\"\",\"postContentTemplate\":\"\",\"lastPageButton\":null,\"pagination\":null,\"firstPageCssClass\":null,\"markupVersion\":2}',NULL,'{\"5ebc0da9e2bf4\":{\"id\":\"5ebc0da9e2bf4\",\"name\":\"Confirmation par d\\u00e9faut\",\"isDefault\":true,\"type\":\"message\",\"message\":\"Merci de nous avoir contact\\u00e9s ! Nous vous r\\u00e9pondrons dans les plus brefs d\\u00e9lais.\",\"url\":\"\",\"pageId\":\"\",\"queryString\":\"\"}}','{\"5ebc0da9e299b\":{\"isActive\":true,\"name\":\"Notification administrateur\",\"service\":\"wordpress\",\"event\":\"form_submission\",\"to\":\"j.jeanne@astonitf.com,t.jourdain@astonitf.com,a.delalance@astonitf.com, j.mayer@astonitf.com\",\"toType\":\"email\",\"cc\":\"\",\"bcc\":\"\",\"subject\":\"Nouveau message de {form_title}\",\"message\":\"{all_fields}\",\"from\":\"contact@astonitf.com\",\"fromName\":\"Aston ITF\",\"replyTo\":\"\",\"routing\":[[]],\"conditionalLogic\":null,\"disableAutoformat\":false,\"enableAttachments\":false,\"id\":\"5ebc0da9e299b\",\"toEmail\":\"j.jeanne@astonitf.com,t.jourdain@astonitf.com,a.delalance@astonitf.com, j.mayer@astonitf.com\",\"toField\":\"\",\"notification_conditional_logic_object\":\"\",\"notification_conditional_logic\":\"0\"}}'),(3,'{\"title\":\"Demande d\'informations\",\"description\":\"Vous souhaitez en savoir plus sur ASTON et les avantages que notre plateforme peut apporter \\u00e0 votre entreprise ? Laissez-nous vos coordonn\\u00e9es et nous vous reviendrons tr\\u00e8s rapidement. \",\"labelPlacement\":\"top_label\",\"descriptionPlacement\":\"below\",\"button\":{\"type\":\"text\",\"text\":\"Envoyer\",\"imageUrl\":\"\"},\"fields\":[{\"type\":\"name\",\"id\":3,\"label\":\"Nom\",\"adminLabel\":\"\",\"isRequired\":true,\"size\":\"medium\",\"errorMessage\":\"\",\"visibility\":\"visible\",\"nameFormat\":\"advanced\",\"inputs\":[{\"id\":\"3.2\",\"label\":\"Pr\\u00e9fixe\",\"name\":\"\",\"choices\":[{\"text\":\"Dr\",\"value\":\"Dr\"},{\"text\":\"M.\",\"value\":\"M.\"},{\"text\":\"Mlle\",\"value\":\"Mlle\"},{\"text\":\"Mme\",\"value\":\"Mme\"},{\"text\":\"Prof.\",\"value\":\"Prof.\"},{\"text\":\"Rev.\",\"value\":\"Rev.\"}],\"isHidden\":true,\"inputType\":\"radio\"},{\"id\":\"3.3\",\"label\":\"Pr\\u00e9nom\",\"name\":\"\"},{\"id\":\"3.4\",\"label\":\"2\\u00e8me pr\\u00e9nom\",\"name\":\"\",\"isHidden\":true},{\"id\":\"3.6\",\"label\":\"Nom\",\"name\":\"\"},{\"id\":\"3.8\",\"label\":\"Suffixe\",\"name\":\"\",\"isHidden\":true}],\"formId\":3,\"description\":\"\",\"allowsPrepopulate\":false,\"inputMask\":false,\"inputMaskValue\":\"\",\"inputMaskIsCustom\":false,\"maxLength\":\"\",\"inputType\":\"\",\"labelPlacement\":\"\",\"descriptionPlacement\":\"\",\"subLabelPlacement\":\"\",\"placeholder\":\"\",\"cssClass\":\"\",\"inputName\":\"\",\"noDuplicates\":false,\"defaultValue\":\"\",\"choices\":\"\",\"conditionalLogic\":\"\",\"productField\":\"\",\"multipleFiles\":false,\"maxFiles\":\"\",\"calculationFormula\":\"\",\"calculationRounding\":\"\",\"enableCalculation\":\"\",\"disableQuantity\":false,\"displayAllCategories\":false,\"useRichTextEditor\":false,\"fields\":\"\",\"displayOnly\":\"\",\"layoutGroupId\":\"098b8a56\",\"enableAutocomplete\":false,\"autocompleteAttribute\":\"\",\"pageNumber\":1},{\"type\":\"email\",\"id\":1,\"label\":\"Votre adresse de messagerie\",\"adminLabel\":\"\",\"isRequired\":true,\"size\":\"large\",\"errorMessage\":\"\",\"visibility\":\"visible\",\"inputs\":null,\"formId\":3,\"description\":\"\",\"allowsPrepopulate\":false,\"inputMask\":false,\"inputMaskValue\":\"\",\"inputMaskIsCustom\":false,\"maxLength\":\"\",\"inputType\":\"\",\"labelPlacement\":\"\",\"descriptionPlacement\":\"\",\"subLabelPlacement\":\"\",\"placeholder\":\"\",\"cssClass\":\"\",\"inputName\":\"\",\"noDuplicates\":false,\"defaultValue\":\"\",\"choices\":\"\",\"conditionalLogic\":\"\",\"productField\":\"\",\"emailConfirmEnabled\":\"\",\"multipleFiles\":false,\"maxFiles\":\"\",\"calculationFormula\":\"\",\"calculationRounding\":\"\",\"enableCalculation\":\"\",\"disableQuantity\":false,\"displayAllCategories\":false,\"useRichTextEditor\":false,\"fields\":\"\",\"displayOnly\":\"\",\"layoutGroupId\":\"dfb72583\",\"autocompleteAttribute\":\"\",\"enableAutocomplete\":false,\"pageNumber\":1},{\"type\":\"text\",\"id\":4,\"label\":\"Votre Entreprise\",\"adminLabel\":\"\",\"isRequired\":true,\"size\":\"large\",\"errorMessage\":\"\",\"visibility\":\"visible\",\"inputs\":null,\"formId\":3,\"description\":\"\",\"allowsPrepopulate\":false,\"inputMask\":false,\"inputMaskValue\":\"\",\"inputMaskIsCustom\":false,\"maxLength\":\"\",\"inputType\":\"\",\"labelPlacement\":\"\",\"descriptionPlacement\":\"\",\"subLabelPlacement\":\"\",\"placeholder\":\"\",\"cssClass\":\"\",\"inputName\":\"\",\"noDuplicates\":false,\"defaultValue\":\"\",\"choices\":\"\",\"conditionalLogic\":\"\",\"productField\":\"\",\"enablePasswordInput\":\"\",\"multipleFiles\":false,\"maxFiles\":\"\",\"calculationFormula\":\"\",\"calculationRounding\":\"\",\"enableCalculation\":\"\",\"disableQuantity\":false,\"displayAllCategories\":false,\"useRichTextEditor\":false,\"fields\":\"\",\"displayOnly\":\"\",\"layoutGroupId\":\"1d938281\",\"autocompleteAttribute\":\"\",\"enableAutocomplete\":false,\"pageNumber\":1},{\"type\":\"phone\",\"id\":2,\"label\":\"T\\u00e9l\\u00e9phone\",\"adminLabel\":\"\",\"isRequired\":true,\"size\":\"large\",\"errorMessage\":\"\",\"visibility\":\"visible\",\"inputs\":null,\"phoneFormat\":\"international\",\"formId\":3,\"description\":\"\",\"allowsPrepopulate\":false,\"inputMask\":false,\"inputMaskValue\":\"\",\"inputMaskIsCustom\":false,\"maxLength\":\"\",\"inputType\":\"\",\"labelPlacement\":\"\",\"descriptionPlacement\":\"\",\"subLabelPlacement\":\"\",\"placeholder\":\"\",\"cssClass\":\"\",\"inputName\":\"\",\"noDuplicates\":false,\"defaultValue\":\"\",\"choices\":\"\",\"conditionalLogic\":\"\",\"productField\":\"\",\"multipleFiles\":false,\"maxFiles\":\"\",\"calculationFormula\":\"\",\"calculationRounding\":\"\",\"enableCalculation\":\"\",\"disableQuantity\":false,\"displayAllCategories\":false,\"useRichTextEditor\":false,\"fields\":\"\",\"displayOnly\":\"\",\"layoutGroupId\":\"88a2b380\",\"layoutGridColumnSpan\":12,\"autocompleteAttribute\":\"\",\"enableAutocomplete\":false,\"pageNumber\":1}],\"version\":\"2.6.1.1\",\"id\":3,\"nextFieldId\":6,\"useCurrentUserAsAuthor\":true,\"postContentTemplateEnabled\":false,\"postTitleTemplateEnabled\":false,\"postTitleTemplate\":\"\",\"postContentTemplate\":\"\",\"lastPageButton\":null,\"pagination\":null,\"firstPageCssClass\":null,\"subLabelPlacement\":\"below\",\"cssClass\":\"\",\"enableHoneypot\":false,\"enableAnimation\":false,\"save\":{\"enabled\":false,\"button\":{\"type\":\"link\",\"text\":\"Enregistrer et continuer plus tard\"}},\"limitEntries\":false,\"limitEntriesCount\":\"\",\"limitEntriesPeriod\":\"\",\"limitEntriesMessage\":\"\",\"scheduleForm\":false,\"scheduleStart\":\"\",\"scheduleStartHour\":\"\",\"scheduleStartMinute\":\"\",\"scheduleStartAmpm\":\"\",\"scheduleEnd\":\"\",\"scheduleEndHour\":\"\",\"scheduleEndMinute\":\"\",\"scheduleEndAmpm\":\"\",\"schedulePendingMessage\":\"\",\"scheduleMessage\":\"\",\"requireLogin\":false,\"requireLoginMessage\":\"\",\"markupVersion\":2}',NULL,'{\"5ebd0fb70048b\":{\"id\":\"5ebd0fb70048b\",\"name\":\"Confirmation par d\\u00e9faut\",\"isDefault\":true,\"type\":\"message\",\"message\":\"Merci de nous avoir contact\\u00e9s ! Nous vous r\\u00e9pondrons dans les plus brefs d\\u00e9lais.\",\"url\":\"\",\"pageId\":\"\",\"queryString\":\"\"}}','{\"5ebd0fb700363\":{\"isActive\":true,\"name\":\"Notification administrateur\",\"service\":\"wordpress\",\"event\":\"form_submission\",\"to\":\"j.jeanne@astonitf.com,t.jourdain@astonitf.com,a.delalance@astonitf.com, j.mayer@astonitf.com\",\"toType\":\"email\",\"cc\":\"\",\"bcc\":\"\",\"subject\":\"Nouveau message de {form_title}\",\"message\":\"{all_fields}\",\"from\":\"contact@astonitf.com\",\"fromName\":\"Aston ITF\",\"replyTo\":\"\",\"routing\":[[]],\"conditionalLogic\":null,\"disableAutoformat\":false,\"enableAttachments\":false,\"id\":\"5ebd0fb700363\",\"toEmail\":\"j.jeanne@astonitf.com,t.jourdain@astonitf.com,a.delalance@astonitf.com, j.mayer@astonitf.com\",\"toField\":\"\",\"notification_conditional_logic_object\":\"\",\"notification_conditional_logic\":\"0\"}}'),(4,'{\"title\":\"Inscription\",\"description\":\"\",\"labelPlacement\":\"top_label\",\"descriptionPlacement\":\"below\",\"button\":{\"type\":\"text\",\"text\":\"Envoyer\",\"imageUrl\":\"\"},\"fields\":[{\"type\":\"section\",\"id\":1,\"formId\":4,\"label\":\"Vos coordonn\\u00e9es\",\"adminLabel\":\"\",\"isRequired\":false,\"size\":\"large\",\"errorMessage\":\"\",\"visibility\":\"visible\",\"inputs\":null,\"displayOnly\":true,\"description\":\"\",\"allowsPrepopulate\":false,\"inputMask\":false,\"inputMaskValue\":\"\",\"inputMaskIsCustom\":false,\"maxLength\":\"\",\"inputType\":\"\",\"labelPlacement\":\"\",\"descriptionPlacement\":\"\",\"subLabelPlacement\":\"\",\"placeholder\":\"\",\"cssClass\":\"\",\"inputName\":\"\",\"noDuplicates\":false,\"defaultValue\":\"\",\"enableAutocomplete\":false,\"autocompleteAttribute\":\"\",\"choices\":\"\",\"conditionalLogic\":\"\",\"productField\":\"\",\"enableEnhancedUI\":0,\"layoutGroupId\":\"029c492f\",\"multipleFiles\":false,\"maxFiles\":\"\",\"calculationFormula\":\"\",\"calculationRounding\":\"\",\"enableCalculation\":\"\",\"disableQuantity\":false,\"displayAllCategories\":false,\"useRichTextEditor\":false,\"errors\":[],\"fields\":\"\",\"pageNumber\":1},{\"type\":\"name\",\"id\":2,\"formId\":4,\"label\":\"Nom\",\"adminLabel\":\"\",\"isRequired\":false,\"size\":\"large\",\"errorMessage\":\"\",\"visibility\":\"visible\",\"nameFormat\":\"advanced\",\"inputs\":[{\"id\":\"2.2\",\"label\":\"Pr\\u00e9fixe\",\"name\":\"\",\"autocompleteAttribute\":\"honorific-prefix\",\"choices\":[{\"text\":\"Dr\",\"value\":\"Dr\"},{\"text\":\"M.\",\"value\":\"M.\"},{\"text\":\"Mlle\",\"value\":\"Mlle\"},{\"text\":\"Mme\",\"value\":\"Mme\"},{\"text\":\"Prof.\",\"value\":\"Prof.\"},{\"text\":\"Rev.\",\"value\":\"Rev.\"}],\"isHidden\":true,\"inputType\":\"radio\"},{\"id\":\"2.3\",\"label\":\"Pr\\u00e9nom\",\"name\":\"\",\"autocompleteAttribute\":\"given-name\"},{\"id\":\"2.4\",\"label\":\"2\\u00e8me pr\\u00e9nom\",\"name\":\"\",\"autocompleteAttribute\":\"additional-name\",\"isHidden\":true},{\"id\":\"2.6\",\"label\":\"Nom\",\"name\":\"\",\"autocompleteAttribute\":\"family-name\"},{\"id\":\"2.8\",\"label\":\"Suffixe\",\"name\":\"\",\"autocompleteAttribute\":\"honorific-suffix\",\"isHidden\":true}],\"description\":\"\",\"allowsPrepopulate\":false,\"inputMask\":false,\"inputMaskValue\":\"\",\"inputMaskIsCustom\":\"\",\"maxLength\":\"\",\"inputType\":\"\",\"labelPlacement\":\"\",\"descriptionPlacement\":\"\",\"subLabelPlacement\":\"\",\"placeholder\":\"\",\"cssClass\":\"\",\"inputName\":\"\",\"noDuplicates\":false,\"defaultValue\":\"\",\"enableAutocomplete\":false,\"autocompleteAttribute\":\"\",\"choices\":\"\",\"conditionalLogic\":\"\",\"productField\":\"\",\"layoutGridColumnSpan\":\"\",\"enableEnhancedUI\":0,\"layoutGroupId\":\"4fc3b0de\",\"fields\":\"\",\"displayOnly\":\"\",\"pageNumber\":1},{\"type\":\"phone\",\"id\":3,\"formId\":4,\"label\":\"T\\u00e9l\\u00e9phone\",\"adminLabel\":\"\",\"isRequired\":false,\"size\":\"large\",\"errorMessage\":\"\",\"visibility\":\"visible\",\"inputs\":null,\"phoneFormat\":\"standard\",\"autocompleteAttribute\":\"tel\",\"description\":\"\",\"allowsPrepopulate\":false,\"inputMask\":false,\"inputMaskValue\":\"\",\"inputMaskIsCustom\":\"\",\"maxLength\":\"\",\"inputType\":\"\",\"labelPlacement\":\"\",\"descriptionPlacement\":\"\",\"subLabelPlacement\":\"\",\"placeholder\":\"\",\"cssClass\":\"\",\"inputName\":\"\",\"noDuplicates\":false,\"defaultValue\":\"\",\"enableAutocomplete\":false,\"choices\":\"\",\"conditionalLogic\":\"\",\"productField\":\"\",\"layoutGridColumnSpan\":\"\",\"enableEnhancedUI\":0,\"layoutGroupId\":\"c90e9f54\",\"fields\":\"\",\"displayOnly\":\"\",\"pageNumber\":1},{\"type\":\"email\",\"id\":4,\"formId\":4,\"label\":\"E-mail\",\"adminLabel\":\"\",\"isRequired\":false,\"size\":\"large\",\"errorMessage\":\"\",\"visibility\":\"visible\",\"inputs\":null,\"autocompleteAttribute\":\"email\",\"description\":\"\",\"allowsPrepopulate\":false,\"inputMask\":false,\"inputMaskValue\":\"\",\"inputMaskIsCustom\":\"\",\"maxLength\":\"\",\"inputType\":\"\",\"labelPlacement\":\"\",\"descriptionPlacement\":\"\",\"subLabelPlacement\":\"\",\"placeholder\":\"\",\"cssClass\":\"\",\"inputName\":\"\",\"noDuplicates\":false,\"defaultValue\":\"\",\"enableAutocomplete\":false,\"choices\":\"\",\"conditionalLogic\":\"\",\"productField\":\"\",\"layoutGridColumnSpan\":\"\",\"emailConfirmEnabled\":\"\",\"enableEnhancedUI\":0,\"layoutGroupId\":\"db0a28ab\",\"fields\":\"\",\"displayOnly\":\"\",\"pageNumber\":1},{\"type\":\"section\",\"id\":5,\"formId\":4,\"label\":\"Votre entreprise\",\"adminLabel\":\"\",\"isRequired\":false,\"size\":\"large\",\"errorMessage\":\"\",\"visibility\":\"visible\",\"inputs\":null,\"displayOnly\":true,\"description\":\"\",\"allowsPrepopulate\":false,\"inputMask\":false,\"inputMaskValue\":\"\",\"inputMaskIsCustom\":false,\"maxLength\":\"\",\"inputType\":\"\",\"labelPlacement\":\"\",\"descriptionPlacement\":\"\",\"subLabelPlacement\":\"\",\"placeholder\":\"\",\"cssClass\":\"\",\"inputName\":\"\",\"noDuplicates\":false,\"defaultValue\":\"\",\"enableAutocomplete\":false,\"autocompleteAttribute\":\"\",\"choices\":\"\",\"conditionalLogic\":\"\",\"productField\":\"\",\"enableEnhancedUI\":0,\"layoutGroupId\":\"8bf3667f\",\"multipleFiles\":false,\"maxFiles\":\"\",\"calculationFormula\":\"\",\"calculationRounding\":\"\",\"enableCalculation\":\"\",\"disableQuantity\":false,\"displayAllCategories\":false,\"useRichTextEditor\":false,\"errors\":[],\"fields\":\"\",\"pageNumber\":1},{\"type\":\"text\",\"id\":6,\"formId\":4,\"label\":\"Nom de l\'entreprise\",\"adminLabel\":\"\",\"isRequired\":false,\"size\":\"large\",\"errorMessage\":\"\",\"visibility\":\"visible\",\"inputs\":null,\"description\":\"\",\"allowsPrepopulate\":false,\"inputMask\":false,\"inputMaskValue\":\"\",\"inputMaskIsCustom\":false,\"maxLength\":\"\",\"inputType\":\"\",\"labelPlacement\":\"\",\"descriptionPlacement\":\"\",\"subLabelPlacement\":\"\",\"placeholder\":\"\",\"cssClass\":\"\",\"inputName\":\"\",\"noDuplicates\":false,\"defaultValue\":\"\",\"enableAutocomplete\":false,\"autocompleteAttribute\":\"\",\"choices\":\"\",\"conditionalLogic\":\"\",\"productField\":\"\",\"layoutGridColumnSpan\":\"\",\"enablePasswordInput\":\"\",\"enableEnhancedUI\":0,\"layoutGroupId\":\"4ab639b4\",\"multipleFiles\":false,\"maxFiles\":\"\",\"calculationFormula\":\"\",\"calculationRounding\":\"\",\"enableCalculation\":\"\",\"disableQuantity\":false,\"displayAllCategories\":false,\"useRichTextEditor\":false,\"errors\":[],\"fields\":\"\",\"displayOnly\":\"\",\"pageNumber\":1},{\"type\":\"text\",\"id\":7,\"formId\":4,\"label\":\"Site Web\",\"adminLabel\":\"\",\"isRequired\":false,\"size\":\"large\",\"errorMessage\":\"\",\"visibility\":\"visible\",\"inputs\":null,\"description\":\"\",\"allowsPrepopulate\":false,\"inputMask\":false,\"inputMaskValue\":\"\",\"inputMaskIsCustom\":false,\"maxLength\":\"\",\"inputType\":\"\",\"labelPlacement\":\"\",\"descriptionPlacement\":\"\",\"subLabelPlacement\":\"\",\"placeholder\":\"\",\"cssClass\":\"\",\"inputName\":\"\",\"noDuplicates\":false,\"defaultValue\":\"\",\"enableAutocomplete\":false,\"autocompleteAttribute\":\"\",\"choices\":\"\",\"conditionalLogic\":\"\",\"productField\":\"\",\"layoutGridColumnSpan\":\"\",\"enablePasswordInput\":\"\",\"enableEnhancedUI\":0,\"layoutGroupId\":\"c87ce542\",\"multipleFiles\":false,\"maxFiles\":\"\",\"calculationFormula\":\"\",\"calculationRounding\":\"\",\"enableCalculation\":\"\",\"disableQuantity\":false,\"displayAllCategories\":false,\"useRichTextEditor\":false,\"errors\":[],\"fields\":\"\",\"displayOnly\":\"\",\"pageNumber\":1},{\"type\":\"address\",\"id\":8,\"formId\":4,\"label\":\"Adresse\",\"adminLabel\":\"\",\"isRequired\":false,\"size\":\"large\",\"errorMessage\":\"\",\"visibility\":\"visible\",\"addressType\":\"international\",\"inputs\":[{\"id\":\"8.1\",\"label\":\"Adresse postale\",\"name\":\"\",\"autocompleteAttribute\":\"address-line1\"},{\"id\":\"8.2\",\"label\":\"Adresse ligne 2\",\"name\":\"\",\"autocompleteAttribute\":\"address-line2\"},{\"id\":\"8.3\",\"label\":\"Ville\",\"name\":\"\",\"autocompleteAttribute\":\"address-level2\"},{\"id\":\"8.4\",\"label\":\"\\u00c9tat \\/ Province\",\"name\":\"\",\"autocompleteAttribute\":\"address-level1\"},{\"id\":\"8.5\",\"label\":\"ZIP \\/ Code postal\",\"name\":\"\",\"autocompleteAttribute\":\"postal-code\"},{\"id\":\"8.6\",\"label\":\"Pays\",\"name\":\"\",\"autocompleteAttribute\":\"country-name\"}],\"description\":\"\",\"allowsPrepopulate\":false,\"inputMask\":false,\"inputMaskValue\":\"\",\"inputMaskIsCustom\":\"\",\"maxLength\":\"\",\"inputType\":\"\",\"labelPlacement\":\"\",\"descriptionPlacement\":\"\",\"subLabelPlacement\":\"\",\"placeholder\":\"\",\"cssClass\":\"\",\"inputName\":\"\",\"noDuplicates\":false,\"defaultValue\":\"\",\"enableAutocomplete\":false,\"autocompleteAttribute\":\"\",\"choices\":\"\",\"conditionalLogic\":\"\",\"defaultCountry\":\"\",\"defaultProvince\":\"\",\"copyValuesOptionLabel\":\"\",\"productField\":\"\",\"layoutGridColumnSpan\":\"\",\"hideCountry\":\"\",\"defaultState\":\"\",\"hideState\":\"\",\"hideAddress2\":\"\",\"enableCopyValuesOption\":\"\",\"copyValuesOptionDefault\":\"\",\"enableEnhancedUI\":0,\"layoutGroupId\":\"18959619\",\"fields\":\"\",\"displayOnly\":\"\",\"pageNumber\":1},{\"type\":\"text\",\"id\":9,\"formId\":4,\"label\":\"Volume d\'affaires annuel\",\"adminLabel\":\"\",\"isRequired\":false,\"size\":\"large\",\"errorMessage\":\"\",\"visibility\":\"visible\",\"inputs\":null,\"description\":\"\",\"allowsPrepopulate\":false,\"inputMask\":false,\"inputMaskValue\":\"\",\"inputMaskIsCustom\":false,\"maxLength\":\"\",\"inputType\":\"\",\"labelPlacement\":\"\",\"descriptionPlacement\":\"\",\"subLabelPlacement\":\"\",\"placeholder\":\"\",\"cssClass\":\"\",\"inputName\":\"\",\"noDuplicates\":false,\"defaultValue\":\"\",\"enableAutocomplete\":false,\"autocompleteAttribute\":\"\",\"choices\":\"\",\"conditionalLogic\":\"\",\"productField\":\"\",\"layoutGridColumnSpan\":\"\",\"enablePasswordInput\":\"\",\"enableEnhancedUI\":0,\"layoutGroupId\":\"b4a75a69\",\"multipleFiles\":false,\"maxFiles\":\"\",\"calculationFormula\":\"\",\"calculationRounding\":\"\",\"enableCalculation\":\"\",\"disableQuantity\":false,\"displayAllCategories\":false,\"useRichTextEditor\":false,\"errors\":[],\"fields\":\"\",\"displayOnly\":\"\",\"pageNumber\":1},{\"type\":\"text\",\"id\":10,\"formId\":4,\"label\":\"Siret\",\"adminLabel\":\"\",\"isRequired\":false,\"size\":\"large\",\"errorMessage\":\"\",\"visibility\":\"visible\",\"inputs\":null,\"description\":\"\",\"allowsPrepopulate\":false,\"inputMask\":false,\"inputMaskValue\":\"\",\"inputMaskIsCustom\":false,\"maxLength\":\"\",\"inputType\":\"\",\"labelPlacement\":\"\",\"descriptionPlacement\":\"\",\"subLabelPlacement\":\"\",\"placeholder\":\"\",\"cssClass\":\"\",\"inputName\":\"\",\"noDuplicates\":false,\"defaultValue\":\"\",\"enableAutocomplete\":false,\"autocompleteAttribute\":\"\",\"choices\":\"\",\"conditionalLogic\":\"\",\"productField\":\"\",\"layoutGridColumnSpan\":\"\",\"enablePasswordInput\":\"\",\"enableEnhancedUI\":0,\"layoutGroupId\":\"635213db\",\"multipleFiles\":false,\"maxFiles\":\"\",\"calculationFormula\":\"\",\"calculationRounding\":\"\",\"enableCalculation\":\"\",\"disableQuantity\":false,\"displayAllCategories\":false,\"useRichTextEditor\":false,\"errors\":[],\"fields\":\"\",\"displayOnly\":\"\",\"pageNumber\":1},{\"type\":\"fileupload\",\"id\":12,\"formId\":4,\"label\":\"Rib\",\"adminLabel\":\"\",\"isRequired\":false,\"size\":\"large\",\"errorMessage\":\"\",\"visibility\":\"visible\",\"inputs\":null,\"description\":\"\",\"allowsPrepopulate\":false,\"inputMask\":false,\"inputMaskValue\":\"\",\"inputMaskIsCustom\":false,\"maxLength\":\"\",\"inputType\":\"\",\"labelPlacement\":\"\",\"descriptionPlacement\":\"\",\"subLabelPlacement\":\"\",\"placeholder\":\"\",\"cssClass\":\"\",\"inputName\":\"\",\"noDuplicates\":false,\"defaultValue\":\"\",\"enableAutocomplete\":false,\"autocompleteAttribute\":\"\",\"choices\":\"\",\"conditionalLogic\":\"\",\"maxFileSize\":\"\",\"maxFiles\":\"\",\"multipleFiles\":false,\"allowedExtensions\":\"\",\"productField\":\"\",\"layoutGridColumnSpan\":\"\",\"enableEnhancedUI\":0,\"layoutGroupId\":\"c85d1737\",\"calculationFormula\":\"\",\"calculationRounding\":\"\",\"enableCalculation\":\"\",\"disableQuantity\":false,\"displayAllCategories\":false,\"useRichTextEditor\":false,\"errors\":[],\"fields\":\"\",\"displayOnly\":\"\",\"pageNumber\":1},{\"type\":\"fileupload\",\"id\":13,\"formId\":4,\"label\":\"Kbis\",\"adminLabel\":\"\",\"isRequired\":false,\"size\":\"large\",\"errorMessage\":\"\",\"visibility\":\"visible\",\"inputs\":null,\"description\":\"\",\"allowsPrepopulate\":false,\"inputMask\":false,\"inputMaskValue\":\"\",\"inputMaskIsCustom\":false,\"maxLength\":\"\",\"inputType\":\"\",\"labelPlacement\":\"\",\"descriptionPlacement\":\"\",\"subLabelPlacement\":\"\",\"placeholder\":\"\",\"cssClass\":\"\",\"inputName\":\"\",\"noDuplicates\":false,\"defaultValue\":\"\",\"enableAutocomplete\":false,\"autocompleteAttribute\":\"\",\"choices\":\"\",\"conditionalLogic\":\"\",\"maxFileSize\":\"\",\"maxFiles\":\"\",\"multipleFiles\":false,\"allowedExtensions\":\"\",\"productField\":\"\",\"layoutGridColumnSpan\":\"\",\"enableEnhancedUI\":0,\"layoutGroupId\":\"55cdf73c\",\"calculationFormula\":\"\",\"calculationRounding\":\"\",\"enableCalculation\":\"\",\"disableQuantity\":false,\"displayAllCategories\":false,\"useRichTextEditor\":false,\"errors\":[],\"fields\":\"\",\"displayOnly\":\"\",\"pageNumber\":1},{\"type\":\"fileupload\",\"id\":14,\"formId\":4,\"label\":\"Pi\\u00e8ce d\'identit\\u00e9\",\"adminLabel\":\"\",\"isRequired\":false,\"size\":\"large\",\"errorMessage\":\"\",\"visibility\":\"visible\",\"inputs\":null,\"description\":\"\",\"allowsPrepopulate\":false,\"inputMask\":false,\"inputMaskValue\":\"\",\"inputMaskIsCustom\":false,\"maxLength\":\"\",\"inputType\":\"\",\"labelPlacement\":\"\",\"descriptionPlacement\":\"\",\"subLabelPlacement\":\"\",\"placeholder\":\"\",\"cssClass\":\"\",\"inputName\":\"\",\"noDuplicates\":false,\"defaultValue\":\"\",\"enableAutocomplete\":false,\"autocompleteAttribute\":\"\",\"choices\":\"\",\"conditionalLogic\":\"\",\"maxFileSize\":\"\",\"maxFiles\":\"\",\"multipleFiles\":false,\"allowedExtensions\":\"\",\"productField\":\"\",\"layoutGridColumnSpan\":\"\",\"enableEnhancedUI\":0,\"layoutGroupId\":\"01e167c9\",\"calculationFormula\":\"\",\"calculationRounding\":\"\",\"enableCalculation\":\"\",\"disableQuantity\":false,\"displayAllCategories\":false,\"useRichTextEditor\":false,\"errors\":[],\"fields\":\"\",\"pageNumber\":1}],\"version\":\"2.6.1.1\",\"id\":4,\"markupVersion\":2,\"nextFieldId\":15,\"useCurrentUserAsAuthor\":true,\"postContentTemplateEnabled\":false,\"postTitleTemplateEnabled\":false,\"postTitleTemplate\":\"\",\"postContentTemplate\":\"\",\"lastPageButton\":null,\"pagination\":null,\"firstPageCssClass\":null}',NULL,'{\"6230fc0e7f45f\":{\"id\":\"6230fc0e7f45f\",\"name\":\"Confirmation par d\\u00e9faut\",\"isDefault\":true,\"type\":\"message\",\"message\":\"Votre essai de mentorlystes commence dans quelques heures !\",\"url\":\"\",\"pageId\":\"\",\"queryString\":\"\",\"event\":\"\",\"disableAutoformat\":false,\"page\":\"\",\"conditionalLogic\":[]}}','{\"6230fc0e7f0d8\":{\"id\":\"6230fc0e7f0d8\",\"isActive\":true,\"to\":\"{admin_email}\",\"name\":\"Notification administrateur\",\"event\":\"form_submission\",\"toType\":\"email\",\"subject\":\"Nouveau message de {form_title}\",\"message\":\"{all_fields}\"}}');

--
-- Table structure for table `wp_7_gf_form_revisions`
--

CREATE TABLE `wp_7_gf_form_revisions` (
  `id` bigint unsigned NOT NULL AUTO_INCREMENT,
  `form_id` mediumint unsigned NOT NULL,
  `display_meta` longtext CHARACTER SET utf8mb4 COLLATE utf8mb4_unicode_ci,
  `date_created` datetime NOT NULL,
  PRIMARY KEY (`id`),
  KEY `date_created` (`date_created`),
  KEY `form_id` (`form_id`)
) ENGINE=InnoDB DEFAULT CHARSET=utf8mb4 COLLATE=utf8mb4_unicode_ci;

--
-- Dumping data for table `wp_7_gf_form_revisions`
--


--
-- Table structure for table `wp_7_gf_form_view`
--

CREATE TABLE `wp_7_gf_form_view` (
  `id` bigint unsigned NOT NULL AUTO_INCREMENT,
  `form_id` mediumint unsigned NOT NULL,
  `date_created` datetime NOT NULL,
  `ip` char(15) CHARACTER SET utf8mb4 COLLATE utf8mb4_unicode_ci DEFAULT NULL,
  `count` mediumint unsigned NOT NULL DEFAULT '1',
  PRIMARY KEY (`id`),
  KEY `date_created` (`date_created`),
  KEY `form_id` (`form_id`)
) ENGINE=InnoDB AUTO_INCREMENT=813 DEFAULT CHARSET=utf8mb4 COLLATE=utf8mb4_unicode_ci;

--
-- Dumping data for table `wp_7_gf_form_view`
--

INSERT INTO `wp_7_gf_form_view` VALUES (1,4,'2022-04-26 06:49:01','',5),(2,3,'2022-04-26 06:49:05','',5),(3,2,'2022-04-26 06:55:15','',5),(4,2,'2022-04-27 07:18:00','',3),(5,4,'2022-04-27 10:02:22','',2),(6,3,'2022-04-27 10:02:24','',2),(7,4,'2022-04-28 18:41:19','',1),(8,2,'2022-04-28 20:59:03','',1),(9,3,'2022-04-28 21:21:29','',1),(10,4,'2022-05-10 23:07:40','',1),(11,3,'2022-05-16 04:10:04','',1),(12,4,'2022-05-16 22:38:51','',1),(13,2,'2022-05-17 04:54:37','',1),(14,3,'2022-05-19 16:26:42','',1),(15,2,'2022-05-24 23:38:18','',1),(16,2,'2022-05-29 00:03:04','',2),(17,4,'2022-05-29 00:03:19','',3),(18,3,'2022-05-29 00:03:24','',2),(19,4,'2022-06-04 03:29:51','',1),(20,2,'2022-06-04 04:58:28','',1),(21,3,'2022-06-09 10:18:46','',2),(22,4,'2022-06-10 09:03:23','',1),(23,4,'2022-06-11 23:19:52','',1),(24,4,'2022-06-14 09:04:33','',2),(25,4,'2022-06-20 11:23:56','',2),(26,3,'2022-06-20 11:23:57','',1),(27,4,'2022-06-22 10:47:00','',1),(28,2,'2022-06-22 13:15:20','',1),(29,4,'2022-06-24 19:57:16','',1),(30,3,'2022-06-24 20:41:11','',1),(31,2,'2022-06-24 21:45:59','',2),(32,4,'2022-06-28 09:09:15','',1),(33,3,'2022-06-30 03:44:07','',2),(34,4,'2022-07-01 03:26:45','',1),(35,2,'2022-07-02 14:17:11','',1),(36,4,'2022-07-02 14:30:36','',1),(37,4,'2022-07-05 09:04:21','',1),(38,3,'2022-07-08 09:07:06','',1),(39,2,'2022-07-09 17:45:11','',1),(40,4,'2022-07-09 17:56:58','',1),(41,4,'2022-07-11 02:25:06','',1),(42,2,'2022-07-11 04:31:26','',1),(43,4,'2022-07-12 09:06:04','',1),(44,3,'2022-07-13 15:18:47','',3),(45,4,'2022-07-13 17:41:21','',1),(46,2,'2022-07-20 07:33:33','',2),(47,4,'2022-07-20 11:57:40','',1),(48,3,'2022-07-20 11:57:41','',2),(49,2,'2022-07-26 00:29:23','',1),(50,4,'2022-07-26 09:03:28','',2),(51,2,'2022-07-27 07:06:32','',1),(52,2,'2022-07-29 03:01:17','',2),(53,4,'2022-07-29 09:07:56','',2),(54,4,'2022-08-02 09:02:32','',1),(55,2,'2022-08-04 23:58:37','',2),(56,4,'2022-08-05 00:37:09','',1),(57,2,'2022-08-07 09:11:17','',1),(58,3,'2022-08-07 09:11:34','',1),(59,4,'2022-08-09 09:04:39','',1),(60,3,'2022-08-10 05:24:14','',1),(61,3,'2022-08-13 00:39:26','',2),(62,4,'2022-08-15 07:21:36','',1),(63,2,'2022-08-15 22:03:01','',2),(64,4,'2022-08-16 09:03:11','',2),(65,4,'2022-08-20 09:05:56','',3),(66,3,'2022-08-20 15:49:24','',2),(67,2,'2022-08-21 04:26:09','',1),(68,2,'2022-08-22 12:56:59','',1),(69,4,'2022-08-23 09:04:29','',1),(70,2,'2022-08-27 17:05:33','',1),(71,3,'2022-08-29 05:23:54','',3),(72,2,'2022-08-29 13:41:25','',1),(73,4,'2022-08-29 15:30:16','',2),(74,3,'2022-08-30 06:33:03','',1),(75,3,'2022-08-31 17:22:19','',2),(76,4,'2022-08-31 21:53:16','',1),(77,2,'2022-08-31 23:47:34','',1),(78,2,'2022-09-02 15:00:29','',4),(79,2,'2022-09-04 08:58:00','',1),(80,4,'2022-09-04 09:27:01','',1),(81,4,'2022-09-05 22:09:19','',2),(82,2,'2022-09-07 03:07:50','',1),(83,4,'2022-09-13 09:02:53','',1),(84,2,'2022-09-17 15:15:40','',1),(85,4,'2022-09-20 09:03:08','',2),(86,3,'2022-09-20 16:32:37','',1),(87,2,'2022-09-21 14:47:04','',1),(88,3,'2022-09-22 00:58:34','',2),(89,2,'2022-09-22 23:25:11','',1),(90,4,'2022-09-23 00:15:48','',1),(91,4,'2022-09-24 21:04:08','',1),(92,4,'2022-09-27 06:33:10','',2),(93,3,'2022-09-27 06:33:10','',1),(94,2,'2022-09-27 06:35:46','',1),(95,2,'2022-09-29 01:51:17','',2),(96,2,'2022-10-03 16:12:58','',8),(97,4,'2022-10-04 09:01:32','',1),(98,2,'2022-10-11 04:09:12','',2),(99,4,'2022-10-11 09:02:41','',3),(100,2,'2022-10-12 23:17:05','',1),(101,4,'2022-10-13 00:49:35','',1),(102,3,'2022-10-13 06:18:39','',2),(103,2,'2022-10-16 21:14:31','',1),(104,4,'2022-10-18 09:09:49','',1),(105,4,'2022-10-19 14:20:22','',1),(106,3,'2022-10-19 22:35:12','',2),(107,4,'2022-10-20 16:57:36','',1),(108,2,'2022-10-24 06:14:51','',1),(109,4,'2022-10-25 09:04:43','',1),(110,2,'2022-10-29 21:10:26','',1),(111,2,'2022-10-31 09:49:56','',1),(112,4,'2022-10-31 13:19:58','',2),(113,3,'2022-11-04 21:13:08','',2),(114,3,'2022-11-06 08:27:36','',1),(115,4,'2022-11-08 10:05:13','',1),(116,2,'2022-11-10 07:19:47','',1),(117,4,'2022-11-10 07:24:44','',1),(118,3,'2022-11-10 23:55:40','',1),(119,4,'2022-11-13 17:08:13','',1),(120,2,'2022-11-14 15:58:10','',1),(121,4,'2022-11-15 10:04:54','',1),(122,2,'2022-11-20 05:59:18','',1),(123,4,'2022-11-20 07:49:40','',2),(124,3,'2022-11-20 18:28:52','',1),(125,4,'2022-11-22 10:02:29','',1),(126,2,'2022-11-22 14:21:18','',1),(127,2,'2022-11-24 15:53:50','',1),(128,4,'2022-11-24 15:54:15','',2),(129,3,'2022-11-24 15:54:35','',2),(130,2,'2022-11-26 15:15:58','',2),(131,3,'2022-11-27 11:12:42','',1),(132,4,'2022-11-29 10:10:54','',1),(133,3,'2022-12-01 19:46:24','',1),(134,4,'2022-12-01 19:47:04','',1),(135,2,'2022-12-01 19:47:24','',1),(136,2,'2022-12-02 23:09:23','',1),(137,2,'2022-12-05 05:02:28','',1),(138,4,'2022-12-05 10:12:26','',3),(139,2,'2022-12-07 10:28:04','',1),(140,2,'2022-12-09 19:43:37','',2),(141,4,'2022-12-10 02:57:42','',1),(142,2,'2022-12-11 10:49:05','',1),(143,2,'2022-12-12 13:41:22','',1),(144,4,'2022-12-13 10:08:43','',1),(145,4,'2022-12-18 14:19:33','',1),(146,3,'2022-12-18 14:19:33','',1),(147,2,'2022-12-18 14:19:45','',4),(148,3,'2022-12-19 17:29:27','',1),(149,4,'2022-12-20 10:01:44','',1),(150,4,'2022-12-21 19:32:13','',1),(151,2,'2022-12-21 19:56:22','',1),(152,2,'2022-12-24 18:10:53','',2),(153,4,'2022-12-27 10:01:13','',1),(154,2,'2022-12-29 20:03:45','',1),(155,4,'2022-12-29 22:59:47','',1),(156,2,'2023-01-05 13:01:01','',1),(157,3,'2023-01-11 08:56:50','',2),(158,4,'2023-01-11 10:07:49','',1),(159,2,'2023-01-12 02:16:05','',1),(160,3,'2023-01-16 10:04:26','',2),(161,4,'2023-01-16 23:29:28','',1),(162,4,'2023-01-18 10:08:24','',2),(163,2,'2023-01-18 19:13:13','',1),(164,2,'2023-01-21 10:23:02','',1),(165,2,'2023-01-22 13:50:17','',1),(166,4,'2023-01-25 10:02:12','',1),(167,2,'2023-01-25 15:18:31','',1),(168,2,'2023-01-28 03:42:36','',2),(169,2,'2023-01-30 15:53:39','',2),(170,4,'2023-01-30 15:58:36','',1),(171,3,'2023-01-30 16:31:00','',1),(172,2,'2023-02-01 04:58:33','',1),(173,3,'2023-02-01 09:21:25','',1),(174,4,'2023-02-01 10:08:12','',1),(175,4,'2023-02-02 10:14:25','',4),(176,3,'2023-02-02 10:14:27','',4),(177,2,'2023-02-02 10:16:45','',4),(178,4,'2023-02-04 00:06:11','',3),(179,3,'2023-02-04 00:06:38','',3),(180,2,'2023-02-04 14:27:43','',1),(181,3,'2023-02-06 00:06:23','',3),(182,4,'2023-02-06 08:13:16','',2),(183,2,'2023-02-06 09:01:46','',3),(184,3,'2023-02-07 00:10:22','',1),(185,2,'2023-02-08 21:09:06','',2),(186,4,'2023-02-08 23:06:39','',1),(187,3,'2023-02-08 23:06:48','',1),(188,2,'2023-02-09 23:06:50','',2),(189,4,'2023-02-10 14:28:22','',1),(190,3,'2023-02-10 15:20:55','',1),(191,4,'2023-02-14 00:09:19','',1),(192,2,'2023-02-16 11:55:55','',2),(193,4,'2023-02-16 11:57:08','',2),(194,3,'2023-02-16 11:57:17','',2),(195,2,'2023-02-18 15:32:38','',2),(196,4,'2023-02-19 06:03:23','',1),(197,3,'2023-02-19 06:03:53','',1),(198,2,'2023-02-20 04:32:29','',6),(199,3,'2023-02-20 18:57:37','',3),(200,4,'2023-02-20 18:58:13','',4),(201,2,'2023-02-21 07:56:04','',3),(202,2,'2023-02-22 10:00:13','',5),(203,4,'2023-02-22 22:39:04','',1),(204,2,'2023-02-23 10:56:39','',2),(205,2,'2023-02-26 12:11:26','',4),(206,2,'2023-02-27 18:25:47','',1),(207,4,'2023-02-28 00:05:30','',1),(208,3,'2023-03-01 08:08:52','',1),(209,2,'2023-03-01 08:45:43','',1),(210,4,'2023-03-02 09:50:39','',1),(211,2,'2023-03-03 13:21:12','',5),(212,2,'2023-03-04 20:02:50','',1),(213,4,'2023-03-04 21:02:14','',1),(214,3,'2023-03-06 18:27:15','',1),(215,4,'2023-03-06 18:48:24','',2),(216,2,'2023-03-06 21:19:01','',2),(217,3,'2023-03-08 19:08:05','',2),(218,2,'2023-03-08 22:41:38','',3),(219,4,'2023-03-10 12:33:33','',1),(220,2,'2023-03-10 18:20:37','',2),(221,2,'2023-03-11 20:30:46','',5),(222,2,'2023-03-13 06:53:11','',2),(223,4,'2023-03-13 23:09:32','',1),(224,2,'2023-03-14 07:43:55','',2),(225,2,'2023-03-15 08:53:14','',2),(226,3,'2023-03-16 10:12:53','',1),(227,2,'2023-03-17 01:23:01','',5),(228,4,'2023-03-17 14:30:48','',1),(229,2,'2023-03-19 13:31:35','',3),(230,3,'2023-03-20 23:08:44','',1),(231,4,'2023-03-20 23:09:23','',2),(232,3,'2023-03-22 07:04:47','',1),(233,2,'2023-03-22 12:54:38','',6),(234,2,'2023-03-23 23:21:54','',2),(235,3,'2023-03-24 01:49:14','',1),(236,4,'2023-03-24 20:33:55','',1),(237,2,'2023-03-25 23:49:01','',2),(238,2,'2023-03-27 02:44:03','',1),(239,4,'2023-03-27 23:12:24','',1),(240,2,'2023-03-28 09:28:49','',1),(241,4,'2023-03-29 01:20:10','',1),(242,3,'2023-03-30 02:29:30','',1),(243,2,'2023-03-31 16:01:57','',3),(244,3,'2023-03-31 22:14:04','',1),(245,4,'2023-04-01 05:46:48','',1),(246,2,'2023-04-02 21:12:52','',3),(247,2,'2023-04-03 22:09:32','',1),(248,4,'2023-04-03 23:10:25','',1),(249,4,'2023-04-05 00:46:55','',1),(250,2,'2023-04-05 14:28:47','',6),(251,3,'2023-04-08 01:08:39','',1),(252,2,'2023-04-09 11:30:30','',1),(253,2,'2023-04-10 14:54:08','',3),(254,4,'2023-04-10 23:02:52','',1),(255,2,'2023-04-11 21:31:04','',3),(256,4,'2023-04-11 23:59:45','',1),(257,2,'2023-04-14 02:45:40','',1),(258,3,'2023-04-15 13:08:20','',1),(259,2,'2023-04-17 03:23:33','',2),(260,4,'2023-04-17 23:01:37','',2),(261,2,'2023-04-18 10:21:55','',2),(262,3,'2023-04-18 14:06:13','',1),(263,4,'2023-04-19 23:10:24','',2),(264,2,'2023-04-21 04:32:42','',3),(265,3,'2023-04-22 19:56:13','',1),(266,2,'2023-04-23 02:08:50','',1),(267,2,'2023-04-24 04:15:03','',2),(268,4,'2023-04-24 23:05:27','',2),(269,2,'2023-04-25 14:34:38','',3),(270,3,'2023-04-25 16:27:49','',1),(271,2,'2023-04-27 09:12:39','',1),(272,4,'2023-04-27 17:57:11','',1),(273,2,'2023-04-28 14:58:05','',2),(274,4,'2023-04-29 02:50:16','',1),(275,3,'2023-04-29 02:50:22','',1),(276,2,'2023-04-29 19:01:26','',2),(277,3,'2023-04-30 04:51:56','',1),(278,2,'2023-05-01 02:10:05','',1),(279,4,'2023-05-01 23:03:54','',1),(280,2,'2023-05-02 02:11:43','',1),(281,2,'2023-05-03 21:08:13','',4),(282,4,'2023-05-04 21:05:34','',2),(283,3,'2023-05-04 21:05:49','',1),(284,2,'2023-05-05 03:10:29','',2),(285,2,'2023-05-06 04:41:05','',3),(286,3,'2023-05-07 13:33:10','',1),(287,4,'2023-05-07 20:03:52','',1),(288,4,'2023-05-08 23:11:21','',1),(289,2,'2023-05-12 05:30:29','',4),(290,4,'2023-05-12 13:59:28','',1),(291,3,'2023-05-12 23:06:30','',1),(292,3,'2023-05-14 22:35:59','',1),(293,4,'2023-05-15 23:09:46','',2),(294,2,'2023-05-16 01:26:02','',2),(295,3,'2023-05-16 18:53:03','',1),(296,2,'2023-05-17 02:17:20','',1),(297,2,'2023-05-18 10:46:26','',3),(298,4,'2023-05-19 20:17:56','',2),(299,2,'2023-05-21 10:53:47','',3),(300,3,'2023-05-22 10:13:44','',1),(301,2,'2023-05-22 18:02:39','',1),(302,4,'2023-05-22 23:07:46','',1),(303,2,'2023-05-23 23:06:07','',8),(304,4,'2023-05-23 23:44:19','',3),(305,3,'2023-05-24 22:35:37','',2),(306,2,'2023-05-25 16:22:30','',1),(307,4,'2023-05-26 19:50:14','',1),(308,3,'2023-05-26 19:50:15','',2),(309,2,'2023-05-26 22:23:27','',2),(310,2,'2023-05-28 06:18:41','',1),(311,4,'2023-05-29 10:54:26','',2),(312,3,'2023-05-29 23:44:05','',1),(313,2,'2023-05-30 09:40:31','',1),(314,2,'2023-05-31 12:45:15','',3),(315,3,'2023-05-31 20:57:34','',1),(316,4,'2023-05-31 20:57:38','',1),(317,2,'2023-06-02 00:14:27','',2),(318,2,'2023-06-03 07:48:58','',4),(319,2,'2023-06-04 10:34:08','',3),(320,4,'2023-06-05 18:33:59','',2),(321,2,'2023-06-06 14:21:00','',2),(322,3,'2023-06-06 16:21:12','',1),(323,4,'2023-06-07 23:08:34','',1),(324,2,'2023-06-08 02:54:24','',1),(325,3,'2023-06-10 23:11:51','',1),(326,2,'2023-06-12 06:19:26','',2),(327,4,'2023-06-12 23:04:00','',2),(328,3,'2023-06-14 08:30:41','',1),(329,2,'2023-06-14 16:18:48','',3),(330,4,'2023-06-15 10:19:22','',1),(331,2,'2023-06-16 02:57:25','',1),(332,2,'2023-06-17 15:55:15','',1),(333,3,'2023-06-19 03:50:21','',2),(334,2,'2023-06-19 05:06:57','',5),(335,4,'2023-06-19 23:12:56','',2),(336,2,'2023-06-20 17:58:39','',2),(337,4,'2023-06-21 14:04:33','',1),(338,2,'2023-06-21 23:33:14','',3),(339,3,'2023-06-23 03:28:37','',1),(340,2,'2023-06-24 06:07:30','',4),(341,2,'2023-06-25 14:08:38','',1),(342,4,'2023-06-26 23:03:02','',1),(343,2,'2023-06-27 03:11:12','',2),(344,4,'2023-06-29 04:20:42','',2),(345,3,'2023-06-29 06:03:57','',1),(346,2,'2023-06-29 10:03:30','',2),(347,2,'2023-06-30 10:24:17','',1),(348,3,'2023-07-01 02:01:35','',1),(349,2,'2023-07-01 11:52:01','',3),(350,2,'2023-07-03 07:33:17','',3),(351,4,'2023-07-03 23:12:45','',1),(352,2,'2023-07-05 02:26:07','',3),(353,2,'2023-07-06 15:27:35','',3),(354,4,'2023-07-07 01:10:39','',1),(355,2,'2023-07-08 04:38:45','',5),(356,3,'2023-07-08 20:14:06','',1),(357,2,'2023-07-09 14:51:37','',4),(358,4,'2023-07-10 23:05:10','',1),(359,2,'2023-07-11 09:46:26','',2),(360,2,'2023-07-13 09:50:46','',2),(361,4,'2023-07-14 19:30:57','',2),(362,2,'2023-07-14 20:52:46','',6),(363,3,'2023-07-14 22:13:50','',1),(364,4,'2023-07-15 20:19:34','',1),(365,2,'2023-07-16 01:41:14','',3),(366,3,'2023-07-16 18:28:38','',1),(367,2,'2023-07-17 08:43:48','',2),(368,4,'2023-07-18 02:56:19','',2),(369,3,'2023-07-18 02:56:25','',2),(370,2,'2023-07-18 17:52:20','',2),(371,2,'2023-07-20 08:18:32','',3),(372,2,'2023-07-21 15:45:55','',3),(373,2,'2023-07-23 18:59:57','',4),(374,3,'2023-07-23 19:07:49','',2),(375,4,'2023-07-24 10:57:06','',1),(376,3,'2023-07-25 04:17:32','',1),(377,2,'2023-07-25 04:29:28','',4),(378,2,'2023-07-26 13:27:35','',3),(379,2,'2023-07-28 10:18:44','',4),(380,4,'2023-07-28 20:15:47','',1),(381,2,'2023-07-29 21:08:06','',9),(382,2,'2023-07-31 21:04:13','',5),(383,4,'2023-08-01 07:36:54','',1),(384,3,'2023-08-01 07:38:04','',1),(385,2,'2023-08-01 22:00:00','',6),(386,3,'2023-08-02 11:03:31','',2),(387,4,'2023-08-03 09:40:14','',2),(388,2,'2023-08-03 09:40:20','',4),(389,3,'2023-08-04 09:38:34','',1),(390,2,'2023-08-05 04:14:56','',2),(391,4,'2023-08-05 10:53:46','',3),(392,3,'2023-08-05 10:54:06','',2),(393,4,'2023-08-06 11:38:45','',2),(394,2,'2023-08-06 11:38:50','',2),(395,3,'2023-08-06 11:39:04','',2),(396,2,'2023-08-07 17:26:28','',11),(397,4,'2023-08-08 10:49:10','',1),(398,3,'2023-08-08 10:49:32','',1),(399,4,'2023-08-09 11:20:55','',1),(400,2,'2023-08-09 11:21:04','',1),(401,3,'2023-08-09 11:21:45','',1),(402,4,'2023-08-10 15:07:51','',2),(403,2,'2023-08-10 15:07:58','',2),(404,3,'2023-08-10 15:08:15','',3),(405,2,'2023-08-11 22:54:41','',3),(406,4,'2023-08-12 11:19:28','',2),(407,3,'2023-08-12 11:19:50','',1),(408,4,'2023-08-13 12:52:33','',3),(409,2,'2023-08-13 12:52:38','',2),(410,3,'2023-08-13 12:52:52','',2),(411,4,'2023-08-15 10:33:09','',1),(412,2,'2023-08-15 10:33:16','',2),(413,3,'2023-08-15 10:33:30','',1),(414,4,'2023-08-16 10:52:10','',1),(415,2,'2023-08-16 10:52:17','',1),(416,3,'2023-08-16 10:52:30','',1),(417,4,'2023-08-17 11:37:22','',2),(418,2,'2023-08-17 11:37:27','',2),(419,3,'2023-08-17 11:37:39','',2),(420,4,'2023-08-19 11:22:36','',2),(421,2,'2023-08-19 11:22:41','',3),(422,3,'2023-08-19 11:22:56','',2),(423,4,'2023-08-20 13:09:15','',3),(424,2,'2023-08-20 13:09:21','',2),(425,3,'2023-08-20 13:09:34','',3),(426,4,'2023-08-22 11:09:34','',2),(427,2,'2023-08-22 11:09:40','',2),(428,3,'2023-08-22 11:09:54','',2),(429,2,'2023-08-24 03:44:11','',3),(430,4,'2023-08-24 11:34:01','',2),(431,3,'2023-08-24 11:34:28','',2),(432,2,'2023-08-25 11:19:17','',1),(433,4,'2023-08-26 12:20:00','',2),(434,2,'2023-08-26 12:20:06','',3),(435,3,'2023-08-26 12:20:18','',2),(436,4,'2023-08-28 11:19:49','',2),(437,2,'2023-08-28 11:20:04','',3),(438,3,'2023-08-28 11:20:29','',3),(439,4,'2023-08-30 11:20:50','',1),(440,2,'2023-08-30 11:20:57','',1),(441,3,'2023-08-30 11:21:13','',1),(442,4,'2023-08-31 11:22:44','',3),(443,2,'2023-08-31 11:22:50','',2),(444,3,'2023-08-31 11:23:15','',2),(445,4,'2023-09-02 13:32:48','',2),(446,2,'2023-09-02 13:32:53','',3),(447,3,'2023-09-02 13:33:06','',2),(448,4,'2023-09-04 13:19:08','',2),(449,2,'2023-09-04 13:19:17','',2),(450,3,'2023-09-04 13:19:32','',2),(451,4,'2023-09-06 11:38:46','',2),(452,2,'2023-09-06 11:38:51','',2),(453,3,'2023-09-06 11:39:04','',2),(454,2,'2023-09-08 01:31:00','',2),(455,4,'2023-09-08 13:55:05','',2),(456,3,'2023-09-08 13:55:24','',2),(457,2,'2023-09-09 11:36:44','',2),(458,4,'2023-09-10 01:18:13','',3),(459,2,'2023-09-10 12:39:03','',4),(460,3,'2023-09-10 12:39:18','',2),(461,4,'2023-09-11 11:20:15','',3),(462,2,'2023-09-11 22:25:36','',2),(463,3,'2023-09-11 23:32:41','',2),(464,2,'2023-09-13 00:14:15','',3),(465,4,'2023-09-13 10:52:39','',1),(466,3,'2023-09-13 10:53:02','',1),(467,4,'2023-09-14 11:55:00','',2),(468,2,'2023-09-14 11:55:05','',2),(469,3,'2023-09-14 11:55:17','',2),(470,4,'2023-09-16 11:38:12','',2),(471,2,'2023-09-16 11:38:18','',2),(472,3,'2023-09-16 11:38:42','',2),(473,2,'2023-09-17 18:41:30','',2),(474,4,'2023-09-18 11:39:02','',3),(475,3,'2023-09-18 11:39:19','',2),(476,2,'2023-09-19 11:20:33','',3),(477,4,'2023-09-20 12:18:59','',1),(478,2,'2023-09-20 12:19:05','',1),(479,3,'2023-09-20 12:19:21','',1),(480,4,'2023-09-21 12:49:56','',1),(481,2,'2023-09-21 12:50:02','',1),(482,3,'2023-09-21 12:50:17','',1),(483,4,'2023-09-22 13:35:27','',2),(484,2,'2023-09-22 13:35:34','',4),(485,3,'2023-09-22 13:35:51','',2),(486,4,'2023-09-24 11:05:16','',1),(487,2,'2023-09-24 11:05:22','',1),(488,3,'2023-09-24 11:05:36','',1),(489,4,'2023-09-25 11:19:45','',2),(490,2,'2023-09-25 11:19:55','',3),(491,3,'2023-09-25 11:20:16','',2),(492,2,'2023-09-27 07:17:29','',6),(493,4,'2023-09-27 11:08:02','',1),(494,3,'2023-09-27 11:08:24','',1),(495,2,'2023-09-28 08:36:33','',4),(496,4,'2023-09-28 11:55:01','',1),(497,3,'2023-09-28 11:55:20','',2),(498,4,'2023-09-29 12:05:02','',3),(499,2,'2023-09-29 12:05:09','',6),(500,3,'2023-09-29 12:05:33','',2),(501,2,'2023-09-30 13:19:22','',8),(502,4,'2023-10-01 11:25:01','',2),(503,3,'2023-10-01 11:25:19','',2),(504,2,'2023-10-02 11:07:45','',7),(505,4,'2023-10-03 02:22:20','',2),(506,3,'2023-10-03 02:22:31','',2),(507,2,'2023-10-03 12:33:34','',7),(508,4,'2023-10-04 11:08:09','',3),(509,3,'2023-10-04 11:08:46','',1),(510,2,'2023-10-04 13:53:11','',10),(511,4,'2023-10-05 12:03:27','',3),(512,3,'2023-10-05 12:03:50','',2),(513,2,'2023-10-05 16:15:04','',7),(514,2,'2023-10-07 09:52:17','',7),(515,4,'2023-10-07 16:20:35','',4),(516,3,'2023-10-07 16:32:46','',3),(517,2,'2023-10-08 13:11:40','',5),(518,4,'2023-10-09 06:07:41','',2),(519,3,'2023-10-09 06:08:05','',2),(520,2,'2023-10-09 13:19:27','',4),(521,4,'2023-10-11 04:17:59','',1),(522,2,'2023-10-11 04:18:08','',4),(523,3,'2023-10-11 04:18:21','',2),(524,2,'2023-10-12 04:46:17','',3),(525,4,'2023-10-12 05:36:45','',5),(526,3,'2023-10-12 05:38:00','',5),(527,3,'2023-10-13 06:12:32','',2),(528,4,'2023-10-13 06:13:35','',2),(529,2,'2023-10-13 06:14:07','',4),(530,4,'2023-10-14 08:55:06','',1),(531,2,'2023-10-14 08:55:11','',2),(532,3,'2023-10-14 08:55:24','',1),(533,4,'2023-10-15 10:49:20','',2),(534,2,'2023-10-15 10:49:27','',2),(535,3,'2023-10-15 10:49:47','',1),(536,4,'2023-10-16 11:19:36','',2),(537,2,'2023-10-16 11:19:42','',3),(538,3,'2023-10-16 11:20:12','',1),(539,4,'2023-10-17 11:36:07','',1),(540,2,'2023-10-17 11:36:13','',4),(541,3,'2023-10-17 11:36:34','',1),(542,4,'2023-10-18 12:36:18','',2),(543,2,'2023-10-18 12:36:25','',2),(544,3,'2023-10-18 12:36:45','',2),(545,2,'2023-10-19 16:26:52','',5),(546,4,'2023-10-20 15:52:02','',2),(547,3,'2023-10-20 15:52:40','',2),(548,2,'2023-10-20 22:48:29','',4),(549,2,'2023-10-22 01:01:35','',7),(550,4,'2023-10-22 02:21:55','',4),(551,3,'2023-10-22 02:24:06','',3),(552,4,'2023-10-23 12:07:46','',2),(553,2,'2023-10-23 12:07:52','',2),(554,3,'2023-10-23 12:08:16','',3),(555,2,'2023-10-24 13:33:56','',6),(556,4,'2023-10-25 08:30:18','',3),(557,3,'2023-10-25 09:26:24','',2),(558,2,'2023-10-25 17:14:38','',2),(559,4,'2023-10-26 12:18:41','',2),(560,3,'2023-10-26 12:19:03','',2),(561,2,'2023-10-26 20:53:56','',4),(562,2,'2023-10-27 23:42:16','',6),(563,3,'2023-10-28 08:11:53','',4),(564,4,'2023-10-28 09:16:21','',2),(565,2,'2023-10-29 08:43:26','',4),(566,4,'2023-10-29 13:34:34','',2),(567,3,'2023-10-29 13:34:57','',2),(568,2,'2023-10-30 11:35:42','',6),(569,4,'2023-10-30 19:35:38','',2),(570,3,'2023-10-30 19:43:19','',2),(571,2,'2023-10-31 22:26:20','',6),(572,4,'2023-11-01 12:04:48','',1),(573,3,'2023-11-01 12:05:12','',1),(574,2,'2023-11-02 07:08:57','',4),(575,4,'2023-11-02 14:19:34','',4),(576,3,'2023-11-02 14:19:57','',4),(577,2,'2023-11-03 07:36:28','',7),(578,4,'2023-11-04 00:27:32','',2),(579,2,'2023-11-04 12:35:19','',4),(580,3,'2023-11-04 12:35:38','',3),(581,4,'2023-11-05 11:52:08','',3),(582,2,'2023-11-06 11:34:33','',2),(583,3,'2023-11-06 11:34:48','',1),(584,2,'2023-11-07 11:35:13','',3),(585,4,'2023-11-07 12:23:35','',4),(586,3,'2023-11-07 12:23:57','',3),(587,4,'2023-11-08 12:52:05','',3),(588,2,'2023-11-08 12:52:14','',4),(589,3,'2023-11-08 12:52:28','',3),(590,2,'2023-11-10 08:30:00','',3),(591,4,'2023-11-10 13:20:17','',2),(592,3,'2023-11-10 13:20:37','',2),(593,2,'2023-11-11 12:49:10','',3),(594,4,'2023-11-12 12:49:17','',1),(595,2,'2023-11-12 12:49:24','',2),(596,3,'2023-11-12 12:49:39','',1),(597,4,'2023-11-13 12:50:33','',1),(598,2,'2023-11-13 12:50:39','',5),(599,3,'2023-11-13 12:50:54','',1),(600,4,'2023-11-14 13:05:05','',1),(601,2,'2023-11-14 13:05:11','',5),(602,3,'2023-11-14 13:05:24','',1),(603,4,'2023-11-15 14:35:25','',3),(604,2,'2023-11-15 14:35:31','',6),(605,3,'2023-11-15 14:35:42','',2),(606,2,'2023-11-16 15:12:25','',6),(607,4,'2023-11-17 13:18:56','',2),(608,3,'2023-11-17 13:19:29','',2),(609,2,'2023-11-17 18:34:37','',6),(610,2,'2023-11-18 19:33:23','',7),(611,4,'2023-11-19 11:59:52','',2),(612,3,'2023-11-19 12:37:32','',2),(613,2,'2023-11-19 21:23:43','',4),(614,4,'2023-11-20 12:22:22','',1),(615,2,'2023-11-21 02:19:02','',7),(616,4,'2023-11-21 13:34:40','',3),(617,3,'2023-11-21 13:35:01','',3),(618,2,'2023-11-22 13:08:20','',7),(619,4,'2023-11-23 12:21:12','',2),(620,3,'2023-11-23 12:21:35','',2),(621,2,'2023-11-24 07:40:27','',7),(622,4,'2023-11-25 09:20:07','',2),(623,2,'2023-11-25 13:07:33','',6),(624,3,'2023-11-25 13:07:48','',2),(625,4,'2023-11-26 12:36:08','',1),(626,2,'2023-11-26 17:01:08','',6),(627,4,'2023-11-27 13:33:54','',2),(628,3,'2023-11-27 13:34:16','',2),(629,2,'2023-11-28 12:19:36','',5),(630,4,'2023-11-29 12:33:48','',3),(631,2,'2023-11-29 12:33:54','',8),(632,3,'2023-11-29 12:34:14','',3),(633,2,'2023-11-30 16:33:28','',5),(634,4,'2023-12-01 12:09:35','',1),(635,3,'2023-12-01 12:10:00','',1),(636,2,'2023-12-01 19:09:30','',7),(637,4,'2023-12-02 13:05:13','',2),(638,3,'2023-12-02 13:05:34','',2),(639,2,'2023-12-03 05:07:50','',2),(640,4,'2023-12-04 12:35:14','',2),(641,2,'2023-12-04 12:35:21','',4),(642,3,'2023-12-04 12:35:47','',2),(643,2,'2023-12-05 14:33:25','',6),(644,4,'2023-12-06 12:54:14','',3),(645,3,'2023-12-06 12:54:33','',2),(646,2,'2023-12-06 18:28:47','',5),(647,4,'2023-12-07 14:05:37','',2),(648,3,'2023-12-07 14:06:00','',2),(649,2,'2023-12-08 01:02:22','',4),(650,2,'2023-12-09 08:19:07','',3),(651,4,'2023-12-09 12:36:37','',1),(652,3,'2023-12-09 12:36:56','',1),(653,4,'2023-12-10 13:33:24','',2),(654,2,'2023-12-10 13:33:36','',4),(655,3,'2023-12-10 13:34:00','',2),(656,2,'2023-12-11 18:53:29','',7),(657,4,'2023-12-12 12:04:01','',1),(658,3,'2023-12-12 12:04:20','',1),(659,2,'2023-12-12 21:52:34','',3),(660,4,'2023-12-13 12:52:34','',1),(661,3,'2023-12-13 12:52:59','',1),(662,2,'2023-12-14 13:23:55','',5),(663,4,'2023-12-14 15:52:03','',2),(664,3,'2023-12-14 15:52:24','',2),(665,2,'2023-12-15 13:28:32','',3),(666,4,'2023-12-16 12:04:29','',1),(667,3,'2023-12-16 12:04:59','',1),(668,2,'2023-12-16 22:39:16','',2),(669,4,'2023-12-17 12:50:30','',2),(670,3,'2023-12-17 12:50:52','',2),(671,2,'2023-12-18 12:05:34','',4),(672,4,'2023-12-19 12:49:40','',2),(673,2,'2023-12-19 12:49:47','',1),(674,3,'2023-12-19 12:50:00','',1),(675,4,'2023-12-20 13:20:41','',2),(676,2,'2023-12-20 13:20:49','',2),(677,3,'2023-12-20 13:21:04','',2),(678,2,'2023-12-21 16:21:49','',5),(679,4,'2023-12-22 12:08:53','',1),(680,3,'2023-12-22 12:09:14','',1),(681,2,'2023-12-22 20:12:15','',3),(682,4,'2023-12-23 12:24:23','',1),(683,3,'2023-12-23 12:24:42','',1),(684,4,'2023-12-24 12:51:15','',3),(685,2,'2023-12-24 12:51:23','',2),(686,3,'2023-12-24 12:51:39','',2),(687,2,'2023-12-25 22:37:45','',3),(688,4,'2023-12-26 12:54:28','',1),(689,3,'2023-12-26 12:54:51','',1),(690,2,'2023-12-26 23:34:02','',5),(691,4,'2023-12-27 17:20:12','',2),(692,3,'2023-12-27 17:20:55','',2),(693,2,'2023-12-28 06:42:04','',3),(694,2,'2023-12-29 12:54:41','',3),(695,4,'2023-12-29 13:38:33','',1),(696,3,'2023-12-29 13:38:56','',1),(697,4,'2023-12-30 16:08:28','',4),(698,2,'2023-12-30 16:08:35','',3),(699,3,'2023-12-30 16:08:51','',3),(700,4,'2023-12-31 16:29:24','',3),(701,2,'2024-01-01 12:20:52','',2),(702,3,'2024-01-01 12:21:08','',2),(703,2,'2024-01-02 14:26:41','',4),(704,4,'2024-01-02 15:52:49','',2),(705,3,'2024-01-02 15:53:10','',2),(706,2,'2024-01-04 07:17:05','',3),(707,4,'2024-01-04 12:36:25','',2),(708,3,'2024-01-04 12:36:50','',2),(709,2,'2024-01-05 10:04:34','',3),(710,2,'2024-01-06 12:22:40','',2),(711,2,'2024-01-08 02:37:50','',1),(712,2,'2024-01-09 23:49:20','',3),(713,4,'2024-01-10 00:12:35','',1),(714,3,'2024-01-10 05:20:50','',1),(715,2,'2024-01-10 23:56:11','',4),(716,2,'2024-01-12 07:37:51','',1),(717,3,'2024-01-14 04:46:54','',1),(718,2,'2024-01-14 05:42:43','',2),(719,2,'2024-01-15 15:25:30','',3),(720,2,'2024-01-16 16:22:58','',2),(721,2,'2024-01-17 21:13:21','',2),(722,4,'2024-01-17 21:22:58','',2),(723,2,'2024-01-19 02:34:36','',3),(724,2,'2024-01-20 08:34:04','',4),(725,3,'2024-01-20 16:58:30','',1),(726,2,'2024-01-21 20:35:02','',3),(727,2,'2024-01-23 05:42:40','',2),(728,2,'2024-01-24 11:14:45','',6),(729,2,'2024-01-25 13:29:34','',4),(730,2,'2024-01-26 15:39:05','',6),(731,4,'2024-01-27 06:23:22','',1),(732,2,'2024-01-27 16:04:45','',5),(733,2,'2024-01-29 02:42:35','',7),(734,4,'2024-01-29 11:05:05','',2),(735,3,'2024-01-29 12:14:28','',2),(736,2,'2024-01-30 19:51:20','',2),(737,4,'2024-02-02 05:38:07','',1),(738,2,'2024-02-02 13:31:33','',2),(739,2,'2024-02-03 22:57:13','',4),(740,3,'2024-02-04 01:41:11','',2),(741,4,'2024-02-05 19:00:08','',1),(742,2,'2024-02-06 15:26:57','',1),(743,2,'2024-02-07 22:46:30','',3),(744,3,'2024-02-08 23:45:46','',2),(745,4,'2024-02-09 14:26:20','',1),(746,2,'2024-02-09 15:42:39','',4),(747,2,'2024-02-10 16:00:51','',2),(748,3,'2024-02-10 16:16:49','',1),(749,2,'2024-02-13 19:18:34','',3),(750,4,'2024-02-14 03:06:04','',2),(751,3,'2024-02-14 13:27:25','',1),(752,2,'2024-02-15 15:21:02','',6),(753,2,'2024-02-17 10:16:53','',2),(754,2,'2024-02-19 17:25:39','',2),(755,2,'2024-02-22 20:18:40','',3),(756,4,'2024-02-22 20:19:43','',2),(757,3,'2024-02-22 20:19:53','',1),(758,2,'2024-02-23 23:08:26','',3),(759,4,'2024-02-25 06:35:59','',1),(760,2,'2024-02-25 06:36:06','',2),(761,3,'2024-02-25 06:36:22','',2),(762,2,'2024-02-27 10:38:40','',5),(763,2,'2024-02-28 17:00:14','',3),(764,2,'2024-03-01 10:42:33','',2),(765,4,'2024-03-02 06:01:38','',1),(766,2,'2024-03-02 11:47:43','',2),(767,4,'2024-03-03 08:25:06','',1),(768,2,'2024-03-07 07:26:28','',3),(769,4,'2024-03-08 02:55:19','',1),(770,2,'2024-03-09 17:34:43','',4),(771,3,'2024-03-10 02:51:01','',1),(772,2,'2024-03-12 11:24:34','',3),(773,4,'2024-03-12 13:39:51','',1),(774,2,'2024-03-13 22:24:07','',4),(775,2,'2024-03-15 04:27:08','',2),(776,2,'2024-03-16 05:42:08','',3),(777,4,'2024-03-17 06:12:35','',1),(778,2,'2024-03-17 16:12:30','',4),(779,2,'2024-03-20 22:14:30','',4),(780,3,'2024-03-21 20:16:05','',1),(781,4,'2024-03-21 20:16:24','',1),(782,2,'2024-03-22 07:02:56','',1),(783,2,'2024-03-23 12:12:23','',2),(784,4,'2024-03-26 00:42:20','',2),(785,3,'2024-03-26 00:42:29','',1),(786,2,'2024-03-26 16:37:15','',4),(787,2,'2024-03-27 18:07:23','',2),(788,3,'2024-03-28 22:56:34','',1),(789,2,'2024-03-29 15:39:35','',2),(790,3,'2024-03-30 16:24:30','',2),(791,4,'2024-03-30 21:11:34','',1),(792,2,'2024-03-31 08:30:10','',2),(793,4,'2024-03-31 23:35:15','',2),(794,3,'2024-03-31 23:36:44','',2),(795,4,'2024-04-03 20:27:09','',1),(796,2,'2024-04-03 23:54:17','',2),(797,2,'2024-04-05 07:23:38','',3),(798,2,'2024-04-07 03:18:11','',1),(799,4,'2024-04-09 05:23:23','',1),(800,2,'2024-04-10 19:59:14','',3),(801,2,'2024-04-12 12:34:19','',3),(802,4,'2024-04-12 19:56:36','',2),(803,2,'2024-04-13 16:33:59','',1),(804,2,'2024-04-16 00:03:28','',1),(805,2,'2024-04-17 05:25:56','',1),(806,2,'2024-04-18 07:01:07','',5),(807,4,'2024-04-21 07:30:56','',1),(808,2,'2024-04-21 10:16:48','',2),(809,4,'2024-04-22 17:55:20','',2),(810,2,'2024-04-23 05:34:27','',2),(811,3,'2024-04-23 05:35:19','',1),(812,2,'2024-04-24 20:59:09','',1);

--
