(522,1,'2022-04-25 14:23:11','2022-04-25 12:23:11','{\"version\": 2, \"isGlobalStylesUserThemeJSON\": true }','Custom Styles','','publish','closed','closed','','wp-global-styles-goya-child','','','2022-04-25 14:23:11','2022-04-25 12:23:11','',0,'https://pro.biolystes.com/formation/2022/04/25/wp-global-styles-goya-child/',0,'wp_global_styles','',0),(523,1,'2022-04-25 14:23:43','2022-04-25 12:23:43','','WhatsApp-Image-2022-02-17-at-03.16.55-500x300','','inherit','open','closed','','whatsapp-image-2022-02-17-at-03-16-55-500x300','','','2022-04-25 14:23:43','2022-04-25 12:23:43','',350,'https://pro.biolystes.com/formation/wp-content/uploads/sites/4/2022/04/WhatsApp-Image-2022-02-17-at-03.16.55-500x300-1.jpeg',0,'attachment','image/jpeg',0),(524,1,'2022-04-25 14:23:45','2022-04-25 12:23:45','','WhatsApp-Image-2022-02-17-at-02.47.57-500x300','','inherit','open','closed','','whatsapp-image-2022-02-17-at-02-47-57-500x300','','','2022-04-25 14:23:45','2022-04-25 12:23:45','',350,'https://pro.biolystes.com/formation/wp-content/uploads/sites/4/2022/04/WhatsApp-Image-2022-02-17-at-02.47.57-500x300-1.jpeg',0,'attachment','image/jpeg',0),(525,1,'2022-04-25 14:23:53','2022-04-25 12:23:53','Humanissimum habet quavis se numquam dolendi quaesivit aptius theophrasti exquirere denique doceant libentius animalis expedita comparandam commoda latino\r\n\r\nReferebat praetore vix diligimus delectari dicantur sapientium conspectus plures totam deinde rectumne\r\n\r\nVeterum hieronymus perquirendisque','Cours modèle','','inherit','closed','closed','','350-revision-v1','','','2022-04-25 14:23:53','2022-04-25 12:23:53','',350,'https://pro.biolystes.com/formation/?p=525',0,'revision','',0),(526,1,'2022-04-25 14:24:07','2022-04-25 12:24:07','Rebus descensio veni ubi uti pars habebat appellantur quibusdam sum vocas primum istis diodorus stadia videris dixit liberum aliquantum\r\n\r\nLibros gestiret liberius dissensione multis istius eaedem admonitionis solitudo animoque','Cours modèle','','inherit','closed','closed','','99-revision-v1','','','2022-04-25 14:24:07','2022-04-25 12:24:07','',99,'https://pro.biolystes.com/formation/?p=526',0,'revision','',0),(527,1,'2022-04-25 14:24:47','2022-04-25 12:24:47','','Trier par Monday 25th April 2022 02:24:47 PM','','lp-completed','closed','closed','','trier-par-monday-25th-april-2022-022447-pm','','','2022-04-25 14:24:47','2022-04-25 12:24:47','',0,'https://pro.biolystes.com/formation/?post_type=lp_order&#038;p=527',0,'lp_order','',0),(528,1,'2022-04-25 16:00:34','2022-04-25 14:00:34','','mentorlystes Formation','','inherit','closed','closed','','79-revision-v1','','','2022-04-25 16:00:34','2022-04-25 14:00:34','',79,'https://pro.biolystes.com/formation/?p=528',0,'revision','',0),(529,1,'2022-04-25 16:02:16','2022-04-25 14:02:16','','mentorlystes','','inherit','closed','closed','','79-revision-v1','','','2022-04-25 16:02:16','2022-04-25 14:02:16','',79,'https://pro.biolystes.com/formation/?p=529',0,'revision','',0),(530,0,'2022-08-14 23:33:08','2022-08-14 21:33:08','<!-- wp:shortcode -->[learn_press_profile]<!-- /wp:shortcode -->','Profile','','inherit','closed','closed','','74-revision-v1','','','2022-08-14 23:33:08','2022-08-14 21:33:08','',74,'https://pro.biolystes.com/formation/?p=530',0,'revision','',0);

--
-- Table structure for table `wp_4_revslider_css`
--

CREATE TABLE `wp_4_revslider_css` (
  `id` int NOT NULL AUTO_INCREMENT,
  `handle` text NOT NULL,
  `settings` longtext,
  `hover` longtext,
  `advanced` longtext,
  `params` longtext NOT NULL,
  PRIMARY KEY (`id`),
  KEY `handle_index` (`handle`(64))
) ENGINE=InnoDB AUTO_INCREMENT=121 DEFAULT CHARSET=latin1;

--
-- Dumping data for table `wp_4_revslider_css`
--

INSERT INTO `wp_4_revslider_css` VALUES (1,'.tp-caption.medium_grey','{\"translated\":5,\"type\":\"text\",\"version\":\"4\"}','null','{\"idle\":{\"position\":\"absolute\",\"text-shadow\":\"0px 2px 5px rgba(0, 0, 0, 0.5)\",\"white-space\":\"nowrap\"},\"hover\":\"\"}','{\"color\":\"#fff\",\"font-weight\":\"700\",\"font-size\":\"20px\",\"line-height\":\"20px\",\"font-family\":\"Arial\",\"padding\":\"2px 4px\",\"margin\":\"0px\",\"border-width\":\"0px\",\"border-style\":\"none\",\"background-color\":\"#888\"}'),(2,'.tp-caption.small_text','{\"translated\":5,\"type\":\"text\",\"version\":\"4\"}','null','{\"idle\":{\"position\":\"absolute\",\"text-shadow\":\"0px 2px 5px rgba(0, 0, 0, 0.5)\",\"white-space\":\"nowrap\"},\"hover\":\"\"}','{\"color\":\"#fff\",\"font-weight\":\"700\",\"font-size\":\"14px\",\"line-height\":\"20px\",\"font-family\":\"Arial\",\"margin\":\"0px\",\"border-width\":\"0px\",\"border-style\":\"none\"}'),(3,'.tp-caption.medium_text','{\"translated\":5,\"type\":\"text\",\"version\":\"4\"}','null','{\"idle\":{\"position\":\"absolute\",\"text-shadow\":\"0px 2px 5px rgba(0, 0, 0, 0.5)\",\"white-space\":\"nowrap\"},\"hover\":\"\"}','{\"color\":\"#fff\",\"font-weight\":\"700\",\"font-size\":\"20px\",\"line-height\":\"20px\",\"font-family\":\"Arial\",\"margin\":\"0px\",\"border-width\":\"0px\",\"border-style\":\"none\"}'),(4,'.tp-caption.large_text','{\"translated\":5,\"type\":\"text\",\"version\":\"4\"}','null','{\"idle\":{\"position\":\"absolute\",\"text-shadow\":\"0px 2px 5px rgba(0, 0, 0, 0.5)\",\"white-space\":\"nowrap\"},\"hover\":\"\"}','{\"color\":\"#fff\",\"font-weight\":\"700\",\"font-size\":\"40px\",\"line-height\":\"40px\",\"font-family\":\"Arial\",\"margin\":\"0px\",\"border-width\":\"0px\",\"border-style\":\"none\"}'),(5,'.tp-caption.very_large_text','{\"translated\":5,\"type\":\"text\",\"version\":\"4\"}','null','{\"idle\":{\"position\":\"absolute\",\"text-shadow\":\"0px 2px 5px rgba(0, 0, 0, 0.5)\",\"white-space\":\"nowrap\",\"letter-spacing\":\"-2px\"},\"hover\":\"\"}','{\"color\":\"#fff\",\"font-weight\":\"700\",\"font-size\":\"60px\",\"line-height\":\"60px\",\"font-family\":\"Arial\",\"margin\":\"0px\",\"border-width\":\"0px\",\"border-style\":\"none\"}'),(6,'.tp-caption.very_big_white','{\"translated\":5,\"type\":\"text\",\"version\":\"4\"}','null','{\"idle\":{\"position\":\"absolute\",\"text-shadow\":\"none\",\"white-space\":\"nowrap\",\"padding-top\":\"1px\"},\"hover\":\"\"}','{\"color\":\"#fff\",\"font-weight\":\"800\",\"font-size\":\"60px\",\"line-height\":\"60px\",\"font-family\":\"Arial\",\"margin\":\"0px\",\"border-width\":\"0px\",\"border-style\":\"none\",\"padding\":\"0px 4px\",\"background-color\":\"#000\"}'),(7,'.tp-caption.very_big_black','{\"translated\":5,\"type\":\"text\",\"version\":\"4\"}','null','{\"idle\":{\"position\":\"absolute\",\"text-shadow\":\"none\",\"white-space\":\"nowrap\",\"padding-top\":\"1px\"},\"hover\":\"\"}','{\"color\":\"#000\",\"font-weight\":\"700\",\"font-size\":\"60px\",\"line-height\":\"60px\",\"font-family\":\"Arial\",\"margin\":\"0px\",\"border-width\":\"0px\",\"border-style\":\"none\",\"padding\":\"0px 4px\",\"background-color\":\"#fff\"}'),(8,'.tp-caption.modern_medium_fat','{\"translated\":5,\"type\":\"text\",\"version\":\"4\"}','null','{\"idle\":{\"position\":\"absolute\",\"text-shadow\":\"none\",\"white-space\":\"nowrap\"},\"hover\":\"\"}','{\"color\":\"#000\",\"font-weight\":\"800\",\"font-size\":\"24px\",\"line-height\":\"20px\",\"font-family\":\"\\\"Open Sans\\\", sans-serif\",\"margin\":\"0px\",\"border-width\":\"0px\",\"border-style\":\"none\"}'),(9,'.tp-caption.modern_medium_fat_white','{\"translated\":5,\"type\":\"text\",\"version\":\"4\"}','null','{\"idle\":{\"position\":\"absolute\",\"text-shadow\":\"none\",\"white-space\":\"nowrap\"},\"hover\":\"\"}','{\"color\":\"#fff\",\"font-weight\":\"800\",\"font-size\":\"24px\",\"line-height\":\"20px\",\"font-family\":\"\\\"Open Sans\\\", sans-serif\",\"margin\":\"0px\",\"border-width\":\"0px\",\"border-style\":\"none\"}'),(10,'.tp-caption.modern_medium_light','{\"translated\":5,\"type\":\"text\",\"version\":\"4\"}','null','{\"idle\":{\"position\":\"absolute\",\"text-shadow\":\"none\",\"white-space\":\"nowrap\"},\"hover\":\"\"}','{\"color\":\"#000\",\"font-weight\":\"300\",\"font-size\":\"24px\",\"line-height\":\"20px\",\"font-family\":\"\\\"Open Sans\\\", sans-serif\",\"margin\":\"0px\",\"border-width\":\"0px\",\"border-style\":\"none\"}'),(11,'.tp-caption.modern_big_bluebg','{\"translated\":5,\"type\":\"text\",\"version\":\"4\"}','null','{\"idle\":{\"position\":\"absolute\",\"text-shadow\":\"none\",\"letter-spacing\":\"0\"},\"hover\":\"\"}','{\"color\":\"#fff\",\"font-weight\":\"800\",\"font-size\":\"30px\",\"line-height\":\"36px\",\"font-family\":\"\\\"Open Sans\\\", sans-serif\",\"padding\":\"3px 10px\",\"margin\":\"0px\",\"border-width\":\"0px\",\"border-style\":\"none\",\"background-color\":\"#4e5b6c\"}'),(12,'.tp-caption.modern_big_redbg','{\"translated\":5,\"type\":\"text\",\"version\":\"4\"}','null','{\"idle\":{\"position\":\"absolute\",\"text-shadow\":\"none\",\"padding-top\":\"1px\",\"letter-spacing\":\"0\"},\"hover\":\"\"}','{\"color\":\"#fff\",\"font-weight\":\"300\",\"font-size\":\"30px\",\"line-height\":\"36px\",\"font-family\":\"\\\"Open Sans\\\", sans-serif\",\"padding\":\"3px 10px\",\"margin\":\"0px\",\"border-width\":\"0px\",\"border-style\":\"none\",\"background-color\":\"#de543e\"}'),(13,'.tp-caption.modern_small_text_dark','{\"translated\":5,\"type\":\"text\",\"version\":\"4\"}','null','{\"idle\":{\"position\":\"absolute\",\"text-shadow\":\"none\",\"white-space\":\"nowrap\"},\"hover\":\"\"}','{\"color\":\"#555\",\"font-size\":\"14px\",\"line-height\":\"22px\",\"font-family\":\"Arial\",\"margin\":\"0px\",\"border-width\":\"0px\",\"border-style\":\"none\"}'),(14,'.tp-caption.boxshadow','{\"translated\":5,\"type\":\"text\",\"version\":\"4\"}','null','{\"idle\":{\"-moz-box-shadow\":\"0px 0px 20px rgba(0, 0, 0, 0.5)\",\"-webkit-box-shadow\":\"0px 0px 20px rgba(0, 0, 0, 0.5)\",\"box-shadow\":\"0px 0px 20px rgba(0, 0, 0, 0.5)\"},\"hover\":\"\"}','[]'),(15,'.tp-caption.black','{\"translated\":5,\"type\":\"text\",\"version\":\"4\"}','null','{\"idle\":{\"text-shadow\":\"none\"},\"hover\":\"\"}','{\"color\":\"#000\"}'),(16,'.tp-caption.noshadow','{\"translated\":5,\"type\":\"text\",\"version\":\"4\"}','null','{\"idle\":{\"text-shadow\":\"none\"},\"hover\":\"\"}','[]'),(17,'.tp-caption.thinheadline_dark','{\"translated\":5,\"type\":\"text\",\"version\":\"4\"}','null','{\"idle\":{\"position\":\"absolute\",\"text-shadow\":\"none\"},\"hover\":\"\"}','{\"color\":\"rgba(0,0,0,0.85)\",\"font-weight\":\"300\",\"font-size\":\"30px\",\"line-height\":\"30px\",\"font-family\":\"\\\"Open Sans\\\"\",\"background-color\":\"transparent\"}'),(18,'.tp-caption.thintext_dark','{\"translated\":5,\"type\":\"text\",\"version\":\"4\"}','null','{\"idle\":{\"position\":\"absolute\",\"text-shadow\":\"none\"},\"hover\":\"\"}','{\"color\":\"rgba(0,0,0,0.85)\",\"font-weight\":\"300\",\"font-size\":\"16px\",\"line-height\":\"26px\",\"font-family\":\"\\\"Open Sans\\\"\",\"background-color\":\"transparent\"}'),(19,'.tp-caption.largeblackbg','{\"translated\":5,\"type\":\"text\",\"version\":\"4\"}','null','{\"idle\":{\"position\":\"absolute\",\"text-shadow\":\"none\",\"-webkit-border-radius\":\"0px\",\"-moz-border-radius\":\"0px\"},\"hover\":\"\"}','{\"color\":\"#fff\",\"font-weight\":\"300\",\"font-size\":\"50px\",\"line-height\":\"70px\",\"font-family\":\"\\\"Open Sans\\\"\",\"background-color\":\"#000\",\"padding\":\"0px 20px\",\"border-radius\":\"0px\"}'),(20,'.tp-caption.largepinkbg','{\"translated\":5,\"type\":\"text\",\"version\":\"4\"}','null','{\"idle\":{\"position\":\"absolute\",\"text-shadow\":\"none\",\"-webkit-border-radius\":\"0px\",\"-moz-border-radius\":\"0px\"},\"hover\":\"\"}','{\"color\":\"#fff\",\"font-weight\":\"300\",\"font-size\":\"50px\",\"line-height\":\"70px\",\"font-family\":\"\\\"Open Sans\\\"\",\"background-color\":\"#db4360\",\"padding\":\"0px 20px\",\"border-radius\":\"0px\"}'),(21,'.tp-caption.largewhitebg','{\"translated\":5,\"type\":\"text\",\"version\":\"4\"}','null','{\"idle\":{\"position\":\"absolute\",\"text-shadow\":\"none\",\"-webkit-border-radius\":\"0px\",\"-moz-border-radius\":\"0px\"},\"hover\":\"\"}','{\"color\":\"#000\",\"font-weight\":\"300\",\"font-size\":\"50px\",\"line-height\":\"70px\",\"font-family\":\"\\\"Open Sans\\\"\",\"background-color\":\"#fff\",\"padding\":\"0px 20px\",\"border-radius\":\"0px\"}'),(22,'.tp-caption.largegreenbg','{\"translated\":5,\"type\":\"text\",\"version\":\"4\"}','null','{\"idle\":{\"position\":\"absolute\",\"text-shadow\":\"none\",\"-webkit-border-radius\":\"0px\",\"-moz-border-radius\":\"0px\"},\"hover\":\"\"}','{\"color\":\"#fff\",\"font-weight\":\"300\",\"font-size\":\"50px\",\"line-height\":\"70px\",\"font-family\":\"\\\"Open Sans\\\"\",\"background-color\":\"#67ae73\",\"padding\":\"0px 20px\",\"border-radius\":\"0px\"}'),(23,'.tp-caption.excerpt','{\"translated\":5,\"type\":\"text\",\"version\":\"4\"}','null','{\"idle\":{\"text-shadow\":\"none\",\"letter-spacing\":\"-1.5px\",\"width\":\"150px\",\"white-space\":\"normal !important\",\"height\":\"auto\"},\"hover\":\"\"}','{\"font-size\":\"36px\",\"line-height\":\"36px\",\"font-weight\":\"700\",\"font-family\":\"Arial\",\"color\":\"#ffffff\",\"text-decoration\":\"none\",\"background-color\":\"rgba(0, 0, 0, 1)\",\"margin\":\"0px\",\"padding\":\"1px 4px 0px 4px\",\"border-width\":\"0px\",\"border-color\":\"rgb(255, 255, 255)\",\"border-style\":\"none\"}'),(24,'.tp-caption.large_bold_grey','{\"translated\":5,\"type\":\"text\",\"version\":\"4\"}','null','{\"idle\":{\"text-shadow\":\"none\"},\"hover\":\"\"}','{\"font-size\":\"60px\",\"line-height\":\"60px\",\"font-weight\":\"800\",\"font-family\":\"\\\"Open Sans\\\"\",\"color\":\"rgb(102, 102, 102)\",\"text-decoration\":\"none\",\"background-color\":\"transparent\",\"margin\":\"0px\",\"padding\":\"1px 4px 0px\",\"border-width\":\"0px\",\"border-color\":\"rgb(255, 214, 88)\",\"border-style\":\"none\"}'),(25,'.tp-caption.medium_thin_grey','{\"translated\":5,\"type\":\"text\",\"version\":\"4\"}','null','{\"idle\":{\"text-shadow\":\"none\"},\"hover\":\"\"}','{\"font-size\":\"34px\",\"line-height\":\"30px\",\"font-weight\":\"300\",\"font-family\":\"\\\"Open Sans\\\"\",\"color\":\"rgb(102, 102, 102)\",\"text-decoration\":\"none\",\"background-color\":\"transparent\",\"padding\":\"1px 4px 0px\",\"margin\":\"0px\",\"border-width\":\"0px\",\"border-color\":\"rgb(255, 214, 88)\",\"border-style\":\"none\"}'),(26,'.tp-caption.small_thin_grey','{\"translated\":5,\"type\":\"text\",\"version\":\"4\"}','null','{\"idle\":{\"text-shadow\":\"none\"},\"hover\":\"\"}','{\"font-size\":\"18px\",\"line-height\":\"26px\",\"font-weight\":\"300\",\"font-family\":\"\\\"Open Sans\\\"\",\"color\":\"rgb(117, 117, 117)\",\"text-decoration\":\"none\",\"background-color\":\"transparent\",\"padding\":\"1px 4px 0px\",\"margin\":\"0px\",\"border-width\":\"0px\",\"border-color\":\"rgb(255, 214, 88)\",\"border-style\":\"none\"}'),(27,'.tp-caption.lightgrey_divider','{\"translated\":5,\"type\":\"text\",\"version\":\"4\"}','null','{\"idle\":{\"width\":\"370px\",\"height\":\"3px\",\"background-position\":\"initial initial\",\"background-repeat\":\"initial initial\"},\"hover\":\"\"}','{\"text-decoration\":\"none\",\"background-color\":\"rgba(235, 235, 235, 1)\",\"border-width\":\"0px\",\"border-color\":\"rgb(34, 34, 34)\",\"border-style\":\"none\"}'),(28,'.tp-caption.large_bold_darkblue','{\"translated\":5,\"type\":\"text\",\"version\":\"4\"}','null','{\"idle\":[],\"hover\":\"\"}','{\"font-size\":\"58px\",\"line-height\":\"60px\",\"font-weight\":\"800\",\"font-family\":\"\\\"Open Sans\\\"\",\"color\":\"rgb(52, 73, 94)\",\"text-decoration\":\"none\",\"background-color\":\"transparent\",\"border-width\":\"0px\",\"border-color\":\"rgb(255, 214, 88)\",\"border-style\":\"none\"}'),(29,'.tp-caption.medium_bg_darkblue','{\"translated\":5,\"type\":\"text\",\"version\":\"4\"}','null','{\"idle\":[],\"hover\":\"\"}','{\"font-size\":\"20px\",\"line-height\":\"20px\",\"font-weight\":\"800\",\"font-family\":\"\\\"Open Sans\\\"\",\"color\":\"rgb(255, 255, 255)\",\"text-decoration\":\"none\",\"background-color\":\"rgb(52, 73, 94)\",\"padding\":\"10px\",\"border-width\":\"0px\",\"border-color\":\"rgb(255, 214, 88)\",\"border-style\":\"none\"}'),(30,'.tp-caption.medium_bold_red','{\"translated\":5,\"type\":\"text\",\"version\":\"4\"}','null','{\"idle\":[],\"hover\":\"\"}','{\"font-size\":\"24px\",\"line-height\":\"30px\",\"font-weight\":\"800\",\"font-family\":\"\\\"Open Sans\\\"\",\"color\":\"rgb(227, 58, 12)\",\"text-decoration\":\"none\",\"background-color\":\"transparent\",\"padding\":\"0px\",\"border-width\":\"0px\",\"border-color\":\"rgb(255, 214, 88)\",\"border-style\":\"none\"}'),(31,'.tp-caption.medium_light_red','{\"translated\":5,\"type\":\"text\",\"version\":\"4\"}','null','{\"idle\":[],\"hover\":\"\"}','{\"font-size\":\"21px\",\"line-height\":\"26px\",\"font-weight\":\"300\",\"font-family\":\"\\\"Open Sans\\\"\",\"color\":\"rgb(227, 58, 12)\",\"text-decoration\":\"none\",\"background-color\":\"transparent\",\"padding\":\"0px\",\"border-width\":\"0px\",\"border-color\":\"rgb(255, 214, 88)\",\"border-style\":\"none\"}'),(32,'.tp-caption.medium_bg_red','{\"translated\":5,\"type\":\"text\",\"version\":\"4\"}','null','{\"idle\":[],\"hover\":\"\"}','{\"font-size\":\"20px\",\"line-height\":\"20px\",\"font-weight\":\"800\",\"font-family\":\"\\\"Open Sans\\\"\",\"color\":\"rgb(255, 255, 255)\",\"text-decoration\":\"none\",\"background-color\":\"rgb(227, 58, 12)\",\"padding\":\"10px\",\"border-width\":\"0px\",\"border-color\":\"rgb(255, 214, 88)\",\"border-style\":\"none\"}'),(33,'.tp-caption.medium_bold_orange','{\"translated\":5,\"type\":\"text\",\"version\":\"4\"}','null','{\"idle\":[],\"hover\":\"\"}','{\"font-size\":\"24px\",\"line-height\":\"30px\",\"font-weight\":\"800\",\"font-family\":\"\\\"Open Sans\\\"\",\"color\":\"rgb(243, 156, 18)\",\"text-decoration\":\"none\",\"background-color\":\"transparent\",\"border-width\":\"0px\",\"border-color\":\"rgb(255, 214, 88)\",\"border-style\":\"none\"}'),(34,'.tp-caption.medium_bg_orange','{\"translated\":5,\"type\":\"text\",\"version\":\"4\"}','null','{\"idle\":[],\"hover\":\"\"}','{\"font-size\":\"20px\",\"line-height\":\"20px\",\"font-weight\":\"800\",\"font-family\":\"\\\"Open Sans\\\"\",\"color\":\"rgb(255, 255, 255)\",\"text-decoration\":\"none\",\"background-color\":\"rgb(243, 156, 18)\",\"padding\":\"10px\",\"border-width\":\"0px\",\"border-color\":\"rgb(255, 214, 88)\",\"border-style\":\"none\"}'),(35,'.tp-caption.grassfloor','{\"translated\":5,\"type\":\"text\",\"version\":\"4\"}','null','{\"idle\":{\"width\":\"4000px\",\"height\":\"150px\"},\"hover\":\"\"}','{\"text-decoration\":\"none\",\"background-color\":\"rgba(160, 179, 151, 1)\",\"border-width\":\"0px\",\"border-color\":\"rgb(34, 34, 34)\",\"border-style\":\"none\"}'),(36,'.tp-caption.large_bold_white','{\"translated\":5,\"type\":\"text\",\"version\":\"4\"}','null','{\"idle\":[],\"hover\":\"\"}','{\"font-size\":\"58px\",\"line-height\":\"60px\",\"font-weight\":\"800\",\"font-family\":\"\\\"Open Sans\\\"\",\"color\":\"rgb(255, 255, 255)\",\"text-decoration\":\"none\",\"background-color\":\"transparent\",\"border-width\":\"0px\",\"border-color\":\"rgb(255, 214, 88)\",\"border-style\":\"none\"}'),(37,'.tp-caption.medium_light_white','{\"translated\":5,\"type\":\"text\",\"version\":\"4\"}','null','{\"idle\":[],\"hover\":\"\"}','{\"font-size\":\"30px\",\"line-height\":\"36px\",\"font-weight\":\"300\",\"font-family\":\"\\\"Open Sans\\\"\",\"color\":\"rgb(255, 255, 255)\",\"text-decoration\":\"none\",\"background-color\":\"transparent\",\"padding\":\"0px\",\"border-width\":\"0px\",\"border-color\":\"rgb(255, 214, 88)\",\"border-style\":\"none\"}'),(38,'.tp-caption.mediumlarge_light_white','{\"translated\":5,\"type\":\"text\",\"version\":\"4\"}','null','{\"idle\":[],\"hover\":\"\"}','{\"font-size\":\"34px\",\"line-height\":\"40px\",\"font-weight\":\"300\",\"font-family\":\"\\\"Open Sans\\\"\",\"color\":\"rgb(255, 255, 255)\",\"text-decoration\":\"none\",\"background-color\":\"transparent\",\"padding\":\"0px\",\"border-width\":\"0px\",\"border-color\":\"rgb(255, 214, 88)\",\"border-style\":\"none\"}'),(39,'.tp-caption.mediumlarge_light_white_center','{\"translated\":5,\"type\":\"text\",\"version\":\"4\"}','null','{\"idle\":[],\"hover\":\"\"}','{\"font-size\":\"34px\",\"line-height\":\"40px\",\"font-weight\":\"300\",\"font-family\":\"\\\"Open Sans\\\"\",\"color\":\"#ffffff\",\"text-decoration\":\"none\",\"background-color\":\"transparent\",\"padding\":\"0px 0px 0px 0px\",\"text-align\":\"center\",\"border-width\":\"0px\",\"border-color\":\"rgb(255, 214, 88)\",\"border-style\":\"none\"}'),(40,'.tp-caption.medium_bg_asbestos','{\"translated\":5,\"type\":\"text\",\"version\":\"4\"}','null','{\"idle\":[],\"hover\":\"\"}','{\"font-size\":\"20px\",\"line-height\":\"20px\",\"font-weight\":\"800\",\"font-family\":\"\\\"Open Sans\\\"\",\"color\":\"rgb(255, 255, 255)\",\"text-decoration\":\"none\",\"background-color\":\"rgb(127, 140, 141)\",\"padding\":\"10px\",\"border-width\":\"0px\",\"border-color\":\"rgb(255, 214, 88)\",\"border-style\":\"none\"}'),(41,'.tp-caption.medium_light_black','{\"translated\":5,\"type\":\"text\",\"version\":\"4\"}','null','{\"idle\":[],\"hover\":\"\"}','{\"font-size\":\"30px\",\"line-height\":\"36px\",\"font-weight\":\"300\",\"font-family\":\"\\\"Open Sans\\\"\",\"color\":\"rgb(0, 0, 0)\",\"text-decoration\":\"none\",\"background-color\":\"transparent\",\"padding\":\"0px\",\"border-width\":\"0px\",\"border-color\":\"rgb(255, 214, 88)\",\"border-style\":\"none\"}'),(42,'.tp-caption.large_bold_black','{\"translated\":5,\"type\":\"text\",\"version\":\"4\"}','null','{\"idle\":[],\"hover\":\"\"}','{\"font-size\":\"58px\",\"line-height\":\"60px\",\"font-weight\":\"800\",\"font-family\":\"\\\"Open Sans\\\"\",\"color\":\"rgb(0, 0, 0)\",\"text-decoration\":\"none\",\"background-color\":\"transparent\",\"border-width\":\"0px\",\"border-color\":\"rgb(255, 214, 88)\",\"border-style\":\"none\"}'),(43,'.tp-caption.mediumlarge_light_darkblue','{\"translated\":5,\"type\":\"text\",\"version\":\"4\"}','null','{\"idle\":[],\"hover\":\"\"}','{\"font-size\":\"34px\",\"line-height\":\"40px\",\"font-weight\":\"300\",\"font-family\":\"\\\"Open Sans\\\"\",\"color\":\"rgb(52, 73, 94)\",\"text-decoration\":\"none\",\"background-color\":\"transparent\",\"padding\":\"0px\",\"border-width\":\"0px\",\"border-color\":\"rgb(255, 214, 88)\",\"border-style\":\"none\"}'),(44,'.tp-caption.small_light_white','{\"translated\":5,\"type\":\"text\",\"version\":\"4\"}','null','{\"idle\":[],\"hover\":\"\"}','{\"font-size\":\"17px\",\"line-height\":\"28px\",\"font-weight\":\"300\",\"font-family\":\"\\\"Open Sans\\\"\",\"color\":\"rgb(255, 255, 255)\",\"text-decoration\":\"none\",\"background-color\":\"transparent\",\"padding\":\"0px\",\"border-width\":\"0px\",\"border-color\":\"rgb(255, 214, 88)\",\"border-style\":\"none\"}'),(45,'.tp-caption.roundedimage','{\"translated\":5,\"type\":\"text\",\"version\":\"4\"}','null','{\"idle\":[],\"hover\":\"\"}','{\"border-width\":\"0px\",\"border-color\":\"rgb(34, 34, 34)\",\"border-style\":\"none\"}'),(46,'.tp-caption.large_bg_black','{\"translated\":5,\"type\":\"text\",\"version\":\"4\"}','null','{\"idle\":[],\"hover\":\"\"}','{\"font-size\":\"40px\",\"line-height\":\"40px\",\"font-weight\":\"800\",\"font-family\":\"\\\"Open Sans\\\"\",\"color\":\"rgb(255, 255, 255)\",\"text-decoration\":\"none\",\"background-color\":\"rgb(0, 0, 0)\",\"padding\":\"10px 20px 15px\",\"border-width\":\"0px\",\"border-color\":\"rgb(255, 214, 88)\",\"border-style\":\"none\"}'),(47,'.tp-caption.mediumwhitebg','{\"translated\":5,\"type\":\"text\",\"version\":\"4\"}','null','{\"idle\":{\"text-shadow\":\"none\"},\"hover\":\"\"}','{\"font-size\":\"30px\",\"line-height\":\"30px\",\"font-weight\":\"300\",\"font-family\":\"\\\"Open Sans\\\"\",\"color\":\"rgb(0, 0, 0)\",\"text-decoration\":\"none\",\"background-color\":\"rgb(255, 255, 255)\",\"padding\":\"5px 15px 10px\",\"border-width\":\"0px\",\"border-color\":\"rgb(0, 0, 0)\",\"border-style\":\"none\"}'),(48,'.tp-caption.MarkerDisplay','{\"translated\":5,\"type\":\"text\",\"version\":\"5.0\"}','{\"color\":\"#ff0000\",\"text-decoration\":\"none\",\"background-color\":\"transparent\",\"background-transparency\":\"1\",\"border-color\":\"transparent\",\"border-style\":\"none\",\"border-width\":\"0\",\"border-radius\":[\"0px\",\"0px\",\"0px\",\"0px\"],\"skewx\":\"0\",\"skewy\":\"0\",\"scalex\":\"1\",\"scaley\":\"1\",\"opacity\":\"1\",\"xrotate\":\"0\",\"yrotate\":\"0\",\"2d_rotation\":\"0\"}','{\"idle\":{\"text-shadow\":\"none\"},\"hover\":\"\"}','{\"font-style\":\"normal\",\"font-family\":\"Permanent Marker\",\"padding\":\"0px 0px 0px 0px\",\"text-decoration\":\"none\",\"background-color\":\"transparent\",\"background-transparency\":\"1\",\"border-color\":\"#000000\",\"border-style\":\"none\",\"border-width\":\"0px\",\"border-radius\":\"0px 0px 0px 0px\",\"z\":\"0\",\"skewx\":\"0\",\"skewy\":\"0\",\"scalex\":\"1\",\"scaley\":\"1\",\"opacity\":\"1\",\"xrotate\":\"0\",\"yrotate\":\"0\",\"2d_rotation\":\"0\",\"2d_origin_x\":\"50\",\"2d_origin_y\":\"50\",\"pers\":\"600\"}'),(49,'.tp-caption.Restaurant-Display','{\"hover\":\"false\",\"version\":\"5.0\",\"translated\":\"5\"}','{\"color\":\"#ffffff\",\"text-decoration\":\"none\",\"background-color\":\"transparent\",\"background-transparency\":\"0\",\"border-color\":\"transparent\",\"border-style\":\"none\",\"border-width\":\"0\",\"border-radius\":[\"0\",\"0\",\"0\",\"0\"],\"skewx\":\"0\",\"skewy\":\"0\",\"scalex\":\"1\",\"scaley\":\"1\",\"opacity\":\"1\",\"xrotate\":\"0\",\"yrotate\":\"0\",\"2d_rotation\":\"0\"}','{\"idle\":\"\",\"hover\":\"\"}','{\"color\":\"#ffffff\",\"font-size\":\"120px\",\"line-height\":\"120px\",\"font-weight\":\"700\",\"font-style\":\"normal\",\"font-family\":\"Roboto\",\"padding\":[\"0\",\"0\",\"0\",\"0\"],\"text-decoration\":\"none\",\"background-color\":\"transparent\",\"background-transparency\":\"1\",\"border-color\":\"transparent\",\"border-style\":\"none\",\"border-width\":\"0\",\"border-radius\":[\"0\",\"0\",\"0\",\"0\"],\"z\":\"0\",\"skewx\":\"0\",\"skewy\":\"0\",\"scalex\":\"1\",\"scaley\":\"1\",\"opacity\":\"1\",\"xrotate\":\"0\",\"yrotate\":\"0\",\"2d_rotation\":\"0\",\"2d_origin_x\":\"50\",\"2d_origin_y\":\"50\",\"pers\":\"600\"}'),(50,'.tp-caption.Restaurant-Cursive','{\"hover\":\"false\",\"version\":\"5.0\",\"translated\":\"5\"}','{\"color\":\"#ffffff\",\"text-decoration\":\"none\",\"background-color\":\"transparent\",\"background-transparency\":\"0\",\"border-color\":\"transparent\",\"border-style\":\"none\",\"border-width\":\"0\",\"border-radius\":[\"0\",\"0\",\"0\",\"0\"],\"skewx\":\"0\",\"skewy\":\"0\",\"scalex\":\"1\",\"scaley\":\"1\",\"opacity\":\"1\",\"xrotate\":\"0\",\"yrotate\":\"0\",\"2d_rotation\":\"0\"}','{\"idle\":{\"letter-spacing\":\"2px\"},\"hover\":\"\"}','{\"color\":\"#ffffff\",\"font-size\":\"30px\",\"line-height\":\"30px\",\"font-weight\":\"400\",\"font-style\":\"normal\",\"font-family\":\"Nothing you could do\",\"padding\":[\"0\",\"0\",\"0\",\"0\"],\"text-decoration\":\"none\",\"background-color\":\"transparent\",\"background-transparency\":\"1\",\"border-color\":\"transparent\",\"border-style\":\"none\",\"border-width\":\"0\",\"border-radius\":[\"0\",\"0\",\"0\",\"0\"],\"z\":\"0\",\"skewx\":\"0\",\"skewy\":\"0\",\"scalex\":\"1\",\"scaley\":\"1\",\"opacity\":\"1\",\"xrotate\":\"0\",\"yrotate\":\"0\",\"2d_rotation\":\"0\",\"2d_origin_x\":\"50\",\"2d_origin_y\":\"50\",\"pers\":\"600\"}'),(51,'.tp-caption.Restaurant-ScrollDownText','{\"hover\":\"false\",\"version\":\"5.0\",\"translated\":\"5\"}','{\"color\":\"#ffffff\",\"text-decoration\":\"none\",\"background-color\":\"transparent\",\"background-transparency\":\"0\",\"border-color\":\"transparent\",\"border-style\":\"none\",\"border-width\":\"0\",\"border-radius\":[\"0\",\"0\",\"0\",\"0\"],\"skewx\":\"0\",\"skewy\":\"0\",\"scalex\":\"1\",\"scaley\":\"1\",\"opacity\":\"1\",\"xrotate\":\"0\",\"yrotate\":\"0\",\"2d_rotation\":\"0\"}','{\"idle\":{\"letter-spacing\":\"2px\"},\"hover\":\"\"}','{\"color\":\"#ffffff\",\"font-size\":\"17px\",\"line-height\":\"17px\",\"font-weight\":\"400\",\"font-style\":\"normal\",\"font-family\":\"Roboto\",\"padding\":[\"0\",\"0\",\"0\",\"0\"],\"text-decoration\":\"none\",\"background-color\":\"transparent\",\"background-transparency\":\"1\",\"border-color\":\"transparent\",\"border-style\":\"none\",\"border-width\":\"0\",\"border-radius\":[\"0\",\"0\",\"0\",\"0\"],\"z\":\"0\",\"skewx\":\"0\",\"skewy\":\"0\",\"scalex\":\"1\",\"scaley\":\"1\",\"opacity\":\"1\",\"xrotate\":\"0\",\"yrotate\":\"0\",\"2d_rotation\":\"0\",\"2d_origin_x\":\"50\",\"2d_origin_y\":\"50\",\"pers\":\"600\"}'),(52,'.tp-caption.Restaurant-Description','{\"hover\":\"false\",\"version\":\"5.0\",\"translated\":\"5\"}','{\"color\":\"#ffffff\",\"text-decoration\":\"none\",\"background-color\":\"transparent\",\"background-transparency\":\"0\",\"border-color\":\"transparent\",\"border-style\":\"none\",\"border-width\":\"0\",\"border-radius\":[\"0\",\"0\",\"0\",\"0\"],\"skewx\":\"0\",\"skewy\":\"0\",\"scalex\":\"1\",\"scaley\":\"1\",\"opacity\":\"1\",\"xrotate\":\"0\",\"yrotate\":\"0\",\"2d_rotation\":\"0\"}','{\"idle\":{\"letter-spacing\":\"3px\"},\"hover\":\"\"}','{\"color\":\"#ffffff\",\"font-size\":\"20px\",\"line-height\":\"30px\",\"font-weight\":\"300\",\"font-style\":\"normal\",\"font-family\":\"Roboto\",\"padding\":[\"0\",\"0\",\"0\",\"0\"],\"text-decoration\":\"none\",\"background-color\":\"transparent\",\"background-transparency\":\"1\",\"border-color\":\"transparent\",\"border-style\":\"none\",\"border-width\":\"0\",\"border-radius\":[\"0\",\"0\",\"0\",\"0\"],\"z\":\"0\",\"skewx\":\"0\",\"skewy\":\"0\",\"scalex\":\"1\",\"scaley\":\"1\",\"opacity\":\"1\",\"xrotate\":\"0\",\"yrotate\":\"0\",\"2d_rotation\":\"0\",\"2d_origin_x\":\"50\",\"2d_origin_y\":\"50\",\"pers\":\"600\"}'),(53,'.tp-caption.Restaurant-Price','{\"hover\":\"false\",\"version\":\"5.0\",\"translated\":\"5\"}','{\"color\":\"#ffffff\",\"text-decoration\":\"none\",\"background-color\":\"transparent\",\"background-transparency\":\"0\",\"border-color\":\"transparent\",\"border-style\":\"none\",\"border-width\":\"0\",\"border-radius\":[\"0\",\"0\",\"0\",\"0\"],\"skewx\":\"0\",\"skewy\":\"0\",\"scalex\":\"1\",\"scaley\":\"1\",\"opacity\":\"1\",\"xrotate\":\"0\",\"yrotate\":\"0\",\"2d_rotation\":\"0\"}','{\"idle\":{\"letter-spacing\":\"3px\"},\"hover\":\"\"}','{\"color\":\"#ffffff\",\"font-size\":\"30px\",\"line-height\":\"30px\",\"font-weight\":\"300\",\"font-style\":\"normal\",\"font-family\":\"Roboto\",\"padding\":[\"0\",\"0\",\"0\",\"0\"],\"text-decoration\":\"none\",\"background-color\":\"transparent\",\"background-transparency\":\"1\",\"border-color\":\"transparent\",\"border-style\":\"none\",\"border-width\":\"0\",\"border-radius\":[\"0\",\"0\",\"0\",\"0\"],\"z\":\"0\",\"skewx\":\"0\",\"skewy\":\"0\",\"scalex\":\"1\",\"scaley\":\"1\",\"opacity\":\"1\",\"xrotate\":\"0\",\"yrotate\":\"0\",\"2d_rotation\":\"0\",\"2d_origin_x\":\"50\",\"2d_origin_y\":\"50\",\"pers\":\"600\"}'),(54,'.tp-caption.Restaurant-Menuitem','{\"hover\":\"false\",\"type\":\"text\",\"version\":\"5.0\",\"translated\":\"5\"}','{\"color\":\"#000000\",\"color-transparency\":\"1\",\"text-decoration\":\"none\",\"background-color\":\"#ffffff\",\"background-transparency\":\"1\",\"border-color\":\"transparent\",\"border-transparency\":\"1\",\"border-style\":\"none\",\"border-width\":\"0\",\"border-radius\":[\"0\",\"0\",\"0\",\"0\"],\"opacity\":\"1\",\"scalex\":\"1\",\"scaley\":\"1\",\"skewx\":\"0\",\"skewy\":\"0\",\"xrotate\":\"0\",\"yrotate\":\"0\",\"2d_rotation\":\"0\",\"pointer_events\":\"auto\",\"css_cursor\":\"pointer\",\"speed\":\"500\",\"easing\":\"power2.inOut\"}','{\"idle\":{\"letter-spacing\":\"2px\"},\"hover\":\"\"}','{\"color\":\"#ffffff\",\"color-transparency\":\"1\",\"font-size\":\"17px\",\"line-height\":\"17px\",\"font-weight\":\"400\",\"font-style\":\"normal\",\"font-family\":\"Roboto\",\"padding\":[\"10px\",\"30px\",\"10px\",\"30px\"],\"text-decoration\":\"none\",\"text-align\":\"left\",\"background-color\":\"#000000\",\"background-transparency\":\"1\",\"border-color\":\"transparent\",\"border-transparency\":\"1\",\"border-style\":\"none\",\"border-width\":\"0\",\"border-radius\":[\"0\",\"0\",\"0\",\"0\"],\"z\":\"0\",\"skewx\":\"0\",\"skewy\":\"0\",\"scalex\":\"1\",\"scaley\":\"1\",\"opacity\":\"1\",\"xrotate\":\"0\",\"yrotate\":\"0\",\"2d_rotation\":\"0\",\"2d_origin_x\":\"50\",\"2d_origin_y\":\"50\",\"pers\":\"600\",\"corner_left\":\"nothing\",\"corner_right\":\"nothing\",\"parallax\":\"-\"}'),(55,'.tp-caption.Furniture-LogoText','{\"hover\":\"false\",\"version\":\"5.0\",\"translated\":\"5\"}','{\"color\":\"#ffffff\",\"color-transparency\":\"1\",\"text-decoration\":\"none\",\"background-color\":\"transparent\",\"background-transparency\":\"0\",\"border-color\":\"transparent\",\"border-transparency\":\"1\",\"border-style\":\"none\",\"border-width\":\"0\",\"border-radius\":[\"0\",\"0\",\"0\",\"0\"],\"opacity\":\"1\",\"scalex\":\"1\",\"scaley\":\"1\",\"skewx\":\"0\",\"skewy\":\"0\",\"xrotate\":\"0\",\"yrotate\":\"0\",\"2d_rotation\":\"0\",\"speed\":\"0\",\"easing\":\"none\"}','{\"idle\":{\"text-shadow\":\"none\"},\"hover\":\"\"}','{\"color\":\"#e6cfa3\",\"color-transparency\":\"1\",\"font-size\":\"160px\",\"line-height\":\"150px\",\"font-weight\":\"300\",\"font-style\":\"normal\",\"font-family\":\"\\\"Raleway\\\"\",\"padding\":[\"0\",\"0\",\"0\",\"0\"],\"text-decoration\":\"none\",\"background-color\":\"transparent\",\"background-transparency\":\"1\",\"border-color\":\"transparent\",\"border-transparency\":\"1\",\"border-style\":\"none\",\"border-width\":\"0\",\"border-radius\":[\"0\",\"0\",\"0\",\"0\"],\"z\":\"0\",\"skewx\":\"0\",\"skewy\":\"0\",\"scalex\":\"1\",\"scaley\":\"1\",\"opacity\":\"1\",\"xrotate\":\"0\",\"yrotate\":\"0\",\"2d_rotation\":\"0\",\"2d_origin_x\":\"50\",\"2d_origin_y\":\"50\",\"pers\":\"600\"}'),(56,'.tp-caption.Furniture-Plus','{\"hover\":\"false\",\"version\":\"5.0\",\"translated\":\"5\"}','{\"color\":\"#ffffff\",\"color-transparency\":\"1\",\"text-decoration\":\"none\",\"background-color\":\"#000000\",\"background-transparency\":\"1\",\"border-color\":\"transparent\",\"border-transparency\":\"1\",\"border-style\":\"none\",\"border-width\":\"0\",\"border-radius\":[\"30px\",\"30px\",\"30px\",\"30px\"],\"opacity\":\"1\",\"scalex\":\"1\",\"scaley\":\"1\",\"skewx\":\"0\",\"skewy\":\"0\",\"xrotate\":\"0\",\"yrotate\":\"0\",\"2d_rotation\":\"0\",\"speed\":\"0.5\",\"easing\":\"none\"}','{\"idle\":{\"text-shadow\":\"none\",\"box-shadow\":\"rgba(0,0,0,0.1) 0 1px 3px\"},\"hover\":\"\"}','{\"color\":\"#e6cfa3\",\"color-transparency\":\"1\",\"font-size\":\"20\",\"line-height\":\"20px\",\"font-weight\":\"400\",\"font-style\":\"normal\",\"font-family\":\"\\\"Raleway\\\"\",\"padding\":[\"6px\",\"7px\",\"4px\",\"7px\"],\"text-decoration\":\"none\",\"background-color\":\"#ffffff\",\"background-transparency\":\"1\",\"border-color\":\"transparent\",\"border-transparency\":\"1\",\"border-style\":\"none\",\"border-width\":\"0\",\"border-radius\":[\"30px\",\"30px\",\"30px\",\"30px\"],\"z\":\"0\",\"skewx\":\"0\",\"skewy\":\"0\",\"scalex\":\"1\",\"scaley\":\"1\",\"opacity\":\"1\",\"xrotate\":\"0\",\"yrotate\":\"0\",\"2d_rotation\":\"0\",\"2d_origin_x\":\"50\",\"2d_origin_y\":\"50\",\"pers\":\"600\"}'),(57,'.tp-caption.Furniture-Title','{\"hover\":\"false\",\"version\":\"5.0\",\"translated\":\"5\"}','{\"color\":\"#ffffff\",\"color-transparency\":\"1\",\"text-decoration\":\"none\",\"background-color\":\"transparent\",\"background-transparency\":\"0\",\"border-color\":\"transparent\",\"border-transparency\":\"1\",\"border-style\":\"none\",\"border-width\":\"0\",\"border-radius\":[\"0\",\"0\",\"0\",\"0\"],\"opacity\":\"1\",\"scalex\":\"1\",\"scaley\":\"1\",\"skewx\":\"0\",\"skewy\":\"0\",\"xrotate\":\"0\",\"yrotate\":\"0\",\"2d_rotation\":\"0\",\"speed\":\"0\",\"easing\":\"none\"}','{\"idle\":{\"text-shadow\":\"none\",\"letter-spacing\":\"3px\"},\"hover\":\"\"}','{\"color\":\"#000000\",\"color-transparency\":\"1\",\"font-size\":\"20px\",\"line-height\":\"20px\",\"font-weight\":\"700\",\"font-style\":\"normal\",\"font-family\":\"\\\"Raleway\\\"\",\"padding\":[\"0\",\"0\",\"0\",\"0\"],\"text-decoration\":\"none\",\"background-color\":\"transparent\",\"background-transparency\":\"1\",\"border-color\":\"transparent\",\"border-transparency\":\"1\",\"border-style\":\"none\",\"border-width\":\"0\",\"border-radius\":[\"0\",\"0\",\"0\",\"0\"],\"z\":\"0\",\"skewx\":\"0\",\"skewy\":\"0\",\"scalex\":\"1\",\"scaley\":\"1\",\"opacity\":\"1\",\"xrotate\":\"0\",\"yrotate\":\"0\",\"2d_rotation\":\"0\",\"2d_origin_x\":\"50\",\"2d_origin_y\":\"50\",\"pers\":\"600\"}'),(58,'.tp-caption.Furniture-Subtitle','{\"hover\":\"false\",\"version\":\"5.0\",\"translated\":\"5\"}','{\"color\":\"#ffffff\",\"color-transparency\":\"1\",\"text-decoration\":\"none\",\"background-color\":\"transparent\",\"background-transparency\":\"0\",\"border-color\":\"transparent\",\"border-transparency\":\"1\",\"border-style\":\"none\",\"border-width\":\"0\",\"border-radius\":[\"0\",\"0\",\"0\",\"0\"],\"opacity\":\"1\",\"scalex\":\"1\",\"scaley\":\"1\",\"skewx\":\"0\",\"skewy\":\"0\",\"xrotate\":\"0\",\"yrotate\":\"0\",\"2d_rotation\":\"0\",\"speed\":\"0\",\"easing\":\"none\"}','{\"idle\":{\"text-shadow\":\"none\"},\"hover\":\"\"}','{\"color\":\"#000000\",\"color-transparency\":\"1\",\"font-size\":\"17px\",\"line-height\":\"20px\",\"font-weight\":\"300\",\"font-style\":\"normal\",\"font-family\":\"\\\"Raleway\\\"\",\"padding\":[\"0\",\"0\",\"0\",\"0\"],\"text-decoration\":\"none\",\"background-color\":\"transparent\",\"background-transparency\":\"1\",\"border-color\":\"transparent\",\"border-transparency\":\"1\",\"border-style\":\"none\",\"border-width\":\"0\",\"border-radius\":[\"0\",\"0\",\"0\",\"0\"],\"z\":\"0\",\"skewx\":\"0\",\"skewy\":\"0\",\"scalex\":\"1\",\"scaley\":\"1\",\"opacity\":\"1\",\"xrotate\":\"0\",\"yrotate\":\"0\",\"2d_rotation\":\"0\",\"2d_origin_x\":\"50\",\"2d_origin_y\":\"50\",\"pers\":\"600\"}'),(59,'.tp-caption.Gym-Display','{\"hover\":\"false\",\"version\":\"5.0\",\"translated\":\"5\"}','{\"color\":\"#ffffff\",\"color-transparency\":\"1\",\"text-decoration\":\"none\",\"background-color\":\"transparent\",\"background-transparency\":\"0\",\"border-color\":\"transparent\",\"border-transparency\":\"1\",\"border-style\":\"none\",\"border-width\":\"0\",\"border-radius\":[\"0\",\"0\",\"0\",\"0\"],\"opacity\":\"1\",\"scalex\":\"1\",\"scaley\":\"1\",\"skewx\":\"0\",\"skewy\":\"0\",\"xrotate\":\"0\",\"yrotate\":\"0\",\"2d_rotation\":\"0\",\"speed\":\"0\",\"easing\":\"none\"}','{\"idle\":\"\",\"hover\":\"\"}','{\"color\":\"#ffffff\",\"color-transparency\":\"1\",\"font-size\":\"80px\",\"line-height\":\"70px\",\"font-weight\":\"900\",\"font-style\":\"normal\",\"font-family\":\"Raleway\",\"padding\":[\"0\",\"0\",\"0\",\"0\"],\"text-decoration\":\"none\",\"background-color\":\"transparent\",\"background-transparency\":\"1\",\"border-color\":\"transparent\",\"border-transparency\":\"1\",\"border-style\":\"none\",\"border-width\":\"0\",\"border-radius\":[\"0\",\"0\",\"0\",\"0\"],\"z\":\"0\",\"skewx\":\"0\",\"skewy\":\"0\",\"scalex\":\"1\",\"scaley\":\"1\",\"opacity\":\"1\",\"xrotate\":\"0\",\"yrotate\":\"0\",\"2d_rotation\":\"0\",\"2d_origin_x\":\"50\",\"2d_origin_y\":\"50\",\"pers\":\"600\"}'),(60,'.tp-caption.Gym-Subline','{\"hover\":\"false\",\"version\":\"5.0\",\"translated\":\"5\"}','{\"color\":\"#ffffff\",\"color-transparency\":\"1\",\"text-decoration\":\"none\",\"background-color\":\"transparent\",\"background-transparency\":\"0\",\"border-color\":\"transparent\",\"border-transparency\":\"1\",\"border-style\":\"none\",\"border-width\":\"0\",\"border-radius\":[\"0\",\"0\",\"0\",\"0\"],\"opacity\":\"1\",\"scalex\":\"1\",\"scaley\":\"1\",\"skewx\":\"0\",\"skewy\":\"0\",\"xrotate\":\"0\",\"yrotate\":\"0\",\"2d_rotation\":\"0\",\"speed\":\"0\",\"easing\":\"none\"}','{\"idle\":{\"letter-spacing\":\"5px\"},\"hover\":\"\"}','{\"color\":\"#ffffff\",\"color-transparency\":\"1\",\"font-size\":\"30px\",\"line-height\":\"30px\",\"font-weight\":\"100\",\"font-style\":\"normal\",\"font-family\":\"Raleway\",\"padding\":[\"0\",\"0\",\"0\",\"0\"],\"text-decoration\":\"none\",\"background-color\":\"transparent\",\"background-transparency\":\"1\",\"border-color\":\"transparent\",\"border-transparency\":\"1\",\"border-style\":\"none\",\"border-width\":\"0\",\"border-radius\":[\"0\",\"0\",\"0\",\"0\"],\"z\":\"0\",\"skewx\":\"0\",\"skewy\":\"0\",\"scalex\":\"1\",\"scaley\":\"1\",\"opacity\":\"1\",\"xrotate\":\"0\",\"yrotate\":\"0\",\"2d_rotation\":\"0\",\"2d_origin_x\":\"50\",\"2d_origin_y\":\"50\",\"pers\":\"600\"}'),(61,'.tp-caption.Gym-SmallText','{\"hover\":\"false\",\"version\":\"5.0\",\"translated\":\"5\"}','{\"color\":\"#ffffff\",\"color-transparency\":\"1\",\"text-decoration\":\"none\",\"background-color\":\"transparent\",\"background-transparency\":\"0\",\"border-color\":\"transparent\",\"border-transparency\":\"1\",\"border-style\":\"none\",\"border-width\":\"0\",\"border-radius\":[\"0\",\"0\",\"0\",\"0\"],\"opacity\":\"1\",\"scalex\":\"1\",\"scaley\":\"1\",\"skewx\":\"0\",\"skewy\":\"0\",\"xrotate\":\"0\",\"yrotate\":\"0\",\"2d_rotation\":\"0\",\"speed\":\"0\",\"easing\":\"none\"}','{\"idle\":{\"text-shadow\":\"none\"},\"hover\":\"\"}','{\"color\":\"#ffffff\",\"color-transparency\":\"1\",\"font-size\":\"17px\",\"line-height\":\"22\",\"font-weight\":\"300\",\"font-style\":\"normal\",\"font-family\":\"Raleway\",\"padding\":[\"0\",\"0\",\"0\",\"0\"],\"text-decoration\":\"none\",\"background-color\":\"transparent\",\"background-transparency\":\"1\",\"border-color\":\"transparent\",\"border-transparency\":\"1\",\"border-style\":\"none\",\"border-width\":\"0\",\"border-radius\":[\"0\",\"0\",\"0\",\"0\"],\"z\":\"0\",\"skewx\":\"0\",\"skewy\":\"0\",\"scalex\":\"1\",\"scaley\":\"1\",\"opacity\":\"1\",\"xrotate\":\"0\",\"yrotate\":\"0\",\"2d_rotation\":\"0\",\"2d_origin_x\":\"50\",\"2d_origin_y\":\"50\",\"pers\":\"600\"}'),(62,'.tp-caption.Fashion-SmallText','{\"hover\":\"false\",\"version\":\"5.0\",\"translated\":\"5\"}','{\"color\":\"#ffffff\",\"color-transparency\":\"1\",\"text-decoration\":\"none\",\"background-color\":\"transparent\",\"background-transparency\":\"0\",\"border-color\":\"transparent\",\"border-transparency\":\"1\",\"border-style\":\"none\",\"border-width\":\"0\",\"border-radius\":[\"0\",\"0\",\"0\",\"0\"],\"opacity\":\"1\",\"scalex\":\"1\",\"scaley\":\"1\",\"skewx\":\"0\",\"skewy\":\"0\",\"xrotate\":\"0\",\"yrotate\":\"0\",\"2d_rotation\":\"0\",\"speed\":\"0\",\"easing\":\"none\"}','{\"idle\":{\"letter-spacing\":\"2px\"},\"hover\":\"\"}','{\"color\":\"#ffffff\",\"color-transparency\":\"1\",\"font-size\":\"12px\",\"line-height\":\"20px\",\"font-weight\":\"600\",\"font-style\":\"normal\",\"font-family\":\"Raleway\",\"padding\":[\"0\",\"0\",\"0\",\"0\"],\"text-decoration\":\"none\",\"background-color\":\"transparent\",\"background-transparency\":\"1\",\"border-color\":\"transparent\",\"border-transparency\":\"1\",\"border-style\":\"none\",\"border-width\":\"0\",\"border-radius\":[\"0\",\"0\",\"0\",\"0\"],\"z\":\"0\",\"skewx\":\"0\",\"skewy\":\"0\",\"scalex\":\"1\",\"scaley\":\"1\",\"opacity\":\"1\",\"xrotate\":\"0\",\"yrotate\":\"0\",\"2d_rotation\":\"0\",\"2d_origin_x\":\"50\",\"2d_origin_y\":\"50\",\"pers\":\"600\"}'),(63,'.tp-caption.Fashion-BigDisplay','{\"hover\":\"false\",\"version\":\"5.0\",\"translated\":\"5\"}','{\"color\":\"#ffffff\",\"color-transparency\":\"1\",\"text-decoration\":\"none\",\"background-color\":\"transparent\",\"background-transparency\":\"0\",\"border-color\":\"transparent\",\"border-transparency\":\"1\",\"border-style\":\"none\",\"border-width\":\"0\",\"border-radius\":[\"0\",\"0\",\"0\",\"0\"],\"opacity\":\"1\",\"scalex\":\"1\",\"scaley\":\"1\",\"skewx\":\"0\",\"skewy\":\"0\",\"xrotate\":\"0\",\"yrotate\":\"0\",\"2d_rotation\":\"0\",\"speed\":\"0\",\"easing\":\"none\"}','{\"idle\":{\"letter-spacing\":\"2px\"},\"hover\":\"\"}','{\"color\":\"#000000\",\"color-transparency\":\"1\",\"font-size\":\"60px\",\"line-height\":\"60px\",\"font-weight\":\"900\",\"font-style\":\"normal\",\"font-family\":\"Raleway\",\"padding\":[\"0\",\"0\",\"0\",\"0\"],\"text-decoration\":\"none\",\"background-color\":\"transparent\",\"background-transparency\":\"1\",\"border-color\":\"transparent\",\"border-transparency\":\"1\",\"border-style\":\"none\",\"border-width\":\"0\",\"border-radius\":[\"0\",\"0\",\"0\",\"0\"],\"z\":\"0\",\"skewx\":\"0\",\"skewy\":\"0\",\"scalex\":\"1\",\"scaley\":\"1\",\"opacity\":\"1\",\"xrotate\":\"0\",\"yrotate\":\"0\",\"2d_rotation\":\"0\",\"2d_origin_x\":\"50\",\"2d_origin_y\":\"50\",\"pers\":\"600\"}'),(64,'.tp-caption.Fashion-TextBlock','{\"hover\":\"false\",\"version\":\"5.0\",\"translated\":\"5\"}','{\"color\":\"#ffffff\",\"color-transparency\":\"1\",\"text-decoration\":\"none\",\"background-color\":\"transparent\",\"background-transparency\":\"0\",\"border-color\":\"transparent\",\"border-transparency\":\"1\",\"border-style\":\"none\",\"border-width\":\"0\",\"border-radius\":[\"0\",\"0\",\"0\",\"0\"],\"opacity\":\"1\",\"scalex\":\"1\",\"scaley\":\"1\",\"skewx\":\"0\",\"skewy\":\"0\",\"xrotate\":\"0\",\"yrotate\":\"0\",\"2d_rotation\":\"0\",\"speed\":\"0\",\"easing\":\"none\"}','{\"idle\":{\"letter-spacing\":\"2px\"},\"hover\":\"\"}','{\"color\":\"#000000\",\"color-transparency\":\"1\",\"font-size\":\"20px\",\"line-height\":\"40px\",\"font-weight\":\"400\",\"font-style\":\"normal\",\"font-family\":\"Raleway\",\"padding\":[\"0\",\"0\",\"0\",\"0\"],\"text-decoration\":\"none\",\"background-color\":\"transparent\",\"background-transparency\":\"1\",\"border-color\":\"transparent\",\"border-transparency\":\"1\",\"border-style\":\"none\",\"border-width\":\"0\",\"border-radius\":[\"0\",\"0\",\"0\",\"0\"],\"z\":\"0\",\"skewx\":\"0\",\"skewy\":\"0\",\"scalex\":\"1\",\"scaley\":\"1\",\"opacity\":\"1\",\"xrotate\":\"0\",\"yrotate\":\"0\",\"2d_rotation\":\"0\",\"2d_origin_x\":\"50\",\"2d_origin_y\":\"50\",\"pers\":\"600\"}'),(65,'.tp-caption.Sports-Display','{\"translated\":5,\"type\":\"text\",\"version\":\"5.0\"}','{\"color\":\"#ffffff\",\"color-transparency\":\"1\",\"text-decoration\":\"none\",\"background-color\":\"transparent\",\"background-transparency\":\"0\",\"border-color\":\"transparent\",\"border-transparency\":\"1\",\"border-style\":\"none\",\"border-width\":\"0\",\"border-radius\":[\"0\",\"0\",\"0\",\"0\"],\"opacity\":\"1\",\"scalex\":\"1\",\"scaley\":\"1\",\"skewx\":\"0\",\"skewy\":\"0\",\"xrotate\":\"0\",\"yrotate\":\"0\",\"2d_rotation\":\"0\",\"speed\":\"0\",\"easing\":\"none\"}','{\"idle\":{\"letter-spacing\":\"13px\"},\"hover\":\"\"}','{\"color\":\"#ffffff\",\"color-transparency\":\"1\",\"font-size\":\"130px\",\"line-height\":\"130px\",\"font-weight\":\"100\",\"font-style\":\"normal\",\"font-family\":\"\\\"Raleway\\\"\",\"padding\":\"0 0 0 0\",\"text-decoration\":\"none\",\"background-color\":\"transparent\",\"background-transparency\":\"1\",\"border-color\":\"transparent\",\"border-transparency\":\"1\",\"border-style\":\"none\",\"border-width\":\"0\",\"border-radius\":\"0 0 0 0\",\"z\":\"0\",\"skewx\":\"0\",\"skewy\":\"0\",\"scalex\":\"1\",\"scaley\":\"1\",\"opacity\":\"1\",\"xrotate\":\"0\",\"yrotate\":\"0\",\"2d_rotation\":\"0\",\"2d_origin_x\":\"50\",\"2d_origin_y\":\"50\",\"pers\":\"600\"}'),(66,'.tp-caption.Sports-DisplayFat','{\"translated\":5,\"type\":\"text\",\"version\":\"5.0\"}','{\"color\":\"#ffffff\",\"color-transparency\":\"1\",\"text-decoration\":\"none\",\"background-color\":\"transparent\",\"background-transparency\":\"0\",\"border-color\":\"transparent\",\"border-transparency\":\"1\",\"border-style\":\"none\",\"border-width\":\"0\",\"border-radius\":[\"0\",\"0\",\"0\",\"0\"],\"opacity\":\"1\",\"scalex\":\"1\",\"scaley\":\"1\",\"skewx\":\"0\",\"skewy\":\"0\",\"xrotate\":\"0\",\"yrotate\":\"0\",\"2d_rotation\":\"0\",\"speed\":\"0\",\"easing\":\"none\"}','{\"idle\":[\"\"],\"hover\":\"\"}','{\"color\":\"#ffffff\",\"color-transparency\":\"1\",\"font-size\":\"130px\",\"line-height\":\"130px\",\"font-weight\":\"900\",\"font-style\":\"normal\",\"font-family\":\"\\\"Raleway\\\"\",\"padding\":\"0 0 0 0\",\"text-decoration\":\"none\",\"background-color\":\"transparent\",\"background-transparency\":\"1\",\"border-color\":\"transparent\",\"border-transparency\":\"1\",\"border-style\":\"none\",\"border-width\":\"0\",\"border-radius\":\"0 0 0 0\",\"z\":\"0\",\"skewx\":\"0\",\"skewy\":\"0\",\"scalex\":\"1\",\"scaley\":\"1\",\"opacity\":\"1\",\"xrotate\":\"0\",\"yrotate\":\"0\",\"2d_rotation\":\"0\",\"2d_origin_x\":\"50\",\"2d_origin_y\":\"50\",\"pers\":\"600\"}'),(67,'.tp-caption.Sports-DisplayFat','{\"translated\":5,\"type\":\"text\",\"version\":\"5.0\"}','{\"color\":\"#ffffff\",\"color-transparency\":\"1\",\"text-decoration\":\"none\",\"background-color\":\"transparent\",\"background-transparency\":\"0\",\"border-color\":\"transparent\",\"border-transparency\":\"1\",\"border-style\":\"none\",\"border-width\":\"0\",\"border-radius\":[\"0\",\"0\",\"0\",\"0\"],\"opacity\":\"1\",\"scalex\":\"1\",\"scaley\":\"1\",\"skewx\":\"0\",\"skewy\":\"0\",\"xrotate\":\"0\",\"yrotate\":\"0\",\"2d_rotation\":\"0\",\"speed\":\"0\",\"easing\":\"none\"}','{\"idle\":[\"\"],\"hover\":\"\"}','{\"color\":\"#ffffff\",\"color-transparency\":\"1\",\"font-size\":\"130px\",\"line-height\":\"130px\",\"font-weight\":\"900\",\"font-style\":\"normal\",\"font-family\":\"\\\"Raleway\\\"\",\"padding\":\"0 0 0 0\",\"text-decoration\":\"none\",\"background-color\":\"transparent\",\"background-transparency\":\"1\",\"border-color\":\"transparent\",\"border-transparency\":\"1\",\"border-style\":\"none\",\"border-width\":\"0\",\"border-radius\":\"0 0 0 0\",\"z\":\"0\",\"skewx\":\"0\",\"skewy\":\"0\",\"scalex\":\"1\",\"scaley\":\"1\",\"opacity\":\"1\",\"xrotate\":\"0\",\"yrotate\":\"0\",\"2d_rotation\":\"0\",\"2d_origin_x\":\"50\",\"2d_origin_y\":\"50\",\"pers\":\"600\"}'),(68,'.tp-caption.Sports-Subline','{\"translated\":5,\"type\":\"text\",\"version\":\"5.0\"}','{\"color\":\"#ffffff\",\"color-transparency\":\"1\",\"text-decoration\":\"none\",\"background-color\":\"transparent\",\"background-transparency\":\"0\",\"border-color\":\"transparent\",\"border-transparency\":\"1\",\"border-style\":\"none\",\"border-width\":\"0\",\"border-radius\":[\"0\",\"0\",\"0\",\"0\"],\"opacity\":\"1\",\"scalex\":\"1\",\"scaley\":\"1\",\"skewx\":\"0\",\"skewy\":\"0\",\"xrotate\":\"0\",\"yrotate\":\"0\",\"2d_rotation\":\"0\",\"speed\":\"0\",\"easing\":\"none\"}','{\"idle\":{\"letter-spacing\":\"4px\"},\"hover\":\"\"}','{\"color\":\"#000000\",\"color-transparency\":\"1\",\"font-size\":\"32px\",\"line-height\":\"32px\",\"font-weight\":\"400\",\"font-style\":\"normal\",\"font-family\":\"\\\"Raleway\\\"\",\"padding\":\"0 0 0 0\",\"text-decoration\":\"none\",\"background-color\":\"transparent\",\"background-transparency\":\"1\",\"border-color\":\"transparent\",\"border-transparency\":\"1\",\"border-style\":\"none\",\"border-width\":\"0\",\"border-radius\":\"0 0 0 0\",\"z\":\"0\",\"skewx\":\"0\",\"skewy\":\"0\",\"scalex\":\"1\",\"scaley\":\"1\",\"opacity\":\"1\",\"xrotate\":\"0\",\"yrotate\":\"0\",\"2d_rotation\":\"0\",\"2d_origin_x\":\"50\",\"2d_origin_y\":\"50\",\"pers\":\"600\"}'),(69,'.tp-caption.Instagram-Caption','{\"hover\":\"false\",\"version\":\"5.0\",\"translated\":\"5\"}','{\"color\":\"#ffffff\",\"color-transparency\":\"1\",\"text-decoration\":\"none\",\"background-color\":\"transparent\",\"background-transparency\":\"0\",\"border-color\":\"transparent\",\"border-transparency\":\"1\",\"border-style\":\"none\",\"border-width\":\"0\",\"border-radius\":[\"0\",\"0\",\"0\",\"0\"],\"opacity\":\"1\",\"scalex\":\"1\",\"scaley\":\"1\",\"skewx\":\"0\",\"skewy\":\"0\",\"xrotate\":\"0\",\"yrotate\":\"0\",\"2d_rotation\":\"0\",\"speed\":\"0\",\"easing\":\"none\"}','{\"idle\":\"\",\"hover\":\"\"}','{\"color\":\"#ffffff\",\"color-transparency\":\"1\",\"font-size\":\"20px\",\"line-height\":\"20px\",\"font-weight\":\"900\",\"font-style\":\"normal\",\"font-family\":\"Roboto\",\"padding\":[\"0\",\"0\",\"0\",\"0\"],\"text-decoration\":\"none\",\"background-color\":\"transparent\",\"background-transparency\":\"1\",\"border-color\":\"transparent\",\"border-transparency\":\"1\",\"border-style\":\"none\",\"border-width\":\"0\",\"border-radius\":[\"0\",\"0\",\"0\",\"0\"],\"z\":\"0\",\"skewx\":\"0\",\"skewy\":\"0\",\"scalex\":\"1\",\"scaley\":\"1\",\"opacity\":\"1\",\"xrotate\":\"0\",\"yrotate\":\"0\",\"2d_rotation\":\"0\",\"2d_origin_x\":\"50\",\"2d_origin_y\":\"50\",\"pers\":\"600\"}'),(70,'.tp-caption.News-Title','{\"hover\":\"false\",\"version\":\"5.0\",\"translated\":\"5\"}','{\"color\":\"#ffffff\",\"color-transparency\":\"1\",\"text-decoration\":\"none\",\"background-color\":\"transparent\",\"background-transparency\":\"0\",\"border-color\":\"transparent\",\"border-transparency\":\"1\",\"border-style\":\"none\",\"border-width\":\"0\",\"border-radius\":[\"0\",\"0\",\"0\",\"0\"],\"opacity\":\"1\",\"scalex\":\"1\",\"scaley\":\"1\",\"skewx\":\"0\",\"skewy\":\"0\",\"xrotate\":\"0\",\"yrotate\":\"0\",\"2d_rotation\":\"0\",\"speed\":\"0\",\"easing\":\"none\"}','{\"idle\":\"\",\"hover\":\"\"}','{\"color\":\"#ffffff\",\"color-transparency\":\"1\",\"font-size\":\"70px\",\"line-height\":\"60px\",\"font-weight\":\"400\",\"font-style\":\"normal\",\"font-family\":\"Roboto Slab\",\"padding\":[\"0\",\"0\",\"0\",\"0\"],\"text-decoration\":\"none\",\"background-color\":\"transparent\",\"background-transparency\":\"1\",\"border-color\":\"transparent\",\"border-transparency\":\"1\",\"border-style\":\"none\",\"border-width\":\"0\",\"border-radius\":[\"0\",\"0\",\"0\",\"0\"],\"z\":\"0\",\"skewx\":\"0\",\"skewy\":\"0\",\"scalex\":\"1\",\"scaley\":\"1\",\"opacity\":\"1\",\"xrotate\":\"0\",\"yrotate\":\"0\",\"2d_rotation\":\"0\",\"2d_origin_x\":\"50\",\"2d_origin_y\":\"50\",\"pers\":\"600\"}'),(71,'.tp-caption.News-Subtitle','{\"hover\":\"true\",\"version\":\"5.0\",\"translated\":\"5\"}','{\"color\":\"#ffffff\",\"color-transparency\":\"0.65\",\"text-decoration\":\"none\",\"background-color\":\"#ffffff\",\"background-transparency\":\"0\",\"border-color\":\"transparent\",\"border-transparency\":\"1\",\"border-style\":\"solid\",\"border-width\":\"0px\",\"border-radius\":[\"0\",\"0\",\"0px\",\"0\"],\"opacity\":\"1\",\"scalex\":\"1\",\"scaley\":\"1\",\"skewx\":\"0\",\"skewy\":\"0\",\"xrotate\":\"0\",\"yrotate\":\"0\",\"2d_rotation\":\"0\",\"speed\":\"300\",\"easing\":\"power3.inOut\"}','{\"idle\":\"\",\"hover\":\"\"}','{\"color\":\"#ffffff\",\"color-transparency\":\"1\",\"font-size\":\"15px\",\"line-height\":\"24px\",\"font-weight\":\"300\",\"font-style\":\"normal\",\"font-family\":\"Roboto Slab\",\"padding\":[\"0\",\"0\",\"0\",\"0\"],\"text-decoration\":\"none\",\"background-color\":\"#ffffff\",\"background-transparency\":\"0\",\"border-color\":\"transparent\",\"border-transparency\":\"1\",\"border-style\":\"none\",\"border-width\":\"0\",\"border-radius\":[\"0\",\"0\",\"0\",\"0\"],\"z\":\"0\",\"skewx\":\"0\",\"skewy\":\"0\",\"scalex\":\"1\",\"scaley\":\"1\",\"opacity\":\"1\",\"xrotate\":\"0\",\"yrotate\":\"0\",\"2d_rotation\":\"0\",\"2d_origin_x\":\"50\",\"2d_origin_y\":\"50\",\"pers\":\"600\"}'),(72,'.tp-caption.Photography-Display','{\"hover\":\"false\",\"version\":\"5.0\",\"translated\":\"5\"}','{\"color\":\"#ffffff\",\"color-transparency\":\"1\",\"text-decoration\":\"none\",\"background-color\":\"transparent\",\"background-transparency\":\"0\",\"border-color\":\"transparent\",\"border-transparency\":\"1\",\"border-style\":\"none\",\"border-width\":\"0\",\"border-radius\":[\"0\",\"0\",\"0\",\"0\"],\"opacity\":\"1\",\"scalex\":\"1\",\"scaley\":\"1\",\"skewx\":\"0\",\"skewy\":\"0\",\"xrotate\":\"0\",\"yrotate\":\"0\",\"2d_rotation\":\"0\",\"speed\":\"0\",\"easing\":\"none\"}','{\"idle\":{\"letter-spacing\":\"5px\"},\"hover\":\"\"}','{\"color\":\"#ffffff\",\"color-transparency\":\"1\",\"font-size\":\"80px\",\"line-height\":\"70px\",\"font-weight\":\"100\",\"font-style\":\"normal\",\"font-family\":\"Raleway\",\"padding\":[\"0\",\"0\",\"0\",\"0\"],\"text-decoration\":\"none\",\"background-color\":\"transparent\",\"background-transparency\":\"1\",\"border-color\":\"transparent\",\"border-transparency\":\"1\",\"border-style\":\"none\",\"border-width\":\"0\",\"border-radius\":[\"0\",\"0\",\"0\",\"0\"],\"z\":\"0\",\"skewx\":\"0\",\"skewy\":\"0\",\"scalex\":\"1\",\"scaley\":\"1\",\"opacity\":\"1\",\"xrotate\":\"0\",\"yrotate\":\"0\",\"2d_rotation\":\"0\",\"2d_origin_x\":\"50\",\"2d_origin_y\":\"50\",\"pers\":\"600\"}'),(73,'.tp-caption.Photography-Subline','{\"hover\":\"false\",\"version\":\"5.0\",\"translated\":\"5\"}','{\"color\":\"#ffffff\",\"color-transparency\":\"1\",\"text-decoration\":\"none\",\"background-color\":\"transparent\",\"background-transparency\":\"0\",\"border-color\":\"transparent\",\"border-transparency\":\"1\",\"border-style\":\"none\",\"border-width\":\"0\",\"border-radius\":[\"0\",\"0\",\"0\",\"0\"],\"opacity\":\"1\",\"scalex\":\"1\",\"scaley\":\"1\",\"skewx\":\"0\",\"skewy\":\"0\",\"xrotate\":\"0\",\"yrotate\":\"0\",\"2d_rotation\":\"0\",\"speed\":\"0\",\"easing\":\"none\"}','{\"idle\":{\"letter-spacing\":\"3px\"},\"hover\":\"\"}','{\"color\":\"#777777\",\"color-transparency\":\"1\",\"font-size\":\"20px\",\"line-height\":\"30px\",\"font-weight\":\"300\",\"font-style\":\"normal\",\"font-family\":\"Raleway\",\"padding\":[\"0\",\"0\",\"0\",\"0\"],\"text-decoration\":\"none\",\"background-color\":\"transparent\",\"background-transparency\":\"1\",\"border-color\":\"transparent\",\"border-transparency\":\"1\",\"border-style\":\"none\",\"border-width\":\"0\",\"border-radius\":[\"0\",\"0\",\"0\",\"0\"],\"z\":\"0\",\"skewx\":\"0\",\"skewy\":\"0\",\"scalex\":\"1\",\"scaley\":\"1\",\"opacity\":\"1\",\"xrotate\":\"0\",\"yrotate\":\"0\",\"2d_rotation\":\"0\",\"2d_origin_x\":\"50\",\"2d_origin_y\":\"50\",\"pers\":\"600\"}'),(74,'.tp-caption.Photography-ImageHover','{\"hover\":\"true\",\"version\":\"5.0\",\"translated\":\"5\"}','{\"color\":\"#ffffff\",\"color-transparency\":\"1\",\"text-decoration\":\"none\",\"background-color\":\"transparent\",\"background-transparency\":\"0\",\"border-color\":\"transparent\",\"border-transparency\":\"1\",\"border-style\":\"none\",\"border-width\":\"0\",\"border-radius\":[\"0\",\"0\",\"0\",\"0\"],\"opacity\":\"0.5\",\"scalex\":\"0.8\",\"scaley\":\"0.8\",\"skewx\":\"0\",\"skewy\":\"0\",\"xrotate\":\"0\",\"yrotate\":\"0\",\"2d_rotation\":\"0\",\"speed\":\"1000\",\"easing\":\"power3.inOut\"}','{\"idle\":\"\",\"hover\":\"\"}','{\"color\":\"#ffffff\",\"color-transparency\":\"1\",\"font-size\":\"20\",\"line-height\":\"22\",\"font-weight\":\"400\",\"font-style\":\"normal\",\"font-family\":\"\",\"padding\":[\"0\",\"0\",\"0\",\"0\"],\"text-decoration\":\"none\",\"background-color\":\"transparent\",\"background-transparency\":\"1\",\"border-color\":\"#ffffff\",\"border-transparency\":\"0\",\"border-style\":\"none\",\"border-width\":\"0px\",\"border-radius\":[\"0\",\"0\",\"0\",\"0\"],\"z\":\"0\",\"skewx\":\"0\",\"skewy\":\"0\",\"scalex\":\"1\",\"scaley\":\"1\",\"opacity\":\"1\",\"xrotate\":\"0\",\"yrotate\":\"0\",\"2d_rotation\":\"0\",\"2d_origin_x\":\"50\",\"2d_origin_y\":\"50\",\"pers\":\"600\"}'),(75,'.tp-caption.Photography-Menuitem','{\"hover\":\"true\",\"version\":\"5.0\",\"translated\":\"5\"}','{\"color\":\"#ffffff\",\"color-transparency\":\"1\",\"text-decoration\":\"none\",\"background-color\":\"#00ffde\",\"background-transparency\":\"0.65\",\"border-color\":\"transparent\",\"border-transparency\":\"1\",\"border-style\":\"none\",\"border-width\":\"0\",\"border-radius\":[\"0\",\"0\",\"0\",\"0\"],\"opacity\":\"1\",\"scalex\":\"1\",\"scaley\":\"1\",\"skewx\":\"0\",\"skewy\":\"0\",\"xrotate\":\"0\",\"yrotate\":\"0\",\"2d_rotation\":\"0\",\"pointer_events\":\"auto\",\"css_cursor\":\"pointer\",\"speed\":\"200\",\"easing\":\"none\"}','{\"idle\":{\"letter-spacing\":\"2px\"},\"hover\":\"\"}','{\"color\":\"#ffffff\",\"color-transparency\":\"1\",\"font-size\":\"20px\",\"line-height\":\"20px\",\"font-weight\":\"300\",\"font-style\":\"normal\",\"font-family\":\"Raleway\",\"padding\":[\"3px\",\"5px\",\"3px\",\"8px\"],\"text-decoration\":\"none\",\"background-color\":\"#000000\",\"background-transparency\":\"0.65\",\"border-color\":\"transparent\",\"border-transparency\":\"1\",\"border-style\":\"none\",\"border-width\":\"0\",\"border-radius\":[\"0\",\"0\",\"0\",\"0\"],\"z\":\"0\",\"skewx\":\"0\",\"skewy\":\"0\",\"scalex\":\"1\",\"scaley\":\"1\",\"opacity\":\"1\",\"xrotate\":\"0\",\"yrotate\":\"0\",\"2d_rotation\":\"0\",\"2d_origin_x\":\"50\",\"2d_origin_y\":\"50\",\"pers\":\"600\"}'),(76,'.tp-caption.Photography-Textblock','{\"hover\":\"false\",\"version\":\"5.0\",\"translated\":\"5\"}','{\"color\":\"#ffffff\",\"color-transparency\":\"1\",\"text-decoration\":\"none\",\"background-color\":\"transparent\",\"background-transparency\":\"0\",\"border-color\":\"transparent\",\"border-transparency\":\"1\",\"border-style\":\"none\",\"border-width\":\"0\",\"border-radius\":[\"0\",\"0\",\"0\",\"0\"],\"opacity\":\"1\",\"scalex\":\"1\",\"scaley\":\"1\",\"skewx\":\"0\",\"skewy\":\"0\",\"xrotate\":\"0\",\"yrotate\":\"0\",\"2d_rotation\":\"0\",\"speed\":\"0\",\"easing\":\"none\"}','{\"idle\":{\"letter-spacing\":\"2px\"},\"hover\":\"\"}','{\"color\":\"#fff\",\"color-transparency\":\"1\",\"font-size\":\"17px\",\"line-height\":\"30px\",\"font-weight\":\"300\",\"font-style\":\"normal\",\"font-family\":\"Raleway\",\"padding\":[\"0\",\"0\",\"0\",\"0\"],\"text-decoration\":\"none\",\"background-color\":\"transparent\",\"background-transparency\":\"1\",\"border-color\":\"transparent\",\"border-transparency\":\"1\",\"border-style\":\"none\",\"border-width\":\"0\",\"border-radius\":[\"0\",\"0\",\"0\",\"0\"],\"z\":\"0\",\"skewx\":\"0\",\"skewy\":\"0\",\"scalex\":\"1\",\"scaley\":\"1\",\"opacity\":\"1\",\"xrotate\":\"0\",\"yrotate\":\"0\",\"2d_rotation\":\"0\",\"2d_origin_x\":\"50\",\"2d_origin_y\":\"50\",\"pers\":\"600\"}'),(77,'.tp-caption.Photography-Subline-2','{\"hover\":\"false\",\"version\":\"5.0\",\"translated\":\"5\"}','{\"color\":\"#ffffff\",\"color-transparency\":\"1\",\"text-decoration\":\"none\",\"background-color\":\"transparent\",\"background-transparency\":\"0\",\"border-color\":\"transparent\",\"border-transparency\":\"1\",\"border-style\":\"none\",\"border-width\":\"0\",\"border-radius\":[\"0\",\"0\",\"0\",\"0\"],\"opacity\":\"1\",\"scalex\":\"1\",\"scaley\":\"1\",\"skewx\":\"0\",\"skewy\":\"0\",\"xrotate\":\"0\",\"yrotate\":\"0\",\"2d_rotation\":\"0\",\"pointer_events\":\"auto\",\"css_cursor\":\"auto\",\"speed\":\"0\",\"easing\":\"none\"}','{\"idle\":{\"letter-spacing\":\"3px\"},\"hover\":\"\"}','{\"color\":\"#ffffff\",\"color-transparency\":\"0.35\",\"font-size\":\"20px\",\"line-height\":\"30px\",\"font-weight\":\"300\",\"font-style\":\"normal\",\"font-family\":\"Raleway\",\"padding\":[\"0\",\"0\",\"0\",\"0\"],\"text-decoration\":\"none\",\"background-color\":\"transparent\",\"background-transparency\":\"1\",\"border-color\":\"transparent\",\"border-transparency\":\"1\",\"border-style\":\"none\",\"border-width\":\"0\",\"border-radius\":[\"0\",\"0\",\"0\",\"0\"],\"z\":\"0\",\"skewx\":\"0\",\"skewy\":\"0\",\"scalex\":\"1\",\"scaley\":\"1\",\"opacity\":\"1\",\"xrotate\":\"0\",\"yrotate\":\"0\",\"2d_rotation\":\"0\",\"2d_origin_x\":\"50\",\"2d_origin_y\":\"50\",\"pers\":\"600\"}'),(78,'.tp-caption.Photography-ImageHover2','{\"hover\":\"true\",\"version\":\"5.0\",\"translated\":\"5\"}','{\"color\":\"#ffffff\",\"color-transparency\":\"1\",\"text-decoration\":\"none\",\"background-color\":\"transparent\",\"background-transparency\":\"0\",\"border-color\":\"transparent\",\"border-transparency\":\"1\",\"border-style\":\"none\",\"border-width\":\"0\",\"border-radius\":[\"0\",\"0\",\"0\",\"0\"],\"opacity\":\"0.5\",\"scalex\":\"0.8\",\"scaley\":\"0.8\",\"skewx\":\"0\",\"skewy\":\"0\",\"xrotate\":\"0\",\"yrotate\":\"0\",\"2d_rotation\":\"0\",\"pointer_events\":\"auto\",\"css_cursor\":\"pointer\",\"speed\":\"500\",\"easing\":\"back.out\"}','{\"idle\":\"\",\"hover\":\"\"}','{\"color\":\"#ffffff\",\"color-transparency\":\"1\",\"font-size\":\"20\",\"line-height\":\"22\",\"font-weight\":\"400\",\"font-style\":\"normal\",\"font-family\":\"Arial\",\"padding\":[\"0\",\"0\",\"0\",\"0\"],\"text-decoration\":\"none\",\"background-color\":\"transparent\",\"background-transparency\":\"1\",\"border-color\":\"#ffffff\",\"border-transparency\":\"0\",\"border-style\":\"none\",\"border-width\":\"0px\",\"border-radius\":[\"0\",\"0\",\"0\",\"0\"],\"z\":\"0\",\"skewx\":\"0\",\"skewy\":\"0\",\"scalex\":\"1\",\"scaley\":\"1\",\"opacity\":\"1\",\"xrotate\":\"0\",\"yrotate\":\"0\",\"2d_rotation\":\"0\",\"2d_origin_x\":\"50\",\"2d_origin_y\":\"50\",\"pers\":\"600\"}'),(79,'.tp-caption.WebProduct-Title','{\"hover\":\"false\",\"version\":\"5.0\",\"translated\":\"5\"}','{\"color\":\"#ffffff\",\"color-transparency\":\"1\",\"text-decoration\":\"none\",\"background-color\":\"transparent\",\"background-transparency\":\"0\",\"border-color\":\"transparent\",\"border-transparency\":\"1\",\"border-style\":\"none\",\"border-width\":\"0\",\"border-radius\":[\"0\",\"0\",\"0\",\"0\"],\"opacity\":\"1\",\"scalex\":\"1\",\"scaley\":\"1\",\"skewx\":\"0\",\"skewy\":\"0\",\"xrotate\":\"0\",\"yrotate\":\"0\",\"2d_rotation\":\"0\",\"pointer_events\":\"auto\",\"css_cursor\":\"auto\",\"speed\":\"0\",\"easing\":\"none\"}','{\"idle\":\"\",\"hover\":\"\"}','{\"color\":\"#333333\",\"color-transparency\":\"1\",\"font-size\":\"90px\",\"line-height\":\"90px\",\"font-weight\":\"100\",\"font-style\":\"normal\",\"font-family\":\"Raleway\",\"padding\":[\"0\",\"0\",\"0\",\"0\"],\"text-decoration\":\"none\",\"background-color\":\"transparent\",\"background-transparency\":\"0\",\"border-color\":\"transparent\",\"border-transparency\":\"1\",\"border-style\":\"none\",\"border-width\":\"0\",\"border-radius\":[\"0\",\"0\",\"0\",\"0\"],\"z\":\"0\",\"skewx\":\"0\",\"skewy\":\"0\",\"scalex\":\"1\",\"scaley\":\"1\",\"opacity\":\"1\",\"xrotate\":\"0\",\"yrotate\":\"0\",\"2d_rotation\":\"0\",\"2d_origin_x\":\"50\",\"2d_origin_y\":\"50\",\"pers\":\"600\"}'),(80,'.tp-caption.WebProduct-Title','{\"hover\":\"false\",\"version\":\"5.0\",\"translated\":\"5\"}','{\"color\":\"#ffffff\",\"color-transparency\":\"1\",\"text-decoration\":\"none\",\"background-color\":\"transparent\",\"background-transparency\":\"0\",\"border-color\":\"transparent\",\"border-transparency\":\"1\",\"border-style\":\"none\",\"border-width\":\"0\",\"border-radius\":[\"0\",\"0\",\"0\",\"0\"],\"opacity\":\"1\",\"scalex\":\"1\",\"scaley\":\"1\",\"skewx\":\"0\",\"skewy\":\"0\",\"xrotate\":\"0\",\"yrotate\":\"0\",\"2d_rotation\":\"0\",\"pointer_events\":\"auto\",\"css_cursor\":\"auto\",\"speed\":\"0\",\"easing\":\"none\"}','{\"idle\":\"\",\"hover\":\"\"}','{\"color\":\"#333333\",\"color-transparency\":\"1\",\"font-size\":\"90px\",\"line-height\":\"90px\",\"font-weight\":\"100\",\"font-style\":\"normal\",\"font-family\":\"Raleway\",\"padding\":[\"0\",\"0\",\"0\",\"0\"],\"text-decoration\":\"none\",\"background-color\":\"transparent\",\"background-transparency\":\"0\",\"border-color\":\"transparent\",\"border-transparency\":\"1\",\"border-style\":\"none\",\"border-width\":\"0\",\"border-radius\":[\"0\",\"0\",\"0\",\"0\"],\"z\":\"0\",\"skewx\":\"0\",\"skewy\":\"0\",\"scalex\":\"1\",\"scaley\":\"1\",\"opacity\":\"1\",\"xrotate\":\"0\",\"yrotate\":\"0\",\"2d_rotation\":\"0\",\"2d_origin_x\":\"50\",\"2d_origin_y\":\"50\",\"pers\":\"600\"}'),(81,'.tp-caption.WebProduct-SubTitle','{\"hover\":\"false\",\"version\":\"5.0\",\"translated\":\"5\"}','{\"color\":\"#ffffff\",\"color-transparency\":\"1\",\"text-decoration\":\"none\",\"background-color\":\"transparent\",\"background-transparency\":\"0\",\"border-color\":\"transparent\",\"border-transparency\":\"1\",\"border-style\":\"none\",\"border-width\":\"0\",\"border-radius\":[\"0\",\"0\",\"0\",\"0\"],\"opacity\":\"1\",\"scalex\":\"1\",\"scaley\":\"1\",\"skewx\":\"0\",\"skewy\":\"0\",\"xrotate\":\"0\",\"yrotate\":\"0\",\"2d_rotation\":\"0\",\"pointer_events\":\"auto\",\"css_cursor\":\"auto\",\"speed\":\"0\",\"easing\":\"none\"}','{\"idle\":\"\",\"hover\":\"\"}','{\"color\":\"#999999\",\"color-transparency\":\"1\",\"font-size\":\"15px\",\"line-height\":\"20px\",\"font-weight\":\"400\",\"font-style\":\"normal\",\"font-family\":\"Raleway\",\"padding\":[\"0\",\"0\",\"0\",\"0\"],\"text-decoration\":\"none\",\"background-color\":\"transparent\",\"background-transparency\":\"0\",\"border-color\":\"transparent\",\"border-transparency\":\"1\",\"border-style\":\"none\",\"border-width\":\"0\",\"border-radius\":[\"0\",\"0\",\"0\",\"0\"],\"z\":\"0\",\"skewx\":\"0\",\"skewy\":\"0\",\"scalex\":\"1\",\"scaley\":\"1\",\"opacity\":\"1\",\"xrotate\":\"0\",\"yrotate\":\"0\",\"2d_rotation\":\"0\",\"2d_origin_x\":\"50\",\"2d_origin_y\":\"50\",\"pers\":\"600\"}'),(82,'.tp-caption.WebProduct-SubTitle','{\"hover\":\"false\",\"version\":\"5.0\",\"translated\":\"5\"}','{\"color\":\"#ffffff\",\"color-transparency\":\"1\",\"text-decoration\":\"none\",\"background-color\":\"transparent\",\"background-transparency\":\"0\",\"border-color\":\"transparent\",\"border-transparency\":\"1\",\"border-style\":\"none\",\"border-width\":\"0\",\"border-radius\":[\"0\",\"0\",\"0\",\"0\"],\"opacity\":\"1\",\"scalex\":\"1\",\"scaley\":\"1\",\"skewx\":\"0\",\"skewy\":\"0\",\"xrotate\":\"0\",\"yrotate\":\"0\",\"2d_rotation\":\"0\",\"pointer_events\":\"auto\",\"css_cursor\":\"auto\",\"speed\":\"0\",\"easing\":\"none\"}','{\"idle\":\"\",\"hover\":\"\"}','{\"color\":\"#999999\",\"color-transparency\":\"1\",\"font-size\":\"15px\",\"line-height\":\"20px\",\"font-weight\":\"400\",\"font-style\":\"normal\",\"font-family\":\"Raleway\",\"padding\":[\"0\",\"0\",\"0\",\"0\"],\"text-decoration\":\"none\",\"background-color\":\"transparent\",\"background-transparency\":\"0\",\"border-color\":\"transparent\",\"border-transparency\":\"1\",\"border-style\":\"none\",\"border-width\":\"0\",\"border-radius\":[\"0\",\"0\",\"0\",\"0\"],\"z\":\"0\",\"skewx\":\"0\",\"skewy\":\"0\",\"scalex\":\"1\",\"scaley\":\"1\",\"opacity\":\"1\",\"xrotate\":\"0\",\"yrotate\":\"0\",\"2d_rotation\":\"0\",\"2d_origin_x\":\"50\",\"2d_origin_y\":\"50\",\"pers\":\"600\"}'),(83,'.tp-caption.WebProduct-Content','{\"hover\":\"false\",\"version\":\"5.0\",\"translated\":\"5\"}','{\"color\":\"#ffffff\",\"color-transparency\":\"1\",\"text-decoration\":\"none\",\"background-color\":\"transparent\",\"background-transparency\":\"0\",\"border-color\":\"transparent\",\"border-transparency\":\"1\",\"border-style\":\"none\",\"border-width\":\"0\",\"border-radius\":[\"0\",\"0\",\"0\",\"0\"],\"opacity\":\"1\",\"scalex\":\"1\",\"scaley\":\"1\",\"skewx\":\"0\",\"skewy\":\"0\",\"xrotate\":\"0\",\"yrotate\":\"0\",\"2d_rotation\":\"0\",\"pointer_events\":\"auto\",\"css_cursor\":\"auto\",\"speed\":\"0\",\"easing\":\"none\"}','{\"idle\":\"\",\"hover\":\"\"}','{\"color\":\"#999999\",\"color-transparency\":\"1\",\"font-size\":\"16px\",\"line-height\":\"24px\",\"font-weight\":\"600\",\"font-style\":\"normal\",\"font-family\":\"Raleway\",\"padding\":[\"0\",\"0\",\"0\",\"0\"],\"text-decoration\":\"none\",\"background-color\":\"transparent\",\"background-transparency\":\"0\",\"border-color\":\"transparent\",\"border-transparency\":\"1\",\"border-style\":\"none\",\"border-width\":\"0\",\"border-radius\":[\"0\",\"0\",\"0\",\"0\"],\"z\":\"0\",\"skewx\":\"0\",\"skewy\":\"0\",\"scalex\":\"1\",\"scaley\":\"1\",\"opacity\":\"1\",\"xrotate\":\"0\",\"yrotate\":\"0\",\"2d_rotation\":\"0\",\"2d_origin_x\":\"50\",\"2d_origin_y\":\"50\",\"pers\":\"600\"}'),(84,'.tp-caption.WebProduct-Menuitem','{\"hover\":\"true\",\"version\":\"5.0\",\"translated\":\"5\"}','{\"color\":\"#999999\",\"color-transparency\":\"1\",\"text-decoration\":\"none\",\"background-color\":\"#ffffff\",\"background-transparency\":\"1\",\"border-color\":\"transparent\",\"border-transparency\":\"1\",\"border-style\":\"none\",\"border-width\":\"0\",\"border-radius\":[\"0\",\"0\",\"0\",\"0\"],\"opacity\":\"1\",\"scalex\":\"1\",\"scaley\":\"1\",\"skewx\":\"0\",\"skewy\":\"0\",\"xrotate\":\"0\",\"yrotate\":\"0\",\"2d_rotation\":\"0\",\"pointer_events\":\"auto\",\"css_cursor\":\"pointer\",\"speed\":\"200\",\"easing\":\"none\"}','{\"idle\":{\"letter-spacing\":\"2px\"},\"hover\":\"\"}','{\"color\":\"#ffffff\",\"color-transparency\":\"1\",\"font-size\":\"15px\",\"line-height\":\"20px\",\"font-weight\":\"500\",\"font-style\":\"normal\",\"font-family\":\"Raleway\",\"padding\":[\"3px\",\"5px\",\"3px\",\"8px\"],\"text-decoration\":\"none\",\"text-align\":\"left\",\"background-color\":\"#333333\",\"background-transparency\":\"1\",\"border-color\":\"transparent\",\"border-transparency\":\"1\",\"border-style\":\"none\",\"border-width\":\"0\",\"border-radius\":[\"0\",\"0\",\"0\",\"0\"],\"z\":\"0\",\"skewx\":\"0\",\"skewy\":\"0\",\"scalex\":\"1\",\"scaley\":\"1\",\"opacity\":\"1\",\"xrotate\":\"0\",\"yrotate\":\"0\",\"2d_rotation\":\"0\",\"2d_origin_x\":\"50\",\"2d_origin_y\":\"50\",\"pers\":\"600\",\"corner_left\":\"nothing\",\"corner_right\":\"nothing\",\"parallax\":\"-\"}'),(85,'.tp-caption.WebProduct-Title-Light','{\"hover\":\"false\",\"version\":\"5.0\",\"translated\":\"5\"}','{\"color\":\"#ffffff\",\"color-transparency\":\"1\",\"text-decoration\":\"none\",\"background-color\":\"transparent\",\"background-transparency\":\"0\",\"border-color\":\"transparent\",\"border-transparency\":\"1\",\"border-style\":\"none\",\"border-width\":\"0\",\"border-radius\":[\"0\",\"0\",\"0\",\"0\"],\"opacity\":\"1\",\"scalex\":\"1\",\"scaley\":\"1\",\"skewx\":\"0\",\"skewy\":\"0\",\"xrotate\":\"0\",\"yrotate\":\"0\",\"2d_rotation\":\"0\",\"pointer_events\":\"auto\",\"css_cursor\":\"auto\",\"speed\":\"0\",\"easing\":\"none\"}','{\"idle\":\"\",\"hover\":\"\"}','{\"color\":\"#fff\",\"color-transparency\":\"1\",\"font-size\":\"90px\",\"line-height\":\"90px\",\"font-weight\":\"100\",\"font-style\":\"normal\",\"font-family\":\"Raleway\",\"padding\":[\"0\",\"0\",\"0\",\"0\"],\"text-decoration\":\"none\",\"text-align\":\"left\",\"background-color\":\"transparent\",\"background-transparency\":\"1\",\"border-color\":\"transparent\",\"border-transparency\":\"1\",\"border-style\":\"none\",\"border-width\":\"0\",\"border-radius\":[\"0\",\"0\",\"0\",\"0\"],\"z\":\"0\",\"skewx\":\"0\",\"skewy\":\"0\",\"scalex\":\"1\",\"scaley\":\"1\",\"opacity\":\"1\",\"xrotate\":\"0\",\"yrotate\":\"0\",\"2d_rotation\":\"0\",\"2d_origin_x\":\"50\",\"2d_origin_y\":\"50\",\"pers\":\"600\",\"corner_left\":\"nothing\",\"corner_right\":\"nothing\",\"parallax\":\"-\"}'),(86,'.tp-caption.WebProduct-SubTitle-Light','{\"hover\":\"false\",\"version\":\"5.0\",\"translated\":\"5\"}','{\"color\":\"#ffffff\",\"color-transparency\":\"1\",\"text-decoration\":\"none\",\"background-color\":\"transparent\",\"background-transparency\":\"0\",\"border-color\":\"transparent\",\"border-transparency\":\"1\",\"border-style\":\"none\",\"border-width\":\"0\",\"border-radius\":[\"0\",\"0\",\"0\",\"0\"],\"opacity\":\"1\",\"scalex\":\"1\",\"scaley\":\"1\",\"skewx\":\"0\",\"skewy\":\"0\",\"xrotate\":\"0\",\"yrotate\":\"0\",\"2d_rotation\":\"0\",\"pointer_events\":\"auto\",\"css_cursor\":\"auto\",\"speed\":\"0\",\"easing\":\"none\"}','{\"idle\":\"\",\"hover\":\"\"}','{\"color\":\"#ffffff\",\"color-transparency\":\"0.35\",\"font-size\":\"15px\",\"line-height\":\"20px\",\"font-weight\":\"400\",\"font-style\":\"normal\",\"font-family\":\"Raleway\",\"padding\":[\"0\",\"0\",\"0\",\"0\"],\"text-decoration\":\"none\",\"text-align\":\"left\",\"background-color\":\"transparent\",\"background-transparency\":\"1\",\"border-color\":\"transparent\",\"border-transparency\":\"1\",\"border-style\":\"none\",\"border-width\":\"0\",\"border-radius\":[\"0\",\"0\",\"0\",\"0\"],\"z\":\"0\",\"skewx\":\"0\",\"skewy\":\"0\",\"scalex\":\"1\",\"scaley\":\"1\",\"opacity\":\"1\",\"xrotate\":\"0\",\"yrotate\":\"0\",\"2d_rotation\":\"0\",\"2d_origin_x\":\"50\",\"2d_origin_y\":\"50\",\"pers\":\"600\",\"corner_left\":\"nothing\",\"parallax\":\"-\"}'),(87,'.tp-caption.WebProduct-Content-Light','{\"hover\":\"false\",\"version\":\"5.0\",\"translated\":\"5\"}','{\"color\":\"#ffffff\",\"color-transparency\":\"1\",\"text-decoration\":\"none\",\"background-color\":\"transparent\",\"background-transparency\":\"0\",\"border-color\":\"transparent\",\"border-transparency\":\"1\",\"border-style\":\"none\",\"border-width\":\"0\",\"border-radius\":[\"0\",\"0\",\"0\",\"0\"],\"opacity\":\"1\",\"scalex\":\"1\",\"scaley\":\"1\",\"skewx\":\"0\",\"skewy\":\"0\",\"xrotate\":\"0\",\"yrotate\":\"0\",\"2d_rotation\":\"0\",\"pointer_events\":\"auto\",\"css_cursor\":\"auto\",\"speed\":\"0\",\"easing\":\"none\"}','{\"idle\":\"\",\"hover\":\"\"}','{\"color\":\"#ffffff\",\"color-transparency\":\"0.65\",\"font-size\":\"16px\",\"line-height\":\"24px\",\"font-weight\":\"600\",\"font-style\":\"normal\",\"font-family\":\"Raleway\",\"padding\":[\"0\",\"0\",\"0\",\"0\"],\"text-decoration\":\"none\",\"text-align\":\"left\",\"background-color\":\"transparent\",\"background-transparency\":\"1\",\"border-color\":\"transparent\",\"border-transparency\":\"1\",\"border-style\":\"none\",\"border-width\":\"0\",\"border-radius\":[\"0\",\"0\",\"0\",\"0\"],\"z\":\"0\",\"skewx\":\"0\",\"skewy\":\"0\",\"scalex\":\"1\",\"scaley\":\"1\",\"opacity\":\"1\",\"xrotate\":\"0\",\"yrotate\":\"0\",\"2d_rotation\":\"0\",\"2d_origin_x\":\"50\",\"2d_origin_y\":\"50\",\"pers\":\"600\",\"corner_left\":\"nothing\",\"parallax\":\"-\"}'),(88,'.tp-caption.FatRounded','{\"hover\":\"true\",\"type\":\"text\",\"version\":\"5.0\",\"translated\":\"5\"}','{\"color\":\"#fff\",\"color-transparency\":\"1\",\"text-decoration\":\"none\",\"background-color\":\"#000000\",\"background-transparency\":\"1\",\"border-color\":\"#d3d3d3\",\"border-transparency\":\"1\",\"border-style\":\"none\",\"border-width\":\"0px\",\"border-radius\":[\"50px\",\"50px\",\"50px\",\"50px\"],\"opacity\":\"1\",\"scalex\":\"1\",\"scaley\":\"1\",\"skewx\":\"0\",\"skewy\":\"0\",\"xrotate\":\"0\",\"yrotate\":\"0\",\"2d_rotation\":\"0\",\"pointer_events\":\"auto\",\"css_cursor\":\"pointer\",\"speed\":\"300\",\"easing\":\"none\"}','{\"idle\":{\"text-shadow\":\"none\"},\"hover\":\"\"}','{\"color\":\"#fff\",\"color-transparency\":\"1\",\"font-size\":\"30px\",\"line-height\":\"30px\",\"font-weight\":\"900\",\"font-style\":\"normal\",\"font-family\":\"Raleway\",\"padding\":[\"20px\",\"22px\",\"20px\",\"25px\"],\"text-decoration\":\"none\",\"text-align\":\"left\",\"background-color\":\"#000000\",\"background-transparency\":\"0.5\",\"border-color\":\"#d3d3d3\",\"border-transparency\":\"1\",\"border-style\":\"none\",\"border-width\":\"0px\",\"border-radius\":[\"50px\",\"50px\",\"50px\",\"50px\"],\"z\":\"0\",\"skewx\":\"0\",\"skewy\":\"0\",\"scalex\":\"1\",\"scaley\":\"1\",\"opacity\":\"1\",\"xrotate\":\"0\",\"yrotate\":\"0\",\"2d_rotation\":\"0\",\"2d_origin_x\":\"50\",\"2d_origin_y\":\"50\",\"pers\":\"600\",\"corner_left\":\"nothing\",\"corner_right\":\"nothing\",\"parallax\":\"-\"}'),(89,'.tp-caption.NotGeneric-Title','{\"translated\":5,\"type\":\"text\",\"version\":\"5.0\"}','{\"color\":\"#ffffff\",\"color-transparency\":\"1\",\"text-decoration\":\"none\",\"background-color\":\"transparent\",\"background-transparency\":\"0\",\"border-color\":\"transparent\",\"border-transparency\":\"1\",\"border-style\":\"none\",\"border-width\":\"0\",\"border-radius\":[\"0\",\"0\",\"0\",\"0\"],\"opacity\":\"1\",\"scalex\":\"1\",\"scaley\":\"1\",\"skewx\":\"0\",\"skewy\":\"0\",\"xrotate\":\"0\",\"yrotate\":\"0\",\"2d_rotation\":\"0\",\"pointer_events\":\"auto\",\"css_cursor\":\"auto\",\"speed\":\"0\",\"easing\":\"none\"}','{\"idle\":\"[object Object]\",\"hover\":\"\"}','{\"color\":\"#ffffff\",\"color-transparency\":\"1\",\"font-size\":\"70px\",\"line-height\":\"70px\",\"font-weight\":\"800\",\"font-style\":\"normal\",\"font-family\":\"Raleway\",\"padding\":\"10px 0px 10px 0\",\"text-decoration\":\"none\",\"background-color\":\"transparent\",\"background-transparency\":\"1\",\"border-color\":\"transparent\",\"border-transparency\":\"1\",\"border-style\":\"none\",\"border-width\":\"0\",\"border-radius\":\"0 0 0 0\",\"z\":\"0\",\"skewx\":\"0\",\"skewy\":\"0\",\"scalex\":\"1\",\"scaley\":\"1\",\"opacity\":\"1\",\"xrotate\":\"0\",\"yrotate\":\"0\",\"2d_rotation\":\"0\",\"2d_origin_x\":\"50\",\"2d_origin_y\":\"50\",\"pers\":\"600\",\"corner_left\":\"nothing\",\"corner_right\":\"nothing\",\"parallax\":\"-\"}'),(90,'.tp-caption.NotGeneric-SubTitle','{\"translated\":5,\"type\":\"text\",\"version\":\"5.0\"}','{\"color\":\"#ffffff\",\"color-transparency\":\"1\",\"text-decoration\":\"none\",\"background-color\":\"transparent\",\"background-transparency\":\"0\",\"border-color\":\"transparent\",\"border-transparency\":\"1\",\"border-style\":\"none\",\"border-width\":\"0\",\"border-radius\":[\"0\",\"0\",\"0\",\"0\"],\"opacity\":\"1\",\"scalex\":\"1\",\"scaley\":\"1\",\"skewx\":\"0\",\"skewy\":\"0\",\"xrotate\":\"0\",\"yrotate\":\"0\",\"2d_rotation\":\"0\",\"pointer_events\":\"auto\",\"css_cursor\":\"auto\",\"speed\":\"0\",\"easing\":\"none\"}','{\"idle\":{\"letter-spacing\":\"4px\",\"text-align\":\"left\"},\"hover\":\"\"}','{\"color\":\"#ffffff\",\"color-transparency\":\"1\",\"font-size\":\"13px\",\"line-height\":\"20px\",\"font-weight\":\"500\",\"font-style\":\"normal\",\"font-family\":\"Raleway\",\"padding\":\"0 0 0 0\",\"text-decoration\":\"none\",\"background-color\":\"transparent\",\"background-transparency\":\"1\",\"border-color\":\"transparent\",\"border-transparency\":\"1\",\"border-style\":\"none\",\"border-width\":\"0\",\"border-radius\":\"0 0 0 0\",\"z\":\"0\",\"skewx\":\"0\",\"skewy\":\"0\",\"scalex\":\"1\",\"scaley\":\"1\",\"opacity\":\"1\",\"xrotate\":\"0\",\"yrotate\":\"0\",\"2d_rotation\":\"0\",\"2d_origin_x\":\"50\",\"2d_origin_y\":\"50\",\"pers\":\"600\",\"corner_left\":\"nothing\",\"corner_right\":\"nothing\",\"parallax\":\"-\"}'),(91,'.tp-caption.NotGeneric-CallToAction','{\"hover\":\"true\",\"translated\":5,\"type\":\"text\",\"version\":\"5.0\"}','{\"color\":\"#ffffff\",\"color-transparency\":\"1\",\"text-decoration\":\"none\",\"background-color\":\"transparent\",\"background-transparency\":\"0\",\"border-color\":\"#ffffff\",\"border-transparency\":\"1\",\"border-style\":\"solid\",\"border-width\":\"1\",\"border-radius\":\"0px 0px 0px 0px\",\"opacity\":\"1\",\"scalex\":\"1\",\"scaley\":\"1\",\"skewx\":\"0\",\"skewy\":\"0\",\"xrotate\":\"0\",\"yrotate\":\"0\",\"2d_rotation\":\"0\",\"pointer_events\":\"auto\",\"css_cursor\":\"pointer\",\"speed\":\"300\",\"easing\":\"power3.out\"}','{\"idle\":{\"letter-spacing\":\"3px\",\"text-align\":\"left\"},\"hover\":\"\"}','{\"color\":\"#ffffff\",\"color-transparency\":\"1\",\"font-size\":\"14px\",\"line-height\":\"14px\",\"font-weight\":\"500\",\"font-style\":\"normal\",\"font-family\":\"Raleway\",\"padding\":\"10px 30px 10px 30px\",\"text-decoration\":\"none\",\"background-color\":\"#000000\",\"background-transparency\":\"0\",\"border-color\":\"#ffffff\",\"border-transparency\":\"0.5\",\"border-style\":\"solid\",\"border-width\":\"1\",\"border-radius\":\"0px 0px 0px 0px\",\"z\":\"0\",\"skewx\":\"0\",\"skewy\":\"0\",\"scalex\":\"1\",\"scaley\":\"1\",\"opacity\":\"1\",\"xrotate\":\"0\",\"yrotate\":\"0\",\"2d_rotation\":\"0\",\"2d_origin_x\":\"50\",\"2d_origin_y\":\"50\",\"pers\":\"600\",\"corner_left\":\"nothing\",\"corner_right\":\"nothing\",\"parallax\":\"-\"}'),(92,'.tp-caption.NotGeneric-CallToAction','{\"hover\":\"true\",\"translated\":5,\"type\":\"text\",\"version\":\"5.0\"}','{\"color\":\"#ffffff\",\"color-transparency\":\"1\",\"text-decoration\":\"none\",\"background-color\":\"transparent\",\"background-transparency\":\"0\",\"border-color\":\"#ffffff\",\"border-transparency\":\"1\",\"border-style\":\"solid\",\"border-width\":\"1\",\"border-radius\":\"0px 0px 0px 0px\",\"opacity\":\"1\",\"scalex\":\"1\",\"scaley\":\"1\",\"skewx\":\"0\",\"skewy\":\"0\",\"xrotate\":\"0\",\"yrotate\":\"0\",\"2d_rotation\":\"0\",\"pointer_events\":\"auto\",\"css_cursor\":\"pointer\",\"speed\":\"300\",\"easing\":\"power3.out\"}','{\"idle\":{\"letter-spacing\":\"3px\",\"text-align\":\"left\"},\"hover\":\"\"}','{\"color\":\"#ffffff\",\"color-transparency\":\"1\",\"font-size\":\"14px\",\"line-height\":\"14px\",\"font-weight\":\"500\",\"font-style\":\"normal\",\"font-family\":\"Raleway\",\"padding\":\"10px 30px 10px 30px\",\"text-decoration\":\"none\",\"background-color\":\"#000000\",\"background-transparency\":\"0\",\"border-color\":\"#ffffff\",\"border-transparency\":\"0.5\",\"border-style\":\"solid\",\"border-width\":\"1\",\"border-radius\":\"0px 0px 0px 0px\",\"z\":\"0\",\"skewx\":\"0\",\"skewy\":\"0\",\"scalex\":\"1\",\"scaley\":\"1\",\"opacity\":\"1\",\"xrotate\":\"0\",\"yrotate\":\"0\",\"2d_rotation\":\"0\",\"2d_origin_x\":\"50\",\"2d_origin_y\":\"50\",\"pers\":\"600\",\"corner_left\":\"nothing\",\"corner_right\":\"nothing\",\"parallax\":\"-\"}'),(93,'.tp-caption.NotGeneric-Icon','{\"translated\":5,\"type\":\"text\",\"version\":\"5.0\"}','{\"color\":\"#ffffff\",\"color-transparency\":\"1\",\"text-decoration\":\"none\",\"background-color\":\"transparent\",\"background-transparency\":\"0\",\"border-color\":\"#ffffff\",\"border-transparency\":\"1\",\"border-style\":\"solid\",\"border-width\":\"1\",\"border-radius\":[\"0px\",\"0px\",\"0px\",\"0px\"],\"opacity\":\"1\",\"scalex\":\"1\",\"scaley\":\"1\",\"skewx\":\"0\",\"skewy\":\"0\",\"xrotate\":\"0\",\"yrotate\":\"0\",\"2d_rotation\":\"0\",\"pointer_events\":\"auto\",\"css_cursor\":\"default\",\"speed\":\"300\",\"easing\":\"power3.out\"}','{\"idle\":{\"letter-spacing\":\"3px\",\"text-align\":\"left\"},\"hover\":\"\"}','{\"color\":\"#ffffff\",\"color-transparency\":\"1\",\"font-size\":\"30px\",\"line-height\":\"30px\",\"font-weight\":\"400\",\"font-style\":\"normal\",\"font-family\":\"Raleway\",\"padding\":\"0px 0px 0px 0px\",\"text-decoration\":\"none\",\"background-color\":\"#000000\",\"background-transparency\":\"0\",\"border-color\":\"#ffffff\",\"border-transparency\":\"0\",\"border-style\":\"solid\",\"border-width\":\"0px\",\"border-radius\":\"0px 0px 0px 0px\",\"z\":\"0\",\"skewx\":\"0\",\"skewy\":\"0\",\"scalex\":\"1\",\"scaley\":\"1\",\"opacity\":\"1\",\"xrotate\":\"0\",\"yrotate\":\"0\",\"2d_rotation\":\"0\",\"2d_origin_x\":\"50\",\"2d_origin_y\":\"50\",\"pers\":\"600\",\"corner_left\":\"nothing\",\"corner_right\":\"nothing\",\"parallax\":\"-\"}'),(94,'.tp-caption.NotGeneric-Icon','{\"translated\":5,\"type\":\"text\",\"version\":\"5.0\"}','{\"color\":\"#ffffff\",\"color-transparency\":\"1\",\"text-decoration\":\"none\",\"background-color\":\"transparent\",\"background-transparency\":\"0\",\"border-color\":\"#ffffff\",\"border-transparency\":\"1\",\"border-style\":\"solid\",\"border-width\":\"1\",\"border-radius\":[\"0px\",\"0px\",\"0px\",\"0px\"],\"opacity\":\"1\",\"scalex\":\"1\",\"scaley\":\"1\",\"skewx\":\"0\",\"skewy\":\"0\",\"xrotate\":\"0\",\"yrotate\":\"0\",\"2d_rotation\":\"0\",\"pointer_events\":\"auto\",\"css_cursor\":\"default\",\"speed\":\"300\",\"easing\":\"power3.out\"}','{\"idle\":{\"letter-spacing\":\"3px\",\"text-align\":\"left\"},\"hover\":\"\"}','{\"color\":\"#ffffff\",\"color-transparency\":\"1\",\"font-size\":\"30px\",\"line-height\":\"30px\",\"font-weight\":\"400\",\"font-style\":\"normal\",\"font-family\":\"Raleway\",\"padding\":\"0px 0px 0px 0px\",\"text-decoration\":\"none\",\"background-color\":\"#000000\",\"background-transparency\":\"0\",\"border-color\":\"#ffffff\",\"border-transparency\":\"0\",\"border-style\":\"solid\",\"border-width\":\"0px\",\"border-radius\":\"0px 0px 0px 0px\",\"z\":\"0\",\"skewx\":\"0\",\"skewy\":\"0\",\"scalex\":\"1\",\"scaley\":\"1\",\"opacity\":\"1\",\"xrotate\":\"0\",\"yrotate\":\"0\",\"2d_rotation\":\"0\",\"2d_origin_x\":\"50\",\"2d_origin_y\":\"50\",\"pers\":\"600\",\"corner_left\":\"nothing\",\"corner_right\":\"nothing\",\"parallax\":\"-\"}'),(95,'.tp-caption.NotGeneric-Menuitem','{\"hover\":\"true\",\"translated\":5,\"type\":\"text\",\"version\":\"5.0\"}','{\"color\":\"#ffffff\",\"color-transparency\":\"1\",\"text-decoration\":\"none\",\"background-color\":\"#000000\",\"background-transparency\":\"0\",\"border-color\":\"#ffffff\",\"border-transparency\":\"1\",\"border-style\":\"solid\",\"border-width\":\"1px\",\"border-radius\":\"0px 0px 0px 0px\",\"opacity\":\"1\",\"scalex\":\"1\",\"scaley\":\"1\",\"skewx\":\"0\",\"skewy\":\"0\",\"xrotate\":\"0\",\"yrotate\":\"0\",\"2d_rotation\":\"0\",\"pointer_events\":\"auto\",\"css_cursor\":\"pointer\",\"speed\":\"300\",\"easing\":\"power1.inOut\"}','{\"idle\":{\"letter-spacing\":\"3px\",\"text-align\":\"left\"},\"hover\":\"\"}','{\"color\":\"#ffffff\",\"color-transparency\":\"1\",\"font-size\":\"14px\",\"line-height\":\"14px\",\"font-weight\":\"500\",\"font-style\":\"normal\",\"font-family\":\"Raleway\",\"padding\":\"27px 30px 27px 30px\",\"text-decoration\":\"none\",\"background-color\":\"#000000\",\"background-transparency\":\"0\",\"border-color\":\"#ffffff\",\"border-transparency\":\"0.15\",\"border-style\":\"solid\",\"border-width\":\"1px\",\"border-radius\":\"0px 0px 0px 0px\",\"z\":\"0\",\"skewx\":\"0\",\"skewy\":\"0\",\"scalex\":\"1\",\"scaley\":\"1\",\"opacity\":\"1\",\"xrotate\":\"0\",\"yrotate\":\"0\",\"2d_rotation\":\"0\",\"2d_origin_x\":\"50\",\"2d_origin_y\":\"50\",\"pers\":\"600\",\"corner_left\":\"nothing\",\"corner_right\":\"nothing\",\"parallax\":\"-\"}'),(96,'.tp-caption.MarkerStyle','{\"translated\":5,\"type\":\"text\",\"version\":\"5.0\"}','{\"color\":\"#ffffff\",\"color-transparency\":\"1\",\"text-decoration\":\"none\",\"background-color\":\"transparent\",\"background-transparency\":\"0\",\"border-color\":\"transparent\",\"border-transparency\":\"1\",\"border-style\":\"none\",\"border-width\":\"0\",\"border-radius\":[\"0\",\"0\",\"0\",\"0\"],\"opacity\":\"1\",\"scalex\":\"1\",\"scaley\":\"1\",\"skewx\":\"0\",\"skewy\":\"0\",\"xrotate\":\"0\",\"yrotate\":\"0\",\"2d_rotation\":\"0\",\"pointer_events\":\"auto\",\"css_cursor\":\"auto\",\"speed\":\"0\",\"easing\":\"none\"}','{\"idle\":{\"text-align\":\"left\",\"0\":\"\"},\"hover\":\"\"}','{\"color\":\"#ffffff\",\"color-transparency\":\"1\",\"font-size\":\"17px\",\"line-height\":\"30px\",\"font-weight\":\"100\",\"font-style\":\"normal\",\"font-family\":\"\\\"Permanent Marker\\\"\",\"padding\":\"0 0 0 0\",\"text-decoration\":\"none\",\"background-color\":\"transparent\",\"background-transparency\":\"1\",\"border-color\":\"transparent\",\"border-transparency\":\"1\",\"border-style\":\"none\",\"border-width\":\"0\",\"border-radius\":\"0 0 0 0\",\"z\":\"0\",\"skewx\":\"0\",\"skewy\":\"0\",\"scalex\":\"1\",\"scaley\":\"1\",\"opacity\":\"1\",\"xrotate\":\"0\",\"yrotate\":\"0\",\"2d_rotation\":\"0\",\"2d_origin_x\":\"50\",\"2d_origin_y\":\"50\",\"pers\":\"600\",\"corner_left\":\"nothing\",\"corner_right\":\"nothing\",\"parallax\":\"-\"}'),(97,'.tp-caption.Gym-Menuitem','{\"hover\":\"true\",\"type\":\"text\",\"version\":\"5.0\",\"translated\":\"5\"}','{\"color\":\"#ffffff\",\"color-transparency\":\"1\",\"text-decoration\":\"none\",\"background-color\":\"#000000\",\"background-transparency\":\"1\",\"border-color\":\"#ffffff\",\"border-transparency\":\"0.25\",\"border-style\":\"solid\",\"border-width\":\"2px\",\"border-radius\":[\"3px\",\"3px\",\"3px\",\"3px\"],\"opacity\":\"1\",\"scalex\":\"1\",\"scaley\":\"1\",\"skewx\":\"0\",\"skewy\":\"0\",\"xrotate\":\"0\",\"yrotate\":\"0\",\"2d_rotation\":\"0\",\"pointer_events\":\"auto\",\"css_cursor\":\"pointer\",\"speed\":\"200\",\"easing\":\"none\"}','{\"idle\":{\"letter-spacing\":\"2px\"},\"hover\":\"\"}','{\"color\":\"#ffffff\",\"color-transparency\":\"1\",\"font-size\":\"20px\",\"line-height\":\"20px\",\"font-weight\":\"300\",\"font-style\":\"normal\",\"font-family\":\"Raleway\",\"padding\":[\"3px\",\"5px\",\"3px\",\"8px\"],\"text-decoration\":\"none\",\"text-align\":\"left\",\"background-color\":\"#000000\",\"background-transparency\":\"1\",\"border-color\":\"#ffffff\",\"border-transparency\":\"0\",\"border-style\":\"solid\",\"border-width\":\"2px\",\"border-radius\":[\"3px\",\"3px\",\"3px\",\"3px\"],\"z\":\"0\",\"skewx\":\"0\",\"skewy\":\"0\",\"scalex\":\"1\",\"scaley\":\"1\",\"opacity\":\"1\",\"xrotate\":\"0\",\"yrotate\":\"0\",\"2d_rotation\":\"0\",\"2d_origin_x\":\"50\",\"2d_origin_y\":\"50\",\"pers\":\"600\",\"corner_left\":\"nothing\",\"corner_right\":\"nothing\",\"parallax\":\"-\"}'),(98,'.tp-caption.Newspaper-Button','{\"hover\":\"true\",\"type\":\"button\",\"version\":\"5.0\",\"translated\":\"5\"}','{\"color\":\"#000000\",\"color-transparency\":\"1\",\"text-decoration\":\"none\",\"background-color\":\"#FFFFFF\",\"background-transparency\":\"1\",\"border-color\":\"#ffffff\",\"border-transparency\":\"1\",\"border-style\":\"solid\",\"border-width\":\"1px\",\"border-radius\":[\"0px\",\"0px\",\"0px\",\"0px\"],\"opacity\":\"1\",\"scalex\":\"1\",\"scaley\":\"1\",\"skewx\":\"0\",\"skewy\":\"0\",\"xrotate\":\"0\",\"yrotate\":\"0\",\"2d_rotation\":\"0\",\"pointer_events\":\"auto\",\"css_cursor\":\"pointer\",\"speed\":\"300\",\"easing\":\"power1.inOut\"}','{\"idle\":{\"letter-spacing\":\"2px\"},\"hover\":\"\"}','{\"color\":\"#ffffff\",\"color-transparency\":\"1\",\"font-size\":\"13px\",\"line-height\":\"17px\",\"font-weight\":\"700\",\"font-style\":\"normal\",\"font-family\":\"Roboto\",\"padding\":[\"12px\",\"35px\",\"12px\",\"35px\"],\"text-decoration\":\"none\",\"text-align\":\"left\",\"background-color\":\"#ffffff\",\"background-transparency\":\"0\",\"border-color\":\"#ffffff\",\"border-transparency\":\"0.25\",\"border-style\":\"solid\",\"border-width\":\"1px\",\"border-radius\":[\"0px\",\"0px\",\"0px\",\"0px\"],\"z\":\"0\",\"skewx\":\"0\",\"skewy\":\"0\",\"scalex\":\"1\",\"scaley\":\"1\",\"opacity\":\"1\",\"xrotate\":\"0\",\"yrotate\":\"0\",\"2d_rotation\":\"0\",\"2d_origin_x\":\"50\",\"2d_origin_y\":\"50\",\"pers\":\"600\",\"corner_left\":\"nothing\",\"corner_right\":\"nothing\",\"parallax\":\"-\"}'),(99,'.tp-caption.Newspaper-Subtitle','{\"hover\":\"false\",\"type\":\"text\",\"version\":\"5.0\",\"translated\":\"5\"}','{\"color\":\"#ffffff\",\"color-transparency\":\"1\",\"text-decoration\":\"none\",\"background-color\":\"transparent\",\"background-transparency\":\"0\",\"border-color\":\"transparent\",\"border-transparency\":\"1\",\"border-style\":\"none\",\"border-width\":\"0\",\"border-radius\":[\"0\",\"0\",\"0\",\"0\"],\"opacity\":\"1\",\"scalex\":\"1\",\"scaley\":\"1\",\"skewx\":\"0\",\"skewy\":\"0\",\"xrotate\":\"0\",\"yrotate\":\"0\",\"2d_rotation\":\"0\",\"pointer_events\":\"auto\",\"css_cursor\":\"auto\",\"speed\":\"0\",\"easing\":\"none\"}','{\"idle\":\"\",\"hover\":\"\"}','{\"color\":\"#a8d8ee\",\"color-transparency\":\"1\",\"font-size\":\"15px\",\"line-height\":\"20px\",\"font-weight\":\"900\",\"font-style\":\"normal\",\"font-family\":\"Roboto\",\"padding\":[\"0\",\"0\",\"0\",\"0\"],\"text-decoration\":\"none\",\"text-align\":\"left\",\"background-color\":\"transparent\",\"background-transparency\":\"1\",\"border-color\":\"transparent\",\"border-transparency\":\"1\",\"border-style\":\"none\",\"border-width\":\"0\",\"border-radius\":[\"0\",\"0\",\"0\",\"0\"],\"z\":\"0\",\"skewx\":\"0\",\"skewy\":\"0\",\"scalex\":\"1\",\"scaley\":\"1\",\"opacity\":\"1\",\"xrotate\":\"0\",\"yrotate\":\"0\",\"2d_rotation\":\"0\",\"2d_origin_x\":\"50\",\"2d_origin_y\":\"50\",\"pers\":\"600\",\"corner_left\":\"nothing\",\"corner_right\":\"nothing\",\"parallax\":\"-\"}'),(100,'.tp-caption.Newspaper-Title','{\"hover\":\"false\",\"type\":\"text\",\"version\":\"5.0\",\"translated\":\"5\"}','{\"color\":\"#ffffff\",\"color-transparency\":\"1\",\"text-decoration\":\"none\",\"background-color\":\"transparent\",\"background-transparency\":\"0\",\"border-color\":\"transparent\",\"border-transparency\":\"1\",\"border-style\":\"none\",\"border-width\":\"0\",\"border-radius\":[\"0\",\"0\",\"0\",\"0\"],\"opacity\":\"1\",\"scalex\":\"1\",\"scaley\":\"1\",\"skewx\":\"0\",\"skewy\":\"0\",\"xrotate\":\"0\",\"yrotate\":\"0\",\"2d_rotation\":\"0\",\"pointer_events\":\"auto\",\"css_cursor\":\"auto\",\"speed\":\"0\",\"easing\":\"none\"}','{\"idle\":\"\",\"hover\":\"\"}','{\"color\":\"#fff\",\"color-transparency\":\"1\",\"font-size\":\"50px\",\"line-height\":\"55px\",\"font-weight\":\"400\",\"font-style\":\"normal\",\"font-family\":\"\\\"Roboto Slab\\\"\",\"padding\":[\"0\",\"0\",\"10px\",\"0\"],\"text-decoration\":\"none\",\"text-align\":\"left\",\"background-color\":\"transparent\",\"background-transparency\":\"1\",\"border-color\":\"transparent\",\"border-transparency\":\"1\",\"border-style\":\"none\",\"border-width\":\"0\",\"border-radius\":[\"0\",\"0\",\"0\",\"0\"],\"z\":\"0\",\"skewx\":\"0\",\"skewy\":\"0\",\"scalex\":\"1\",\"scaley\":\"1\",\"opacity\":\"1\",\"xrotate\":\"0\",\"yrotate\":\"0\",\"2d_rotation\":\"0\",\"2d_origin_x\":\"50\",\"2d_origin_y\":\"50\",\"pers\":\"600\",\"corner_left\":\"nothing\",\"corner_right\":\"nothing\",\"parallax\":\"-\"}'),(101,'.tp-caption.Newspaper-Title-Centered','{\"hover\":\"false\",\"type\":\"text\",\"version\":\"5.0\",\"translated\":\"5\"}','{\"color\":\"#ffffff\",\"color-transparency\":\"1\",\"text-decoration\":\"none\",\"background-color\":\"transparent\",\"background-transparency\":\"0\",\"border-color\":\"transparent\",\"border-transparency\":\"1\",\"border-style\":\"none\",\"border-width\":\"0\",\"border-radius\":[\"0\",\"0\",\"0\",\"0\"],\"opacity\":\"1\",\"scalex\":\"1\",\"scaley\":\"1\",\"skewx\":\"0\",\"skewy\":\"0\",\"xrotate\":\"0\",\"yrotate\":\"0\",\"2d_rotation\":\"0\",\"pointer_events\":\"auto\",\"css_cursor\":\"auto\",\"speed\":\"0\",\"easing\":\"none\"}','{\"idle\":\"\",\"hover\":\"\"}','{\"color\":\"#fff\",\"color-transparency\":\"1\",\"font-size\":\"50px\",\"line-height\":\"55px\",\"font-weight\":\"400\",\"font-style\":\"normal\",\"font-family\":\"\\\"Roboto Slab\\\"\",\"padding\":[\"0\",\"0\",\"10px\",\"0\"],\"text-decoration\":\"none\",\"text-align\":\"center\",\"background-color\":\"transparent\",\"background-transparency\":\"1\",\"border-color\":\"transparent\",\"border-transparency\":\"1\",\"border-style\":\"none\",\"border-width\":\"0\",\"border-radius\":[\"0\",\"0\",\"0\",\"0\"],\"z\":\"0\",\"skewx\":\"0\",\"skewy\":\"0\",\"scalex\":\"1\",\"scaley\":\"1\",\"opacity\":\"1\",\"xrotate\":\"0\",\"yrotate\":\"0\",\"2d_rotation\":\"0\",\"2d_origin_x\":\"50\",\"2d_origin_y\":\"50\",\"pers\":\"600\",\"corner_left\":\"nothing\",\"corner_right\":\"nothing\",\"parallax\":\"-\"}'),(102,'.tp-caption.Hero-Button','{\"hover\":\"true\",\"type\":\"button\",\"version\":\"5.0\",\"translated\":\"5\"}','{\"color\":\"#000000\",\"color-transparency\":\"1\",\"text-decoration\":\"none\",\"background-color\":\"#ffffff\",\"background-transparency\":\"1\",\"border-color\":\"#ffffff\",\"border-transparency\":\"1\",\"border-style\":\"solid\",\"border-width\":\"1\",\"border-radius\":[\"0px\",\"0px\",\"0px\",\"0px\"],\"opacity\":\"1\",\"scalex\":\"1\",\"scaley\":\"1\",\"skewx\":\"0\",\"skewy\":\"0\",\"xrotate\":\"0\",\"yrotate\":\"0\",\"2d_rotation\":\"0\",\"pointer_events\":\"auto\",\"css_cursor\":\"pointer\",\"speed\":\"300\",\"easing\":\"power1.inOut\"}','{\"idle\":{\"letter-spacing\":\"3px\"},\"hover\":\"\"}','{\"color\":\"#ffffff\",\"color-transparency\":\"1\",\"font-size\":\"14px\",\"line-height\":\"14px\",\"font-weight\":\"500\",\"font-style\":\"normal\",\"font-family\":\"Raleway\",\"padding\":[\"10px\",\"30px\",\"10px\",\"30px\"],\"text-decoration\":\"none\",\"text-align\":\"left\",\"background-color\":\"#000000\",\"background-transparency\":\"0\",\"border-color\":\"#ffffff\",\"border-transparency\":\"0.5\",\"border-style\":\"solid\",\"border-width\":\"1\",\"border-radius\":[\"0px\",\"0px\",\"0px\",\"0px\"],\"z\":\"0\",\"skewx\":\"0\",\"skewy\":\"0\",\"scalex\":\"1\",\"scaley\":\"1\",\"opacity\":\"1\",\"xrotate\":\"0\",\"yrotate\":\"0\",\"2d_rotation\":\"0\",\"2d_origin_x\":\"50\",\"2d_origin_y\":\"50\",\"pers\":\"600\",\"corner_left\":\"nothing\",\"corner_right\":\"nothing\",\"parallax\":\"-\"}'),(103,'.tp-caption.Video-Title','{\"hover\":\"false\",\"type\":\"text\",\"version\":\"5.0\",\"translated\":\"5\"}','{\"color\":\"#ffffff\",\"color-transparency\":\"1\",\"text-decoration\":\"none\",\"background-color\":\"transparent\",\"background-transparency\":\"0\",\"border-color\":\"transparent\",\"border-transparency\":\"1\",\"border-style\":\"none\",\"border-width\":\"0\",\"border-radius\":[\"0\",\"0\",\"0\",\"0\"],\"opacity\":\"1\",\"scalex\":\"1\",\"scaley\":\"1\",\"skewx\":\"0\",\"skewy\":\"0\",\"xrotate\":\"0\",\"yrotate\":\"0\",\"2d_rotation\":\"0\",\"pointer_events\":\"auto\",\"css_cursor\":\"auto\",\"speed\":\"0\",\"easing\":\"none\"}','{\"idle\":\"\",\"hover\":\"\"}','{\"color\":\"#fff\",\"color-transparency\":\"1\",\"font-size\":\"30px\",\"line-height\":\"30px\",\"font-weight\":\"900\",\"font-style\":\"normal\",\"font-family\":\"Raleway\",\"padding\":[\"5px\",\"5px\",\"5px\",\"5px\"],\"text-decoration\":\"none\",\"text-align\":\"left\",\"background-color\":\"#000000\",\"background-transparency\":\"1\",\"border-color\":\"transparent\",\"border-transparency\":\"1\",\"border-style\":\"none\",\"border-width\":\"0\",\"border-radius\":[\"0\",\"0\",\"0\",\"0\"],\"z\":\"0\",\"skewx\":\"0\",\"skewy\":\"0\",\"scalex\":\"1\",\"scaley\":\"1\",\"opacity\":\"1\",\"xrotate\":\"0\",\"yrotate\":\"0\",\"2d_rotation\":\"0\",\"2d_origin_x\":\"-20%\",\"2d_origin_y\":\"50\",\"pers\":\"600\",\"corner_left\":\"nothing\",\"corner_right\":\"nothing\",\"parallax\":\"-\"}'),(104,'.tp-caption.Video-Title','{\"hover\":\"false\",\"type\":\"text\",\"version\":\"5.0\",\"translated\":\"5\"}','{\"color\":\"#ffffff\",\"color-transparency\":\"1\",\"text-decoration\":\"none\",\"background-color\":\"transparent\",\"background-transparency\":\"0\",\"border-color\":\"transparent\",\"border-transparency\":\"1\",\"border-style\":\"none\",\"border-width\":\"0\",\"border-radius\":[\"0\",\"0\",\"0\",\"0\"],\"opacity\":\"1\",\"scalex\":\"1\",\"scaley\":\"1\",\"skewx\":\"0\",\"skewy\":\"0\",\"xrotate\":\"0\",\"yrotate\":\"0\",\"2d_rotation\":\"0\",\"pointer_events\":\"auto\",\"css_cursor\":\"auto\",\"speed\":\"0\",\"easing\":\"none\"}','{\"idle\":\"\",\"hover\":\"\"}','{\"color\":\"#fff\",\"color-transparency\":\"1\",\"font-size\":\"30px\",\"line-height\":\"30px\",\"font-weight\":\"900\",\"font-style\":\"normal\",\"font-family\":\"Raleway\",\"padding\":[\"5px\",\"5px\",\"5px\",\"5px\"],\"text-decoration\":\"none\",\"text-align\":\"left\",\"background-color\":\"#000000\",\"background-transparency\":\"1\",\"border-color\":\"transparent\",\"border-transparency\":\"1\",\"border-style\":\"none\",\"border-width\":\"0\",\"border-radius\":[\"0\",\"0\",\"0\",\"0\"],\"z\":\"0\",\"skewx\":\"0\",\"skewy\":\"0\",\"scalex\":\"1\",\"scaley\":\"1\",\"opacity\":\"1\",\"xrotate\":\"0\",\"yrotate\":\"0\",\"2d_rotation\":\"0\",\"2d_origin_x\":\"-20%\",\"2d_origin_y\":\"50\",\"pers\":\"600\",\"corner_left\":\"nothing\",\"corner_right\":\"nothing\",\"parallax\":\"-\"}'),(105,'.tp-caption.Video-SubTitle','{\"hover\":\"false\",\"type\":\"text\",\"version\":\"5.0\",\"translated\":\"5\"}','{\"color\":\"#ffffff\",\"color-transparency\":\"1\",\"text-decoration\":\"none\",\"background-color\":\"transparent\",\"background-transparency\":\"0\",\"border-color\":\"transparent\",\"border-transparency\":\"1\",\"border-style\":\"none\",\"border-width\":\"0\",\"border-radius\":[\"0\",\"0\",\"0\",\"0\"],\"opacity\":\"1\",\"scalex\":\"1\",\"scaley\":\"1\",\"skewx\":\"0\",\"skewy\":\"0\",\"xrotate\":\"0\",\"yrotate\":\"0\",\"2d_rotation\":\"0\",\"pointer_events\":\"auto\",\"css_cursor\":\"auto\",\"speed\":\"0\",\"easing\":\"none\"}','{\"idle\":{\"letter-spacing\":\"2px\"},\"hover\":\"\"}','{\"color\":\"#ffffff\",\"color-transparency\":\"1\",\"font-size\":\"12px\",\"line-height\":\"12px\",\"font-weight\":\"600\",\"font-style\":\"normal\",\"font-family\":\"Raleway\",\"padding\":[\"5px\",\"5px\",\"5px\",\"5px\"],\"text-decoration\":\"none\",\"text-align\":\"left\",\"background-color\":\"#000000\",\"background-transparency\":\"0.35\",\"border-color\":\"transparent\",\"border-transparency\":\"1\",\"border-style\":\"none\",\"border-width\":\"0\",\"border-radius\":[\"0\",\"0\",\"0\",\"0\"],\"z\":\"0\",\"skewx\":\"0\",\"skewy\":\"0\",\"scalex\":\"1\",\"scaley\":\"1\",\"opacity\":\"1\",\"xrotate\":\"0\",\"yrotate\":\"0\",\"2d_rotation\":\"0\",\"2d_origin_x\":\"-20%\",\"2d_origin_y\":\"50\",\"pers\":\"600\",\"corner_left\":\"nothing\",\"corner_right\":\"nothing\",\"parallax\":\"-\"}'),(106,'.tp-caption.Video-SubTitle','{\"hover\":\"false\",\"type\":\"text\",\"version\":\"5.0\",\"translated\":\"5\"}','{\"color\":\"#ffffff\",\"color-transparency\":\"1\",\"text-decoration\":\"none\",\"background-color\":\"transparent\",\"background-transparency\":\"0\",\"border-color\":\"transparent\",\"border-transparency\":\"1\",\"border-style\":\"none\",\"border-width\":\"0\",\"border-radius\":[\"0\",\"0\",\"0\",\"0\"],\"opacity\":\"1\",\"scalex\":\"1\",\"scaley\":\"1\",\"skewx\":\"0\",\"skewy\":\"0\",\"xrotate\":\"0\",\"yrotate\":\"0\",\"2d_rotation\":\"0\",\"pointer_events\":\"auto\",\"css_cursor\":\"auto\",\"speed\":\"0\",\"easing\":\"none\"}','{\"idle\":{\"letter-spacing\":\"2px\"},\"hover\":\"\"}','{\"color\":\"#ffffff\",\"color-transparency\":\"1\",\"font-size\":\"12px\",\"line-height\":\"12px\",\"font-weight\":\"600\",\"font-style\":\"normal\",\"font-family\":\"Raleway\",\"padding\":[\"5px\",\"5px\",\"5px\",\"5px\"],\"text-decoration\":\"none\",\"text-align\":\"left\",\"background-color\":\"#000000\",\"background-transparency\":\"0.35\",\"border-color\":\"transparent\",\"border-transparency\":\"1\",\"border-style\":\"none\",\"border-width\":\"0\",\"border-radius\":[\"0\",\"0\",\"0\",\"0\"],\"z\":\"0\",\"skewx\":\"0\",\"skewy\":\"0\",\"scalex\":\"1\",\"scaley\":\"1\",\"opacity\":\"1\",\"xrotate\":\"0\",\"yrotate\":\"0\",\"2d_rotation\":\"0\",\"2d_origin_x\":\"-20%\",\"2d_origin_y\":\"50\",\"pers\":\"600\",\"corner_left\":\"nothing\",\"corner_right\":\"nothing\",\"parallax\":\"-\"}'),(107,'.tp-caption.NotGeneric-Button','{\"hover\":\"true\",\"type\":\"button\",\"version\":\"5.0\",\"translated\":\"5\"}','{\"color\":\"#ffffff\",\"color-transparency\":\"1\",\"text-decoration\":\"none\",\"background-color\":\"transparent\",\"background-transparency\":\"0\",\"border-color\":\"#ffffff\",\"border-transparency\":\"1\",\"border-style\":\"solid\",\"border-width\":\"1\",\"border-radius\":[\"0px\",\"0px\",\"0px\",\"0px\"],\"opacity\":\"1\",\"scalex\":\"1\",\"scaley\":\"1\",\"skewx\":\"0\",\"skewy\":\"0\",\"xrotate\":\"0\",\"yrotate\":\"0\",\"2d_rotation\":\"0\",\"pointer_events\":\"auto\",\"css_cursor\":\"pointer\",\"speed\":\"300\",\"easing\":\"power1.inOut\"}','{\"idle\":{\"letter-spacing\":\"3px\",\"text-align\":\"left\"},\"hover\":\"\"}','{\"color\":\"#ffffff\",\"color-transparency\":\"1\",\"font-size\":\"14px\",\"line-height\":\"14px\",\"font-weight\":\"500\",\"font-style\":\"normal\",\"font-family\":\"Raleway\",\"padding\":[\"10px\",\"30px\",\"10px\",\"30px\"],\"text-decoration\":\"none\",\"text-align\":\"left\",\"background-color\":\"#000000\",\"background-transparency\":\"0\",\"border-color\":\"#ffffff\",\"border-transparency\":\"0.5\",\"border-style\":\"solid\",\"border-width\":\"1\",\"border-radius\":[\"0px\",\"0px\",\"0px\",\"0px\"],\"z\":\"0\",\"skewx\":\"0\",\"skewy\":\"0\",\"scalex\":\"1\",\"scaley\":\"1\",\"opacity\":\"1\",\"xrotate\":\"0\",\"yrotate\":\"0\",\"2d_rotation\":\"0\",\"2d_origin_x\":\"50\",\"2d_origin_y\":\"50\",\"pers\":\"600\",\"corner_left\":\"nothing\",\"corner_right\":\"nothing\",\"parallax\":\"-\"}'),(108,'.tp-caption.NotGeneric-Button','{\"hover\":\"true\",\"type\":\"button\",\"version\":\"5.0\",\"translated\":\"5\"}','{\"color\":\"#ffffff\",\"color-transparency\":\"1\",\"text-decoration\":\"none\",\"background-color\":\"transparent\",\"background-transparency\":\"0\",\"border-color\":\"#ffffff\",\"border-transparency\":\"1\",\"border-style\":\"solid\",\"border-width\":\"1\",\"border-radius\":[\"0px\",\"0px\",\"0px\",\"0px\"],\"opacity\":\"1\",\"scalex\":\"1\",\"scaley\":\"1\",\"skewx\":\"0\",\"skewy\":\"0\",\"xrotate\":\"0\",\"yrotate\":\"0\",\"2d_rotation\":\"0\",\"pointer_events\":\"auto\",\"css_cursor\":\"pointer\",\"speed\":\"300\",\"easing\":\"power1.inOut\"}','{\"idle\":{\"letter-spacing\":\"3px\",\"text-align\":\"left\"},\"hover\":\"\"}','{\"color\":\"#ffffff\",\"color-transparency\":\"1\",\"font-size\":\"14px\",\"line-height\":\"14px\",\"font-weight\":\"500\",\"font-style\":\"normal\",\"font-family\":\"Raleway\",\"padding\":[\"10px\",\"30px\",\"10px\",\"30px\"],\"text-decoration\":\"none\",\"text-align\":\"left\",\"background-color\":\"#000000\",\"background-transparency\":\"0\",\"border-color\":\"#ffffff\",\"border-transparency\":\"0.5\",\"border-style\":\"solid\",\"border-width\":\"1\",\"border-radius\":[\"0px\",\"0px\",\"0px\",\"0px\"],\"z\":\"0\",\"skewx\":\"0\",\"skewy\":\"0\",\"scalex\":\"1\",\"scaley\":\"1\",\"opacity\":\"1\",\"xrotate\":\"0\",\"yrotate\":\"0\",\"2d_rotation\":\"0\",\"2d_origin_x\":\"50\",\"2d_origin_y\":\"50\",\"pers\":\"600\",\"corner_left\":\"nothing\",\"corner_right\":\"nothing\",\"parallax\":\"-\"}'),(109,'.tp-caption.NotGeneric-BigButton','{\"hover\":\"true\",\"type\":\"button\",\"version\":\"5.0\",\"translated\":\"5\"}','{\"color\":\"#ffffff\",\"color-transparency\":\"1\",\"text-decoration\":\"none\",\"background-color\":\"#000000\",\"background-transparency\":\"0\",\"border-color\":\"#ffffff\",\"border-transparency\":\"1\",\"border-style\":\"solid\",\"border-width\":\"1px\",\"border-radius\":[\"0px\",\"0px\",\"0px\",\"0px\"],\"opacity\":\"1\",\"scalex\":\"1\",\"scaley\":\"1\",\"skewx\":\"0\",\"skewy\":\"0\",\"xrotate\":\"0\",\"yrotate\":\"0\",\"2d_rotation\":\"0\",\"pointer_events\":\"auto\",\"css_cursor\":\"pointer\",\"speed\":\"300\",\"easing\":\"power1.inOut\"}','{\"idle\":{\"letter-spacing\":\"3px\"},\"hover\":\"\"}','{\"color\":\"#ffffff\",\"color-transparency\":\"1\",\"font-size\":\"14px\",\"line-height\":\"14px\",\"font-weight\":\"500\",\"font-style\":\"normal\",\"font-family\":\"Raleway\",\"padding\":[\"27px\",\"30px\",\"27px\",\"30px\"],\"text-decoration\":\"none\",\"text-align\":\"left\",\"background-color\":\"#000000\",\"background-transparency\":\"0\",\"border-color\":\"#ffffff\",\"border-transparency\":\"0.15\",\"border-style\":\"solid\",\"border-width\":\"1px\",\"border-radius\":[\"0px\",\"0px\",\"0px\",\"0px\"],\"z\":\"0\",\"skewx\":\"0\",\"skewy\":\"0\",\"scalex\":\"1\",\"scaley\":\"1\",\"opacity\":\"1\",\"xrotate\":\"0\",\"yrotate\":\"0\",\"2d_rotation\":\"0\",\"2d_origin_x\":\"50\",\"2d_origin_y\":\"50\",\"pers\":\"600\",\"corner_left\":\"nothing\",\"corner_right\":\"nothing\",\"parallax\":\"-\"}'),(110,'.tp-caption.NotGeneric-BigButton','{\"hover\":\"true\",\"type\":\"button\",\"version\":\"5.0\",\"translated\":\"5\"}','{\"color\":\"#ffffff\",\"color-transparency\":\"1\",\"text-decoration\":\"none\",\"background-color\":\"#000000\",\"background-transparency\":\"0\",\"border-color\":\"#ffffff\",\"border-transparency\":\"1\",\"border-style\":\"solid\",\"border-width\":\"1px\",\"border-radius\":[\"0px\",\"0px\",\"0px\",\"0px\"],\"opacity\":\"1\",\"scalex\":\"1\",\"scaley\":\"1\",\"skewx\":\"0\",\"skewy\":\"0\",\"xrotate\":\"0\",\"yrotate\":\"0\",\"2d_rotation\":\"0\",\"pointer_events\":\"auto\",\"css_cursor\":\"pointer\",\"speed\":\"300\",\"easing\":\"power1.inOut\"}','{\"idle\":{\"letter-spacing\":\"3px\"},\"hover\":\"\"}','{\"color\":\"#ffffff\",\"color-transparency\":\"1\",\"font-size\":\"14px\",\"line-height\":\"14px\",\"font-weight\":\"500\",\"font-style\":\"normal\",\"font-family\":\"Raleway\",\"padding\":[\"27px\",\"30px\",\"27px\",\"30px\"],\"text-decoration\":\"none\",\"text-align\":\"left\",\"background-color\":\"#000000\",\"background-transparency\":\"0\",\"border-color\":\"#ffffff\",\"border-transparency\":\"0.15\",\"border-style\":\"solid\",\"border-width\":\"1px\",\"border-radius\":[\"0px\",\"0px\",\"0px\",\"0px\"],\"z\":\"0\",\"skewx\":\"0\",\"skewy\":\"0\",\"scalex\":\"1\",\"scaley\":\"1\",\"opacity\":\"1\",\"xrotate\":\"0\",\"yrotate\":\"0\",\"2d_rotation\":\"0\",\"2d_origin_x\":\"50\",\"2d_origin_y\":\"50\",\"pers\":\"600\",\"corner_left\":\"nothing\",\"corner_right\":\"nothing\",\"parallax\":\"-\"}'),(111,'.tp-caption.WebProduct-Button','{\"hover\":\"true\",\"type\":\"button\",\"version\":\"5.0\",\"translated\":\"5\"}','{\"color\":\"#333333\",\"color-transparency\":\"1\",\"text-decoration\":\"none\",\"background-color\":\"#ffffff\",\"background-transparency\":\"1\",\"border-color\":\"#000000\",\"border-transparency\":\"1\",\"border-style\":\"none\",\"border-width\":\"2\",\"border-radius\":[\"0\",\"0\",\"0\",\"0\"],\"opacity\":\"1\",\"scalex\":\"1\",\"scaley\":\"1\",\"skewx\":\"0\",\"skewy\":\"0\",\"xrotate\":\"0\",\"yrotate\":\"0\",\"2d_rotation\":\"0\",\"pointer_events\":\"auto\",\"css_cursor\":\"auto\",\"speed\":\"300\",\"easing\":\"none\"}','{\"idle\":{\"letter-spacing\":\"1px\"},\"hover\":\"\"}','{\"color\":\"#ffffff\",\"color-transparency\":\"1\",\"font-size\":\"16px\",\"line-height\":\"48px\",\"font-weight\":\"600\",\"font-style\":\"normal\",\"font-family\":\"Raleway\",\"padding\":[\"0px\",\"40px\",\"0px\",\"40px\"],\"text-decoration\":\"none\",\"text-align\":\"left\",\"background-color\":\"#333333\",\"background-transparency\":\"1\",\"border-color\":\"#000000\",\"border-transparency\":\"1\",\"border-style\":\"none\",\"border-width\":\"2\",\"border-radius\":[\"0\",\"0\",\"0\",\"0\"],\"z\":\"0\",\"skewx\":\"0\",\"skewy\":\"0\",\"scalex\":\"1\",\"scaley\":\"1\",\"opacity\":\"1\",\"xrotate\":\"0\",\"yrotate\":\"0\",\"2d_rotation\":\"0\",\"2d_origin_x\":\"50\",\"2d_origin_y\":\"50\",\"pers\":\"600\",\"corner_left\":\"nothing\",\"corner_right\":\"nothing\",\"parallax\":\"-\"}'),(112,'.tp-caption.Restaurant-Button','{\"hover\":\"true\",\"type\":\"button\",\"version\":\"5.0\",\"translated\":\"5\"}','{\"color\":\"#ffffff\",\"color-transparency\":\"1\",\"text-decoration\":\"none\",\"background-color\":\"#000000\",\"background-transparency\":\"0\",\"border-color\":\"#ffe081\",\"border-transparency\":\"1\",\"border-style\":\"solid\",\"border-width\":\"2\",\"border-radius\":[\"0px\",\"0px\",\"0px\",\"0px\"],\"opacity\":\"1\",\"scalex\":\"1\",\"scaley\":\"1\",\"skewx\":\"0\",\"skewy\":\"0\",\"xrotate\":\"0\",\"yrotate\":\"0\",\"2d_rotation\":\"0\",\"pointer_events\":\"auto\",\"css_cursor\":\"auto\",\"speed\":\"300\",\"easing\":\"none\"}','{\"idle\":{\"letter-spacing\":\"3px\"},\"hover\":\"\"}','{\"color\":\"#ffffff\",\"color-transparency\":\"1\",\"font-size\":\"17px\",\"line-height\":\"17px\",\"font-weight\":\"500\",\"font-style\":\"normal\",\"font-family\":\"Roboto\",\"padding\":[\"12px\",\"35px\",\"12px\",\"35px\"],\"text-decoration\":\"none\",\"text-align\":\"left\",\"background-color\":\"#0a0a0a\",\"background-transparency\":\"0\",\"border-color\":\"#ffffff\",\"border-transparency\":\"0.5\",\"border-style\":\"solid\",\"border-width\":\"2\",\"border-radius\":[\"0px\",\"0px\",\"0px\",\"0px\"],\"z\":\"0\",\"skewx\":\"0\",\"skewy\":\"0\",\"scalex\":\"1\",\"scaley\":\"1\",\"opacity\":\"1\",\"xrotate\":\"0\",\"yrotate\":\"0\",\"2d_rotation\":\"0\",\"2d_origin_x\":\"50\",\"2d_origin_y\":\"50\",\"pers\":\"600\",\"corner_left\":\"nothing\",\"corner_right\":\"nothing\",\"parallax\":\"-\"}'),(113,'.tp-caption.Gym-Button','{\"hover\":\"true\",\"type\":\"button\",\"version\":\"5.0\",\"translated\":\"5\"}','{\"color\":\"#ffffff\",\"color-transparency\":\"1\",\"text-decoration\":\"none\",\"background-color\":\"#72a800\",\"background-transparency\":\"1\",\"border-color\":\"#000000\",\"border-transparency\":\"0\",\"border-style\":\"solid\",\"border-width\":\"0\",\"border-radius\":[\"30px\",\"30px\",\"30px\",\"30px\"],\"opacity\":\"1\",\"scalex\":\"1\",\"scaley\":\"1\",\"skewx\":\"0\",\"skewy\":\"0\",\"xrotate\":\"0\",\"yrotate\":\"0\",\"2d_rotation\":\"0\",\"pointer_events\":\"auto\",\"css_cursor\":\"pointer\",\"speed\":\"300\",\"easing\":\"power1.inOut\"}','{\"idle\":{\"letter-spacing\":\"1px\"},\"hover\":\"\"}','{\"color\":\"#ffffff\",\"color-transparency\":\"1\",\"font-size\":\"15px\",\"line-height\":\"15px\",\"font-weight\":\"600\",\"font-style\":\"normal\",\"font-family\":\"Raleway\",\"padding\":[\"13px\",\"35px\",\"13px\",\"35px\"],\"text-decoration\":\"none\",\"text-align\":\"left\",\"background-color\":\"#8bc027\",\"background-transparency\":\"1\",\"border-color\":\"#000000\",\"border-transparency\":\"0\",\"border-style\":\"solid\",\"border-width\":\"0\",\"border-radius\":[\"30px\",\"30px\",\"30px\",\"30px\"],\"z\":\"0\",\"skewx\":\"0\",\"skewy\":\"0\",\"scalex\":\"1\",\"scaley\":\"1\",\"opacity\":\"1\",\"xrotate\":\"0\",\"yrotate\":\"0\",\"2d_rotation\":\"0\",\"2d_origin_x\":\"50\",\"2d_origin_y\":\"50\",\"pers\":\"600\",\"corner_left\":\"nothing\",\"corner_right\":\"nothing\",\"parallax\":\"-\"}'),(114,'.tp-caption.Gym-Button-Light','{\"hover\":\"true\",\"type\":\"button\",\"version\":\"5.0\",\"translated\":\"5\"}','{\"color\":\"#ffffff\",\"color-transparency\":\"1\",\"text-decoration\":\"none\",\"background-color\":\"#72a800\",\"background-transparency\":\"0\",\"border-color\":\"#8bc027\",\"border-transparency\":\"1\",\"border-style\":\"solid\",\"border-width\":\"2px\",\"border-radius\":[\"30px\",\"30px\",\"30px\",\"30px\"],\"opacity\":\"1\",\"scalex\":\"1\",\"scaley\":\"1\",\"skewx\":\"0\",\"skewy\":\"0\",\"xrotate\":\"0\",\"yrotate\":\"0\",\"2d_rotation\":\"0\",\"pointer_events\":\"auto\",\"css_cursor\":\"pointer\",\"speed\":\"300\",\"easing\":\"power2.inOut\"}','{\"idle\":\"\",\"hover\":\"\"}','{\"color\":\"#ffffff\",\"color-transparency\":\"1\",\"font-size\":\"15px\",\"line-height\":\"15px\",\"font-weight\":\"600\",\"font-style\":\"normal\",\"font-family\":\"Raleway\",\"padding\":[\"12px\",\"35px\",\"12px\",\"35px\"],\"text-decoration\":\"none\",\"text-align\":\"left\",\"background-color\":\"transparent\",\"background-transparency\":\"0\",\"border-color\":\"#ffffff\",\"border-transparency\":\"0.25\",\"border-style\":\"solid\",\"border-width\":\"2px\",\"border-radius\":[\"30px\",\"30px\",\"30px\",\"30px\"],\"z\":\"0\",\"skewx\":\"0\",\"skewy\":\"0\",\"scalex\":\"1\",\"scaley\":\"1\",\"opacity\":\"1\",\"xrotate\":\"0\",\"yrotate\":\"0\",\"2d_rotation\":\"0\",\"2d_origin_x\":\"50\",\"2d_origin_y\":\"50\",\"pers\":\"600\",\"corner_left\":\"nothing\",\"corner_right\":\"nothing\",\"parallax\":\"-\"}'),(115,'.tp-caption.Gym-Button-Light','{\"hover\":\"true\",\"type\":\"button\",\"version\":\"5.0\",\"translated\":\"5\"}','{\"color\":\"#ffffff\",\"color-transparency\":\"1\",\"text-decoration\":\"none\",\"background-color\":\"#72a800\",\"background-transparency\":\"0\",\"border-color\":\"#8bc027\",\"border-transparency\":\"1\",\"border-style\":\"solid\",\"border-width\":\"2px\",\"border-radius\":[\"30px\",\"30px\",\"30px\",\"30px\"],\"opacity\":\"1\",\"scalex\":\"1\",\"scaley\":\"1\",\"skewx\":\"0\",\"skewy\":\"0\",\"xrotate\":\"0\",\"yrotate\":\"0\",\"2d_rotation\":\"0\",\"pointer_events\":\"auto\",\"css_cursor\":\"pointer\",\"speed\":\"300\",\"easing\":\"power2.inOut\"}','{\"idle\":\"\",\"hover\":\"\"}','{\"color\":\"#ffffff\",\"color-transparency\":\"1\",\"font-size\":\"15px\",\"line-height\":\"15px\",\"font-weight\":\"600\",\"font-style\":\"normal\",\"font-family\":\"Raleway\",\"padding\":[\"12px\",\"35px\",\"12px\",\"35px\"],\"text-decoration\":\"none\",\"text-align\":\"left\",\"background-color\":\"transparent\",\"background-transparency\":\"0\",\"border-color\":\"#ffffff\",\"border-transparency\":\"0.25\",\"border-style\":\"solid\",\"border-width\":\"2px\",\"border-radius\":[\"30px\",\"30px\",\"30px\",\"30px\"],\"z\":\"0\",\"skewx\":\"0\",\"skewy\":\"0\",\"scalex\":\"1\",\"scaley\":\"1\",\"opacity\":\"1\",\"xrotate\":\"0\",\"yrotate\":\"0\",\"2d_rotation\":\"0\",\"2d_origin_x\":\"50\",\"2d_origin_y\":\"50\",\"pers\":\"600\",\"corner_left\":\"nothing\",\"corner_right\":\"nothing\",\"parallax\":\"-\"}'),(116,'.tp-caption.Sports-Button-Light','{\"hover\":\"true\",\"type\":\"button\",\"version\":\"5.0\",\"translated\":\"5\"}','{\"color\":\"#ffffff\",\"color-transparency\":\"1\",\"text-decoration\":\"none\",\"background-color\":\"#000000\",\"background-transparency\":\"0\",\"border-color\":\"#ffffff\",\"border-transparency\":\"1\",\"border-style\":\"solid\",\"border-width\":\"2\",\"border-radius\":[\"0px\",\"0px\",\"0px\",\"0px\"],\"opacity\":\"1\",\"scalex\":\"1\",\"scaley\":\"1\",\"skewx\":\"0\",\"skewy\":\"0\",\"xrotate\":\"0\",\"yrotate\":\"0\",\"2d_rotation\":\"0\",\"pointer_events\":\"auto\",\"css_cursor\":\"auto\",\"speed\":\"500\",\"easing\":\"none\"}','{\"idle\":{\"letter-spacing\":\"2px\"},\"hover\":\"\"}','{\"color\":\"#ffffff\",\"color-transparency\":\"1\",\"font-size\":\"17px\",\"line-height\":\"17px\",\"font-weight\":\"600\",\"font-style\":\"normal\",\"font-family\":\"Raleway\",\"padding\":[\"12px\",\"35px\",\"12px\",\"35px\"],\"text-decoration\":\"none\",\"text-align\":\"left\",\"background-color\":\"#000000\",\"background-transparency\":\"0\",\"border-color\":\"#ffffff\",\"border-transparency\":\"0.5\",\"border-style\":\"solid\",\"border-width\":\"2\",\"border-radius\":[\"0px\",\"0px\",\"0px\",\"0px\"],\"z\":\"0\",\"skewx\":\"0\",\"skewy\":\"0\",\"scalex\":\"1\",\"scaley\":\"1\",\"opacity\":\"1\",\"xrotate\":\"0\",\"yrotate\":\"0\",\"2d_rotation\":\"0\",\"2d_origin_x\":\"50\",\"2d_origin_y\":\"50\",\"pers\":\"600\",\"corner_left\":\"nothing\",\"corner_right\":\"nothing\",\"parallax\":\"-\"}'),(117,'.tp-caption.Sports-Button-Light','{\"hover\":\"true\",\"type\":\"button\",\"version\":\"5.0\",\"translated\":\"5\"}','{\"color\":\"#ffffff\",\"color-transparency\":\"1\",\"text-decoration\":\"none\",\"background-color\":\"#000000\",\"background-transparency\":\"0\",\"border-color\":\"#ffffff\",\"border-transparency\":\"1\",\"border-style\":\"solid\",\"border-width\":\"2\",\"border-radius\":[\"0px\",\"0px\",\"0px\",\"0px\"],\"opacity\":\"1\",\"scalex\":\"1\",\"scaley\":\"1\",\"skewx\":\"0\",\"skewy\":\"0\",\"xrotate\":\"0\",\"yrotate\":\"0\",\"2d_rotation\":\"0\",\"pointer_events\":\"auto\",\"css_cursor\":\"auto\",\"speed\":\"500\",\"easing\":\"none\"}','{\"idle\":{\"letter-spacing\":\"2px\"},\"hover\":\"\"}','{\"color\":\"#ffffff\",\"color-transparency\":\"1\",\"font-size\":\"17px\",\"line-height\":\"17px\",\"font-weight\":\"600\",\"font-style\":\"normal\",\"font-family\":\"Raleway\",\"padding\":[\"12px\",\"35px\",\"12px\",\"35px\"],\"text-decoration\":\"none\",\"text-align\":\"left\",\"background-color\":\"#000000\",\"background-transparency\":\"0\",\"border-color\":\"#ffffff\",\"border-transparency\":\"0.5\",\"border-style\":\"solid\",\"border-width\":\"2\",\"border-radius\":[\"0px\",\"0px\",\"0px\",\"0px\"],\"z\":\"0\",\"skewx\":\"0\",\"skewy\":\"0\",\"scalex\":\"1\",\"scaley\":\"1\",\"opacity\":\"1\",\"xrotate\":\"0\",\"yrotate\":\"0\",\"2d_rotation\":\"0\",\"2d_origin_x\":\"50\",\"2d_origin_y\":\"50\",\"pers\":\"600\",\"corner_left\":\"nothing\",\"corner_right\":\"nothing\",\"parallax\":\"-\"}'),(118,'.tp-caption.Sports-Button-Red','{\"hover\":\"true\",\"type\":\"button\",\"version\":\"5.0\",\"translated\":\"5\"}','{\"color\":\"#ffffff\",\"color-transparency\":\"1\",\"text-decoration\":\"none\",\"background-color\":\"#000000\",\"background-transparency\":\"1\",\"border-color\":\"#000000\",\"border-transparency\":\"1\",\"border-style\":\"solid\",\"border-width\":\"2\",\"border-radius\":[\"0px\",\"0px\",\"0px\",\"0px\"],\"opacity\":\"1\",\"scalex\":\"1\",\"scaley\":\"1\",\"skewx\":\"0\",\"skewy\":\"0\",\"xrotate\":\"0\",\"yrotate\":\"0\",\"2d_rotation\":\"0\",\"pointer_events\":\"auto\",\"css_cursor\":\"auto\",\"speed\":\"500\",\"easing\":\"none\"}','{\"idle\":{\"letter-spacing\":\"2px\"},\"hover\":\"\"}','{\"color\":\"#ffffff\",\"color-transparency\":\"1\",\"font-size\":\"17px\",\"line-height\":\"17px\",\"font-weight\":\"600\",\"font-style\":\"normal\",\"font-family\":\"Raleway\",\"padding\":[\"12px\",\"35px\",\"12px\",\"35px\"],\"text-decoration\":\"none\",\"text-align\":\"left\",\"background-color\":\"#db1c22\",\"background-transparency\":\"1\",\"border-color\":\"#db1c22\",\"border-transparency\":\"0\",\"border-style\":\"solid\",\"border-width\":\"2px\",\"border-radius\":[\"0px\",\"0px\",\"0px\",\"0px\"],\"z\":\"0\",\"skewx\":\"0\",\"skewy\":\"0\",\"scalex\":\"1\",\"scaley\":\"1\",\"opacity\":\"1\",\"xrotate\":\"0\",\"yrotate\":\"0\",\"2d_rotation\":\"0\",\"2d_origin_x\":\"50\",\"2d_origin_y\":\"50\",\"pers\":\"600\",\"corner_left\":\"nothing\",\"corner_right\":\"nothing\",\"parallax\":\"-\"}'),(119,'.tp-caption.Photography-Button','{\"hover\":\"true\",\"type\":\"button\",\"version\":\"5.0\",\"translated\":\"5\"}','{\"color\":\"#ffffff\",\"color-transparency\":\"1\",\"text-decoration\":\"none\",\"background-color\":\"#000000\",\"background-transparency\":\"0\",\"border-color\":\"#ffffff\",\"border-transparency\":\"1\",\"border-style\":\"solid\",\"border-width\":\"1px\",\"border-radius\":[\"30px\",\"30px\",\"30px\",\"30px\"],\"opacity\":\"1\",\"scalex\":\"1\",\"scaley\":\"1\",\"skewx\":\"0\",\"skewy\":\"0\",\"xrotate\":\"0\",\"yrotate\":\"0\",\"2d_rotation\":\"0\",\"pointer_events\":\"auto\",\"css_cursor\":\"auto\",\"speed\":\"300\",\"easing\":\"power3.out\"}','{\"idle\":{\"letter-spacing\":\"1px\"},\"hover\":\"\"}','{\"color\":\"#ffffff\",\"color-transparency\":\"1\",\"font-size\":\"15px\",\"line-height\":\"15px\",\"font-weight\":\"600\",\"font-style\":\"normal\",\"font-family\":\"Raleway\",\"padding\":[\"13px\",\"35px\",\"13px\",\"35px\"],\"text-decoration\":\"none\",\"text-align\":\"left\",\"background-color\":\"#000000\",\"background-transparency\":\"0\",\"border-color\":\"#ffffff\",\"border-transparency\":\"0.25\",\"border-style\":\"solid\",\"border-width\":\"1px\",\"border-radius\":[\"30px\",\"30px\",\"30px\",\"30px\"],\"z\":\"0\",\"skewx\":\"0\",\"skewy\":\"0\",\"scalex\":\"1\",\"scaley\":\"1\",\"opacity\":\"1\",\"xrotate\":\"0\",\"yrotate\":\"0\",\"2d_rotation\":\"0\",\"2d_origin_x\":\"50\",\"2d_origin_y\":\"50\",\"pers\":\"600\",\"corner_left\":\"nothing\",\"corner_right\":\"nothing\",\"parallax\":\"-\"}'),(120,'.tp-caption.Newspaper-Button-2','{\"hover\":\"true\",\"type\":\"button\",\"version\":\"5.0\",\"translated\":\"5\"}','{\"color\":\"#ffffff\",\"color-transparency\":\"1\",\"text-decoration\":\"none\",\"background-color\":\"#000000\",\"background-transparency\":\"0\",\"border-color\":\"#ffffff\",\"border-transparency\":\"1\",\"border-style\":\"solid\",\"border-width\":\"2\",\"border-radius\":[\"3px\",\"3px\",\"3px\",\"3px\"],\"opacity\":\"1\",\"scalex\":\"1\",\"scaley\":\"1\",\"skewx\":\"0\",\"skewy\":\"0\",\"xrotate\":\"0\",\"yrotate\":\"0\",\"2d_rotation\":\"0\",\"pointer_events\":\"auto\",\"css_cursor\":\"pointer\",\"speed\":\"300\",\"easing\":\"none\"}','{\"idle\":\"\",\"hover\":\"\"}','{\"color\":\"#ffffff\",\"color-transparency\":\"1\",\"font-size\":\"15px\",\"line-height\":\"15px\",\"font-weight\":\"900\",\"font-style\":\"normal\",\"font-family\":\"Roboto\",\"padding\":[\"10px\",\"30px\",\"10px\",\"30px\"],\"text-decoration\":\"none\",\"text-align\":\"left\",\"background-color\":\"#000000\",\"background-transparency\":\"0\",\"border-color\":\"#ffffff\",\"border-transparency\":\"0.5\",\"border-style\":\"solid\",\"border-width\":\"2\",\"border-radius\":[\"3px\",\"3px\",\"3px\",\"3px\"],\"z\":\"0\",\"skewx\":\"0\",\"skewy\":\"0\",\"scalex\":\"1\",\"scaley\":\"1\",\"opacity\":\"1\",\"xrotate\":\"0\",\"yrotate\":\"0\",\"2d_rotation\":\"0\",\"2d_origin_x\":\"50\",\"2d_origin_y\":\"50\",\"pers\":\"600\",\"corner_left\":\"nothing\",\"corner_right\":\"nothing\",\"parallax\":\"-\"}');

--
-- Table structure for table `wp_4_revslider_css_bkp`
--

CREATE TABLE `wp_4_revslider_css_bkp` (
  `id` int NOT NULL AUTO_INCREMENT,
  `handle` text NOT NULL,
  `settings` longtext,
  `hover` longtext,
  `advanced` longtext,
  `params` longtext NOT NULL,
  PRIMARY KEY (`id`),
  KEY `handle_index` (`handle`(64))
) ENGINE=InnoDB AUTO_INCREMENT=48 DEFAULT CHARSET=latin1;

--
-- Dumping data for table `wp_4_revslider_css_bkp`
--

INSERT INTO `wp_4_revslider_css_bkp` VALUES (1,'.tp-caption.medium_grey',NULL,NULL,NULL,'{\"position\":\"absolute\",\"color\":\"#fff\",\"text-shadow\":\"0px 2px 5px rgba(0, 0, 0, 0.5)\",\"font-weight\":\"700\",\"font-size\":\"20px\",\"line-height\":\"20px\",\"font-family\":\"Arial\",\"padding\":\"2px 4px\",\"margin\":\"0px\",\"border-width\":\"0px\",\"border-style\":\"none\",\"background-color\":\"#888\",\"white-space\":\"nowrap\"}'),(2,'.tp-caption.small_text',NULL,NULL,NULL,'{\"position\":\"absolute\",\"color\":\"#fff\",\"text-shadow\":\"0px 2px 5px rgba(0, 0, 0, 0.5)\",\"font-weight\":\"700\",\"font-size\":\"14px\",\"line-height\":\"20px\",\"font-family\":\"Arial\",\"margin\":\"0px\",\"border-width\":\"0px\",\"border-style\":\"none\",\"white-space\":\"nowrap\"}'),(3,'.tp-caption.medium_text',NULL,NULL,NULL,'{\"position\":\"absolute\",\"color\":\"#fff\",\"text-shadow\":\"0px 2px 5px rgba(0, 0, 0, 0.5)\",\"font-weight\":\"700\",\"font-size\":\"20px\",\"line-height\":\"20px\",\"font-family\":\"Arial\",\"margin\":\"0px\",\"border-width\":\"0px\",\"border-style\":\"none\",\"white-space\":\"nowrap\"}'),(4,'.tp-caption.large_text',NULL,NULL,NULL,'{\"position\":\"absolute\",\"color\":\"#fff\",\"text-shadow\":\"0px 2px 5px rgba(0, 0, 0, 0.5)\",\"font-weight\":\"700\",\"font-size\":\"40px\",\"line-height\":\"40px\",\"font-family\":\"Arial\",\"margin\":\"0px\",\"border-width\":\"0px\",\"border-style\":\"none\",\"white-space\":\"nowrap\"}'),(5,'.tp-caption.very_large_text',NULL,NULL,NULL,'{\"position\":\"absolute\",\"color\":\"#fff\",\"text-shadow\":\"0px 2px 5px rgba(0, 0, 0, 0.5)\",\"font-weight\":\"700\",\"font-size\":\"60px\",\"line-height\":\"60px\",\"font-family\":\"Arial\",\"margin\":\"0px\",\"border-width\":\"0px\",\"border-style\":\"none\",\"white-space\":\"nowrap\",\"letter-spacing\":\"-2px\"}'),(6,'.tp-caption.very_big_white',NULL,NULL,NULL,'{\"position\":\"absolute\",\"color\":\"#fff\",\"text-shadow\":\"none\",\"font-weight\":\"800\",\"font-size\":\"60px\",\"line-height\":\"60px\",\"font-family\":\"Arial\",\"margin\":\"0px\",\"border-width\":\"0px\",\"border-style\":\"none\",\"white-space\":\"nowrap\",\"padding\":\"0px 4px\",\"padding-top\":\"1px\",\"background-color\":\"#000\"}'),(7,'.tp-caption.very_big_black',NULL,NULL,NULL,'{\"position\":\"absolute\",\"color\":\"#000\",\"text-shadow\":\"none\",\"font-weight\":\"700\",\"font-size\":\"60px\",\"line-height\":\"60px\",\"font-family\":\"Arial\",\"margin\":\"0px\",\"border-width\":\"0px\",\"border-style\":\"none\",\"white-space\":\"nowrap\",\"padding\":\"0px 4px\",\"padding-top\":\"1px\",\"background-color\":\"#fff\"}'),(8,'.tp-caption.modern_medium_fat',NULL,NULL,NULL,'{\"position\":\"absolute\",\"color\":\"#000\",\"text-shadow\":\"none\",\"font-weight\":\"800\",\"font-size\":\"24px\",\"line-height\":\"20px\",\"font-family\":\"\\\"Open Sans\\\", sans-serif\",\"margin\":\"0px\",\"border-width\":\"0px\",\"border-style\":\"none\",\"white-space\":\"nowrap\"}'),(9,'.tp-caption.modern_medium_fat_white',NULL,NULL,NULL,'{\"position\":\"absolute\",\"color\":\"#fff\",\"text-shadow\":\"none\",\"font-weight\":\"800\",\"font-size\":\"24px\",\"line-height\":\"20px\",\"font-family\":\"\\\"Open Sans\\\", sans-serif\",\"margin\":\"0px\",\"border-width\":\"0px\",\"border-style\":\"none\",\"white-space\":\"nowrap\"}'),(10,'.tp-caption.modern_medium_light',NULL,NULL,NULL,'{\"position\":\"absolute\",\"color\":\"#000\",\"text-shadow\":\"none\",\"font-weight\":\"300\",\"font-size\":\"24px\",\"line-height\":\"20px\",\"font-family\":\"\\\"Open Sans\\\", sans-serif\",\"margin\":\"0px\",\"border-width\":\"0px\",\"border-style\":\"none\",\"white-space\":\"nowrap\"}'),(11,'.tp-caption.modern_big_bluebg',NULL,NULL,NULL,'{\"position\":\"absolute\",\"color\":\"#fff\",\"text-shadow\":\"none\",\"font-weight\":\"800\",\"font-size\":\"30px\",\"line-height\":\"36px\",\"font-family\":\"\\\"Open Sans\\\", sans-serif\",\"padding\":\"3px 10px\",\"margin\":\"0px\",\"border-width\":\"0px\",\"border-style\":\"none\",\"background-color\":\"#4e5b6c\",\"letter-spacing\":\"0\"}'),(12,'.tp-caption.modern_big_redbg',NULL,NULL,NULL,'{\"position\":\"absolute\",\"color\":\"#fff\",\"text-shadow\":\"none\",\"font-weight\":\"300\",\"font-size\":\"30px\",\"line-height\":\"36px\",\"font-family\":\"\\\"Open Sans\\\", sans-serif\",\"padding\":\"3px 10px\",\"padding-top\":\"1px\",\"margin\":\"0px\",\"border-width\":\"0px\",\"border-style\":\"none\",\"background-color\":\"#de543e\",\"letter-spacing\":\"0\"}'),(13,'.tp-caption.modern_small_text_dark',NULL,NULL,NULL,'{\"position\":\"absolute\",\"color\":\"#555\",\"text-shadow\":\"none\",\"font-size\":\"14px\",\"line-height\":\"22px\",\"font-family\":\"Arial\",\"margin\":\"0px\",\"border-width\":\"0px\",\"border-style\":\"none\",\"white-space\":\"nowrap\"}'),(14,'.tp-caption.boxshadow',NULL,NULL,NULL,'{\"-moz-box-shadow\":\"0px 0px 20px rgba(0, 0, 0, 0.5)\",\"-webkit-box-shadow\":\"0px 0px 20px rgba(0, 0, 0, 0.5)\",\"box-shadow\":\"0px 0px 20px rgba(0, 0, 0, 0.5)\"}'),(15,'.tp-caption.black',NULL,NULL,NULL,'{\"color\":\"#000\",\"text-shadow\":\"none\"}'),(16,'.tp-caption.noshadow',NULL,NULL,NULL,'{\"text-shadow\":\"none\"}'),(17,'.tp-caption.thinheadline_dark',NULL,NULL,NULL,'{\"position\":\"absolute\",\"color\":\"rgba(0,0,0,0.85)\",\"text-shadow\":\"none\",\"font-weight\":\"300\",\"font-size\":\"30px\",\"line-height\":\"30px\",\"font-family\":\"\\\"Open Sans\\\"\",\"background-color\":\"transparent\"}'),(18,'.tp-caption.thintext_dark',NULL,NULL,NULL,'{\"position\":\"absolute\",\"color\":\"rgba(0,0,0,0.85)\",\"text-shadow\":\"none\",\"font-weight\":\"300\",\"font-size\":\"16px\",\"line-height\":\"26px\",\"font-family\":\"\\\"Open Sans\\\"\",\"background-color\":\"transparent\"}'),(19,'.tp-caption.largeblackbg',NULL,NULL,NULL,'{\"position\":\"absolute\",\"color\":\"#fff\",\"text-shadow\":\"none\",\"font-weight\":\"300\",\"font-size\":\"50px\",\"line-height\":\"70px\",\"font-family\":\"\\\"Open Sans\\\"\",\"background-color\":\"#000\",\"padding\":\"0px 20px\",\"-webkit-border-radius\":\"0px\",\"-moz-border-radius\":\"0px\",\"border-radius\":\"0px\"}'),(20,'.tp-caption.largepinkbg',NULL,NULL,NULL,'{\"position\":\"absolute\",\"color\":\"#fff\",\"text-shadow\":\"none\",\"font-weight\":\"300\",\"font-size\":\"50px\",\"line-height\":\"70px\",\"font-family\":\"\\\"Open Sans\\\"\",\"background-color\":\"#db4360\",\"padding\":\"0px 20px\",\"-webkit-border-radius\":\"0px\",\"-moz-border-radius\":\"0px\",\"border-radius\":\"0px\"}'),(21,'.tp-caption.largewhitebg',NULL,NULL,NULL,'{\"position\":\"absolute\",\"color\":\"#000\",\"text-shadow\":\"none\",\"font-weight\":\"300\",\"font-size\":\"50px\",\"line-height\":\"70px\",\"font-family\":\"\\\"Open Sans\\\"\",\"background-color\":\"#fff\",\"padding\":\"0px 20px\",\"-webkit-border-radius\":\"0px\",\"-moz-border-radius\":\"0px\",\"border-radius\":\"0px\"}'),(22,'.tp-caption.largegreenbg',NULL,NULL,NULL,'{\"position\":\"absolute\",\"color\":\"#fff\",\"text-shadow\":\"none\",\"font-weight\":\"300\",\"font-size\":\"50px\",\"line-height\":\"70px\",\"font-family\":\"\\\"Open Sans\\\"\",\"background-color\":\"#67ae73\",\"padding\":\"0px 20px\",\"-webkit-border-radius\":\"0px\",\"-moz-border-radius\":\"0px\",\"border-radius\":\"0px\"}'),(23,'.tp-caption.excerpt',NULL,NULL,NULL,'{\"font-size\":\"36px\",\"line-height\":\"36px\",\"font-weight\":\"700\",\"font-family\":\"Arial\",\"color\":\"#ffffff\",\"text-decoration\":\"none\",\"background-color\":\"rgba(0, 0, 0, 1)\",\"text-shadow\":\"none\",\"margin\":\"0px\",\"letter-spacing\":\"-1.5px\",\"padding\":\"1px 4px 0px 4px\",\"width\":\"150px\",\"white-space\":\"normal !important\",\"height\":\"auto\",\"border-width\":\"0px\",\"border-color\":\"rgb(255, 255, 255)\",\"border-style\":\"none\"}'),(24,'.tp-caption.large_bold_grey',NULL,NULL,NULL,'{\"font-size\":\"60px\",\"line-height\":\"60px\",\"font-weight\":\"800\",\"font-family\":\"\\\"Open Sans\\\"\",\"color\":\"rgb(102, 102, 102)\",\"text-decoration\":\"none\",\"background-color\":\"transparent\",\"text-shadow\":\"none\",\"margin\":\"0px\",\"padding\":\"1px 4px 0px\",\"border-width\":\"0px\",\"border-color\":\"rgb(255, 214, 88)\",\"border-style\":\"none\"}'),(25,'.tp-caption.medium_thin_grey',NULL,NULL,NULL,'{\"font-size\":\"34px\",\"line-height\":\"30px\",\"font-weight\":\"300\",\"font-family\":\"\\\"Open Sans\\\"\",\"color\":\"rgb(102, 102, 102)\",\"text-decoration\":\"none\",\"background-color\":\"transparent\",\"padding\":\"1px 4px 0px\",\"text-shadow\":\"none\",\"margin\":\"0px\",\"border-width\":\"0px\",\"border-color\":\"rgb(255, 214, 88)\",\"border-style\":\"none\"}'),(26,'.tp-caption.small_thin_grey',NULL,NULL,NULL,'{\"font-size\":\"18px\",\"line-height\":\"26px\",\"font-weight\":\"300\",\"font-family\":\"\\\"Open Sans\\\"\",\"color\":\"rgb(117, 117, 117)\",\"text-decoration\":\"none\",\"background-color\":\"transparent\",\"padding\":\"1px 4px 0px\",\"text-shadow\":\"none\",\"margin\":\"0px\",\"border-width\":\"0px\",\"border-color\":\"rgb(255, 214, 88)\",\"border-style\":\"none\"}'),(27,'.tp-caption.lightgrey_divider',NULL,NULL,NULL,'{\"text-decoration\":\"none\",\"background-color\":\"rgba(235, 235, 235, 1)\",\"width\":\"370px\",\"height\":\"3px\",\"background-position\":\"initial initial\",\"background-repeat\":\"initial initial\",\"border-width\":\"0px\",\"border-color\":\"rgb(34, 34, 34)\",\"border-style\":\"none\"}'),(28,'.tp-caption.large_bold_darkblue',NULL,NULL,NULL,'{\"font-size\":\"58px\",\"line-height\":\"60px\",\"font-weight\":\"800\",\"font-family\":\"\\\"Open Sans\\\"\",\"color\":\"rgb(52, 73, 94)\",\"text-decoration\":\"none\",\"background-color\":\"transparent\",\"border-width\":\"0px\",\"border-color\":\"rgb(255, 214, 88)\",\"border-style\":\"none\"}'),(29,'.tp-caption.medium_bg_darkblue',NULL,NULL,NULL,'{\"font-size\":\"20px\",\"line-height\":\"20px\",\"font-weight\":\"800\",\"font-family\":\"\\\"Open Sans\\\"\",\"color\":\"rgb(255, 255, 255)\",\"text-decoration\":\"none\",\"background-color\":\"rgb(52, 73, 94)\",\"padding\":\"10px\",\"border-width\":\"0px\",\"border-color\":\"rgb(255, 214, 88)\",\"border-style\":\"none\"}'),(30,'.tp-caption.medium_bold_red',NULL,NULL,NULL,'{\"font-size\":\"24px\",\"line-height\":\"30px\",\"font-weight\":\"800\",\"font-family\":\"\\\"Open Sans\\\"\",\"color\":\"rgb(227, 58, 12)\",\"text-decoration\":\"none\",\"background-color\":\"transparent\",\"padding\":\"0px\",\"border-width\":\"0px\",\"border-color\":\"rgb(255, 214, 88)\",\"border-style\":\"none\"}'),(31,'.tp-caption.medium_light_red',NULL,NULL,NULL,'{\"font-size\":\"21px\",\"line-height\":\"26px\",\"font-weight\":\"300\",\"font-family\":\"\\\"Open Sans\\\"\",\"color\":\"rgb(227, 58, 12)\",\"text-decoration\":\"none\",\"background-color\":\"transparent\",\"padding\":\"0px\",\"border-width\":\"0px\",\"border-color\":\"rgb(255, 214, 88)\",\"border-style\":\"none\"}'),(32,'.tp-caption.medium_bg_red',NULL,NULL,NULL,'{\"font-size\":\"20px\",\"line-height\":\"20px\",\"font-weight\":\"800\",\"font-family\":\"\\\"Open Sans\\\"\",\"color\":\"rgb(255, 255, 255)\",\"text-decoration\":\"none\",\"background-color\":\"rgb(227, 58, 12)\",\"padding\":\"10px\",\"border-width\":\"0px\",\"border-color\":\"rgb(255, 214, 88)\",\"border-style\":\"none\"}'),(33,'.tp-caption.medium_bold_orange',NULL,NULL,NULL,'{\"font-size\":\"24px\",\"line-height\":\"30px\",\"font-weight\":\"800\",\"font-family\":\"\\\"Open Sans\\\"\",\"color\":\"rgb(243, 156, 18)\",\"text-decoration\":\"none\",\"background-color\":\"transparent\",\"border-width\":\"0px\",\"border-color\":\"rgb(255, 214, 88)\",\"border-style\":\"none\"}'),(34,'.tp-caption.medium_bg_orange',NULL,NULL,NULL,'{\"font-size\":\"20px\",\"line-height\":\"20px\",\"font-weight\":\"800\",\"font-family\":\"\\\"Open Sans\\\"\",\"color\":\"rgb(255, 255, 255)\",\"text-decoration\":\"none\",\"background-color\":\"rgb(243, 156, 18)\",\"padding\":\"10px\",\"border-width\":\"0px\",\"border-color\":\"rgb(255, 214, 88)\",\"border-style\":\"none\"}'),(35,'.tp-caption.grassfloor',NULL,NULL,NULL,'{\"text-decoration\":\"none\",\"background-color\":\"rgba(160, 179, 151, 1)\",\"width\":\"4000px\",\"height\":\"150px\",\"border-width\":\"0px\",\"border-color\":\"rgb(34, 34, 34)\",\"border-style\":\"none\"}'),(36,'.tp-caption.large_bold_white',NULL,NULL,NULL,'{\"font-size\":\"58px\",\"line-height\":\"60px\",\"font-weight\":\"800\",\"font-family\":\"\\\"Open Sans\\\"\",\"color\":\"rgb(255, 255, 255)\",\"text-decoration\":\"none\",\"background-color\":\"transparent\",\"border-width\":\"0px\",\"border-color\":\"rgb(255, 214, 88)\",\"border-style\":\"none\"}'),(37,'.tp-caption.medium_light_white',NULL,NULL,NULL,'{\"font-size\":\"30px\",\"line-height\":\"36px\",\"font-weight\":\"300\",\"font-family\":\"\\\"Open Sans\\\"\",\"color\":\"rgb(255, 255, 255)\",\"text-decoration\":\"none\",\"background-color\":\"transparent\",\"padding\":\"0px\",\"border-width\":\"0px\",\"border-color\":\"rgb(255, 214, 88)\",\"border-style\":\"none\"}'),(38,'.tp-caption.mediumlarge_light_white',NULL,NULL,NULL,'{\"font-size\":\"34px\",\"line-height\":\"40px\",\"font-weight\":\"300\",\"font-family\":\"\\\"Open Sans\\\"\",\"color\":\"rgb(255, 255, 255)\",\"text-decoration\":\"none\",\"background-color\":\"transparent\",\"padding\":\"0px\",\"border-width\":\"0px\",\"border-color\":\"rgb(255, 214, 88)\",\"border-style\":\"none\"}'),(39,'.tp-caption.mediumlarge_light_white_center',NULL,NULL,NULL,'{\"font-size\":\"34px\",\"line-height\":\"40px\",\"font-weight\":\"300\",\"font-family\":\"\\\"Open Sans\\\"\",\"color\":\"#ffffff\",\"text-decoration\":\"none\",\"background-color\":\"transparent\",\"padding\":\"0px 0px 0px 0px\",\"text-align\":\"center\",\"border-width\":\"0px\",\"border-color\":\"rgb(255, 214, 88)\",\"border-style\":\"none\"}'),(40,'.tp-caption.medium_bg_asbestos',NULL,NULL,NULL,'{\"font-size\":\"20px\",\"line-height\":\"20px\",\"font-weight\":\"800\",\"font-family\":\"\\\"Open Sans\\\"\",\"color\":\"rgb(255, 255, 255)\",\"text-decoration\":\"none\",\"background-color\":\"rgb(127, 140, 141)\",\"padding\":\"10px\",\"border-width\":\"0px\",\"border-color\":\"rgb(255, 214, 88)\",\"border-style\":\"none\"}'),(41,'.tp-caption.medium_light_black',NULL,NULL,NULL,'{\"font-size\":\"30px\",\"line-height\":\"36px\",\"font-weight\":\"300\",\"font-family\":\"\\\"Open Sans\\\"\",\"color\":\"rgb(0, 0, 0)\",\"text-decoration\":\"none\",\"background-color\":\"transparent\",\"padding\":\"0px\",\"border-width\":\"0px\",\"border-color\":\"rgb(255, 214, 88)\",\"border-style\":\"none\"}'),(42,'.tp-caption.large_bold_black',NULL,NULL,NULL,'{\"font-size\":\"58px\",\"line-height\":\"60px\",\"font-weight\":\"800\",\"font-family\":\"\\\"Open Sans\\\"\",\"color\":\"rgb(0, 0, 0)\",\"text-decoration\":\"none\",\"background-color\":\"transparent\",\"border-width\":\"0px\",\"border-color\":\"rgb(255, 214, 88)\",\"border-style\":\"none\"}'),(43,'.tp-caption.mediumlarge_light_darkblue',NULL,NULL,NULL,'{\"font-size\":\"34px\",\"line-height\":\"40px\",\"font-weight\":\"300\",\"font-family\":\"\\\"Open Sans\\\"\",\"color\":\"rgb(52, 73, 94)\",\"text-decoration\":\"none\",\"background-color\":\"transparent\",\"padding\":\"0px\",\"border-width\":\"0px\",\"border-color\":\"rgb(255, 214, 88)\",\"border-style\":\"none\"}'),(44,'.tp-caption.small_light_white',NULL,NULL,NULL,'{\"font-size\":\"17px\",\"line-height\":\"28px\",\"font-weight\":\"300\",\"font-family\":\"\\\"Open Sans\\\"\",\"color\":\"rgb(255, 255, 255)\",\"text-decoration\":\"none\",\"background-color\":\"transparent\",\"padding\":\"0px\",\"border-width\":\"0px\",\"border-color\":\"rgb(255, 214, 88)\",\"border-style\":\"none\"}'),(45,'.tp-caption.roundedimage',NULL,NULL,NULL,'{\"border-width\":\"0px\",\"border-color\":\"rgb(34, 34, 34)\",\"border-style\":\"none\"}'),(46,'.tp-caption.large_bg_black',NULL,NULL,NULL,'{\"font-size\":\"40px\",\"line-height\":\"40px\",\"font-weight\":\"800\",\"font-family\":\"\\\"Open Sans\\\"\",\"color\":\"rgb(255, 255, 255)\",\"text-decoration\":\"none\",\"background-color\":\"rgb(0, 0, 0)\",\"padding\":\"10px 20px 15px\",\"border-width\":\"0px\",\"border-color\":\"rgb(255, 214, 88)\",\"border-style\":\"none\"}'),(47,'.tp-caption.mediumwhitebg',NULL,NULL,NULL,'{\"font-size\":\"30px\",\"line-height\":\"30px\",\"font-weight\":\"300\",\"font-family\":\"\\\"Open Sans\\\"\",\"color\":\"rgb(0, 0, 0)\",\"text-decoration\":\"none\",\"background-color\":\"rgb(255, 255, 255)\",\"padding\":\"5px 15px 10px\",\"text-shadow\":\"none\",\"border-width\":\"0px\",\"border-color\":\"rgb(0, 0, 0)\",\"border-style\":\"none\"}');

--
-- Table structure for table `wp_4_revslider_layer_animations`
--

CREATE TABLE `wp_4_revslider_layer_animations` (
  `id` int NOT NULL AUTO_INCREMENT,
  `handle` text NOT NULL,
  `params` text NOT NULL,
  `settings` text,
  PRIMARY KEY (`id`)
) ENGINE=InnoDB DEFAULT CHARSET=latin1;

--
-- Dumping data for table `wp_4_revslider_layer_animations`
--


--
-- Table structure for table `wp_4_revslider_layer_animations_bkp`
--

CREATE TABLE `wp_4_revslider_layer_animations_bkp` (
  `id` int NOT NULL AUTO_INCREMENT,
  `handle` text NOT NULL,
  `params` text NOT NULL,
  `settings` text,
  PRIMARY KEY (`id`)
) ENGINE=InnoDB DEFAULT CHARSET=latin1;

--
-- Dumping data for table `wp_4_revslider_layer_animations_bkp`
--


--
-- Table structure for table `wp_4_revslider_navigations`
--

CREATE TABLE `wp_4_revslider_navigations` (
  `id` int NOT NULL AUTO_INCREMENT,
  `name` varchar(191) NOT NULL,
  `handle` varchar(191) NOT NULL,
  `type` varchar(191) NOT NULL,
  `css` longtext NOT NULL,
  `markup` longtext NOT NULL,
  `settings` longtext,
  PRIMARY KEY (`id`)
) ENGINE=InnoDB DEFAULT CHARSET=latin1;

--
-- Dumping data for table `wp_4_revslider_navigations`
--


--
-- Table structure for table `wp_4_revslider_navigations_bkp`
--

CREATE TABLE `wp_4_revslider_navigations_bkp` (
  `id` int NOT NULL AUTO_INCREMENT,
  `name` varchar(191) NOT NULL,
  `handle` varchar(191) NOT NULL,
  `type` varchar(191) NOT NULL,
  `css` longtext NOT NULL,
  `markup` longtext NOT NULL,
  `settings` longtext,
  PRIMARY KEY (`id`)
) ENGINE=InnoDB DEFAULT CHARSET=latin1;

--
-- Dumping data for table `wp_4_revslider_navigations_bkp`
--


--
-- Table structure for table `wp_4_revslider_sliders`
--

CREATE TABLE `wp_4_revslider_sliders` (
  `id` int NOT NULL AUTO_INCREMENT,
  `title` tinytext NOT NULL,
  `alias` tinytext,
  `params` longtext NOT NULL,
  `settings` text,
  `type` varchar(191) NOT NULL DEFAULT '',
  PRIMARY KEY (`id`),
  KEY `type_index` (`type`(8))
) ENGINE=InnoDB DEFAULT CHARSET=latin1;

--
-- Dumping data for table `wp_4_revslider_sliders`
--


--
-- Table structure for table `wp_4_revslider_sliders_bkp`
--

CREATE TABLE `wp_4_revslider_sliders_bkp` (
  `id` int NOT NULL AUTO_INCREMENT,
  `title` tinytext NOT NULL,
  `alias` tinytext,
  `params` longtext NOT NULL,
  `settings` text,
  `type` varchar(191) NOT NULL DEFAULT '',
  PRIMARY KEY (`id`),
  KEY `type_index` (`type`(8))
) ENGINE=InnoDB DEFAULT CHARSET=latin1;

--
-- Dumping data for table `wp_4_revslider_sliders_bkp`
--


--
-- Table structure for table `wp_4_revslider_slides`
--

CREATE TABLE `wp_4_revslider_slides` (
  `id` int NOT NULL AUTO_INCREMENT,
  `slider_id` int NOT NULL,
  `slide_order` int NOT NULL,
  `params` longtext NOT NULL,
  `layers` longtext NOT NULL,
  `settings` text NOT NULL,
  PRIMARY KEY (`id`),
  KEY `slider_id_index` (`slider_id`)
) ENGINE=InnoDB DEFAULT CHARSET=latin1;

--
-- Dumping data for table `wp_4_revslider_slides`
--


--
-- Table structure for table `wp_4_revslider_slides_bkp`
--

CREATE TABLE `wp_4_revslider_slides_bkp` (
  `id` int NOT NULL AUTO_INCREMENT,
  `slider_id` int NOT NULL,
  `slide_order` int NOT NULL,
  `params` longtext NOT NULL,
  `layers` longtext NOT NULL,
  `settings` text NOT NULL,
  PRIMARY KEY (`id`),
  KEY `slider_id_index` (`slider_id`)
) ENGINE=InnoDB DEFAULT CHARSET=latin1;

--
-- Dumping data for table `wp_4_revslider_slides_bkp`
--


--
-- Table structure for table `wp_4_revslider_static_slides`
--

CREATE TABLE `wp_4_revslider_static_slides` (
  `id` int NOT NULL AUTO_INCREMENT,
  `slider_id` int NOT NULL,
  `params` longtext NOT NULL,
  `layers` longtext NOT NULL,
  `settings` text NOT NULL,
  PRIMARY KEY (`id`),
  KEY `slider_id_index` (`slider_id`)
) ENGINE=InnoDB DEFAULT CHARSET=latin1;

--
-- Dumping data for table `wp_4_revslider_static_slides`
--


--
-- Table structure for table `wp_4_revslider_static_slides_bkp`
--

CREATE TABLE `wp_4_revslider_static_slides_bkp` (
  `id` int NOT NULL AUTO_INCREMENT,
  `slider_id` int NOT NULL,
  `params` longtext NOT NULL,
  `layers` longtext NOT NULL,
  `settings` text NOT NULL,
  PRIMARY KEY (`id`),
  KEY `slider_id_index` (`slider_id`)
) ENGINE=InnoDB DEFAULT CHARSET=latin1;

--
-- Dumping data for table `wp_4_revslider_static_slides_bkp`
--


--
-- Table structure for table `wp_4_term_relationships`
--

CREATE TABLE `wp_4_term_relationships` (
  `object_id` bigint unsigned NOT NULL DEFAULT '0',
  `term_taxonomy_id` bigint unsigned NOT NULL DEFAULT '0',
  `term_order` int NOT NULL DEFAULT '0',
  PRIMARY KEY (`object_id`,`term_taxonomy_id`),
  KEY `term_taxonomy_id` (`term_taxonomy_id`)
) ENGINE=InnoDB DEFAULT CHARSET=utf8mb4 COLLATE=utf8mb4_unicode_ci;

--
-- Dumping data for table `wp_4_term_relationships`
--

INSERT INTO `wp_4_term_relationships` VALUES (1,1,0),(522,16,0);

--
-- Table structure for table `wp_4_term_taxonomy`
--

CREATE TABLE `wp_4_term_taxonomy` (
  `term_taxonomy_id` bigint unsigned NOT NULL AUTO_INCREMENT,
  `term_id` bigint unsigned NOT NULL DEFAULT '0',
  `taxonomy` varchar(32) CHARACTER SET utf8mb4 COLLATE utf8mb4_unicode_ci NOT NULL DEFAULT '',
  `description` longtext CHARACTER SET utf8mb4 COLLATE utf8mb4_unicode_ci NOT NULL,
  `parent` bigint unsigned NOT NULL DEFAULT '0',
  `count` bigint NOT NULL DEFAULT '0',
  PRIMARY KEY (`term_taxonomy_id`),
  UNIQUE KEY `term_id_taxonomy` (`term_id`,`taxonomy`),
  KEY `taxonomy` (`taxonomy`)
) ENGINE=InnoDB AUTO_INCREMENT=17 DEFAULT CHARSET=utf8mb4 COLLATE=utf8mb4_unicode_ci;

--
-- Dumping data for table `wp_4_term_taxonomy`
--

INSERT INTO `wp_4_term_taxonomy` VALUES (1,1,'category','',0,1),(2,2,'product_type','',0,0),(3,3,'product_type','',0,0),(4,4,'product_type','',0,0),(5,5,'product_type','',0,0),(6,6,'product_visibility','',0,0),(7,7,'product_visibility','',0,0),(8,8,'product_visibility','',0,0),(9,9,'product_visibility','',0,0),(10,10,'product_visibility','',0,0),(11,11,'product_visibility','',0,0),(12,12,'product_visibility','',0,0),(13,13,'product_visibility','',0,0),(14,14,'product_visibility','',0,0),(15,15,'product_cat','',0,0),(16,16,'wp_theme','',0,1);

--
-- Table structure for table `wp_4_termmeta`
--

CREATE TABLE `wp_4_termmeta` (
  `meta_id` bigint unsigned NOT NULL AUTO_INCREMENT,
  `term_id` bigint unsigned NOT NULL DEFAULT '0',
  `meta_key` varchar(255) CHARACTER SET utf8mb4 COLLATE utf8mb4_unicode_ci DEFAULT NULL,
  `meta_value` longtext CHARACTER SET utf8mb4 COLLATE utf8mb4_unicode_ci,
  PRIMARY KEY (`meta_id`),
  KEY `term_id` (`term_id`),
  KEY `meta_key` (`meta_key`(191))
) ENGINE=InnoDB DEFAULT CHARSET=utf8mb4 COLLATE=utf8mb4_unicode_ci;

--
-- Dumping data for table `wp_4_termmeta`
--


--
-- Table structure for table `wp_4_terms`
--

CREATE TABLE `wp_4_terms` (
  `term_id` bigint unsigned NOT NULL AUTO_INCREMENT,
  `name` varchar(200) CHARACTER SET utf8mb4 COLLATE utf8mb4_unicode_ci NOT NULL DEFAULT '',
  `slug` varchar(200) CHARACTER SET utf8mb4 COLLATE utf8mb4_unicode_ci NOT NULL DEFAULT '',
  `term_group` bigint NOT NULL DEFAULT '0',
  PRIMARY KEY (`term_id`),
  KEY `slug` (`slug`(191)),
  KEY `name` (`name`(191))
) ENGINE=InnoDB AUTO_INCREMENT=17 DEFAULT CHARSET=utf8mb4 COLLATE=utf8mb4_unicode_ci;

--
-- Dumping data for table `wp_4_terms`
--

INSERT INTO `wp_4_terms` VALUES (1,'Non classé','non-classe',0),(2,'simple','simple',0),(3,'grouped','grouped',0),(4,'variable','variable',0),(5,'external','external',0),(6,'exclude-from-search','exclude-from-search',0),(7,'exclude-from-catalog','exclude-from-catalog',0),(8,'featured','featured',0),(9,'outofstock','outofstock',0),(10,'rated-1','rated-1',0),(11,'rated-2','rated-2',0),(12,'rated-3','rated-3',0),(13,'rated-4','rated-4',0),(14,'rated-5','rated-5',0),(15,'Non classé','non-classe',0),(16,'goya-child','goya-child',0);

--
-- Table structure for table `wp_4_thim_cache`
--

CREATE TABLE `wp_4_thim_cache` (
  `key_cache` varchar(191) COLLATE utf8mb4_unicode_520_ci NOT NULL,
  `value` longtext COLLATE utf8mb4_unicode_520_ci NOT NULL,
  `expiration` varchar(191) COLLATE utf8mb4_unicode_520_ci DEFAULT NULL,
  PRIMARY KEY (`key_cache`),
  UNIQUE KEY `key_cache` (`key_cache`)
) ENGINE=InnoDB DEFAULT CHARSET=utf8mb4 COLLATE=utf8mb4_unicode_520_ci;

--
-- Dumping data for table `wp_4_thim_cache`
--

INSERT INTO `wp_4_thim_cache` VALUES ('learn_press/course-rating/350','{\"course_id\":350,\"total\":0,\"rated\":0,\"items\":{\"5\":{\"rated\":5,\"total\":0,\"percent\":0,\"percent_float\":0},\"4\":{\"rated\":4,\"total\":0,\"percent\":0,\"percent_float\":0},\"3\":{\"rated\":3,\"total\":0,\"percent\":0,\"percent_float\":0},\"2\":{\"rated\":2,\"total\":0,\"percent\":0,\"percent_float\":0},\"1\":{\"rated\":1,\"total\":0,\"percent\":0,\"percent_float\":0}}}','0'),('learn_press/course-rating/99','{\"course_id\":99,\"total\":0,\"rated\":0,\"items\":{\"5\":{\"rated\":5,\"total\":0,\"percent\":0,\"percent_float\":0},\"4\":{\"rated\":4,\"total\":0,\"percent\":0,\"percent_float\":0},\"3\":{\"rated\":3,\"total\":0,\"percent\":0,\"percent_float\":0},\"2\":{\"rated\":2,\"total\":0,\"percent\":0,\"percent_float\":0},\"1\":{\"rated\":1,\"total\":0,\"percent\":0,\"percent_float\":0}}}','0'),('learn_press/course/350/total-students-enrolled-or-purchased','1','0'),('learn_press/course/99/total-students-enrolled-or-purchased','0','0'),('learn_press/settings/lp_settings','{\"learn_press_ad_shuffle_themes\":\"yes\",\"learn_press_archive_course_limit\":\"8\",\"learn_press_archive_courses_layout\":\"list\",\"learn_press_auto_enroll\":\"yes\",\"learn_press_avatar_dimensions\":[250,250,\"yes\"],\"learn_press_become_a_teacher_page_id\":\"76\",\"learn_press_check_tables\":\"yes\",\"learn_press_checkout_endpoints\":{\"lp_order_received\":\"lp-order-received\"},\"learn_press_checkout_page_id\":\"93\",\"learn_press_course_category_base\":\"course-category\",\"learn_press_course_item_per_page\":\"5\",\"learn_press_course_tag_base\":\"course-tag\",\"learn_press_course_thumbnail_dimensions\":[500,300,\"yes\"],\"learn_press_courses_page_id\":\"79\",\"learn_press_currency\":\"USD\",\"learn_press_currency_pos\":\"left\",\"learn_press_decimals_separator\":\".\",\"learn_press_enable_login_checkout\":\"yes\",\"learn_press_enable_login_profile\":\"no\",\"learn_press_enable_popup_confirm_finish\":\"yes\",\"learn_press_enable_register_display_name\":\"no\",\"learn_press_enable_register_first_name\":\"no\",\"learn_press_enable_register_last_name\":\"no\",\"learn_press_enable_register_profile\":\"no\",\"learn_press_enable_registration_checkout\":\"yes\",\"learn_press_guest_checkout\":\"no\",\"learn_press_instructor_registration\":\"no\",\"learn_press_lesson_slug\":\"lessons\",\"learn_press_number_of_decimals\":\"2\",\"learn_press_profile_avatar\":\"yes\",\"learn_press_profile_endpoints\":{\"courses\":\"courses\",\"quizzes\":\"quizzes\",\"orders\":\"orders\",\"order-details\":\"order-details\",\"settings\":\"settings\",\"settings-basic-information\":\"basic-information\",\"settings-avatar\":\"avatar\",\"settings-change-password\":\"change-password\",\"settings-privacy\":\"privacy\"},\"learn_press_profile_page_id\":\"74\",\"learn_press_publish_profile\":\"no\",\"learn_press_quiz_slug\":\"quizzes\",\"learn_press_register_profile_fields\":[],\"learn_press_required_review\":\"yes\",\"learn_press_section_per_page\":\"2\",\"learn_press_status\":\"installed\",\"learn_press_term_conditions_page_id\":\"98\",\"learn_press_thousands_separator\":\",\"}','0');

--
-- Table structure for table `wp_4_wc_admin_note_actions`
--

CREATE TABLE `wp_4_wc_admin_note_actions` (
  `action_id` bigint unsigned NOT NULL AUTO_INCREMENT,
  `note_id` bigint unsigned NOT NULL,
  `name` varchar(255) CHARACTER SET utf8mb4 COLLATE utf8mb4_unicode_ci NOT NULL,
  `label` varchar(255) CHARACTER SET utf8mb4 COLLATE utf8mb4_unicode_ci NOT NULL,
  `query` longtext CHARACTER SET utf8mb4 COLLATE utf8mb4_unicode_ci NOT NULL,
  `status` varchar(255) CHARACTER SET utf8mb4 COLLATE utf8mb4_unicode_ci NOT NULL,
  `is_primary` tinyint(1) NOT NULL DEFAULT '0',
  `actioned_text` varchar(255) CHARACTER SET utf8mb4 COLLATE utf8mb4_unicode_ci NOT NULL,
  `nonce_action` varchar(255) CHARACTER SET utf8mb4 COLLATE utf8mb4_unicode_ci DEFAULT NULL,
  `nonce_name` varchar(255) CHARACTER SET utf8mb4 COLLATE utf8mb4_unicode_ci DEFAULT NULL,
  PRIMARY KEY (`action_id`),
  KEY `note_id` (`note_id`)
) ENGINE=InnoDB AUTO_INCREMENT=27 DEFAULT CHARSET=utf8mb4 COLLATE=utf8mb4_unicode_ci;

--
-- Dumping data for table `wp_4_wc_admin_note_actions`
--

INSERT INTO `wp_4_wc_admin_note_actions` VALUES (2,2,'connect','Connecter','?page=wc-addons&section=helper','unactioned',0,'',NULL,NULL),(3,3,'enable-navigation','Activer dans les réglages','https://mentorlystes.com/formation/wp-admin/admin.php?page=wc-settings&tab=advanced&section=features','actioned',0,'',NULL,NULL),(7,6,'learn-more','En savoir plus','https://woocommerce.com/mobile/?utm_medium=product','actioned',0,'',NULL,NULL),(8,7,'add-first-product','Ajouter un produit','https://mentorlystes.com/formation/wp-admin/admin.php?page=wc-admin&task=products','actioned',0,'',NULL,NULL),(10,9,'learn-more','En savoir plus','https://woocommerce.com/mobile/?utm_source=inbox&utm_medium=product','actioned',0,'',NULL,NULL),(22,12,'learn-more','Learn more','https://woocommerce.com/mobile/?utm_source=inbox&utm_medium=product','actioned',0,'',NULL,NULL),(23,10,'learn-more','Learn more','https://woocommerce.com/mobile/?utm_source=inbox&utm_medium=product','actioned',0,'',NULL,NULL),(24,11,'learn-more','Learn more','https://woocommerce.com/mobile/?utm_source=inbox&utm_medium=product','actioned',0,'',NULL,NULL),(25,13,'update-db_run','Update WooCommerce Database','https://pro.biolystes.com/formation/wp-admin/?do_update_woocommerce=true&return_url=https://pro.biolystes.com/formation/wp-admin/admin.php?page=wc-settings','unactioned',0,'wc_db_update','wc_db_update','wc_db_update_nonce'),(26,13,'update-db_learn-more','Learn more about updates','https://woocommerce.com/document/how-to-update-woocommerce/','unactioned',0,'',NULL,NULL);

--
-- Table structure for table `wp_4_wc_admin_notes`
--

CREATE TABLE `wp_4_wc_admin_notes` (
  `note_id` bigint unsigned NOT NULL AUTO_INCREMENT,
  `name` varchar(255) CHARACTER SET utf8mb4 COLLATE utf8mb4_unicode_ci NOT NULL,
  `type` varchar(20) CHARACTER SET utf8mb4 COLLATE utf8mb4_unicode_ci NOT NULL,
  `locale` varchar(20) CHARACTER SET utf8mb4 COLLATE utf8mb4_unicode_ci NOT NULL,
  `title` longtext CHARACTER SET utf8mb4 COLLATE utf8mb4_unicode_ci NOT NULL,
  `content` longtext CHARACTER SET utf8mb4 COLLATE utf8mb4_unicode_ci NOT NULL,
  `content_data` longtext CHARACTER SET utf8mb4 COLLATE utf8mb4_unicode_ci,
  `status` varchar(200) CHARACTER SET utf8mb4 COLLATE utf8mb4_unicode_ci NOT NULL,
  `source` varchar(200) CHARACTER SET utf8mb4 COLLATE utf8mb4_unicode_ci NOT NULL,
  `date_created` datetime NOT NULL DEFAULT '0000-00-00 00:00:00',
  `date_reminder` datetime DEFAULT NULL,
  `is_snoozable` tinyint(1) NOT NULL DEFAULT '0',
  `layout` varchar(20) CHARACTER SET utf8mb4 COLLATE utf8mb4_unicode_ci NOT NULL DEFAULT '',
  `image` varchar(200) CHARACTER SET utf8mb4 COLLATE utf8mb4_unicode_ci DEFAULT NULL,
  `is_deleted` tinyint(1) NOT NULL DEFAULT '0',
  `is_read` tinyint(1) NOT NULL DEFAULT '0',
  `icon` varchar(200) CHARACTER SET utf8mb4 COLLATE utf8mb4_unicode_ci NOT NULL DEFAULT 'info',
  PRIMARY KEY (`note_id`)
) ENGINE=InnoDB AUTO_INCREMENT=14 DEFAULT CHARSET=utf8mb4 COLLATE=utf8mb4_unicode_ci;

--
-- Dumping data for table `wp_4_wc_admin_notes`
--

INSERT INTO `wp_4_wc_admin_notes` VALUES (2,'wc-admin-wc-helper-connection','info','en_US','Se connecter à WooCommerce.com','Connectez-vous pour obtenir des notifications et des mises à jour importantes sur les produits.','{}','unactioned','woocommerce-admin','2022-04-25 10:46:40',NULL,0,'plain','',0,0,'info'),(3,'wc-admin-navigation-nudge','info','en_US','Vous avez maintenant accès à la navigation WooCommerce','Nous introduisons une nouvelle navigation pour une expérience utilisateur plus intuitive et améliorée. Vous pouvez activer la version bêta de la nouvelle expérience dans les paramètres avancés. Activez-le maintenant pour votre boutique.','{}','unactioned','woocommerce-admin','2022-04-25 10:48:05',NULL,0,'plain','',0,0,'info'),(6,'wc-admin-mobile-app','info','en_US','Installer l’application mobile Woo','Installez l’application mobile WooCommerce pour gérer les commandes, recevoir des notifications de vente et afficher les statistiques principales où que vous soyez.','{}','unactioned','woocommerce-admin','2022-04-27 12:19:05',NULL,0,'plain','',0,0,'info'),(7,'wc-admin-add-first-product-note','email','en_US','Ajouter votre premier produit','{greetings}<br /><br />Nice one; vous avez créé votre boutique WooCommerce ! Il est maintenant temps d’ajouter votre premier produit et de commencer à le vendre.<br /><br />Trois méthodes permettent d’ajouter des produits : vous pouvez <strong>créer les produits manuellement, les importer d’une traite par l’intermédiaire d’un fichier CSV</strong>, ou <strong>les migrer depuis un autre service</strong>.<br /><br /><a href=\"https://woocommerce.com/document/managing-products/?utm_source=help_panel&amp;utm_medium=product\">Explorez notre documentation</a> pour plus d’informations ou bien lancez-vous !','{\"role\":\"administrator\"}','unactioned','woocommerce-admin','2022-04-27 12:19:05',NULL,0,'plain','https://mentorlystes.com/formation/wp-content/plugins/woocommerce/packages/woocommerce-admin/images/admin_notes/dashboard-widget-setup.png',0,0,'info'),(9,'wc-admin-real-time-order-alerts','info','en_US','Obtenir des alertes de commande en temps réel n’importe où','Obtenez des notifications sur l’activité de votre boutique, notamment des nouvelles commandes et des avis sur vos produits, directement sur vos appareils mobiles grâce à l’application Woo.','{}','unactioned','woocommerce-admin','2022-07-24 11:38:56',NULL,0,'plain','',0,0,'info'),(10,'wc-admin-manage-orders-on-the-go','info','en_US','Manage your orders on the go','Look for orders, customer info, and process refunds in one click with the Woo app.','{}','unactioned','woocommerce-admin','2022-10-22 12:42:09',NULL,0,'plain','',0,0,'info'),(11,'wc-admin-performance-on-mobile','info','en_US','Track your store performance on mobile','Monitor your sales and high performing products with the Woo app.','{}','unactioned','woocommerce-admin','2023-01-21 05:16:36',NULL,0,'plain','',0,0,'info'),(12,'wc-admin-edit-products-on-the-move','info','en_US','Edit products on the move','Edit and create new products from your mobile devices with the Woo app','{}','unactioned','woocommerce-admin','2023-04-25 10:54:42',NULL,0,'plain','',0,0,'info'),(13,'wc-update-db-reminder','update','en_US','WooCommerce database update required','WooCommerce has been updated! To keep things running smoothly, we have to update your database to the newest version. The database update process runs in the background and may take a little while, so please be patient. Advanced users can alternatively update via <a href=\"https://github.com/woocommerce/woocommerce/wiki/Upgrading-the-database-using-WP-CLI\">WP CLI</a>.','{}','unactioned','woocommerce-core','2024-04-14 19:25:35',NULL,0,'plain','',0,0,'info');

--
-- Table structure for table `wp_4_wc_category_lookup`
--

CREATE TABLE `wp_4_wc_category_lookup` (
  `category_tree_id` bigint unsigned NOT NULL,
  `category_id` bigint unsigned NOT NULL,
  PRIMARY KEY (`category_tree_id`,`category_id`)
) ENGINE=InnoDB DEFAULT CHARSET=utf8mb4 COLLATE=utf8mb4_unicode_ci;

--
-- Dumping data for table `wp_4_wc_category_lookup`
--

INSERT INTO `wp_4_wc_category_lookup` VALUES (15,15);

--
-- Table structure for table `wp_4_wc_customer_lookup`
--

CREATE TABLE `wp_4_wc_customer_lookup` (
  `customer_id` bigint unsigned NOT NULL AUTO_INCREMENT,
  `user_id` bigint unsigned DEFAULT NULL,
  `username` varchar(60) CHARACTER SET utf8mb4 COLLATE utf8mb4_unicode_ci NOT NULL DEFAULT '',
  `first_name` varchar(255) CHARACTER SET utf8mb4 COLLATE utf8mb4_unicode_ci NOT NULL,
  `last_name` varchar(255) CHARACTER SET utf8mb4 COLLATE utf8mb4_unicode_ci NOT NULL,
  `email` varchar(100) CHARACTER SET utf8mb4 COLLATE utf8mb4_unicode_ci DEFAULT NULL,
  `date_last_active` timestamp NULL DEFAULT NULL,
  `date_registered` timestamp NULL DEFAULT NULL,
  `country` char(2) CHARACTER SET utf8mb4 COLLATE utf8mb4_unicode_ci NOT NULL DEFAULT '',
  `postcode` varchar(20) CHARACTER SET utf8mb4 COLLATE utf8mb4_unicode_ci NOT NULL DEFAULT '',
  `city` varchar(100) CHARACTER SET utf8mb4 COLLATE utf8mb4_unicode_ci NOT NULL DEFAULT '',
  `state` varchar(100) CHARACTER SET utf8mb4 COLLATE utf8mb4_unicode_ci NOT NULL DEFAULT '',
  PRIMARY KEY (`customer_id`),
  UNIQUE KEY `user_id` (`user_id`),
  KEY `email` (`email`)
) ENGINE=InnoDB DEFAULT CHARSET=utf8mb4 COLLATE=utf8mb4_unicode_ci;

--
-- Dumping data for table `wp_4_wc_customer_lookup`
--


--
-- Table structure for table `wp_4_wc_download_log`
--

CREATE TABLE `wp_4_wc_download_log` (
  `download_log_id` bigint unsigned NOT NULL AUTO_INCREMENT,
  `timestamp` datetime NOT NULL,
  `permission_id` bigint unsigned NOT NULL,
  `user_id` bigint unsigned DEFAULT NULL,
  `user_ip_address` varchar(100) CHARACTER SET utf8mb4 COLLATE utf8mb4_unicode_ci DEFAULT '',
  PRIMARY KEY (`download_log_id`),
  KEY `permission_id` (`permission_id`),
  KEY `timestamp` (`timestamp`),
  CONSTRAINT `fk_wp_4_wc_download_log_permission_id` FOREIGN KEY (`permission_id`) REFERENCES `wp_4_woocommerce_downloadable_product_permissions` (`permission_id`) ON DELETE CASCADE
) ENGINE=InnoDB DEFAULT CHARSET=utf8mb4 COLLATE=utf8mb4_unicode_ci;

--
-- Dumping data for table `wp_4_wc_download_log`
--


--
-- Table structure for table `wp_4_wc_order_coupon_lookup`
--

CREATE TABLE `wp_4_wc_order_coupon_lookup` (
  `order_id` bigint unsigned NOT NULL,
  `coupon_id` bigint NOT NULL,
  `date_created` datetime NOT NULL DEFAULT '0000-00-00 00:00:00',
  `discount_amount` double NOT NULL DEFAULT '0',
  PRIMARY KEY (`order_id`,`coupon_id`),
  KEY `coupon_id` (`coupon_id`),
  KEY `date_created` (`date_created`)
) ENGINE=InnoDB DEFAULT CHARSET=utf8mb4 COLLATE=utf8mb4_unicode_ci;

--
-- Dumping data for table `wp_4_wc_order_coupon_lookup`
--


--
-- Table structure for table `wp_4_wc_order_product_lookup`
--

CREATE TABLE `wp_4_wc_order_product_lookup` (
  `order_item_id` bigint unsigned NOT NULL,
  `order_id` bigint unsigned NOT NULL,
  `product_id` bigint unsigned NOT NULL,
  `variation_id` bigint unsigned NOT NULL,
  `customer_id` bigint unsigned DEFAULT NULL,
  `date_created` datetime NOT NULL DEFAULT '0000-00-00 00:00:00',
  `product_qty` int NOT NULL,
  `product_net_revenue` double NOT NULL DEFAULT '0',
  `product_gross_revenue` double NOT NULL DEFAULT '0',
  `coupon_amount` double NOT NULL DEFAULT '0',
  `tax_amount` double NOT NULL DEFAULT '0',
  `shipping_amount` double NOT NULL DEFAULT '0',
  `shipping_tax_amount` double NOT NULL DEFAULT '0',
  PRIMARY KEY (`order_item_id`),
  KEY `order_id` (`order_id`),
  KEY `product_id` (`product_id`),
  KEY `customer_id` (`customer_id`),
  KEY `date_created` (`date_created`)
) ENGINE=InnoDB DEFAULT CHARSET=utf8mb4 COLLATE=utf8mb4_unicode_ci;

--
-- Dumping data for table `wp_4_wc_order_product_lookup`
--


--
-- Table structure for table `wp_4_wc_order_stats`
--

CREATE TABLE `wp_4_wc_order_stats` (
  `order_id` bigint unsigned NOT NULL,
  `parent_id` bigint unsigned NOT NULL DEFAULT '0',
  `date_created` datetime NOT NULL DEFAULT '0000-00-00 00:00:00',
  `date_created_gmt` datetime NOT NULL DEFAULT '0000-00-00 00:00:00',
  `num_items_sold` int NOT NULL DEFAULT '0',
  `total_sales` double NOT NULL DEFAULT '0',
  `tax_total` double NOT NULL DEFAULT '0',
  `shipping_total` double NOT NULL DEFAULT '0',
  `net_total` double NOT NULL DEFAULT '0',
  `returning_customer` tinyint(1) DEFAULT NULL,
  `status` varchar(200) CHARACTER SET utf8mb4 COLLATE utf8mb4_unicode_ci NOT NULL,
  `customer_id` bigint unsigned NOT NULL,
  `date_paid` datetime DEFAULT '0000-00-00 00:00:00',
  `date_completed` datetime DEFAULT '0000-00-00 00:00:00',
  PRIMARY KEY (`order_id`),
  KEY `date_created` (`date_created`),
  KEY `customer_id` (`customer_id`),
  KEY `status` (`status`(191))
) ENGINE=InnoDB DEFAULT CHARSET=utf8mb4 COLLATE=utf8mb4_unicode_ci;

--
-- Dumping data for table `wp_4_wc_order_stats`
--


--
-- Table structure for table `wp_4_wc_order_tax_lookup`
--

CREATE TABLE `wp_4_wc_order_tax_lookup` (
  `order_id` bigint unsigned NOT NULL,
  `tax_rate_id` bigint unsigned NOT NULL,
  `date_created` datetime NOT NULL DEFAULT '0000-00-00 00:00:00',
  `shipping_tax` double NOT NULL DEFAULT '0',
  `order_tax` double NOT NULL DEFAULT '0',
  `total_tax` double NOT NULL DEFAULT '0',
  PRIMARY KEY (`order_id`,`tax_rate_id`),
  KEY `tax_rate_id` (`tax_rate_id`),
  KEY `date_created` (`date_created`)
) ENGINE=InnoDB DEFAULT CHARSET=utf8mb4 COLLATE=utf8mb4_unicode_ci;

--
-- Dumping data for table `wp_4_wc_order_tax_lookup`
--


--
-- Table structure for table `wp_4_wc_product_attributes_lookup`
--

CREATE TABLE `wp_4_wc_product_attributes_lookup` (
  `product_id` bigint NOT NULL,
  `product_or_parent_id` bigint NOT NULL,
  `taxonomy` varchar(32) CHARACTER SET utf8mb4 COLLATE utf8mb4_unicode_ci NOT NULL,
  `term_id` bigint NOT NULL,
  `is_variation_attribute` tinyint(1) NOT NULL,
  `in_stock` tinyint(1) NOT NULL,
  PRIMARY KEY (`product_or_parent_id`,`term_id`,`product_id`,`taxonomy`),
  KEY `is_variation_attribute_term_id` (`is_variation_attribute`,`term_id`)
) ENGINE=InnoDB DEFAULT CHARSET=utf8mb4 COLLATE=utf8mb4_unicode_ci;

--
-- Dumping data for table `wp_4_wc_product_attributes_lookup`
--


--
-- Table structure for table `wp_4_wc_product_download_directories`
--

CREATE TABLE `wp_4_wc_product_download_directories` (
  `url_id` bigint unsigned NOT NULL AUTO_INCREMENT,
  `url` varchar(256) CHARACTER SET utf8mb4 COLLATE utf8mb4_unicode_ci NOT NULL,
  `enabled` tinyint(1) NOT NULL DEFAULT '0',
  PRIMARY KEY (`url_id`),
  KEY `url` (`url`(191))
) ENGINE=InnoDB DEFAULT CHARSET=utf8mb4 COLLATE=utf8mb4_unicode_ci;

--
-- Dumping data for table `wp_4_wc_product_download_directories`
--


--
-- Table structure for table `wp_4_wc_product_meta_lookup`
--

CREATE TABLE `wp_4_wc_product_meta_lookup` (
  `product_id` bigint NOT NULL,
  `sku` varchar(100) CHARACTER SET utf8mb4 COLLATE utf8mb4_unicode_ci DEFAULT '',
  `virtual` tinyint(1) DEFAULT '0',
  `downloadable` tinyint(1) DEFAULT '0',
  `min_price` decimal(19,4) DEFAULT NULL,
  `max_price` decimal(19,4) DEFAULT NULL,
  `onsale` tinyint(1) DEFAULT '0',
  `stock_quantity` double DEFAULT NULL,
  `stock_status` varchar(100) CHARACTER SET utf8mb4 COLLATE utf8mb4_unicode_ci DEFAULT 'instock',
  `rating_count` bigint DEFAULT '0',
  `average_rating` decimal(3,2) DEFAULT '0.00',
  `total_sales` bigint DEFAULT '0',
  `tax_status` varchar(100) CHARACTER SET utf8mb4 COLLATE utf8mb4_unicode_ci DEFAULT 'taxable',
  `tax_class` varchar(100) CHARACTER SET utf8mb4 COLLATE utf8mb4_unicode_ci DEFAULT '',
  `global_unique_id` varchar(100) COLLATE utf8mb4_unicode_ci DEFAULT '',
  PRIMARY KEY (`product_id`),
  KEY `virtual` (`virtual`),
  KEY `downloadable` (`downloadable`),
  KEY `stock_status` (`stock_status`),
  KEY `stock_quantity` (`stock_quantity`),
  KEY `onsale` (`onsale`),
  KEY `min_max_price` (`min_price`,`max_price`),
  KEY `sku` (`sku`(50))
) ENGINE=InnoDB DEFAULT CHARSET=utf8mb4 COLLATE=utf8mb4_unicode_ci;

--
-- Dumping data for table `wp_4_wc_product_meta_lookup`
--


--
-- Table structure for table `wp_4_wc_rate_limits`
--

CREATE TABLE `wp_4_wc_rate_limits` (
  `rate_limit_id` bigint unsigned NOT NULL AUTO_INCREMENT,
  `rate_limit_key` varchar(200) CHARACTER SET utf8mb4 COLLATE utf8mb4_unicode_ci NOT NULL,
  `rate_limit_expiry` bigint unsigned NOT NULL,
  `rate_limit_remaining` smallint NOT NULL DEFAULT '0',
  PRIMARY KEY (`rate_limit_id`),
  UNIQUE KEY `rate_limit_key` (`rate_limit_key`(191))
) ENGINE=InnoDB DEFAULT CHARSET=utf8mb4 COLLATE=utf8mb4_unicode_ci;

--
-- Dumping data for table `wp_4_wc_rate_limits`
--


--
-- Table structure for table `wp_4_wc_reserved_stock`
--

CREATE TABLE `wp_4_wc_reserved_stock` (
  `order_id` bigint NOT NULL,
  `product_id` bigint NOT NULL,
  `stock_quantity` double NOT NULL DEFAULT '0',
  `timestamp` datetime NOT NULL DEFAULT '0000-00-00 00:00:00',
  `expires` datetime NOT NULL DEFAULT '0000-00-00 00:00:00',
  PRIMARY KEY (`order_id`,`product_id`)
) ENGINE=InnoDB DEFAULT CHARSET=utf8mb4 COLLATE=utf8mb4_unicode_ci;

--
-- Dumping data for table `wp_4_wc_reserved_stock`
--


--
-- Table structure for table `wp_4_wc_tax_rate_classes`
--

CREATE TABLE `wp_4_wc_tax_rate_classes` (
  `tax_rate_class_id` bigint unsigned NOT NULL AUTO_INCREMENT,
  `name` varchar(200) CHARACTER SET utf8mb4 COLLATE utf8mb4_unicode_ci NOT NULL DEFAULT '',
  `slug` varchar(200) CHARACTER SET utf8mb4 COLLATE utf8mb4_unicode_ci NOT NULL DEFAULT '',
  PRIMARY KEY (`tax_rate_class_id`),
  UNIQUE KEY `slug` (`slug`(191))
) ENGINE=InnoDB AUTO_INCREMENT=3 DEFAULT CHARSET=utf8mb4 COLLATE=utf8mb4_unicode_ci;

--
-- Dumping data for table `wp_4_wc_tax_rate_classes`
--

INSERT INTO `wp_4_wc_tax_rate_classes` VALUES (1,'Taux réduit','taux-reduit'),(2,'Taux zéro','taux-zero');

--
-- Table structure for table `wp_4_wc_webhooks`
--

CREATE TABLE `wp_4_wc_webhooks` (
  `webhook_id` bigint unsigned NOT NULL AUTO_INCREMENT,
  `status` varchar(200) CHARACTER SET utf8mb4 COLLATE utf8mb4_unicode_ci NOT NULL,
  `name` text CHARACTER SET utf8mb4 COLLATE utf8mb4_unicode_ci NOT NULL,
  `user_id` bigint unsigned NOT NULL,
  `delivery_url` text CHARACTER SET utf8mb4 COLLATE utf8mb4_unicode_ci NOT NULL,
  `secret` text CHARACTER SET utf8mb4 COLLATE utf8mb4_unicode_ci NOT NULL,
  `topic` varchar(200) CHARACTER SET utf8mb4 COLLATE utf8mb4_unicode_ci NOT NULL,
  `date_created` datetime NOT NULL DEFAULT '0000-00-00 00:00:00',
  `date_created_gmt` datetime NOT NULL DEFAULT '0000-00-00 00:00:00',
  `date_modified` datetime NOT NULL DEFAULT '0000-00-00 00:00:00',
  `date_modified_gmt` datetime NOT NULL DEFAULT '0000-00-00 00:00:00',
  `api_version` smallint NOT NULL,
  `failure_count` smallint NOT NULL DEFAULT '0',
  `pending_delivery` tinyint(1) NOT NULL DEFAULT '0',
  PRIMARY KEY (`webhook_id`),
  KEY `user_id` (`user_id`)
) ENGINE=InnoDB DEFAULT CHARSET=utf8mb4 COLLATE=utf8mb4_unicode_ci;

--
-- Dumping data for table `wp_4_wc_webhooks`
--


--
-- Table structure for table `wp_4_woocommerce_api_keys`
--

CREATE TABLE `wp_4_woocommerce_api_keys` (
  `key_id` bigint unsigned NOT NULL AUTO_INCREMENT,
  `user_id` bigint unsigned NOT NULL,
  `description` varchar(200) CHARACTER SET utf8mb4 COLLATE utf8mb4_unicode_ci DEFAULT NULL,
  `permissions` varchar(10) CHARACTER SET utf8mb4 COLLATE utf8mb4_unicode_ci NOT NULL,
  `consumer_key` char(64) CHARACTER SET utf8mb4 COLLATE utf8mb4_unicode_ci NOT NULL,
  `consumer_secret` char(43) CHARACTER SET utf8mb4 COLLATE utf8mb4_unicode_ci NOT NULL,
  `nonces` longtext CHARACTER SET utf8mb4 COLLATE utf8mb4_unicode_ci,
  `truncated_key` char(7) CHARACTER SET utf8mb4 COLLATE utf8mb4_unicode_ci NOT NULL,
  `last_access` datetime DEFAULT NULL,
  PRIMARY KEY (`key_id`),
  KEY `consumer_key` (`consumer_key`),
  KEY `consumer_secret` (`consumer_secret`)
) ENGINE=InnoDB DEFAULT CHARSET=utf8mb4 COLLATE=utf8mb4_unicode_ci;

--
-- Dumping data for table `wp_4_woocommerce_api_keys`
--


--
-- Table structure for table `wp_4_woocommerce_attribute_taxonomies`
--

CREATE TABLE `wp_4_woocommerce_attribute_taxonomies` (
  `attribute_id` bigint unsigned NOT NULL AUTO_INCREMENT,
  `attribute_name` varchar(200) CHARACTER SET utf8mb4 COLLATE utf8mb4_unicode_ci NOT NULL,
  `attribute_label` varchar(200) CHARACTER SET utf8mb4 COLLATE utf8mb4_unicode_ci DEFAULT NULL,
  `attribute_type` varchar(20) CHARACTER SET utf8mb4 COLLATE utf8mb4_unicode_ci NOT NULL,
  `attribute_orderby` varchar(20) CHARACTER SET utf8mb4 COLLATE utf8mb4_unicode_ci NOT NULL,
  `attribute_public` int NOT NULL DEFAULT '1',
  PRIMARY KEY (`attribute_id`),
  KEY `attribute_name` (`attribute_name`(20))
) ENGINE=InnoDB DEFAULT CHARSET=utf8mb4 COLLATE=utf8mb4_unicode_ci;

--
-- Dumping data for table `wp_4_woocommerce_attribute_taxonomies`
--


--
-- Table structure for table `wp_4_woocommerce_downloadable_product_permissions`
--

CREATE TABLE `wp_4_woocommerce_downloadable_product_permissions` (
  `permission_id` bigint unsigned NOT NULL AUTO_INCREMENT,
  `download_id` varchar(36) CHARACTER SET utf8mb4 COLLATE utf8mb4_unicode_ci NOT NULL,
  `product_id` bigint unsigned NOT NULL,
  `order_id` bigint unsigned NOT NULL DEFAULT '0',
  `order_key` varchar(200) CHARACTER SET utf8mb4 COLLATE utf8mb4_unicode_ci NOT NULL,
  `user_email` varchar(200) CHARACTER SET utf8mb4 COLLATE utf8mb4_unicode_ci NOT NULL,
  `user_id` bigint unsigned DEFAULT NULL,
  `downloads_remaining` varchar(9) CHARACTER SET utf8mb4 COLLATE utf8mb4_unicode_ci DEFAULT NULL,
  `access_granted` datetime NOT NULL DEFAULT '0000-00-00 00:00:00',
  `access_expires` datetime DEFAULT NULL,
  `download_count` bigint unsigned NOT NULL DEFAULT '0',
  PRIMARY KEY (`permission_id`),
  KEY `download_order_key_product` (`product_id`,`order_id`,`order_key`(16),`download_id`),
  KEY `download_order_product` (`download_id`,`order_id`,`product_id`),
  KEY `order_id` (`order_id`),
  KEY `user_order_remaining_expires` (`user_id`,`order_id`,`downloads_remaining`,`access_expires`)
) ENGINE=InnoDB DEFAULT CHARSET=utf8mb4 COLLATE=utf8mb4_unicode_ci;

--
-- Dumping data for table `wp_4_woocommerce_downloadable_product_permissions`
--


--
-- Table structure for table `wp_4_woocommerce_log`
--

CREATE TABLE `wp_4_woocommerce_log` (
  `log_id` bigint unsigned NOT NULL AUTO_INCREMENT,
  `timestamp` datetime NOT NULL,
  `level` smallint NOT NULL,
  `source` varchar(200) CHARACTER SET utf8mb4 COLLATE utf8mb4_unicode_ci NOT NULL,
  `message` longtext CHARACTER SET utf8mb4 COLLATE utf8mb4_unicode_ci NOT NULL,
  `context` longtext CHARACTER SET utf8mb4 COLLATE utf8mb4_unicode_ci,
  PRIMARY KEY (`log_id`),
  KEY `level` (`level`)
) ENGINE=InnoDB DEFAULT CHARSET=utf8mb4 COLLATE=utf8mb4_unicode_ci;

--
-- Dumping data for table `wp_4_woocommerce_log`
--


--
-- Table structure for table `wp_4_woocommerce_order_itemmeta`
--

CREATE TABLE `wp_4_woocommerce_order_itemmeta` (
  `meta_id` bigint unsigned NOT NULL AUTO_INCREMENT,
  `order_item_id` bigint unsigned NOT NULL,
  `meta_key` varchar(255) CHARACTER SET utf8mb4 COLLATE utf8mb4_unicode_ci DEFAULT NULL,
  `meta_value` longtext CHARACTER SET utf8mb4 COLLATE utf8mb4_unicode_ci,
  PRIMARY KEY (`meta_id`),
  KEY `order_item_id` (`order_item_id`),
  KEY `meta_key` (`meta_key`(32))
) ENGINE=InnoDB DEFAULT CHARSET=utf8mb4 COLLATE=utf8mb4_unicode_ci;

--
-- Dumping data for table `wp_4_woocommerce_order_itemmeta`
--


--
-- Table structure for table `wp_4_woocommerce_order_items`
--

CREATE TABLE `wp_4_woocommerce_order_items` (
  `order_item_id` bigint unsigned NOT NULL AUTO_INCREMENT,
  `order_item_name` text CHARACTER SET utf8mb4 COLLATE utf8mb4_unicode_ci NOT NULL,
  `order_item_type` varchar(200) CHARACTER SET utf8mb4 COLLATE utf8mb4_unicode_ci NOT NULL DEFAULT '',
  `order_id` bigint unsigned NOT NULL,
  PRIMARY KEY (`order_item_id`),
  KEY `order_id` (`order_id`)
) ENGINE=InnoDB DEFAULT CHARSET=utf8mb4 COLLATE=utf8mb4_unicode_ci;

--
-- Dumping data for table `wp_4_woocommerce_order_items`
--


--
-- Table structure for table `wp_4_woocommerce_payment_tokenmeta`
--

CREATE TABLE `wp_4_woocommerce_payment_tokenmeta` (
  `meta_id` bigint unsigned NOT NULL AUTO_INCREMENT,
  `payment_token_id` bigint unsigned NOT NULL,
  `meta_key` varchar(255) CHARACTER SET utf8mb4 COLLATE utf8mb4_unicode_ci DEFAULT NULL,
  `meta_value` longtext CHARACTER SET utf8mb4 COLLATE utf8mb4_unicode_ci,
  PRIMARY KEY (`meta_id`),
  KEY `payment_token_id` (`payment_token_id`),
  KEY `meta_key` (`meta_key`(32))
) ENGINE=InnoDB DEFAULT CHARSET=utf8mb4 COLLATE=utf8mb4_unicode_ci;

--
-- Dumping data for table `wp_4_woocommerce_payment_tokenmeta`
--


--
-- Table structure for table `wp_4_woocommerce_payment_tokens`
--

CREATE TABLE `wp_4_woocommerce_payment_tokens` (
  `token_id` bigint unsigned NOT NULL AUTO_INCREMENT,
  `gateway_id` varchar(200) CHARACTER SET utf8mb4 COLLATE utf8mb4_unicode_ci NOT NULL,
  `token` text CHARACTER SET utf8mb4 COLLATE utf8mb4_unicode_ci NOT NULL,
  `user_id` bigint unsigned NOT NULL DEFAULT '0',
  `type` varchar(200) CHARACTER SET utf8mb4 COLLATE utf8mb4_unicode_ci NOT NULL,
  `is_default` tinyint(1) NOT NULL DEFAULT '0',
  PRIMARY KEY (`token_id`),
  KEY `user_id` (`user_id`)
) ENGINE=InnoDB DEFAULT CHARSET=utf8mb4 COLLATE=utf8mb4_unicode_ci;

--
-- Dumping data for table `wp_4_woocommerce_payment_tokens`
--


--
-- Table structure for table `wp_4_woocommerce_sessions`
--

CREATE TABLE `wp_4_woocommerce_sessions` (
  `session_id` bigint unsigned NOT NULL AUTO_INCREMENT,
  `session_key` char(32) CHARACTER SET utf8mb4 COLLATE utf8mb4_unicode_ci NOT NULL,
  `session_value` longtext CHARACTER SET utf8mb4 COLLATE utf8mb4_unicode_ci NOT NULL,
  `session_expiry` bigint unsigned NOT NULL,
  PRIMARY KEY (`session_id`),
  UNIQUE KEY `session_key` (`session_key`)
) ENGINE=InnoDB AUTO_INCREMENT=8 DEFAULT CHARSET=utf8mb4 COLLATE=utf8mb4_unicode_ci;

--
-- Dumping data for table `wp_4_woocommerce_sessions`
--

INSERT INTO `wp_4_woocommerce_sessions` VALUES (6,'1','a:7:{s:4:\"cart\";s:6:\"a:0:{}\";s:11:\"cart_totals\";s:367:\"a:15:{s:8:\"subtotal\";i:0;s:12:\"subtotal_tax\";i:0;s:14:\"shipping_total\";i:0;s:12:\"shipping_tax\";i:0;s:14:\"shipping_taxes\";a:0:{}s:14:\"discount_total\";i:0;s:12:\"discount_tax\";i:0;s:19:\"cart_contents_total\";i:0;s:17:\"cart_contents_tax\";i:0;s:19:\"cart_contents_taxes\";a:0:{}s:9:\"fee_total\";i:0;s:7:\"fee_tax\";i:0;s:9:\"fee_taxes\";a:0:{}s:5:\"total\";i:0;s:9:\"total_tax\";i:0;}\";s:15:\"applied_coupons\";s:6:\"a:0:{}\";s:22:\"coupon_discount_totals\";s:6:\"a:0:{}\";s:26:\"coupon_discount_tax_totals\";s:6:\"a:0:{}\";s:21:\"removed_cart_contents\";s:6:\"a:0:{}\";s:8:\"customer\";s:767:\"a:28:{s:2:\"id\";s:1:\"1\";s:13:\"date_modified\";s:0:\"\";s:10:\"first_name\";s:0:\"\";s:9:\"last_name\";s:0:\"\";s:7:\"company\";s:0:\"\";s:5:\"phone\";s:0:\"\";s:5:\"email\";s:28:\"jeanpierre@pro.biolystes.com\";s:7:\"address\";s:0:\"\";s:9:\"address_1\";s:0:\"\";s:9:\"address_2\";s:0:\"\";s:4:\"city\";s:0:\"\";s:5:\"state\";s:0:\"\";s:8:\"postcode\";s:0:\"\";s:7:\"country\";s:2:\"FR\";s:19:\"shipping_first_name\";s:0:\"\";s:18:\"shipping_last_name\";s:0:\"\";s:16:\"shipping_company\";s:0:\"\";s:14:\"shipping_phone\";s:0:\"\";s:16:\"shipping_address\";s:0:\"\";s:18:\"shipping_address_1\";s:0:\"\";s:18:\"shipping_address_2\";s:0:\"\";s:13:\"shipping_city\";s:0:\"\";s:14:\"shipping_state\";s:0:\"\";s:17:\"shipping_postcode\";s:0:\"\";s:16:\"shipping_country\";s:2:\"FR\";s:13:\"is_vat_exempt\";s:0:\"\";s:19:\"calculated_shipping\";s:0:\"\";s:9:\"meta_data\";a:0:{}}\";}',1748408452);

--
-- Table structure for table `wp_4_woocommerce_shipping_zone_locations`
--

CREATE TABLE `wp_4_woocommerce_shipping_zone_locations` (
  `location_id` bigint unsigned NOT NULL AUTO_INCREMENT,
  `zone_id` bigint unsigned NOT NULL,
  `location_code` varchar(200) CHARACTER SET utf8mb4 COLLATE utf8mb4_unicode_ci NOT NULL,
  `location_type` varchar(40) CHARACTER SET utf8mb4 COLLATE utf8mb4_unicode_ci NOT NULL,
  PRIMARY KEY (`location_id`),
  KEY `location_id` (`location_id`),
  KEY `location_type_code` (`location_type`(10),`location_code`(20)),
  KEY `zone_id` (`zone_id`)
) ENGINE=InnoDB DEFAULT CHARSET=utf8mb4 COLLATE=utf8mb4_unicode_ci;

--
-- Dumping data for table `wp_4_woocommerce_shipping_zone_locations`
--


--
-- Table structure for table `wp_4_woocommerce_shipping_zone_methods`
--

CREATE TABLE `wp_4_woocommerce_shipping_zone_methods` (
  `zone_id` bigint unsigned NOT NULL,
  `instance_id` bigint unsigned NOT NULL AUTO_INCREMENT,
  `method_id` varchar(200) CHARACTER SET utf8mb4 COLLATE utf8mb4_unicode_ci NOT NULL,
  `method_order` bigint unsigned NOT NULL,
  `is_enabled` tinyint(1) NOT NULL DEFAULT '1',
  PRIMARY KEY (`instance_id`)
) ENGINE=InnoDB DEFAULT CHARSET=utf8mb4 COLLATE=utf8mb4_unicode_ci;

--
-- Dumping data for table `wp_4_woocommerce_shipping_zone_methods`
--


--
-- Table structure for table `wp_4_woocommerce_shipping_zones`
--

CREATE TABLE `wp_4_woocommerce_shipping_zones` (
  `zone_id` bigint unsigned NOT NULL AUTO_INCREMENT,
  `zone_name` varchar(200) CHARACTER SET utf8mb4 COLLATE utf8mb4_unicode_ci NOT NULL,
  `zone_order` bigint unsigned NOT NULL,
  PRIMARY KEY (`zone_id`)
) ENGINE=InnoDB DEFAULT CHARSET=utf8mb4 COLLATE=utf8mb4_unicode_ci;

--
-- Dumping data for table `wp_4_woocommerce_shipping_zones`
--


--
-- Table structure for table `wp_4_woocommerce_tax_rate_locations`
--

CREATE TABLE `wp_4_woocommerce_tax_rate_locations` (
  `location_id` bigint unsigned NOT NULL AUTO_INCREMENT,
  `location_code` varchar(200) CHARACTER SET utf8mb4 COLLATE utf8mb4_unicode_ci NOT NULL,
  `tax_rate_id` bigint unsigned NOT NULL,
  `location_type` varchar(40) CHARACTER SET utf8mb4 COLLATE utf8mb4_unicode_ci NOT NULL,
  PRIMARY KEY (`location_id`),
  KEY `tax_rate_id` (`tax_rate_id`),
  KEY `location_type_code` (`location_type`(10),`location_code`(20))
) ENGINE=InnoDB DEFAULT CHARSET=utf8mb4 COLLATE=utf8mb4_unicode_ci;

--
-- Dumping data for table `wp_4_woocommerce_tax_rate_locations`
--


--
-- Table structure for table `wp_4_woocommerce_tax_rates`
--

CREATE TABLE `wp_4_woocommerce_tax_rates` (
  `tax_rate_id` bigint unsigned NOT NULL AUTO_INCREMENT,
  `tax_rate_country` varchar(2) CHARACTER SET utf8mb4 COLLATE utf8mb4_unicode_ci NOT NULL DEFAULT '',
  `tax_rate_state` varchar(200) CHARACTER SET utf8mb4 COLLATE utf8mb4_unicode_ci NOT NULL DEFAULT '',
  `tax_rate` varchar(8) CHARACTER SET utf8mb4 COLLATE utf8mb4_unicode_ci NOT NULL DEFAULT '',
  `tax_rate_name` varchar(200) CHARACTER SET utf8mb4 COLLATE utf8mb4_unicode_ci NOT NULL DEFAULT '',
  `tax_rate_priority` bigint unsigned NOT NULL,
  `tax_rate_compound` int NOT NULL DEFAULT '0',
  `tax_rate_shipping` int NOT NULL DEFAULT '1',
  `tax_rate_order` bigint unsigned NOT NULL,
  `tax_rate_class` varchar(200) CHARACTER SET utf8mb4 COLLATE utf8mb4_unicode_ci NOT NULL DEFAULT '',
  PRIMARY KEY (`tax_rate_id`),
  KEY `tax_rate_country` (`tax_rate_country`),
  KEY `tax_rate_state` (`tax_rate_state`(2)),
  KEY `tax_rate_class` (`tax_rate_class`(10)),
  KEY `tax_rate_priority` (`tax_rate_priority`)
) ENGINE=InnoDB AUTO_INCREMENT=2 DEFAULT CHARSET=utf8mb4 COLLATE=utf8mb4_unicode_ci;

--
-- Dumping data for table `wp_4_woocommerce_tax_rates`
--

INSERT INTO `wp_4_woocommerce_tax_rates` VALUES (1,'','','20.0000','TVA',1,0,1,0,'');

--
-- Table structure for table `wp_4_yith_wcwl`
--

CREATE TABLE `wp_4_yith_wcwl` (
  `ID` bigint NOT NULL AUTO_INCREMENT,
  `prod_id` bigint NOT NULL,
  `quantity` int NOT NULL,
  `user_id` bigint DEFAULT NULL,
  `wishlist_id` bigint DEFAULT NULL,
  `position` int DEFAULT '0',
  `original_price` decimal(9,3) DEFAULT NULL,
  `original_currency` char(3) DEFAULT NULL,
  `dateadded` timestamp NOT NULL DEFAULT CURRENT_TIMESTAMP,
  `on_sale` tinyint NOT NULL DEFAULT '0',
  PRIMARY KEY (`ID`),
  KEY `prod_id` (`prod_id`)
) ENGINE=InnoDB DEFAULT CHARSET=utf8mb3;

--
-- Dumping data for table `wp_4_yith_wcwl`
--


--
-- Table structure for table `wp_4_yith_wcwl_lists`
--

CREATE TABLE `wp_4_yith_wcwl_lists` (
  `ID` bigint NOT NULL AUTO_INCREMENT,
  `user_id` bigint DEFAULT NULL,
  `session_id` varchar(255) DEFAULT NULL,
  `wishlist_slug` varchar(200) NOT NULL,
  `wishlist_name` text,
  `wishlist_token` varchar(64) NOT NULL,
  `wishlist_privacy` tinyint(1) NOT NULL DEFAULT '0',
  `is_default` tinyint(1) NOT NULL DEFAULT '0',
  `dateadded` timestamp NOT NULL DEFAULT CURRENT_TIMESTAMP,
  `expiration` timestamp NULL DEFAULT NULL,
  PRIMARY KEY (`ID`),
  UNIQUE KEY `wishlist_token` (`wishlist_token`),
  KEY `wishlist_slug` (`wishlist_slug`)
) ENGINE=InnoDB DEFAULT CHARSET=utf8mb3;

--
-- Dumping data for table `wp_4_yith_wcwl_lists`
--


--
-- Table structure for table `wp_4_yoast_indexable`
--

CREATE TABLE `wp_4_yoast_indexable` (
  `id` int unsigned NOT NULL AUTO_INCREMENT,
  `permalink` longtext CHARACTER SET utf8mb4 COLLATE utf8mb4_unicode_ci,
  `permalink_hash` varchar(40) CHARACTER SET utf8mb4 COLLATE utf8mb4_unicode_ci DEFAULT NULL,
  `object_id` bigint DEFAULT NULL,
  `object_type` varchar(32) CHARACTER SET utf8mb4 COLLATE utf8mb4_unicode_ci NOT NULL,
  `object_sub_type` varchar(32) CHARACTER SET utf8mb4 COLLATE utf8mb4_unicode_ci DEFAULT NULL,
  `author_id` bigint DEFAULT NULL,
  `post_parent` bigint DEFAULT NULL,
  `title` text CHARACTER SET utf8mb4 COLLATE utf8mb4_unicode_ci,
  `description` mediumtext CHARACTER SET utf8mb4 COLLATE utf8mb4_unicode_ci,
  `breadcrumb_title` text CHARACTER SET utf8mb4 COLLATE utf8mb4_unicode_ci,
  `post_status` varchar(20) CHARACTER SET utf8mb4 COLLATE utf8mb4_unicode_ci DEFAULT NULL,
  `is_public` tinyint(1) DEFAULT NULL,
  `is_protected` tinyint(1) DEFAULT '0',
  `has_public_posts` tinyint(1) DEFAULT NULL,
  `number_of_pages` int unsigned DEFAULT NULL,
  `canonical` longtext CHARACTER SET utf8mb4 COLLATE utf8mb4_unicode_ci,
  `primary_focus_keyword` varchar(191) CHARACTER SET utf8mb4 COLLATE utf8mb4_unicode_ci DEFAULT NULL,
  `primary_focus_keyword_score` int DEFAULT NULL,
  `readability_score` int DEFAULT NULL,
  `is_cornerstone` tinyint(1) DEFAULT '0',
  `is_robots_noindex` tinyint(1) DEFAULT '0',
  `is_robots_nofollow` tinyint(1) DEFAULT '0',
  `is_robots_noarchive` tinyint(1) DEFAULT '0',
  `is_robots_noimageindex` tinyint(1) DEFAULT '0',
  `is_robots_nosnippet` tinyint(1) DEFAULT '0',
  `twitter_title` text CHARACTER SET utf8mb4 COLLATE utf8mb4_unicode_ci,
  `twitter_image` longtext CHARACTER SET utf8mb4 COLLATE utf8mb4_unicode_ci,
  `twitter_description` longtext CHARACTER SET utf8mb4 COLLATE utf8mb4_unicode_ci,
  `twitter_image_id` varchar(191) CHARACTER SET utf8mb4 COLLATE utf8mb4_unicode_ci DEFAULT NULL,
  `twitter_image_source` text CHARACTER SET utf8mb4 COLLATE utf8mb4_unicode_ci,
  `open_graph_title` text CHARACTER SET utf8mb4 COLLATE utf8mb4_unicode_ci,
  `open_graph_description` longtext CHARACTER SET utf8mb4 COLLATE utf8mb4_unicode_ci,
  `open_graph_image` longtext CHARACTER SET utf8mb4 COLLATE utf8mb4_unicode_ci,
  `open_graph_image_id` varchar(191) CHARACTER SET utf8mb4 COLLATE utf8mb4_unicode_ci DEFAULT NULL,
  `open_graph_image_source` text CHARACTER SET utf8mb4 COLLATE utf8mb4_unicode_ci,
  `open_graph_image_meta` mediumtext CHARACTER SET utf8mb4 COLLATE utf8mb4_unicode_ci,
  `link_count` int DEFAULT NULL,
  `incoming_link_count` int DEFAULT NULL,
  `prominent_words_version` int unsigned DEFAULT NULL,
  `created_at` datetime DEFAULT NULL,
  `updated_at` timestamp NOT NULL DEFAULT CURRENT_TIMESTAMP ON UPDATE CURRENT_TIMESTAMP,
  `blog_id` bigint NOT NULL DEFAULT '4',
  `language` varchar(32) CHARACTER SET utf8mb4 COLLATE utf8mb4_unicode_ci DEFAULT NULL,
  `region` varchar(32) CHARACTER SET utf8mb4 COLLATE utf8mb4_unicode_ci DEFAULT NULL,
  `schema_page_type` varchar(64) CHARACTER SET utf8mb4 COLLATE utf8mb4_unicode_ci DEFAULT NULL,
  `schema_article_type` varchar(64) CHARACTER SET utf8mb4 COLLATE utf8mb4_unicode_ci DEFAULT NULL,
  `has_ancestors` tinyint(1) DEFAULT '0',
  `estimated_reading_time_minutes` int DEFAULT NULL,
  `version` int DEFAULT '1',
  `object_last_modified` datetime DEFAULT NULL,
  `object_published_at` datetime DEFAULT NULL,
  `inclusive_language_score` int DEFAULT NULL,
  PRIMARY KEY (`id`),
  KEY `object_type_and_sub_type` (`object_type`,`object_sub_type`),
  KEY `object_id_and_type` (`object_id`,`object_type`),
  KEY `permalink_hash_and_object_type` (`permalink_hash`,`object_type`),
  KEY `subpages` (`post_parent`,`object_type`,`post_status`,`object_id`),
  KEY `prominent_words` (`prominent_words_version`,`object_type`,`object_sub_type`,`post_status`),
  KEY `published_sitemap_index` (`object_published_at`,`is_robots_noindex`,`object_type`,`object_sub_type`)
) ENGINE=InnoDB AUTO_INCREMENT=140 DEFAULT CHARSET=utf8mb4 COLLATE=utf8mb4_unicode_ci;

--
-- Dumping data for table `wp_4_yoast_indexable`
--

INSERT INTO `wp_4_yoast_indexable` VALUES (1,'https://mentorlystes.com/formation/author/admin/','48:13aafa92e5d2efd125260a47cf0548fb',1,'user',NULL,NULL,NULL,NULL,NULL,NULL,NULL,NULL,0,NULL,NULL,NULL,NULL,NULL,NULL,0,0,NULL,NULL,NULL,NULL,NULL,'https://secure.gravatar.com/avatar/0b82798fcb2beaa4fa046e0ef800a1dd?s=500&d=mm&r=g',NULL,NULL,'gravatar-image',NULL,NULL,'https://secure.gravatar.com/avatar/0b82798fcb2beaa4fa046e0ef800a1dd?s=500&d=mm&r=g',NULL,'gravatar-image',NULL,NULL,NULL,NULL,'2022-04-25 11:02:18','2024-04-09 09:13:02',4,NULL,NULL,NULL,NULL,0,NULL,2,'2024-04-09 11:13:01','2022-04-24 14:45:31',NULL),(65,'https://mentorlystes.com/formation/lp-profile/','46:031c1e3089835165d78767c8f72ee260',74,'post','page',1,0,NULL,NULL,'Profile','publish',NULL,0,NULL,NULL,NULL,NULL,NULL,0,0,NULL,0,NULL,NULL,NULL,NULL,NULL,NULL,NULL,NULL,NULL,NULL,NULL,NULL,NULL,NULL,1,NULL,NULL,'2022-04-25 11:02:24','2024-04-09 09:13:02',4,NULL,NULL,NULL,NULL,0,NULL,2,'2024-04-09 11:13:01','2022-04-25 11:02:23',NULL),(66,'https://mentorlystes.com/formation/lp-become-a-teacher-16/','53:435954228f4e3f89bb94a8376dcc96c3',76,'post','page',1,0,NULL,NULL,'Become A Teacher','publish',NULL,0,NULL,NULL,NULL,NULL,NULL,0,0,NULL,0,NULL,NULL,NULL,NULL,NULL,NULL,NULL,NULL,NULL,NULL,NULL,NULL,NULL,NULL,0,NULL,NULL,'2022-04-25 11:02:24','2023-02-13 07:56:30',4,NULL,NULL,NULL,NULL,0,NULL,2,'2022-04-25 11:02:23','2022-04-25 11:02:23',NULL),(70,'https://mentorlystes.com/formation/','30:0b0cc626a0cc03a403f3f42e15689616',79,'post','page',1,0,'%%sitename%% %%sep%% Paiement en plusieurs fois avec mentorlystes','Payez les différentes prestations sur devis de %%sitename%% avec le paiement en plusieurs fois propulsé par mentorlystes.com','mentorlystes','publish',NULL,0,NULL,NULL,NULL,NULL,NULL,0,0,NULL,0,NULL,NULL,NULL,NULL,NULL,NULL,NULL,NULL,NULL,NULL,NULL,NULL,NULL,NULL,0,NULL,NULL,'2022-04-25 11:02:24','2023-02-13 07:56:31',4,NULL,NULL,NULL,NULL,0,0,2,'2022-04-25 14:02:18','2022-04-25 11:02:24',NULL),(84,'https://mentorlystes.com/formation/lp-checkout/','42:fb42225c091b3ed0755e95695466b119',93,'post','page',1,0,NULL,NULL,'Checkout','publish',NULL,0,NULL,NULL,NULL,NULL,NULL,0,0,NULL,0,NULL,NULL,NULL,NULL,NULL,NULL,NULL,NULL,NULL,NULL,NULL,NULL,NULL,NULL,0,NULL,NULL,'2022-04-25 11:02:24','2023-02-13 07:56:30',4,NULL,NULL,NULL,NULL,0,NULL,2,'2022-04-25 11:02:24','2022-04-25 11:02:24',NULL),(89,'https://mentorlystes.com/formation/lp-term-conditions-13/','52:4c55f981f29ce491cd6eb04fa05d8cd7',98,'post','page',1,0,NULL,NULL,'Term Conditions','publish',NULL,0,NULL,NULL,NULL,NULL,NULL,0,0,NULL,0,NULL,NULL,NULL,NULL,NULL,NULL,NULL,NULL,NULL,NULL,NULL,NULL,NULL,NULL,0,NULL,NULL,'2022-04-25 11:02:24','2023-02-13 07:56:30',4,NULL,NULL,NULL,NULL,0,NULL,2,'2022-04-25 11:02:24','2022-04-25 11:02:24',NULL),(90,'https://mentorlystes.com/formation/','35:347594740428a909529f397126b7fe7f',NULL,'home-page',NULL,NULL,NULL,'%%sitename%% %%page%% %%sep%% %%sitedesc%%','Un site utilisant Les sites de Mentorlystes','Accueil',NULL,NULL,0,NULL,NULL,NULL,NULL,NULL,NULL,0,0,0,0,0,0,NULL,NULL,NULL,NULL,NULL,'%%sitename%%','','','0',NULL,NULL,NULL,NULL,NULL,'2022-04-25 11:05:49','2024-04-09 09:13:02',4,NULL,NULL,NULL,NULL,0,NULL,2,'2024-04-09 11:13:01','2022-04-24 14:45:31',NULL),(118,'https://mentorlystes.com/formation/category/non-classe/','50:bd858282b420ab99d4c018dc61cfa130',1,'term','category',NULL,NULL,NULL,NULL,'Non classé',NULL,NULL,0,NULL,NULL,NULL,NULL,NULL,NULL,0,NULL,NULL,NULL,NULL,NULL,NULL,NULL,NULL,NULL,NULL,NULL,NULL,NULL,NULL,NULL,NULL,0,NULL,NULL,'2022-04-25 11:14:30','2023-02-13 07:56:30',4,NULL,NULL,NULL,NULL,0,NULL,2,'2022-04-24 14:45:31','2022-04-24 14:45:31',NULL),(120,NULL,NULL,NULL,'system-page','404',NULL,NULL,'Page non trouvée %%sep%% %%sitename%%',NULL,'Erreur 404 : Page introuvable',NULL,NULL,0,NULL,NULL,NULL,NULL,NULL,NULL,0,1,0,0,0,0,NULL,NULL,NULL,NULL,NULL,NULL,NULL,NULL,NULL,NULL,NULL,NULL,NULL,NULL,'2022-04-25 11:14:30','2022-04-25 09:14:30',4,NULL,NULL,NULL,NULL,0,NULL,1,NULL,NULL,NULL),(121,NULL,NULL,NULL,'system-page','search-result',NULL,NULL,'Vous avez cherché %%searchphrase%% %%page%% %%sep%% %%sitename%%',NULL,NULL,NULL,NULL,0,NULL,NULL,NULL,NULL,NULL,NULL,0,1,0,0,0,0,NULL,NULL,NULL,NULL,NULL,NULL,NULL,NULL,NULL,NULL,NULL,NULL,NULL,NULL,'2022-04-25 11:14:30','2022-04-25 09:14:30',4,NULL,NULL,NULL,NULL,0,NULL,1,NULL,NULL,NULL),(122,NULL,NULL,NULL,'date-archive',NULL,NULL,NULL,'%%date%% %%page%% %%sep%% %%sitename%%','',NULL,NULL,0,0,NULL,NULL,NULL,NULL,NULL,NULL,0,1,0,0,0,0,NULL,NULL,NULL,NULL,NULL,NULL,NULL,NULL,NULL,NULL,NULL,NULL,NULL,NULL,'2022-04-25 11:14:30','2022-04-25 09:14:30',4,NULL,NULL,NULL,NULL,0,NULL,1,NULL,NULL,NULL),(123,'https://mentorlystes.com/formation/look/','35:1a35f27b6b5035b4c60f40f194bdca22',NULL,'post-type-archive','look',NULL,NULL,'%%pt_plural%% Archive %%page%% %%sep%% %%sitename%%','','Collaborations',NULL,1,0,NULL,NULL,NULL,NULL,NULL,NULL,0,0,0,0,0,0,NULL,NULL,NULL,NULL,NULL,NULL,NULL,NULL,NULL,NULL,NULL,NULL,NULL,NULL,'2022-04-25 11:14:30','2023-02-13 07:56:30',4,NULL,NULL,NULL,NULL,0,NULL,2,NULL,NULL,NULL),(124,'https://mentorlystes.com/formation/boutique/','39:d80b3c61aa3265a017791a73c12a809c',NULL,'post-type-archive','product',NULL,NULL,'%%pt_plural%% Archive %%page%% %%sep%% %%sitename%%','','Produits',NULL,1,0,NULL,NULL,NULL,NULL,NULL,NULL,0,0,0,0,0,0,NULL,NULL,NULL,NULL,NULL,NULL,NULL,NULL,NULL,NULL,NULL,NULL,NULL,NULL,'2022-04-25 11:14:30','2023-02-13 07:56:30',4,NULL,NULL,NULL,NULL,0,NULL,2,NULL,NULL,NULL),(125,'https://mentorlystes.com/formation/portfolio/','40:22c11ea46d64509c33ae9e4dce1824e6',NULL,'post-type-archive','portfolio',NULL,NULL,'%%pt_plural%% Archive %%page%% %%sep%% %%sitename%%','','Portfolio',NULL,1,0,NULL,NULL,NULL,NULL,NULL,NULL,0,0,0,0,0,0,NULL,NULL,NULL,NULL,NULL,NULL,NULL,NULL,NULL,NULL,NULL,NULL,NULL,NULL,'2022-04-25 11:14:30','2023-02-13 07:56:30',4,NULL,NULL,NULL,NULL,0,NULL,2,NULL,NULL,NULL),(126,'https://mentorlystes.com/formation/lp-courses/','41:17416868652a206290d3ecbd99f34e36',NULL,'post-type-archive','lp_course',NULL,NULL,'%%pt_plural%% Archive %%page%% %%sep%% %%sitename%%','','Cours',NULL,1,0,NULL,NULL,NULL,NULL,NULL,NULL,0,0,0,0,0,0,NULL,NULL,NULL,NULL,NULL,NULL,NULL,NULL,NULL,NULL,NULL,NULL,NULL,NULL,'2022-04-25 11:14:30','2023-02-13 07:56:30',4,NULL,NULL,NULL,NULL,0,NULL,2,'2022-04-25 12:24:07','2022-04-25 11:03:12',NULL),(127,'https://mentorlystes.com/formation/boutique/','39:d80b3c61aa3265a017791a73c12a809c',5,'post','page',1,0,NULL,NULL,'Boutique','publish',NULL,0,NULL,NULL,NULL,NULL,NULL,0,0,NULL,0,NULL,NULL,NULL,NULL,NULL,NULL,NULL,NULL,NULL,NULL,NULL,NULL,NULL,NULL,NULL,NULL,NULL,'2022-04-25 11:37:20','2023-02-13 07:56:30',4,NULL,NULL,NULL,NULL,0,NULL,2,'2022-04-25 10:46:13','2022-04-25 10:46:13',NULL),(129,'https://mentorlystes.com/formation/liste-de-souhaits/','48:6fc4537c927abef4c34382537b03c22f',10,'post','page',1,0,NULL,NULL,'Liste de souhaits','publish',NULL,0,NULL,NULL,NULL,NULL,NULL,0,0,NULL,0,NULL,NULL,NULL,NULL,NULL,NULL,NULL,NULL,NULL,NULL,NULL,NULL,NULL,NULL,NULL,NULL,NULL,'2022-04-25 11:38:54','2023-02-13 07:56:30',4,NULL,NULL,NULL,NULL,0,NULL,2,'2022-04-25 10:46:39','2022-04-25 10:46:39',NULL),(130,'https://mentorlystes.com/formation/mon-compte/','41:3862bdfe8270f10c19539bc8aa65ecb5',8,'post','page',1,0,NULL,NULL,'Mon compte','publish',NULL,0,NULL,NULL,NULL,NULL,NULL,0,0,NULL,0,NULL,NULL,NULL,NULL,NULL,NULL,NULL,NULL,NULL,NULL,NULL,NULL,NULL,NULL,NULL,NULL,NULL,'2022-04-25 11:38:54','2023-02-13 07:56:30',4,NULL,NULL,NULL,NULL,0,NULL,2,'2022-04-25 10:46:13','2022-04-25 10:46:13',NULL),(132,'https://mentorlystes.com/formation/panier/','37:186377fa1327eb58465377fc97cd8e14',6,'post','page',1,0,NULL,NULL,'Panier','publish',NULL,0,NULL,NULL,NULL,NULL,NULL,0,0,NULL,0,NULL,NULL,NULL,NULL,NULL,NULL,NULL,NULL,NULL,NULL,NULL,NULL,NULL,NULL,NULL,NULL,NULL,'2022-04-25 11:38:54','2023-02-13 07:56:30',4,NULL,NULL,NULL,NULL,0,NULL,2,'2022-04-25 10:46:13','2022-04-25 10:46:13',NULL),(133,'https://mentorlystes.com/formation/?page_id=9','40:d04afc2d48c285b4f34b9360e1228743',9,'post','page',1,0,NULL,NULL,'Politique en matière de remboursements et de retours','draft',0,0,NULL,NULL,NULL,NULL,NULL,0,0,NULL,0,NULL,NULL,NULL,NULL,NULL,NULL,NULL,NULL,NULL,NULL,NULL,NULL,NULL,NULL,NULL,NULL,NULL,'2022-04-25 11:38:54','2023-02-13 07:56:30',4,NULL,NULL,NULL,NULL,0,NULL,2,'0000-00-00 00:00:00','0000-00-00 00:00:00',NULL),(134,'https://mentorlystes.com/formation/commander/','40:0e688c4d6883223ca8afe663e5faac81',7,'post','page',1,0,NULL,NULL,'Validation de la commande','publish',NULL,0,NULL,NULL,NULL,NULL,NULL,0,0,NULL,0,NULL,NULL,NULL,NULL,NULL,NULL,NULL,NULL,NULL,NULL,NULL,NULL,NULL,NULL,NULL,NULL,NULL,'2022-04-25 11:38:54','2023-02-13 07:56:30',4,NULL,NULL,NULL,NULL,0,NULL,2,'2022-04-25 10:46:13','2022-04-25 10:46:13',NULL),(139,'https://mentorlystes.com/formation/2022/04/24/bonjour-tout-le-monde/','66:82deae7635146bbf91ccfc9552cf7d6e',1,'post','post',1,0,NULL,NULL,'Bonjour tout le monde !','publish',NULL,0,NULL,NULL,NULL,NULL,NULL,0,0,NULL,0,NULL,NULL,NULL,NULL,NULL,NULL,NULL,NULL,NULL,NULL,NULL,NULL,NULL,NULL,NULL,NULL,NULL,'2022-08-06 21:55:21','2023-02-13 07:56:30',4,NULL,NULL,NULL,NULL,0,NULL,2,'2022-04-24 14:45:31','2022-04-24 14:45:31',NULL);

--
-- Table structure for table `wp_4_yoast_indexable_hierarchy`
--

CREATE TABLE `wp_4_yoast_indexable_hierarchy` (
  `indexable_id` int unsigned NOT NULL DEFAULT '0',
  `ancestor_id` int unsigned NOT NULL DEFAULT '0',
  `depth` int unsigned DEFAULT NULL,
  `blog_id` bigint NOT NULL DEFAULT '4',
  PRIMARY KEY (`indexable_id`,`ancestor_id`),
  KEY `indexable_id` (`indexable_id`),
  KEY `ancestor_id` (`ancestor_id`),
  KEY `depth` (`depth`)
) ENGINE=InnoDB DEFAULT CHARSET=utf8mb4 COLLATE=utf8mb4_unicode_ci;

--
-- Dumping data for table `wp_4_yoast_indexable_hierarchy`
--

INSERT INTO `wp_4_yoast_indexable_hierarchy` VALUES (1,0,0,4),(65,0,0,4),(66,0,0,4),(70,0,0,4),(84,0,0,4),(89,0,0,4),(90,0,0,4),(118,0,0,4),(121,0,0,4),(122,0,0,4),(123,0,0,4),(124,0,0,4),(125,0,0,4),(126,0,0,4),(127,0,0,4),(129,0,0,4),(130,0,0,4),(132,0,0,4),(139,0,0,4);

--
-- Table structure for table `wp_4_yoast_migrations`
--

CREATE TABLE `wp_4_yoast_migrations` (
  `id` int unsigned NOT NULL AUTO_INCREMENT,
  `version` varchar(191) CHARACTER SET utf8mb4 COLLATE utf8mb4_unicode_ci DEFAULT NULL,
  PRIMARY KEY (`id`),
  UNIQUE KEY `wp_4_yoast_migrations_version` (`version`)
) ENGINE=InnoDB AUTO_INCREMENT=25 DEFAULT CHARSET=utf8mb4 COLLATE=utf8mb4_unicode_ci;

--
-- Dumping data for table `wp_4_yoast_migrations`
--

INSERT INTO `wp_4_yoast_migrations` VALUES (1,'20171228151840'),(2,'20171228151841'),(3,'20190529075038'),(4,'20191011111109'),(5,'20200408101900'),(6,'20200420073606'),(7,'20200428123747'),(8,'20200428194858'),(9,'20200429105310'),(10,'20200430075614'),(11,'20200430150130'),(12,'20200507054848'),(13,'20200513133401'),(14,'20200609154515'),(15,'20200616130143'),(16,'20200617122511'),(17,'20200702141921'),(18,'20200728095334'),(19,'20201202144329'),(20,'20201216124002'),(21,'20201216141134'),(22,'20210817092415'),(23,'20211020091404'),(24,'20230417083836');

--
-- Table structure for table `wp_4_yoast_primary_term`
--

CREATE TABLE `wp_4_yoast_primary_term` (
  `id` int unsigned NOT NULL AUTO_INCREMENT,
  `post_id` bigint DEFAULT NULL,
  `term_id` bigint DEFAULT NULL,
  `taxonomy` varchar(32) CHARACTER SET utf8mb4 COLLATE utf8mb4_unicode_ci NOT NULL,
  `created_at` datetime DEFAULT NULL,
  `updated_at` timestamp NOT NULL DEFAULT CURRENT_TIMESTAMP ON UPDATE CURRENT_TIMESTAMP,
  `blog_id` bigint NOT NULL DEFAULT '4',
  PRIMARY KEY (`id`),
  KEY `post_taxonomy` (`post_id`,`taxonomy`),
  KEY `post_term` (`post_id`,`term_id`)
) ENGINE=InnoDB DEFAULT CHARSET=utf8mb4 COLLATE=utf8mb4_unicode_ci;

--
-- Dumping data for table `wp_4_yoast_primary_term`
--


--
-- Table structure for table `wp_4_yoast_seo_links`
--

CREATE TABLE `wp_4_yoast_seo_links` (
  `id` bigint unsigned NOT NULL AUTO_INCREMENT,
  `url` varchar(255) DEFAULT NULL,
  `post_id` bigint unsigned DEFAULT NULL,
  `target_post_id` bigint unsigned DEFAULT NULL,
  `type` varchar(8) DEFAULT NULL,
  `indexable_id` int unsigned DEFAULT NULL,
  `target_indexable_id` int unsigned DEFAULT NULL,
  `height` int unsigned DEFAULT NULL,
  `width` int unsigned DEFAULT NULL,
  `size` int unsigned DEFAULT NULL,
  `language` varchar(32) DEFAULT NULL,
  `region` varchar(32) DEFAULT NULL,
  PRIMARY KEY (`id`),
  KEY `link_direction` (`post_id`,`type`),
  KEY `indexable_link_direction` (`indexable_id`,`type`)
) ENGINE=InnoDB AUTO_INCREMENT=19 DEFAULT CHARSET=utf8mb3;

--
-- Dumping data for table `wp_4_yoast_seo_links`
--

INSERT INTO `wp_4_yoast_seo_links` VALUES (18,'https://mentorlystes.com/formation/wp-login.php?redirect_to=https%3A%2F%2Fmentorlystes.com%2Fformation%2Flp-profile%2F%2Fcourses%2F',74,NULL,'internal',65,NULL,NULL,NULL,NULL,NULL,NULL);

--
-- Table structure for table `wp_5_actionscheduler_actions`
--

CREATE TABLE `wp_5_actionscheduler_actions` (
  `action_id` bigint unsigned NOT NULL AUTO_INCREMENT,
  `hook` varchar(191) CHARACTER SET utf8mb4 COLLATE utf8mb4_unicode_ci NOT NULL,
  `status` varchar(20) CHARACTER SET utf8mb4 COLLATE utf8mb4_unicode_ci NOT NULL,
  `scheduled_date_gmt` datetime DEFAULT '0000-00-00 00:00:00',
  `scheduled_date_local` datetime DEFAULT '0000-00-00 00:00:00',
  `args` varchar(191) CHARACTER SET utf8mb4 COLLATE utf8mb4_unicode_ci DEFAULT NULL,
  `schedule` longtext CHARACTER SET utf8mb4 COLLATE utf8mb4_unicode_ci,
  `group_id` bigint unsigned NOT NULL DEFAULT '0',
  `attempts` int NOT NULL DEFAULT '0',
  `last_attempt_gmt` datetime DEFAULT '0000-00-00 00:00:00',
  `last_attempt_local` datetime DEFAULT '0000-00-00 00:00:00',
  `claim_id` bigint unsigned NOT NULL DEFAULT '0',
  `extended_args` varchar(8000) CHARACTER SET utf8mb4 COLLATE utf8mb4_unicode_ci DEFAULT NULL,
  PRIMARY KEY (`action_id`),
  KEY `hook` (`hook`),
  KEY `status` (`status`),
  KEY `scheduled_date_gmt` (`scheduled_date_gmt`),
  KEY `args` (`args`),
  KEY `group_id` (`group_id`),
  KEY `last_attempt_gmt` (`last_attempt_gmt`),
  KEY `claim_id_status_scheduled_date_gmt` (`claim_id`,`status`,`scheduled_date_gmt`)
) ENGINE=InnoDB AUTO_INCREMENT=3181 DEFAULT CHARSET=utf8mb4 COLLATE=utf8mb4_unicode_ci;

--
-- Dumping data for table `wp_5_actionscheduler_actions`
--

INSERT INTO `wp_5_actionscheduler_actions` VALUES (3018,'wc_stripe_remove_order_locks','complete','2024-03-24 03:27:42','2024-03-24 04:27:42','[]','O:32:\"ActionScheduler_IntervalSchedule\":5:{s:22:\"\0*\0scheduled_timestamp\";i:1711250862;s:18:\"\0*\0first_timestamp\";i:1650844800;s:13:\"\0*\0recurrence\";i:86400;s:49:\"\0ActionScheduler_IntervalSchedule\0start_timestamp\";i:1711250862;s:53:\"\0ActionScheduler_IntervalSchedule\0interval_in_seconds\";i:86400;}',0,1,'2024-03-24 10:05:03','2024-03-24 11:05:03',0,NULL),(3025,'facebook_for_woocommerce_hourly_heartbeat','complete','2024-03-24 01:34:43','2024-03-24 02:34:43','[]','O:30:\"ActionScheduler_SimpleSchedule\":2:{s:22:\"\0*\0scheduled_timestamp\";i:1711244083;s:41:\"\0ActionScheduler_SimpleSchedule\0timestamp\";i:1711244083;}',0,1,'2024-03-24 10:05:03','2024-03-24 11:05:03',0,NULL),(3026,'wc_stripe_remove_order_locks','complete','2024-03-25 10:05:03','2024-03-25 11:05:03','[]','O:32:\"ActionScheduler_IntervalSchedule\":5:{s:22:\"\0*\0scheduled_timestamp\";i:1711361103;s:18:\"\0*\0first_timestamp\";i:1650844800;s:13:\"\0*\0recurrence\";i:86400;s:49:\"\0ActionScheduler_IntervalSchedule\0start_timestamp\";i:1711361103;s:53:\"\0ActionScheduler_IntervalSchedule\0interval_in_seconds\";i:86400;}',0,1,'2024-03-25 16:04:32','2024-03-25 17:04:32',0,NULL),(3027,'facebook_for_woocommerce_hourly_heartbeat','complete','2024-03-24 10:05:03','2024-03-24 11:05:03','[]','O:30:\"ActionScheduler_SimpleSchedule\":2:{s:22:\"\0*\0scheduled_timestamp\";i:1711274703;s:41:\"\0ActionScheduler_SimpleSchedule\0timestamp\";i:1711274703;}',0,1,'2024-03-24 10:15:53','2024-03-24 11:15:53',0,NULL),(3028,'facebook_for_woocommerce_daily_heartbeat','complete','2024-03-24 20:13:32','2024-03-24 21:13:32','[]','O:30:\"ActionScheduler_SimpleSchedule\":2:{s:22:\"\0*\0scheduled_timestamp\";i:1711311212;s:41:\"\0ActionScheduler_SimpleSchedule\0timestamp\";i:1711311212;}',0,1,'2024-03-24 21:10:25','2024-03-24 22:10:25',0,NULL),(3029,'facebook_for_woocommerce_hourly_heartbeat','complete','2024-03-24 20:13:32','2024-03-24 21:13:32','[]','O:30:\"ActionScheduler_SimpleSchedule\":2:{s:22:\"\0*\0scheduled_timestamp\";i:1711311212;s:41:\"\0ActionScheduler_SimpleSchedule\0timestamp\";i:1711311212;}',0,1,'2024-03-24 21:10:26','2024-03-24 22:10:26',0,NULL),(3030,'facebook_for_woocommerce_hourly_heartbeat','complete','2024-03-24 21:10:27','2024-03-24 22:10:27','[]','O:30:\"ActionScheduler_SimpleSchedule\":2:{s:22:\"\0*\0scheduled_timestamp\";i:1711314627;s:41:\"\0ActionScheduler_SimpleSchedule\0timestamp\";i:1711314627;}',0,1,'2024-03-24 21:10:30','2024-03-24 22:10:30',0,NULL),(3031,'facebook_for_woocommerce_hourly_heartbeat','complete','2024-03-24 21:10:30','2024-03-24 22:10:30','[]','O:30:\"ActionScheduler_SimpleSchedule\":2:{s:22:\"\0*\0scheduled_timestamp\";i:1711314630;s:41:\"\0ActionScheduler_SimpleSchedule\0timestamp\";i:1711314630;}',0,1,'2024-03-24 21:10:30','2024-03-24 22:10:30',0,NULL),(3032,'facebook_for_woocommerce_hourly_heartbeat','complete','2024-03-25 06:31:12','2024-03-25 07:31:12','[]','O:30:\"ActionScheduler_SimpleSchedule\":2:{s:22:\"\0*\0scheduled_timestamp\";i:1711348272;s:41:\"\0ActionScheduler_SimpleSchedule\0timestamp\";i:1711348272;}',0,1,'2024-03-25 07:48:18','2024-03-25 08:48:18',0,NULL),(3033,'facebook_for_woocommerce_hourly_heartbeat','complete','2024-03-25 07:48:19','2024-03-25 08:48:19','[]','O:30:\"ActionScheduler_SimpleSchedule\":2:{s:22:\"\0*\0scheduled_timestamp\";i:1711352899;s:41:\"\0ActionScheduler_SimpleSchedule\0timestamp\";i:1711352899;}',0,1,'2024-03-25 16:04:32','2024-03-25 17:04:32',0,NULL),(3034,'wc_stripe_remove_order_locks','complete','2024-03-26 16:04:32','2024-03-26 17:04:32','[]','O:32:\"ActionScheduler_IntervalSchedule\":5:{s:22:\"\0*\0scheduled_timestamp\";i:1711469072;s:18:\"\0*\0first_timestamp\";i:1650844800;s:13:\"\0*\0recurrence\";i:86400;s:49:\"\0ActionScheduler_IntervalSchedule\0start_timestamp\";i:1711469072;s:53:\"\0ActionScheduler_IntervalSchedule\0interval_in_seconds\";i:86400;}',0,1,'2024-03-26 22:20:11','2024-03-26 23:20:11',0,NULL),(3035,'facebook_for_woocommerce_hourly_heartbeat','complete','2024-03-25 16:04:33','2024-03-25 17:04:33','[]','O:30:\"ActionScheduler_SimpleSchedule\":2:{s:22:\"\0*\0scheduled_timestamp\";i:1711382673;s:41:\"\0ActionScheduler_SimpleSchedule\0timestamp\";i:1711382673;}',0,1,'2024-03-26 00:25:55','2024-03-26 01:25:55',0,NULL),(3036,'facebook_for_woocommerce_daily_heartbeat','complete','2024-03-25 16:04:34','2024-03-25 17:04:34','[]','O:30:\"ActionScheduler_SimpleSchedule\":2:{s:22:\"\0*\0scheduled_timestamp\";i:1711382674;s:41:\"\0ActionScheduler_SimpleSchedule\0timestamp\";i:1711382674;}',0,1,'2024-03-26 00:25:55','2024-03-26 01:25:55',0,NULL),(3037,'facebook_for_woocommerce_hourly_heartbeat','complete','2024-03-26 00:25:56','2024-03-26 01:25:56','[]','O:30:\"ActionScheduler_SimpleSchedule\":2:{s:22:\"\0*\0scheduled_timestamp\";i:1711412756;s:41:\"\0ActionScheduler_SimpleSchedule\0timestamp\";i:1711412756;}',0,1,'2024-03-26 00:26:01','2024-03-26 01:26:01',0,NULL),(3038,'facebook_for_woocommerce_hourly_heartbeat','complete','2024-03-26 01:03:47','2024-03-26 02:03:47','[]','O:30:\"ActionScheduler_SimpleSchedule\":2:{s:22:\"\0*\0scheduled_timestamp\";i:1711415027;s:41:\"\0ActionScheduler_SimpleSchedule\0timestamp\";i:1711415027;}',0,1,'2024-03-26 08:36:09','2024-03-26 09:36:09',0,NULL),(3039,'facebook_for_woocommerce_hourly_heartbeat','complete','2024-03-26 08:36:10','2024-03-26 09:36:10','[]','O:30:\"ActionScheduler_SimpleSchedule\":2:{s:22:\"\0*\0scheduled_timestamp\";i:1711442170;s:41:\"\0ActionScheduler_SimpleSchedule\0timestamp\";i:1711442170;}',0,1,'2024-03-26 10:01:27','2024-03-26 11:01:27',0,NULL),(3040,'facebook_for_woocommerce_hourly_heartbeat','complete','2024-03-26 10:01:27','2024-03-26 11:01:27','[]','O:30:\"ActionScheduler_SimpleSchedule\":2:{s:22:\"\0*\0scheduled_timestamp\";i:1711447287;s:41:\"\0ActionScheduler_SimpleSchedule\0timestamp\";i:1711447287;}',0,1,'2024-03-26 11:07:46','2024-03-26 12:07:46',0,NULL),(3041,'facebook_for_woocommerce_daily_heartbeat','complete','2024-03-26 11:07:47','2024-03-26 12:07:47','[]','O:30:\"ActionScheduler_SimpleSchedule\":2:{s:22:\"\0*\0scheduled_timestamp\";i:1711451267;s:41:\"\0ActionScheduler_SimpleSchedule\0timestamp\";i:1711451267;}',0,1,'2024-03-26 22:20:11','2024-03-26 23:20:11',0,NULL),(3042,'facebook_for_woocommerce_hourly_heartbeat','complete','2024-03-26 11:07:47','2024-03-26 12:07:47','[]','O:30:\"ActionScheduler_SimpleSchedule\":2:{s:22:\"\0*\0scheduled_timestamp\";i:1711451267;s:41:\"\0ActionScheduler_SimpleSchedule\0timestamp\";i:1711451267;}',0,1,'2024-03-26 22:20:11','2024-03-26 23:20:11',0,NULL),(3043,'wc_stripe_remove_order_locks','complete','2024-03-27 22:20:11','2024-03-27 23:20:11','[]','O:32:\"ActionScheduler_IntervalSchedule\":5:{s:22:\"\0*\0scheduled_timestamp\";i:1711578011;s:18:\"\0*\0first_timestamp\";i:1650844800;s:13:\"\0*\0recurrence\";i:86400;s:49:\"\0ActionScheduler_IntervalSchedule\0start_timestamp\";i:1711578011;s:53:\"\0ActionScheduler_IntervalSchedule\0interval_in_seconds\";i:86400;}',0,1,'2024-03-27 23:51:21','2024-03-28 00:51:21',0,NULL),(3044,'facebook_for_woocommerce_hourly_heartbeat','complete','2024-03-26 22:20:11','2024-03-26 23:20:11','[]','O:30:\"ActionScheduler_SimpleSchedule\":2:{s:22:\"\0*\0scheduled_timestamp\";i:1711491611;s:41:\"\0ActionScheduler_SimpleSchedule\0timestamp\";i:1711491611;}',0,1,'2024-03-26 22:20:19','2024-03-26 23:20:19',0,NULL),(3045,'facebook_for_woocommerce_hourly_heartbeat','complete','2024-03-27 03:11:02','2024-03-27 04:11:02','[]','O:30:\"ActionScheduler_SimpleSchedule\":2:{s:22:\"\0*\0scheduled_timestamp\";i:1711509062;s:41:\"\0ActionScheduler_SimpleSchedule\0timestamp\";i:1711509062;}',0,1,'2024-03-27 03:11:13','2024-03-27 04:11:13',0,NULL),(3046,'facebook_for_woocommerce_hourly_heartbeat','complete','2024-03-27 04:14:09','2024-03-27 05:14:09','[]','O:30:\"ActionScheduler_SimpleSchedule\":2:{s:22:\"\0*\0scheduled_timestamp\";i:1711512849;s:41:\"\0ActionScheduler_SimpleSchedule\0timestamp\";i:1711512849;}',0,1,'2024-03-27 06:14:16','2024-03-27 07:14:16',0,NULL),(3047,'facebook_for_woocommerce_hourly_heartbeat','complete','2024-03-27 06:14:17','2024-03-27 07:14:17','[]','O:30:\"ActionScheduler_SimpleSchedule\":2:{s:22:\"\0*\0scheduled_timestamp\";i:1711520057;s:41:\"\0ActionScheduler_SimpleSchedule\0timestamp\";i:1711520057;}',0,1,'2024-03-27 07:02:52','2024-03-27 08:02:52',0,NULL),(3048,'facebook_for_woocommerce_hourly_heartbeat','complete','2024-03-27 07:02:52','2024-03-27 08:02:52','[]','O:30:\"ActionScheduler_SimpleSchedule\":2:{s:22:\"\0*\0scheduled_timestamp\";i:1711522972;s:41:\"\0ActionScheduler_SimpleSchedule\0timestamp\";i:1711522972;}',0,1,'2024-03-27 15:07:12','2024-03-27 16:07:12',0,NULL),(3049,'facebook_for_woocommerce_hourly_heartbeat','complete','2024-03-27 15:07:15','2024-03-27 16:07:15','[]','O:30:\"ActionScheduler_SimpleSchedule\":2:{s:22:\"\0*\0scheduled_timestamp\";i:1711552035;s:41:\"\0ActionScheduler_SimpleSchedule\0timestamp\";i:1711552035;}',0,1,'2024-03-27 23:51:21','2024-03-28 00:51:21',0,NULL),(3050,'facebook_for_woocommerce_daily_heartbeat','complete','2024-03-27 15:07:15','2024-03-27 16:07:15','[]','O:30:\"ActionScheduler_SimpleSchedule\":2:{s:22:\"\0*\0scheduled_timestamp\";i:1711552035;s:41:\"\0ActionScheduler_SimpleSchedule\0timestamp\";i:1711552035;}',0,1,'2024-03-27 23:51:21','2024-03-28 00:51:21',0,NULL),(3051,'wc_stripe_remove_order_locks','complete','2024-03-28 23:51:21','2024-03-29 00:51:21','[]','O:32:\"ActionScheduler_IntervalSchedule\":5:{s:22:\"\0*\0scheduled_timestamp\";i:1711669881;s:18:\"\0*\0first_timestamp\";i:1650844800;s:13:\"\0*\0recurrence\";i:86400;s:49:\"\0ActionScheduler_IntervalSchedule\0start_timestamp\";i:1711669881;s:53:\"\0ActionScheduler_IntervalSchedule\0interval_in_seconds\";i:86400;}',0,1,'2024-03-29 05:31:30','2024-03-29 06:31:30',0,NULL),(3052,'facebook_for_woocommerce_hourly_heartbeat','complete','2024-03-27 23:51:22','2024-03-28 00:51:22','[]','O:30:\"ActionScheduler_SimpleSchedule\":2:{s:22:\"\0*\0scheduled_timestamp\";i:1711583482;s:41:\"\0ActionScheduler_SimpleSchedule\0timestamp\";i:1711583482;}',0,1,'2024-03-27 23:51:27','2024-03-28 00:51:27',0,NULL),(3053,'facebook_for_woocommerce_hourly_heartbeat','complete','2024-03-28 00:46:56','2024-03-28 01:46:56','[]','O:30:\"ActionScheduler_SimpleSchedule\":2:{s:22:\"\0*\0scheduled_timestamp\";i:1711586816;s:41:\"\0ActionScheduler_SimpleSchedule\0timestamp\";i:1711586816;}',0,1,'2024-03-28 18:51:04','2024-03-28 19:51:04',0,NULL),(3054,'facebook_for_woocommerce_hourly_heartbeat','complete','2024-03-28 18:51:04','2024-03-28 19:51:04','[]','O:30:\"ActionScheduler_SimpleSchedule\":2:{s:22:\"\0*\0scheduled_timestamp\";i:1711651864;s:41:\"\0ActionScheduler_SimpleSchedule\0timestamp\";i:1711651864;}',0,1,'2024-03-28 19:51:39','2024-03-28 20:51:39',0,NULL),(3055,'facebook_for_woocommerce_daily_heartbeat','complete','2024-03-28 18:51:07','2024-03-28 19:51:07','[]','O:30:\"ActionScheduler_SimpleSchedule\":2:{s:22:\"\0*\0scheduled_timestamp\";i:1711651867;s:41:\"\0ActionScheduler_SimpleSchedule\0timestamp\";i:1711651867;}',0,1,'2024-03-28 19:51:39','2024-03-28 20:51:39',0,NULL),(3056,'facebook_for_woocommerce_hourly_heartbeat','complete','2024-03-28 19:51:40','2024-03-28 20:51:40','[]','O:30:\"ActionScheduler_SimpleSchedule\":2:{s:22:\"\0*\0scheduled_timestamp\";i:1711655500;s:41:\"\0ActionScheduler_SimpleSchedule\0timestamp\";i:1711655500;}',0,1,'2024-03-28 20:59:34','2024-03-28 21:59:34',0,NULL),(3057,'facebook_for_woocommerce_hourly_heartbeat','complete','2024-03-28 20:59:34','2024-03-28 21:59:34','[]','O:30:\"ActionScheduler_SimpleSchedule\":2:{s:22:\"\0*\0scheduled_timestamp\";i:1711659574;s:41:\"\0ActionScheduler_SimpleSchedule\0timestamp\";i:1711659574;}',0,1,'2024-03-28 20:59:38','2024-03-28 21:59:38',0,NULL),(3058,'facebook_for_woocommerce_hourly_heartbeat','complete','2024-03-29 05:31:30','2024-03-29 06:31:30','[]','O:30:\"ActionScheduler_SimpleSchedule\":2:{s:22:\"\0*\0scheduled_timestamp\";i:1711690290;s:41:\"\0ActionScheduler_SimpleSchedule\0timestamp\";i:1711690290;}',0,1,'2024-03-29 05:31:30','2024-03-29 06:31:30',0,NULL),(3059,'wc_stripe_remove_order_locks','complete','2024-03-30 05:31:30','2024-03-30 06:31:30','[]','O:32:\"ActionScheduler_IntervalSchedule\":5:{s:22:\"\0*\0scheduled_timestamp\";i:1711776690;s:18:\"\0*\0first_timestamp\";i:1650844800;s:13:\"\0*\0recurrence\";i:86400;s:49:\"\0ActionScheduler_IntervalSchedule\0start_timestamp\";i:1711776690;s:53:\"\0ActionScheduler_IntervalSchedule\0interval_in_seconds\";i:86400;}',0,1,'2024-03-30 08:56:15','2024-03-30 09:56:15',0,NULL),(3060,'facebook_for_woocommerce_hourly_heartbeat','complete','2024-03-29 15:55:06','2024-03-29 16:55:06','[]','O:30:\"ActionScheduler_SimpleSchedule\":2:{s:22:\"\0*\0scheduled_timestamp\";i:1711727706;s:41:\"\0ActionScheduler_SimpleSchedule\0timestamp\";i:1711727706;}',0,1,'2024-03-29 16:46:27','2024-03-29 17:46:27',0,NULL),(3061,'facebook_for_woocommerce_daily_heartbeat','complete','2024-03-29 15:55:09','2024-03-29 16:55:09','[]','O:30:\"ActionScheduler_SimpleSchedule\":2:{s:22:\"\0*\0scheduled_timestamp\";i:1711727709;s:41:\"\0ActionScheduler_SimpleSchedule\0timestamp\";i:1711727709;}',0,1,'2024-03-29 16:46:27','2024-03-29 17:46:27',0,NULL),(3062,'facebook_for_woocommerce_hourly_heartbeat','complete','2024-03-29 16:46:28','2024-03-29 17:46:28','[]','O:30:\"ActionScheduler_SimpleSchedule\":2:{s:22:\"\0*\0scheduled_timestamp\";i:1711730788;s:41:\"\0ActionScheduler_SimpleSchedule\0timestamp\";i:1711730788;}',0,1,'2024-03-29 16:48:24','2024-03-29 17:48:24',0,NULL),(3063,'wc_stripe_remove_order_locks','complete','2024-03-31 08:56:15','2024-03-31 10:56:15','[]','O:32:\"ActionScheduler_IntervalSchedule\":5:{s:22:\"\0*\0scheduled_timestamp\";i:1711875375;s:18:\"\0*\0first_timestamp\";i:1650844800;s:13:\"\0*\0recurrence\";i:86400;s:49:\"\0ActionScheduler_IntervalSchedule\0start_timestamp\";i:1711875375;s:53:\"\0ActionScheduler_IntervalSchedule\0interval_in_seconds\";i:86400;}',0,1,'2024-03-31 11:59:13','2024-03-31 13:59:13',0,NULL),(3064,'facebook_for_woocommerce_hourly_heartbeat','complete','2024-03-30 08:56:16','2024-03-30 09:56:16','[]','O:30:\"ActionScheduler_SimpleSchedule\":2:{s:22:\"\0*\0scheduled_timestamp\";i:1711788976;s:41:\"\0ActionScheduler_SimpleSchedule\0timestamp\";i:1711788976;}',0,1,'2024-03-30 08:56:22','2024-03-30 09:56:22',0,NULL),(3065,'facebook_for_woocommerce_hourly_heartbeat','complete','2024-03-30 16:07:13','2024-03-30 17:07:13','[]','O:30:\"ActionScheduler_SimpleSchedule\":2:{s:22:\"\0*\0scheduled_timestamp\";i:1711814833;s:41:\"\0ActionScheduler_SimpleSchedule\0timestamp\";i:1711814833;}',0,1,'2024-03-30 21:16:35','2024-03-30 22:16:35',0,NULL),(3066,'facebook_for_woocommerce_daily_heartbeat','complete','2024-03-30 16:07:14','2024-03-30 17:07:14','[]','O:30:\"ActionScheduler_SimpleSchedule\":2:{s:22:\"\0*\0scheduled_timestamp\";i:1711814834;s:41:\"\0ActionScheduler_SimpleSchedule\0timestamp\";i:1711814834;}',0,1,'2024-03-30 21:16:35','2024-03-30 22:16:35',0,NULL),(3067,'facebook_for_woocommerce_hourly_heartbeat','complete','2024-03-30 21:16:36','2024-03-30 22:16:36','[]','O:30:\"ActionScheduler_SimpleSchedule\":2:{s:22:\"\0*\0scheduled_timestamp\";i:1711833396;s:41:\"\0ActionScheduler_SimpleSchedule\0timestamp\";i:1711833396;}',0,1,'2024-03-30 21:16:40','2024-03-30 22:16:40',0,NULL),(3068,'facebook_for_woocommerce_hourly_heartbeat','complete','2024-03-31 02:30:11','2024-03-31 04:30:11','[]','O:30:\"ActionScheduler_SimpleSchedule\":2:{s:22:\"\0*\0scheduled_timestamp\";i:1711852211;s:41:\"\0ActionScheduler_SimpleSchedule\0timestamp\";i:1711852211;}',0,1,'2024-03-31 08:51:07','2024-03-31 10:51:07',0,NULL),(3069,'facebook_for_woocommerce_hourly_heartbeat','complete','2024-03-31 08:51:08','2024-03-31 10:51:08','[]','O:30:\"ActionScheduler_SimpleSchedule\":2:{s:22:\"\0*\0scheduled_timestamp\";i:1711875068;s:41:\"\0ActionScheduler_SimpleSchedule\0timestamp\";i:1711875068;}',0,1,'2024-03-31 11:59:13','2024-03-31 13:59:13',0,NULL),(3070,'wc_stripe_remove_order_locks','complete','2024-04-01 11:59:13','2024-04-01 13:59:13','[]','O:32:\"ActionScheduler_IntervalSchedule\":5:{s:22:\"\0*\0scheduled_timestamp\";i:1711972753;s:18:\"\0*\0first_timestamp\";i:1650844800;s:13:\"\0*\0recurrence\";i:86400;s:49:\"\0ActionScheduler_IntervalSchedule\0start_timestamp\";i:1711972753;s:53:\"\0ActionScheduler_IntervalSchedule\0interval_in_seconds\";i:86400;}',0,1,'2024-04-01 14:17:12','2024-04-01 16:17:12',0,NULL),(3071,'facebook_for_woocommerce_hourly_heartbeat','complete','2024-03-31 11:59:13','2024-03-31 13:59:13','[]','O:30:\"ActionScheduler_SimpleSchedule\":2:{s:22:\"\0*\0scheduled_timestamp\";i:1711886353;s:41:\"\0ActionScheduler_SimpleSchedule\0timestamp\";i:1711886353;}',0,1,'2024-03-31 12:58:48','2024-03-31 14:58:48',0,NULL),(3072,'facebook_for_woocommerce_daily_heartbeat','complete','2024-03-31 11:59:14','2024-03-31 13:59:14','[]','O:30:\"ActionScheduler_SimpleSchedule\":2:{s:22:\"\0*\0scheduled_timestamp\";i:1711886354;s:41:\"\0ActionScheduler_SimpleSchedule\0timestamp\";i:1711886354;}',0,1,'2024-03-31 12:58:48','2024-03-31 14:58:48',0,NULL),(3073,'facebook_for_woocommerce_hourly_heartbeat','complete','2024-03-31 12:58:48','2024-03-31 14:58:48','[]','O:30:\"ActionScheduler_SimpleSchedule\":2:{s:22:\"\0*\0scheduled_timestamp\";i:1711889928;s:41:\"\0ActionScheduler_SimpleSchedule\0timestamp\";i:1711889928;}',0,1,'2024-03-31 12:58:48','2024-03-31 14:58:48',0,NULL),(3074,'facebook_for_woocommerce_hourly_heartbeat','complete','2024-04-01 03:47:35','2024-04-01 05:47:35','[]','O:30:\"ActionScheduler_SimpleSchedule\":2:{s:22:\"\0*\0scheduled_timestamp\";i:1711943255;s:41:\"\0ActionScheduler_SimpleSchedule\0timestamp\";i:1711943255;}',0,1,'2024-04-01 03:47:43','2024-04-01 05:47:43',0,NULL),(3075,'facebook_for_woocommerce_hourly_heartbeat','complete','2024-04-01 04:51:32','2024-04-01 06:51:32','[]','O:30:\"ActionScheduler_SimpleSchedule\":2:{s:22:\"\0*\0scheduled_timestamp\";i:1711947092;s:41:\"\0ActionScheduler_SimpleSchedule\0timestamp\";i:1711947092;}',0,1,'2024-04-01 05:42:08','2024-04-01 07:42:08',0,NULL),(3076,'facebook_for_woocommerce_hourly_heartbeat','complete','2024-04-01 05:42:08','2024-04-01 07:42:08','[]','O:30:\"ActionScheduler_SimpleSchedule\":2:{s:22:\"\0*\0scheduled_timestamp\";i:1711950128;s:41:\"\0ActionScheduler_SimpleSchedule\0timestamp\";i:1711950128;}',0,1,'2024-04-01 14:17:12','2024-04-01 16:17:12',0,NULL),(3077,'wc_stripe_remove_order_locks','complete','2024-04-02 14:17:12','2024-04-02 16:17:12','[]','O:32:\"ActionScheduler_IntervalSchedule\":5:{s:22:\"\0*\0scheduled_timestamp\";i:1712067432;s:18:\"\0*\0first_timestamp\";i:1650844800;s:13:\"\0*\0recurrence\";i:86400;s:49:\"\0ActionScheduler_IntervalSchedule\0start_timestamp\";i:1712067432;s:53:\"\0ActionScheduler_IntervalSchedule\0interval_in_seconds\";i:86400;}',0,1,'2024-04-02 14:38:16','2024-04-02 16:38:16',0,NULL),(3078,'facebook_for_woocommerce_hourly_heartbeat','complete','2024-04-01 14:17:12','2024-04-01 16:17:12','[]','O:30:\"ActionScheduler_SimpleSchedule\":2:{s:22:\"\0*\0scheduled_timestamp\";i:1711981032;s:41:\"\0ActionScheduler_SimpleSchedule\0timestamp\";i:1711981032;}',0,1,'2024-04-01 21:40:41','2024-04-01 23:40:41',0,NULL),(3079,'facebook_for_woocommerce_daily_heartbeat','complete','2024-04-01 14:17:16','2024-04-01 16:17:16','[]','O:30:\"ActionScheduler_SimpleSchedule\":2:{s:22:\"\0*\0scheduled_timestamp\";i:1711981036;s:41:\"\0ActionScheduler_SimpleSchedule\0timestamp\";i:1711981036;}',0,1,'2024-04-01 21:40:41','2024-04-01 23:40:41',0,NULL),(3080,'facebook_for_woocommerce_hourly_heartbeat','complete','2024-04-01 21:40:41','2024-04-01 23:40:41','[]','O:30:\"ActionScheduler_SimpleSchedule\":2:{s:22:\"\0*\0scheduled_timestamp\";i:1712007641;s:41:\"\0ActionScheduler_SimpleSchedule\0timestamp\";i:1712007641;}',0,1,'2024-04-02 07:05:08','2024-04-02 09:05:08',0,NULL),(3081,'facebook_for_woocommerce_hourly_heartbeat','complete','2024-04-02 07:05:08','2024-04-02 09:05:08','[]','O:30:\"ActionScheduler_SimpleSchedule\":2:{s:22:\"\0*\0scheduled_timestamp\";i:1712041508;s:41:\"\0ActionScheduler_SimpleSchedule\0timestamp\";i:1712041508;}',0,1,'2024-04-02 14:38:16','2024-04-02 16:38:16',0,NULL),(3082,'wc_stripe_remove_order_locks','complete','2024-04-03 14:38:16','2024-04-03 16:38:16','[]','O:32:\"ActionScheduler_IntervalSchedule\":5:{s:22:\"\0*\0scheduled_timestamp\";i:1712155096;s:18:\"\0*\0first_timestamp\";i:1650844800;s:13:\"\0*\0recurrence\";i:86400;s:49:\"\0ActionScheduler_IntervalSchedule\0start_timestamp\";i:1712155096;s:53:\"\0ActionScheduler_IntervalSchedule\0interval_in_seconds\";i:86400;}',0,1,'2024-04-03 15:49:13','2024-04-03 17:49:13',0,NULL),(3083,'facebook_for_woocommerce_hourly_heartbeat','complete','2024-04-02 14:38:21','2024-04-02 16:38:21','[]','O:30:\"ActionScheduler_SimpleSchedule\":2:{s:22:\"\0*\0scheduled_timestamp\";i:1712068701;s:41:\"\0ActionScheduler_SimpleSchedule\0timestamp\";i:1712068701;}',0,1,'2024-04-02 15:52:25','2024-04-02 17:52:25',0,NULL),(3084,'facebook_for_woocommerce_daily_heartbeat','complete','2024-04-02 14:38:22','2024-04-02 16:38:22','[]','O:30:\"ActionScheduler_SimpleSchedule\":2:{s:22:\"\0*\0scheduled_timestamp\";i:1712068702;s:41:\"\0ActionScheduler_SimpleSchedule\0timestamp\";i:1712068702;}',0,1,'2024-04-02 15:52:25','2024-04-02 17:52:25',0,NULL),(3085,'facebook_for_woocommerce_hourly_heartbeat','complete','2024-04-02 15:52:25','2024-04-02 17:52:25','[]','O:30:\"ActionScheduler_SimpleSchedule\":2:{s:22:\"\0*\0scheduled_timestamp\";i:1712073145;s:41:\"\0ActionScheduler_SimpleSchedule\0timestamp\";i:1712073145;}',0,1,'2024-04-02 16:42:20','2024-04-02 18:42:20',0,NULL),(3086,'facebook_for_woocommerce_hourly_heartbeat','complete','2024-04-02 16:42:20','2024-04-02 18:42:20','[]','O:30:\"ActionScheduler_SimpleSchedule\":2:{s:22:\"\0*\0scheduled_timestamp\";i:1712076140;s:41:\"\0ActionScheduler_SimpleSchedule\0timestamp\";i:1712076140;}',0,1,'2024-04-02 20:26:56','2024-04-02 22:26:56',0,NULL),(3087,'facebook_for_woocommerce_hourly_heartbeat','complete','2024-04-02 20:26:57','2024-04-02 22:26:57','[]','O:30:\"ActionScheduler_SimpleSchedule\":2:{s:22:\"\0*\0scheduled_timestamp\";i:1712089617;s:41:\"\0ActionScheduler_SimpleSchedule\0timestamp\";i:1712089617;}',0,1,'2024-04-03 03:18:25','2024-04-03 05:18:25',0,NULL),(3088,'facebook_for_woocommerce_hourly_heartbeat','complete','2024-04-03 03:18:26','2024-04-03 05:18:26','[]','O:30:\"ActionScheduler_SimpleSchedule\":2:{s:22:\"\0*\0scheduled_timestamp\";i:1712114306;s:41:\"\0ActionScheduler_SimpleSchedule\0timestamp\";i:1712114306;}',0,1,'2024-04-03 03:18:28','2024-04-03 05:18:28',0,NULL),(3089,'wc_stripe_remove_order_locks','complete','2024-04-04 15:49:13','2024-04-04 17:49:13','[]','O:32:\"ActionScheduler_IntervalSchedule\":5:{s:22:\"\0*\0scheduled_timestamp\";i:1712245753;s:18:\"\0*\0first_timestamp\";i:1650844800;s:13:\"\0*\0recurrence\";i:86400;s:49:\"\0ActionScheduler_IntervalSchedule\0start_timestamp\";i:1712245753;s:53:\"\0ActionScheduler_IntervalSchedule\0interval_in_seconds\";i:86400;}',0,1,'2024-04-04 17:12:21','2024-04-04 19:12:21',0,NULL),(3090,'facebook_for_woocommerce_hourly_heartbeat','complete','2024-04-03 15:49:14','2024-04-03 17:49:14','[]','O:30:\"ActionScheduler_SimpleSchedule\":2:{s:22:\"\0*\0scheduled_timestamp\";i:1712159354;s:41:\"\0ActionScheduler_SimpleSchedule\0timestamp\";i:1712159354;}',0,1,'2024-04-03 19:05:32','2024-04-03 21:05:32',0,NULL),(3091,'facebook_for_woocommerce_daily_heartbeat','complete','2024-04-03 15:49:17','2024-04-03 17:49:17','[]','O:30:\"ActionScheduler_SimpleSchedule\":2:{s:22:\"\0*\0scheduled_timestamp\";i:1712159357;s:41:\"\0ActionScheduler_SimpleSchedule\0timestamp\";i:1712159357;}',0,1,'2024-04-03 19:05:32','2024-04-03 21:05:32',0,NULL),(3092,'facebook_for_woocommerce_hourly_heartbeat','complete','2024-04-03 19:05:32','2024-04-03 21:05:32','[]','O:30:\"ActionScheduler_SimpleSchedule\":2:{s:22:\"\0*\0scheduled_timestamp\";i:1712171132;s:41:\"\0ActionScheduler_SimpleSchedule\0timestamp\";i:1712171132;}',0,1,'2024-04-04 01:59:46','2024-04-04 03:59:46',0,NULL),(3093,'facebook_for_woocommerce_hourly_heartbeat','complete','2024-04-04 01:59:47','2024-04-04 03:59:47','[]','O:30:\"ActionScheduler_SimpleSchedule\":2:{s:22:\"\0*\0scheduled_timestamp\";i:1712195987;s:41:\"\0ActionScheduler_SimpleSchedule\0timestamp\";i:1712195987;}',0,1,'2024-04-04 01:59:50','2024-04-04 03:59:50',0,NULL),(3094,'facebook_for_woocommerce_hourly_heartbeat','complete','2024-04-04 02:34:59','2024-04-04 04:34:59','[]','O:30:\"ActionScheduler_SimpleSchedule\":2:{s:22:\"\0*\0scheduled_timestamp\";i:1712198099;s:41:\"\0ActionScheduler_SimpleSchedule\0timestamp\";i:1712198099;}',0,1,'2024-04-04 02:34:59','2024-04-04 04:34:59',0,NULL),(3095,'facebook_for_woocommerce_hourly_heartbeat','complete','2024-04-04 10:30:20','2024-04-04 12:30:20','[]','O:30:\"ActionScheduler_SimpleSchedule\":2:{s:22:\"\0*\0scheduled_timestamp\";i:1712226620;s:41:\"\0ActionScheduler_SimpleSchedule\0timestamp\";i:1712226620;}',0,1,'2024-04-04 17:12:21','2024-04-04 19:12:21',0,NULL),(3096,'wc_stripe_remove_order_locks','complete','2024-04-05 17:12:21','2024-04-05 19:12:21','[]','O:32:\"ActionScheduler_IntervalSchedule\":5:{s:22:\"\0*\0scheduled_timestamp\";i:1712337141;s:18:\"\0*\0first_timestamp\";i:1650844800;s:13:\"\0*\0recurrence\";i:86400;s:49:\"\0ActionScheduler_IntervalSchedule\0start_timestamp\";i:1712337141;s:53:\"\0ActionScheduler_IntervalSchedule\0interval_in_seconds\";i:86400;}',0,1,'2024-04-05 21:41:23','2024-04-05 23:41:23',0,NULL),(3097,'facebook_for_woocommerce_daily_heartbeat','complete','2024-04-04 17:12:22','2024-04-04 19:12:22','[]','O:30:\"ActionScheduler_SimpleSchedule\":2:{s:22:\"\0*\0scheduled_timestamp\";i:1712250742;s:41:\"\0ActionScheduler_SimpleSchedule\0timestamp\";i:1712250742;}',0,1,'2024-04-04 17:44:34','2024-04-04 19:44:34',0,NULL),(3098,'facebook_for_woocommerce_hourly_heartbeat','complete','2024-04-04 17:12:22','2024-04-04 19:12:22','[]','O:30:\"ActionScheduler_SimpleSchedule\":2:{s:22:\"\0*\0scheduled_timestamp\";i:1712250742;s:41:\"\0ActionScheduler_SimpleSchedule\0timestamp\";i:1712250742;}',0,1,'2024-04-04 17:44:34','2024-04-04 19:44:34',0,NULL),(3099,'facebook_for_woocommerce_hourly_heartbeat','complete','2024-04-05 08:51:19','2024-04-05 10:51:19','[]','O:30:\"ActionScheduler_SimpleSchedule\":2:{s:22:\"\0*\0scheduled_timestamp\";i:1712307079;s:41:\"\0ActionScheduler_SimpleSchedule\0timestamp\";i:1712307079;}',0,1,'2024-04-05 08:51:24','2024-04-05 10:51:24',0,NULL),(3100,'facebook_for_woocommerce_hourly_heartbeat','complete','2024-04-05 14:01:59','2024-04-05 16:01:59','[]','O:30:\"ActionScheduler_SimpleSchedule\":2:{s:22:\"\0*\0scheduled_timestamp\";i:1712325719;s:41:\"\0ActionScheduler_SimpleSchedule\0timestamp\";i:1712325719;}',0,1,'2024-04-05 21:41:23','2024-04-05 23:41:23',0,NULL),(3101,'facebook_for_woocommerce_daily_heartbeat','complete','2024-04-05 14:01:59','2024-04-05 16:01:59','[]','O:30:\"ActionScheduler_SimpleSchedule\":2:{s:22:\"\0*\0scheduled_timestamp\";i:1712325719;s:41:\"\0ActionScheduler_SimpleSchedule\0timestamp\";i:1712325719;}',0,1,'2024-04-05 21:41:23','2024-04-05 23:41:23',0,NULL),(3102,'wc_stripe_remove_order_locks','complete','2024-04-06 21:41:23','2024-04-06 23:41:23','[]','O:32:\"ActionScheduler_IntervalSchedule\":5:{s:22:\"\0*\0scheduled_timestamp\";i:1712439683;s:18:\"\0*\0first_timestamp\";i:1650844800;s:13:\"\0*\0recurrence\";i:86400;s:49:\"\0ActionScheduler_IntervalSchedule\0start_timestamp\";i:1712439683;s:53:\"\0ActionScheduler_IntervalSchedule\0interval_in_seconds\";i:86400;}',0,1,'2024-04-07 01:09:58','2024-04-07 03:09:58',0,NULL),(3103,'facebook_for_woocommerce_hourly_heartbeat','complete','2024-04-05 21:41:24','2024-04-05 23:41:24','[]','O:30:\"ActionScheduler_SimpleSchedule\":2:{s:22:\"\0*\0scheduled_timestamp\";i:1712353284;s:41:\"\0ActionScheduler_SimpleSchedule\0timestamp\";i:1712353284;}',0,1,'2024-04-05 21:41:29','2024-04-05 23:41:29',0,NULL),(3104,'facebook_for_woocommerce_hourly_heartbeat','complete','2024-04-06 04:38:02','2024-04-06 06:38:02','[]','O:30:\"ActionScheduler_SimpleSchedule\":2:{s:22:\"\0*\0scheduled_timestamp\";i:1712378282;s:41:\"\0ActionScheduler_SimpleSchedule\0timestamp\";i:1712378282;}',0,1,'2024-04-06 08:08:54','2024-04-06 10:08:54',0,NULL),(3105,'facebook_for_woocommerce_hourly_heartbeat','complete','2024-04-06 08:08:54','2024-04-06 10:08:54','[]','O:30:\"ActionScheduler_SimpleSchedule\":2:{s:22:\"\0*\0scheduled_timestamp\";i:1712390934;s:41:\"\0ActionScheduler_SimpleSchedule\0timestamp\";i:1712390934;}',0,1,'2024-04-06 08:50:58','2024-04-06 10:50:58',0,NULL),(3106,'facebook_for_woocommerce_hourly_heartbeat','complete','2024-04-06 15:46:47','2024-04-06 17:46:47','[]','O:30:\"ActionScheduler_SimpleSchedule\":2:{s:22:\"\0*\0scheduled_timestamp\";i:1712418407;s:41:\"\0ActionScheduler_SimpleSchedule\0timestamp\";i:1712418407;}',0,1,'2024-04-07 01:09:58','2024-04-07 03:09:58',0,NULL),(3107,'facebook_for_woocommerce_daily_heartbeat','complete','2024-04-06 15:46:48','2024-04-06 17:46:48','[]','O:30:\"ActionScheduler_SimpleSchedule\":2:{s:22:\"\0*\0scheduled_timestamp\";i:1712418408;s:41:\"\0ActionScheduler_SimpleSchedule\0timestamp\";i:1712418408;}',0,1,'2024-04-07 01:09:58','2024-04-07 03:09:58',0,NULL),(3108,'wc_stripe_remove_order_locks','complete','2024-04-08 01:09:58','2024-04-08 03:09:58','[]','O:32:\"ActionScheduler_IntervalSchedule\":5:{s:22:\"\0*\0scheduled_timestamp\";i:1712538598;s:18:\"\0*\0first_timestamp\";i:1650844800;s:13:\"\0*\0recurrence\";i:86400;s:49:\"\0ActionScheduler_IntervalSchedule\0start_timestamp\";i:1712538598;s:53:\"\0ActionScheduler_IntervalSchedule\0interval_in_seconds\";i:86400;}',0,1,'2024-04-08 04:30:31','2024-04-08 06:30:31',0,NULL),(3109,'facebook_for_woocommerce_hourly_heartbeat','complete','2024-04-07 01:09:58','2024-04-07 03:09:58','[]','O:30:\"ActionScheduler_SimpleSchedule\":2:{s:22:\"\0*\0scheduled_timestamp\";i:1712452198;s:41:\"\0ActionScheduler_SimpleSchedule\0timestamp\";i:1712452198;}',0,1,'2024-04-07 01:10:04','2024-04-07 03:10:04',0,NULL),(3110,'facebook_for_woocommerce_hourly_heartbeat','complete','2024-04-07 02:52:44','2024-04-07 04:52:44','[]','O:30:\"ActionScheduler_SimpleSchedule\":2:{s:22:\"\0*\0scheduled_timestamp\";i:1712458364;s:41:\"\0ActionScheduler_SimpleSchedule\0timestamp\";i:1712458364;}',0,1,'2024-04-07 09:39:59','2024-04-07 11:39:59',0,NULL),(3111,'facebook_for_woocommerce_hourly_heartbeat','complete','2024-04-07 09:39:59','2024-04-07 11:39:59','[]','O:30:\"ActionScheduler_SimpleSchedule\":2:{s:22:\"\0*\0scheduled_timestamp\";i:1712482799;s:41:\"\0ActionScheduler_SimpleSchedule\0timestamp\";i:1712482799;}',0,1,'2024-04-07 20:15:59','2024-04-07 22:15:59',0,NULL),(3112,'facebook_for_woocommerce_hourly_heartbeat','complete','2024-04-07 20:16:00','2024-04-07 22:16:00','[]','O:30:\"ActionScheduler_SimpleSchedule\":2:{s:22:\"\0*\0scheduled_timestamp\";i:1712520960;s:41:\"\0ActionScheduler_SimpleSchedule\0timestamp\";i:1712520960;}',0,1,'2024-04-07 20:40:22','2024-04-07 22:40:22',0,NULL),(3113,'facebook_for_woocommerce_daily_heartbeat','complete','2024-04-07 20:16:01','2024-04-07 22:16:01','[]','O:30:\"ActionScheduler_SimpleSchedule\":2:{s:22:\"\0*\0scheduled_timestamp\";i:1712520961;s:41:\"\0ActionScheduler_SimpleSchedule\0timestamp\";i:1712520961;}',0,1,'2024-04-07 20:40:22','2024-04-07 22:40:22',0,NULL),(3114,'facebook_for_woocommerce_hourly_heartbeat','complete','2024-04-07 21:13:45','2024-04-07 23:13:45','[]','O:30:\"ActionScheduler_SimpleSchedule\":2:{s:22:\"\0*\0scheduled_timestamp\";i:1712524425;s:41:\"\0ActionScheduler_SimpleSchedule\0timestamp\";i:1712524425;}',0,1,'2024-04-07 21:13:48','2024-04-07 23:13:48',0,NULL),(3115,'facebook_for_woocommerce_hourly_heartbeat','complete','2024-04-07 21:13:47','2024-04-07 23:13:47','[]','O:30:\"ActionScheduler_SimpleSchedule\":2:{s:22:\"\0*\0scheduled_timestamp\";i:1712524427;s:41:\"\0ActionScheduler_SimpleSchedule\0timestamp\";i:1712524427;}',0,1,'2024-04-07 21:13:48','2024-04-07 23:13:48',0,NULL),(3116,'wc_stripe_remove_order_locks','complete','2024-04-09 04:30:31','2024-04-09 06:30:31','[]','O:32:\"ActionScheduler_IntervalSchedule\":5:{s:22:\"\0*\0scheduled_timestamp\";i:1712637031;s:18:\"\0*\0first_timestamp\";i:1650844800;s:13:\"\0*\0recurrence\";i:86400;s:49:\"\0ActionScheduler_IntervalSchedule\0start_timestamp\";i:1712637031;s:53:\"\0ActionScheduler_IntervalSchedule\0interval_in_seconds\";i:86400;}',0,1,'2024-04-09 05:47:11','2024-04-09 07:47:11',0,NULL),(3117,'facebook_for_woocommerce_hourly_heartbeat','complete','2024-04-08 04:30:32','2024-04-08 06:30:32','[]','O:30:\"ActionScheduler_SimpleSchedule\":2:{s:22:\"\0*\0scheduled_timestamp\";i:1712550632;s:41:\"\0ActionScheduler_SimpleSchedule\0timestamp\";i:1712550632;}',0,1,'2024-04-08 15:36:52','2024-04-08 17:36:52',0,NULL),(3118,'facebook_for_woocommerce_hourly_heartbeat','complete','2024-04-08 15:36:53','2024-04-08 17:36:53','[]','O:30:\"ActionScheduler_SimpleSchedule\":2:{s:22:\"\0*\0scheduled_timestamp\";i:1712590613;s:41:\"\0ActionScheduler_SimpleSchedule\0timestamp\";i:1712590613;}',0,1,'2024-04-08 16:25:57','2024-04-08 18:25:57',0,NULL),(3119,'facebook_for_woocommerce_daily_heartbeat','complete','2024-04-08 15:36:57','2024-04-08 17:36:57','[]','O:30:\"ActionScheduler_SimpleSchedule\":2:{s:22:\"\0*\0scheduled_timestamp\";i:1712590617;s:41:\"\0ActionScheduler_SimpleSchedule\0timestamp\";i:1712590617;}',0,1,'2024-04-08 16:25:58','2024-04-08 18:25:58',0,NULL),(3120,'facebook_for_woocommerce_hourly_heartbeat','complete','2024-04-08 16:25:58','2024-04-08 18:25:58','[]','O:30:\"ActionScheduler_SimpleSchedule\":2:{s:22:\"\0*\0scheduled_timestamp\";i:1712593558;s:41:\"\0ActionScheduler_SimpleSchedule\0timestamp\";i:1712593558;}',0,1,'2024-04-08 17:00:59','2024-04-08 19:00:59',0,NULL),(3121,'facebook_for_woocommerce_hourly_heartbeat','complete','2024-04-08 17:00:59','2024-04-08 19:00:59','[]','O:30:\"ActionScheduler_SimpleSchedule\":2:{s:22:\"\0*\0scheduled_timestamp\";i:1712595659;s:41:\"\0ActionScheduler_SimpleSchedule\0timestamp\";i:1712595659;}',0,1,'2024-04-09 05:47:11','2024-04-09 07:47:11',0,NULL),(3122,'wc_stripe_remove_order_locks','complete','2024-04-10 05:47:11','2024-04-10 07:47:11','[]','O:32:\"ActionScheduler_IntervalSchedule\":5:{s:22:\"\0*\0scheduled_timestamp\";i:1712728031;s:18:\"\0*\0first_timestamp\";i:1650844800;s:13:\"\0*\0recurrence\";i:86400;s:49:\"\0ActionScheduler_IntervalSchedule\0start_timestamp\";i:1712728031;s:53:\"\0ActionScheduler_IntervalSchedule\0interval_in_seconds\";i:86400;}',0,1,'2024-04-10 08:17:55','2024-04-10 10:17:55',0,NULL),(3123,'facebook_for_woocommerce_hourly_heartbeat','complete','2024-04-09 05:47:12','2024-04-09 07:47:12','[]','O:30:\"ActionScheduler_SimpleSchedule\":2:{s:22:\"\0*\0scheduled_timestamp\";i:1712641632;s:41:\"\0ActionScheduler_SimpleSchedule\0timestamp\";i:1712641632;}',0,1,'2024-04-09 05:47:18','2024-04-09 07:47:18',0,NULL),(3124,'facebook_for_woocommerce_hourly_heartbeat','complete','2024-04-09 07:47:47','2024-04-09 09:47:47','[]','O:30:\"ActionScheduler_SimpleSchedule\":2:{s:22:\"\0*\0scheduled_timestamp\";i:1712648867;s:41:\"\0ActionScheduler_SimpleSchedule\0timestamp\";i:1712648867;}',0,1,'2024-04-09 11:13:10','2024-04-09 13:13:10',0,NULL),(3125,'facebook_for_woocommerce_hourly_heartbeat','complete','2024-04-09 11:13:11','2024-04-09 13:13:11','[]','O:30:\"ActionScheduler_SimpleSchedule\":2:{s:22:\"\0*\0scheduled_timestamp\";i:1712661191;s:41:\"\0ActionScheduler_SimpleSchedule\0timestamp\";i:1712661191;}',0,1,'2024-04-09 11:55:47','2024-04-09 13:55:47',0,NULL),(3126,'facebook_for_woocommerce_daily_heartbeat','complete','2024-04-09 11:13:12','2024-04-09 13:13:12','[]','O:30:\"ActionScheduler_SimpleSchedule\":2:{s:22:\"\0*\0scheduled_timestamp\";i:1712661192;s:41:\"\0ActionScheduler_SimpleSchedule\0timestamp\";i:1712661192;}',0,1,'2024-04-09 11:55:47','2024-04-09 13:55:47',0,NULL),(3127,'facebook_for_woocommerce_hourly_heartbeat','complete','2024-04-09 13:46:47','2024-04-09 15:46:47','[]','O:30:\"ActionScheduler_SimpleSchedule\":2:{s:22:\"\0*\0scheduled_timestamp\";i:1712670407;s:41:\"\0ActionScheduler_SimpleSchedule\0timestamp\";i:1712670407;}',0,1,'2024-04-09 14:22:30','2024-04-09 16:22:30',0,NULL),(3128,'facebook_for_woocommerce_hourly_heartbeat','complete','2024-04-09 14:22:31','2024-04-09 16:22:31','[]','O:30:\"ActionScheduler_SimpleSchedule\":2:{s:22:\"\0*\0scheduled_timestamp\";i:1712672551;s:41:\"\0ActionScheduler_SimpleSchedule\0timestamp\";i:1712672551;}',0,1,'2024-04-09 21:50:16','2024-04-09 23:50:16',0,NULL),(3129,'facebook_for_woocommerce_hourly_heartbeat','complete','2024-04-09 21:50:16','2024-04-09 23:50:16','[]','O:30:\"ActionScheduler_SimpleSchedule\":2:{s:22:\"\0*\0scheduled_timestamp\";i:1712699416;s:41:\"\0ActionScheduler_SimpleSchedule\0timestamp\";i:1712699416;}',0,1,'2024-04-09 21:50:21','2024-04-09 23:50:21',0,NULL),(3130,'wc_stripe_remove_order_locks','complete','2024-04-11 08:17:55','2024-04-11 10:17:55','[]','O:32:\"ActionScheduler_IntervalSchedule\":5:{s:22:\"\0*\0scheduled_timestamp\";i:1712823475;s:18:\"\0*\0first_timestamp\";i:1650844800;s:13:\"\0*\0recurrence\";i:86400;s:49:\"\0ActionScheduler_IntervalSchedule\0start_timestamp\";i:1712823475;s:53:\"\0ActionScheduler_IntervalSchedule\0interval_in_seconds\";i:86400;}',0,1,'2024-04-12 00:53:38','2024-04-12 02:53:38',0,NULL),(3131,'facebook_for_woocommerce_hourly_heartbeat','complete','2024-04-10 08:17:55','2024-04-10 10:17:55','[]','O:30:\"ActionScheduler_SimpleSchedule\":2:{s:22:\"\0*\0scheduled_timestamp\";i:1712737075;s:41:\"\0ActionScheduler_SimpleSchedule\0timestamp\";i:1712737075;}',0,1,'2024-04-11 04:29:22','2024-04-11 06:29:22',0,NULL),(3132,'facebook_for_woocommerce_hourly_heartbeat','complete','2024-04-11 04:29:23','2024-04-11 06:29:23','[]','O:30:\"ActionScheduler_SimpleSchedule\":2:{s:22:\"\0*\0scheduled_timestamp\";i:1712809763;s:41:\"\0ActionScheduler_SimpleSchedule\0timestamp\";i:1712809763;}',0,1,'2024-04-11 04:29:32','2024-04-11 06:29:32',0,NULL),(3133,'facebook_for_woocommerce_daily_heartbeat','complete','2024-04-11 04:29:24','2024-04-11 06:29:24','[]','O:30:\"ActionScheduler_SimpleSchedule\":2:{s:22:\"\0*\0scheduled_timestamp\";i:1712809764;s:41:\"\0ActionScheduler_SimpleSchedule\0timestamp\";i:1712809764;}',0,1,'2024-04-11 04:29:32','2024-04-11 06:29:32',0,NULL),(3134,'wc_stripe_remove_order_locks','complete','2024-04-13 00:53:38','2024-04-13 02:53:38','[]','O:32:\"ActionScheduler_IntervalSchedule\":5:{s:22:\"\0*\0scheduled_timestamp\";i:1712969618;s:18:\"\0*\0first_timestamp\";i:1650844800;s:13:\"\0*\0recurrence\";i:86400;s:49:\"\0ActionScheduler_IntervalSchedule\0start_timestamp\";i:1712969618;s:53:\"\0ActionScheduler_IntervalSchedule\0interval_in_seconds\";i:86400;}',0,1,'2024-04-13 11:05:23','2024-04-13 13:05:23',0,NULL),(3135,'facebook_for_woocommerce_hourly_heartbeat','complete','2024-04-12 00:53:38','2024-04-12 02:53:38','[]','O:30:\"ActionScheduler_SimpleSchedule\":2:{s:22:\"\0*\0scheduled_timestamp\";i:1712883218;s:41:\"\0ActionScheduler_SimpleSchedule\0timestamp\";i:1712883218;}',0,1,'2024-04-12 00:53:48','2024-04-12 02:53:48',0,NULL),(3136,'facebook_for_woocommerce_daily_heartbeat','complete','2024-04-12 00:53:41','2024-04-12 02:53:41','[]','O:30:\"ActionScheduler_SimpleSchedule\":2:{s:22:\"\0*\0scheduled_timestamp\";i:1712883221;s:41:\"\0ActionScheduler_SimpleSchedule\0timestamp\";i:1712883221;}',0,1,'2024-04-12 00:53:48','2024-04-12 02:53:48',0,NULL),(3137,'facebook_for_woocommerce_hourly_heartbeat','complete','2024-04-12 19:11:04','2024-04-12 21:11:04','[]','O:30:\"ActionScheduler_SimpleSchedule\":2:{s:22:\"\0*\0scheduled_timestamp\";i:1712949064;s:41:\"\0ActionScheduler_SimpleSchedule\0timestamp\";i:1712949064;}',0,1,'2024-04-12 19:49:25','2024-04-12 21:49:25',0,NULL),(3138,'facebook_for_woocommerce_daily_heartbeat','complete','2024-04-12 19:11:06','2024-04-12 21:11:06','[]','O:30:\"ActionScheduler_SimpleSchedule\":2:{s:22:\"\0*\0scheduled_timestamp\";i:1712949066;s:41:\"\0ActionScheduler_SimpleSchedule\0timestamp\";i:1712949066;}',0,1,'2024-04-12 19:49:25','2024-04-12 21:49:25',0,NULL),(3139,'facebook_for_woocommerce_hourly_heartbeat','complete','2024-04-12 21:18:34','2024-04-12 23:18:34','[]','O:30:\"ActionScheduler_SimpleSchedule\":2:{s:22:\"\0*\0scheduled_timestamp\";i:1712956714;s:41:\"\0ActionScheduler_SimpleSchedule\0timestamp\";i:1712956714;}',0,1,'2024-04-12 21:18:40','2024-04-12 23:18:40',0,NULL),(3140,'facebook_for_woocommerce_hourly_heartbeat','complete','2024-04-13 00:18:33','2024-04-13 02:18:33','[]','O:30:\"ActionScheduler_SimpleSchedule\":2:{s:22:\"\0*\0scheduled_timestamp\";i:1712967513;s:41:\"\0ActionScheduler_SimpleSchedule\0timestamp\";i:1712967513;}',0,1,'2024-04-13 11:05:23','2024-04-13 13:05:23',0,NULL),(3141,'wc_stripe_remove_order_locks','complete','2024-04-14 11:05:23','2024-04-14 13:05:23','[]','O:32:\"ActionScheduler_IntervalSchedule\":5:{s:22:\"\0*\0scheduled_timestamp\";i:1713092723;s:18:\"\0*\0first_timestamp\";i:1650844800;s:13:\"\0*\0recurrence\";i:86400;s:49:\"\0ActionScheduler_IntervalSchedule\0start_timestamp\";i:1713092723;s:53:\"\0ActionScheduler_IntervalSchedule\0interval_in_seconds\";i:86400;}',0,1,'2024-04-15 08:03:00','2024-04-15 10:03:00',0,NULL),(3142,'facebook_for_woocommerce_hourly_heartbeat','complete','2024-04-13 11:05:24','2024-04-13 13:05:24','[]','O:30:\"ActionScheduler_SimpleSchedule\":2:{s:22:\"\0*\0scheduled_timestamp\";i:1713006324;s:41:\"\0ActionScheduler_SimpleSchedule\0timestamp\";i:1713006324;}',0,1,'2024-04-13 14:42:16','2024-04-13 16:42:16',0,NULL),(3143,'facebook_for_woocommerce_daily_heartbeat','complete','2024-04-13 11:05:26','2024-04-13 13:05:26','[]','O:30:\"ActionScheduler_SimpleSchedule\":2:{s:22:\"\0*\0scheduled_timestamp\";i:1713006326;s:41:\"\0ActionScheduler_SimpleSchedule\0timestamp\";i:1713006326;}',0,1,'2024-04-13 14:42:16','2024-04-13 16:42:16',0,NULL),(3144,'facebook_for_woocommerce_hourly_heartbeat','complete','2024-04-13 14:42:16','2024-04-13 16:42:16','[]','O:30:\"ActionScheduler_SimpleSchedule\":2:{s:22:\"\0*\0scheduled_timestamp\";i:1713019336;s:41:\"\0ActionScheduler_SimpleSchedule\0timestamp\";i:1713019336;}',0,1,'2024-04-13 19:19:50','2024-04-13 21:19:50',0,NULL),(3145,'facebook_for_woocommerce_hourly_heartbeat','complete','2024-04-13 19:19:50','2024-04-13 21:19:50','[]','O:30:\"ActionScheduler_SimpleSchedule\":2:{s:22:\"\0*\0scheduled_timestamp\";i:1713035990;s:41:\"\0ActionScheduler_SimpleSchedule\0timestamp\";i:1713035990;}',0,1,'2024-04-14 07:07:13','2024-04-14 09:07:13',0,NULL),(3146,'facebook_for_woocommerce_hourly_heartbeat','complete','2024-04-14 07:07:14','2024-04-14 09:07:14','[]','O:30:\"ActionScheduler_SimpleSchedule\":2:{s:22:\"\0*\0scheduled_timestamp\";i:1713078434;s:41:\"\0ActionScheduler_SimpleSchedule\0timestamp\";i:1713078434;}',0,1,'2024-04-14 07:07:19','2024-04-14 09:07:19',0,NULL),(3147,'wc_stripe_remove_order_locks','complete','2024-04-16 08:03:00','2024-04-16 10:03:00','[]','O:32:\"ActionScheduler_IntervalSchedule\":5:{s:22:\"\0*\0scheduled_timestamp\";i:1713254580;s:18:\"\0*\0first_timestamp\";i:1650844800;s:13:\"\0*\0recurrence\";i:86400;s:49:\"\0ActionScheduler_IntervalSchedule\0start_timestamp\";i:1713254580;s:53:\"\0ActionScheduler_IntervalSchedule\0interval_in_seconds\";i:86400;}',0,1,'2024-04-17 00:50:37','2024-04-17 02:50:37',0,NULL),(3148,'facebook_for_woocommerce_hourly_heartbeat','complete','2024-04-15 08:03:03','2024-04-15 10:03:03','[]','O:30:\"ActionScheduler_SimpleSchedule\":2:{s:22:\"\0*\0scheduled_timestamp\";i:1713168183;s:41:\"\0ActionScheduler_SimpleSchedule\0timestamp\";i:1713168183;}',0,1,'2024-04-15 08:03:10','2024-04-15 10:03:10',0,NULL),(3149,'facebook_for_woocommerce_daily_heartbeat','complete','2024-04-15 08:03:04','2024-04-15 10:03:04','[]','O:30:\"ActionScheduler_SimpleSchedule\":2:{s:22:\"\0*\0scheduled_timestamp\";i:1713168184;s:41:\"\0ActionScheduler_SimpleSchedule\0timestamp\";i:1713168184;}',0,1,'2024-04-15 08:03:10','2024-04-15 10:03:10',0,NULL),(3150,'facebook_for_woocommerce_hourly_heartbeat','complete','2024-04-16 04:42:56','2024-04-16 06:42:56','[]','O:30:\"ActionScheduler_SimpleSchedule\":2:{s:22:\"\0*\0scheduled_timestamp\";i:1713242576;s:41:\"\0ActionScheduler_SimpleSchedule\0timestamp\";i:1713242576;}',0,1,'2024-04-16 04:43:05','2024-04-16 06:43:05',0,NULL),(3151,'facebook_for_woocommerce_daily_heartbeat','complete','2024-04-16 04:42:57','2024-04-16 06:42:57','[]','O:30:\"ActionScheduler_SimpleSchedule\":2:{s:22:\"\0*\0scheduled_timestamp\";i:1713242577;s:41:\"\0ActionScheduler_SimpleSchedule\0timestamp\";i:1713242577;}',0,1,'2024-04-16 04:43:05','2024-04-16 06:43:05',0,NULL),(3152,'wc_stripe_remove_order_locks','complete','2024-04-18 00:50:37','2024-04-18 02:50:37','[]','O:32:\"ActionScheduler_IntervalSchedule\":5:{s:22:\"\0*\0scheduled_timestamp\";i:1713401437;s:18:\"\0*\0first_timestamp\";i:1650844800;s:13:\"\0*\0recurrence\";i:86400;s:49:\"\0ActionScheduler_IntervalSchedule\0start_timestamp\";i:1713401437;s:53:\"\0ActionScheduler_IntervalSchedule\0interval_in_seconds\";i:86400;}',0,1,'2024-04-18 16:43:04','2024-04-18 18:43:04',0,NULL),(3153,'facebook_for_woocommerce_hourly_heartbeat','complete','2024-04-17 00:50:37','2024-04-17 02:50:37','[]','O:30:\"ActionScheduler_SimpleSchedule\":2:{s:22:\"\0*\0scheduled_timestamp\";i:1713315037;s:41:\"\0ActionScheduler_SimpleSchedule\0timestamp\";i:1713315037;}',0,1,'2024-04-17 00:50:51','2024-04-17 02:50:51',0,NULL),(3154,'facebook_for_woocommerce_daily_heartbeat','complete','2024-04-17 00:50:45','2024-04-17 02:50:45','[]','O:30:\"ActionScheduler_SimpleSchedule\":2:{s:22:\"\0*\0scheduled_timestamp\";i:1713315045;s:41:\"\0ActionScheduler_SimpleSchedule\0timestamp\";i:1713315045;}',0,1,'2024-04-17 00:50:52','2024-04-17 02:50:52',0,NULL),(3155,'facebook_for_woocommerce_hourly_heartbeat','complete','2024-04-17 21:31:32','2024-04-17 23:31:32','[]','O:30:\"ActionScheduler_SimpleSchedule\":2:{s:22:\"\0*\0scheduled_timestamp\";i:1713389492;s:41:\"\0ActionScheduler_SimpleSchedule\0timestamp\";i:1713389492;}',0,1,'2024-04-17 21:31:40','2024-04-17 23:31:40',0,NULL),(3156,'facebook_for_woocommerce_daily_heartbeat','complete','2024-04-17 21:31:35','2024-04-17 23:31:35','[]','O:30:\"ActionScheduler_SimpleSchedule\":2:{s:22:\"\0*\0scheduled_timestamp\";i:1713389495;s:41:\"\0ActionScheduler_SimpleSchedule\0timestamp\";i:1713389495;}',0,1,'2024-04-17 21:31:40','2024-04-17 23:31:40',0,NULL),(3157,'wc_stripe_remove_order_locks','complete','2024-04-19 16:43:04','2024-04-19 18:43:04','[]','O:32:\"ActionScheduler_IntervalSchedule\":5:{s:22:\"\0*\0scheduled_timestamp\";i:1713544984;s:18:\"\0*\0first_timestamp\";i:1650844800;s:13:\"\0*\0recurrence\";i:86400;s:49:\"\0ActionScheduler_IntervalSchedule\0start_timestamp\";i:1713544984;s:53:\"\0ActionScheduler_IntervalSchedule\0interval_in_seconds\";i:86400;}',0,1,'2024-04-20 08:20:07','2024-04-20 10:20:07',0,NULL),(3158,'facebook_for_woocommerce_hourly_heartbeat','complete','2024-04-18 16:43:04','2024-04-18 18:43:04','[]','O:30:\"ActionScheduler_SimpleSchedule\":2:{s:22:\"\0*\0scheduled_timestamp\";i:1713458584;s:41:\"\0ActionScheduler_SimpleSchedule\0timestamp\";i:1713458584;}',0,1,'2024-04-19 07:26:11','2024-04-19 09:26:11',0,NULL),(3159,'facebook_for_woocommerce_daily_heartbeat','complete','2024-04-18 16:43:07','2024-04-18 18:43:07','[]','O:30:\"ActionScheduler_SimpleSchedule\":2:{s:22:\"\0*\0scheduled_timestamp\";i:1713458587;s:41:\"\0ActionScheduler_SimpleSchedule\0timestamp\";i:1713458587;}',0,1,'2024-04-19 07:26:12','2024-04-19 09:26:12',0,NULL),(3160,'facebook_for_woocommerce_hourly_heartbeat','complete','2024-04-19 07:26:12','2024-04-19 09:26:12','[]','O:30:\"ActionScheduler_SimpleSchedule\":2:{s:22:\"\0*\0scheduled_timestamp\";i:1713511572;s:41:\"\0ActionScheduler_SimpleSchedule\0timestamp\";i:1713511572;}',0,1,'2024-04-19 07:26:19','2024-04-19 09:26:19',0,NULL),(3161,'wc_stripe_remove_order_locks','complete','2024-04-21 08:20:07','2024-04-21 10:20:07','[]','O:32:\"ActionScheduler_IntervalSchedule\":5:{s:22:\"\0*\0scheduled_timestamp\";i:1713687607;s:18:\"\0*\0first_timestamp\";i:1650844800;s:13:\"\0*\0recurrence\";i:86400;s:49:\"\0ActionScheduler_IntervalSchedule\0start_timestamp\";i:1713687607;s:53:\"\0ActionScheduler_IntervalSchedule\0interval_in_seconds\";i:86400;}',0,1,'2024-04-21 14:53:34','2024-04-21 16:53:34',0,NULL),(3162,'facebook_for_woocommerce_hourly_heartbeat','complete','2024-04-20 13:05:36','2024-04-20 15:05:36','[]','O:30:\"ActionScheduler_SimpleSchedule\":2:{s:22:\"\0*\0scheduled_timestamp\";i:1713618336;s:41:\"\0ActionScheduler_SimpleSchedule\0timestamp\";i:1713618336;}',0,1,'2024-04-20 13:05:41','2024-04-20 15:05:41',0,NULL),(3163,'facebook_for_woocommerce_daily_heartbeat','complete','2024-04-20 13:05:36','2024-04-20 15:05:36','[]','O:30:\"ActionScheduler_SimpleSchedule\":2:{s:22:\"\0*\0scheduled_timestamp\";i:1713618336;s:41:\"\0ActionScheduler_SimpleSchedule\0timestamp\";i:1713618336;}',0,1,'2024-04-20 13:05:41','2024-04-20 15:05:41',0,NULL),(3164,'facebook_for_woocommerce_hourly_heartbeat','complete','2024-04-21 04:18:32','2024-04-21 06:18:32','[]','O:30:\"ActionScheduler_SimpleSchedule\":2:{s:22:\"\0*\0scheduled_timestamp\";i:1713673112;s:41:\"\0ActionScheduler_SimpleSchedule\0timestamp\";i:1713673112;}',0,1,'2024-04-21 04:18:38','2024-04-21 06:18:38',0,NULL),(3165,'facebook_for_woocommerce_hourly_heartbeat','complete','2024-04-21 07:35:07','2024-04-21 09:35:07','[]','O:30:\"ActionScheduler_SimpleSchedule\":2:{s:22:\"\0*\0scheduled_timestamp\";i:1713684907;s:41:\"\0ActionScheduler_SimpleSchedule\0timestamp\";i:1713684907;}',0,1,'2024-04-21 14:53:34','2024-04-21 16:53:34',0,NULL),(3166,'wc_stripe_remove_order_locks','complete','2024-04-22 14:53:34','2024-04-22 16:53:34','[]','O:32:\"ActionScheduler_IntervalSchedule\":5:{s:22:\"\0*\0scheduled_timestamp\";i:1713797614;s:18:\"\0*\0first_timestamp\";i:1650844800;s:13:\"\0*\0recurrence\";i:86400;s:49:\"\0ActionScheduler_IntervalSchedule\0start_timestamp\";i:1713797614;s:53:\"\0ActionScheduler_IntervalSchedule\0interval_in_seconds\";i:86400;}',0,1,'2024-04-22 18:57:45','2024-04-22 20:57:45',0,NULL),(3167,'facebook_for_woocommerce_hourly_heartbeat','complete','2024-04-21 14:53:35','2024-04-21 16:53:35','[]','O:30:\"ActionScheduler_SimpleSchedule\":2:{s:22:\"\0*\0scheduled_timestamp\";i:1713711215;s:41:\"\0ActionScheduler_SimpleSchedule\0timestamp\";i:1713711215;}',0,1,'2024-04-22 00:08:03','2024-04-22 02:08:03',0,NULL),(3168,'facebook_for_woocommerce_daily_heartbeat','complete','2024-04-21 14:53:35','2024-04-21 16:53:35','[]','O:30:\"ActionScheduler_SimpleSchedule\":2:{s:22:\"\0*\0scheduled_timestamp\";i:1713711215;s:41:\"\0ActionScheduler_SimpleSchedule\0timestamp\";i:1713711215;}',0,1,'2024-04-22 00:08:03','2024-04-22 02:08:03',0,NULL),(3169,'facebook_for_woocommerce_hourly_heartbeat','complete','2024-04-22 00:08:03','2024-04-22 02:08:03','[]','O:30:\"ActionScheduler_SimpleSchedule\":2:{s:22:\"\0*\0scheduled_timestamp\";i:1713744483;s:41:\"\0ActionScheduler_SimpleSchedule\0timestamp\";i:1713744483;}',0,1,'2024-04-22 00:08:11','2024-04-22 02:08:11',0,NULL),(3170,'wc_stripe_remove_order_locks','complete','2024-04-23 18:57:45','2024-04-23 20:57:45','[]','O:32:\"ActionScheduler_IntervalSchedule\":5:{s:22:\"\0*\0scheduled_timestamp\";i:1713898665;s:18:\"\0*\0first_timestamp\";i:1650844800;s:13:\"\0*\0recurrence\";i:86400;s:49:\"\0ActionScheduler_IntervalSchedule\0start_timestamp\";i:1713898665;s:53:\"\0ActionScheduler_IntervalSchedule\0interval_in_seconds\";i:86400;}',0,1,'2024-04-24 07:36:13','2024-04-24 09:36:13',0,NULL),(3171,'facebook_for_woocommerce_hourly_heartbeat','complete','2024-04-22 18:57:45','2024-04-22 20:57:45','[]','O:30:\"ActionScheduler_SimpleSchedule\":2:{s:22:\"\0*\0scheduled_timestamp\";i:1713812265;s:41:\"\0ActionScheduler_SimpleSchedule\0timestamp\";i:1713812265;}',0,1,'2024-04-22 19:26:28','2024-04-22 21:26:28',0,NULL),(3172,'facebook_for_woocommerce_daily_heartbeat','complete','2024-04-22 18:57:48','2024-04-22 20:57:48','[]','O:30:\"ActionScheduler_SimpleSchedule\":2:{s:22:\"\0*\0scheduled_timestamp\";i:1713812268;s:41:\"\0ActionScheduler_SimpleSchedule\0timestamp\";i:1713812268;}',0,1,'2024-04-22 19:26:29','2024-04-22 21:26:29',0,NULL),(3173,'facebook_for_woocommerce_hourly_heartbeat','complete','2024-04-22 19:26:29','2024-04-22 21:26:29','[]','O:30:\"ActionScheduler_SimpleSchedule\":2:{s:22:\"\0*\0scheduled_timestamp\";i:1713813989;s:41:\"\0ActionScheduler_SimpleSchedule\0timestamp\";i:1713813989;}',0,1,'2024-04-22 22:14:15','2024-04-23 00:14:15',0,NULL),(3174,'facebook_for_woocommerce_hourly_heartbeat','complete','2024-04-22 22:14:15','2024-04-23 00:14:15','[]','O:30:\"ActionScheduler_SimpleSchedule\":2:{s:22:\"\0*\0scheduled_timestamp\";i:1713824055;s:41:\"\0ActionScheduler_SimpleSchedule\0timestamp\";i:1713824055;}',0,1,'2024-04-22 22:14:19','2024-04-23 00:14:19',0,NULL),(3175,'facebook_for_woocommerce_hourly_heartbeat','complete','2024-04-23 14:56:43','2024-04-23 16:56:43','[]','O:30:\"ActionScheduler_SimpleSchedule\":2:{s:22:\"\0*\0scheduled_timestamp\";i:1713884203;s:41:\"\0ActionScheduler_SimpleSchedule\0timestamp\";i:1713884203;}',0,1,'2024-04-23 15:27:49','2024-04-23 17:27:49',0,NULL),(3176,'facebook_for_woocommerce_daily_heartbeat','complete','2024-04-23 14:56:47','2024-04-23 16:56:47','[]','O:30:\"ActionScheduler_SimpleSchedule\":2:{s:22:\"\0*\0scheduled_timestamp\";i:1713884207;s:41:\"\0ActionScheduler_SimpleSchedule\0timestamp\";i:1713884207;}',0,1,'2024-04-23 15:27:49','2024-04-23 17:27:49',0,NULL),(3177,'facebook_for_woocommerce_hourly_heartbeat','complete','2024-04-23 15:27:49','2024-04-23 17:27:49','[]','O:30:\"ActionScheduler_SimpleSchedule\":2:{s:22:\"\0*\0scheduled_timestamp\";i:1713886069;s:41:\"\0ActionScheduler_SimpleSchedule\0timestamp\";i:1713886069;}',0,1,'2024-04-23 17:10:14','2024-04-23 19:10:14',0,NULL),(3178,'facebook_for_woocommerce_hourly_heartbeat','complete','2024-04-23 17:10:15','2024-04-23 19:10:15','[]','O:30:\"ActionScheduler_SimpleSchedule\":2:{s:22:\"\0*\0scheduled_timestamp\";i:1713892215;s:41:\"\0ActionScheduler_SimpleSchedule\0timestamp\";i:1713892215;}',0,1,'2024-04-24 07:36:13','2024-04-24 09:36:13',0,NULL),(3179,'wc_stripe_remove_order_locks','pending','2024-04-25 07:36:13','2024-04-25 09:36:13','[]','O:32:\"ActionScheduler_IntervalSchedule\":5:{s:22:\"\0*\0scheduled_timestamp\";i:1714030573;s:18:\"\0*\0first_timestamp\";i:1650844800;s:13:\"\0*\0recurrence\";i:86400;s:49:\"\0ActionScheduler_IntervalSchedule\0start_timestamp\";i:1714030573;s:53:\"\0ActionScheduler_IntervalSchedule\0interval_in_seconds\";i:86400;}',0,0,'0000-00-00 00:00:00','0000-00-00 00:00:00',0,NULL),(3180,'facebook_for_woocommerce_hourly_heartbeat','complete','2024-04-24 07:36:14','2024-04-24 09:36:14','[]','O:30:\"ActionScheduler_SimpleSchedule\":2:{s:22:\"\0*\0scheduled_timestamp\";i:1713944174;s:41:\"\0ActionScheduler_SimpleSchedule\0timestamp\";i:1713944174;}',0,1,'2024-04-24 07:36:20','2024-04-24 09:36:20',0,NULL);

--
